[INFO] fetching crate ark-api 0.17.0-pre.32...
[INFO] documenting ark-api-0.17.0-pre.32 against 1.75.0 for beta-1.76-rustdoc-1
[INFO] extracting crate ark-api 0.17.0-pre.32 into /workspace/builds/worker-4-tc1/source
[INFO] validating manifest of crates.io crate ark-api 0.17.0-pre.32 on toolchain 1.75.0
[INFO] running `Command { std: CARGO_HOME="/workspace/cargo-home" RUSTUP_HOME="/workspace/rustup-home" "/workspace/cargo-home/bin/cargo" "+1.75.0" "metadata" "--manifest-path" "Cargo.toml" "--no-deps", kill_on_drop: false }`
[INFO] started tweaking crates.io crate ark-api 0.17.0-pre.32
[INFO] finished tweaking crates.io crate ark-api 0.17.0-pre.32
[INFO] tweaked toml for crates.io crate ark-api 0.17.0-pre.32 written to /workspace/builds/worker-4-tc1/source/Cargo.toml
[INFO] running `Command { std: CARGO_HOME="/workspace/cargo-home" RUSTUP_HOME="/workspace/rustup-home" "/workspace/cargo-home/bin/cargo" "+1.75.0" "generate-lockfile" "--manifest-path" "Cargo.toml", kill_on_drop: false }`
[INFO] [stderr]     Updating crates.io index
[INFO] running `Command { std: CARGO_HOME="/workspace/cargo-home" RUSTUP_HOME="/workspace/rustup-home" "/workspace/cargo-home/bin/cargo" "+1.75.0" "fetch" "--manifest-path" "Cargo.toml", kill_on_drop: false }`
[INFO] [stderr]  Downloading crates ...
[INFO] [stderr]   Downloaded macaw v0.18.6
[INFO] [stderr]   Downloaded num_enum_derive v0.7.1
[INFO] [stderr]   Downloaded speedy v0.8.6
[INFO] [stderr]   Downloaded num_enum v0.7.1
[INFO] [stderr]   Downloaded puffin v0.17.0
[INFO] [stderr]   Downloaded ark-api-macros v0.12.0
[INFO] [stderr]   Downloaded glam v0.23.0
[INFO] [stderr]   Downloaded speedy-derive v0.8.6
[INFO] [stderr]   Downloaded ark-api-ffi v0.17.0-pre.34
[INFO] running `Command { std: "docker" "create" "-v" "/var/lib/crater-agent-workspace/builds/worker-4-tc1/target:/opt/rustwide/target:rw,Z" "-v" "/var/lib/crater-agent-workspace/builds/worker-4-tc1/source:/opt/rustwide/workdir:ro,Z" "-v" "/var/lib/crater-agent-workspace/cargo-home:/opt/rustwide/cargo-home:ro,Z" "-v" "/var/lib/crater-agent-workspace/rustup-home:/opt/rustwide/rustup-home:ro,Z" "-e" "SOURCE_DIR=/opt/rustwide/workdir" "-e" "CARGO_TARGET_DIR=/opt/rustwide/target" "-e" "CARGO_HOME=/opt/rustwide/cargo-home" "-e" "RUSTUP_HOME=/opt/rustwide/rustup-home" "-w" "/opt/rustwide/workdir" "-m" "1610612736" "--user" "0:0" "--network" "none" "ghcr.io/rust-lang/crates-build-env/linux@sha256:2788e3201cd34a07e3172128adcd8b3090168a8e3bcc40d7c032b9dda1df7d1c" "/opt/rustwide/cargo-home/bin/cargo" "+1.75.0" "metadata" "--no-deps" "--format-version=1", kill_on_drop: false }`
[INFO] [stdout] ec900e545e96f48f9bf27e2c96ed05917fa2692cd6b0ddfe2918c0a510022203
[INFO] running `Command { std: "docker" "start" "-a" "ec900e545e96f48f9bf27e2c96ed05917fa2692cd6b0ddfe2918c0a510022203", kill_on_drop: false }`
[INFO] running `Command { std: "docker" "inspect" "ec900e545e96f48f9bf27e2c96ed05917fa2692cd6b0ddfe2918c0a510022203", kill_on_drop: false }`
[INFO] running `Command { std: "docker" "rm" "-f" "ec900e545e96f48f9bf27e2c96ed05917fa2692cd6b0ddfe2918c0a510022203", kill_on_drop: false }`
[INFO] [stdout] ec900e545e96f48f9bf27e2c96ed05917fa2692cd6b0ddfe2918c0a510022203
[INFO] running `Command { std: "docker" "create" "-v" "/var/lib/crater-agent-workspace/builds/worker-4-tc1/target:/opt/rustwide/target:rw,Z" "-v" "/var/lib/crater-agent-workspace/builds/worker-4-tc1/source:/opt/rustwide/workdir:ro,Z" "-v" "/var/lib/crater-agent-workspace/cargo-home:/opt/rustwide/cargo-home:ro,Z" "-v" "/var/lib/crater-agent-workspace/rustup-home:/opt/rustwide/rustup-home:ro,Z" "-e" "SOURCE_DIR=/opt/rustwide/workdir" "-e" "CARGO_TARGET_DIR=/opt/rustwide/target" "-e" "CARGO_INCREMENTAL=0" "-e" "RUST_BACKTRACE=full" "-e" "RUSTFLAGS=--cap-lints=warn" "-e" "RUSTDOCFLAGS=--cap-lints=warn" "-e" "CARGO_HOME=/opt/rustwide/cargo-home" "-e" "RUSTUP_HOME=/opt/rustwide/rustup-home" "-w" "/opt/rustwide/workdir" "-m" "1610612736" "--user" "0:0" "--network" "none" "ghcr.io/rust-lang/crates-build-env/linux@sha256:2788e3201cd34a07e3172128adcd8b3090168a8e3bcc40d7c032b9dda1df7d1c" "/opt/rustwide/cargo-home/bin/cargo" "+1.75.0" "doc" "--frozen" "--no-deps" "--document-private-items" "--message-format=json", kill_on_drop: false }`
[INFO] [stdout] 44a1626f633c32a3df0df21556066f61791661dfbd1d9db1ec65c5e887119d63
[INFO] running `Command { std: "docker" "start" "-a" "44a1626f633c32a3df0df21556066f61791661dfbd1d9db1ec65c5e887119d63", kill_on_drop: false }`
[INFO] [stderr]    Compiling toml_datetime v0.6.3
[INFO] [stderr]    Compiling crossbeam-utils v0.8.18
[INFO] [stderr]     Checking glam v0.22.0
[INFO] [stderr]    Compiling anyhow v1.0.79
[INFO] [stderr]     Checking bitflags v1.3.2
[INFO] [stderr]     Checking static_assertions v1.1.0
[INFO] [stderr]    Compiling syn v1.0.109
[INFO] [stderr]    Compiling bytemuck_derive v1.5.0
[INFO] [stderr]    Compiling toml_edit v0.20.2
[INFO] [stderr]     Checking puffin v0.17.0
[INFO] [stderr]     Checking crossbeam-channel v0.5.10
[INFO] [stderr]     Checking bytemuck v1.14.0
[INFO] [stderr]    Compiling proc-macro-crate v2.0.1
[INFO] [stderr]     Checking macaw v0.18.6
[INFO] [stderr]    Compiling num_enum_derive v0.7.1
[INFO] [stderr]     Checking num_enum v0.7.1
[INFO] [stderr]    Compiling ark-api-macros v0.12.0
[INFO] [stderr]     Checking ark-api-ffi v0.17.0-pre.34
[INFO] [stderr]  Documenting ark-api v0.17.0-pre.32 (/opt/rustwide/workdir)
[INFO] [stderr]     Finished dev [unoptimized + debuginfo] target(s) in 7.40s
[INFO] [stderr]    Generated /opt/rustwide/target/doc/ark_api/index.html
[INFO] running `Command { std: "docker" "inspect" "44a1626f633c32a3df0df21556066f61791661dfbd1d9db1ec65c5e887119d63", kill_on_drop: false }`
[INFO] running `Command { std: "docker" "rm" "-f" "44a1626f633c32a3df0df21556066f61791661dfbd1d9db1ec65c5e887119d63", kill_on_drop: false }`
[INFO] [stdout] 44a1626f633c32a3df0df21556066f61791661dfbd1d9db1ec65c5e887119d63
[INFO] running `Command { std: "docker" "create" "-v" "/var/lib/crater-agent-workspace/builds/worker-4-tc1/target:/opt/rustwide/target:rw,Z" "-v" "/var/lib/crater-agent-workspace/builds/worker-4-tc1/source:/opt/rustwide/workdir:ro,Z" "-v" "/var/lib/crater-agent-workspace/cargo-home:/opt/rustwide/cargo-home:ro,Z" "-v" "/var/lib/crater-agent-workspace/rustup-home:/opt/rustwide/rustup-home:ro,Z" "-e" "SOURCE_DIR=/opt/rustwide/workdir" "-e" "CARGO_TARGET_DIR=/opt/rustwide/target" "-e" "CARGO_INCREMENTAL=0" "-e" "RUST_BACKTRACE=full" "-e" "RUSTFLAGS=--cap-lints=warn" "-e" "RUSTDOCFLAGS=--cap-lints=warn" "-e" "DOCS_RS=1" "-e" "RUSTC_BOOTSTRAP=1" "-e" "CARGO_HOME=/opt/rustwide/cargo-home" "-e" "RUSTUP_HOME=/opt/rustwide/rustup-home" "-w" "/opt/rustwide/workdir" "-m" "1610612736" "--user" "0:0" "--network" "none" "ghcr.io/rust-lang/crates-build-env/linux@sha256:2788e3201cd34a07e3172128adcd8b3090168a8e3bcc40d7c032b9dda1df7d1c" "/opt/rustwide/cargo-home/bin/cargo" "+1.75.0" "rustdoc" "--lib" "-Zrustdoc-map" "--all-features" "-Z" "unstable-options" "--config" "build.rustdocflags=[\"-Z\", \"unstable-options\", \"--document-private-items\"]" "--frozen" "--message-format=json", kill_on_drop: false }`
[INFO] [stdout] 424c97e471b08da723dff36ef11c1c89c66d3f73b81f66314a7a0f67555d4ebb
[INFO] running `Command { std: "docker" "start" "-a" "424c97e471b08da723dff36ef11c1c89c66d3f73b81f66314a7a0f67555d4ebb", kill_on_drop: false }`
[INFO] [stderr]    Compiling proc-macro2 v1.0.76
[INFO] [stderr]    Compiling serde v1.0.195
[INFO] [stderr]    Compiling anyhow v1.0.79
[INFO] [stderr]     Checking futures-sink v0.3.30
[INFO] [stderr]     Checking glam v0.23.0
[INFO] [stderr]     Checking futures-core v0.3.30
[INFO] [stderr]     Checking futures-task v0.3.30
[INFO] [stderr]     Checking tower-service v0.3.2
[INFO] [stderr]     Checking futures-io v0.3.30
[INFO] [stderr]     Checking tower-layer v0.3.2
[INFO] [stderr]     Checking futures-channel v0.3.30
[INFO] [stderr]     Checking http-body v0.4.6
[INFO] [stderr]     Checking futures-util v0.3.30
[INFO] [stderr]     Checking tower v0.4.13
[INFO] [stderr]     Checking puffin v0.17.0
[INFO] [stderr]    Compiling quote v1.0.35
[INFO] [stderr]    Compiling syn v2.0.48
[INFO] [stderr]    Compiling syn v1.0.109
[INFO] [stderr]     Checking futures v0.3.30
[INFO] [stderr]    Compiling serde_derive v1.0.195
[INFO] [stderr]    Compiling speedy-derive v0.8.6
[INFO] [stderr]    Compiling num_enum_derive v0.7.1
[INFO] [stderr]    Compiling bytemuck_derive v1.5.0
[INFO] [stderr]     Checking bytemuck v1.14.0
[INFO] [stderr]     Checking num_enum v0.7.1
[INFO] [stderr]     Checking speedy v0.8.6
[INFO] [stderr]    Compiling ark-api-macros v0.12.0
[INFO] [stderr]     Checking glam v0.22.0
[INFO] [stderr]     Checking ark-api-ffi v0.17.0-pre.34
[INFO] [stderr]     Checking macaw v0.18.6
[INFO] [stdout] error[E0277]: the trait bound `Vec3: Writable<C_>` is not satisfied
[INFO] [stdout]   --> /opt/rustwide/cargo-home/registry/src/index.crates.io-6f17d22bba15001f/macaw-0.18.6/src/bounding_box.rs:11:9
[INFO] [stdout]    |
[INFO] [stdout] 7  | #[cfg_attr(feature = "with_speedy", derive(speedy::Writable, speedy::Readable))]
[INFO] [stdout]    |                                            ---------------- required by a bound introduced by this call
[INFO] [stdout] ...
[INFO] [stdout] 11 |     pub min: Vec3,
[INFO] [stdout]    |         ^^^ the trait `Writable<C_>` is not implemented for `Vec3`
[INFO] [stdout]    |
[INFO] [stdout]    = help: the following other types implement trait `Writable<C>`:
[INFO] [stdout]              <bool as Writable<C>>
[INFO] [stdout]              <char as Writable<C>>
[INFO] [stdout]              <i8 as Writable<C>>
[INFO] [stdout]              <i16 as Writable<C>>
[INFO] [stdout]              <i32 as Writable<C>>
[INFO] [stdout]              <i64 as Writable<C>>
[INFO] [stdout]              <i128 as Writable<C>>
[INFO] [stdout]              <usize as Writable<C>>
[INFO] [stdout]            and 116 others
[INFO] [stdout] note: required by a bound in `write_value`
[INFO] [stdout]   --> /opt/rustwide/cargo-home/registry/src/index.crates.io-6f17d22bba15001f/speedy-0.8.6/src/writer.rs:94:24
[INFO] [stdout]    |
[INFO] [stdout] 94 |     fn write_value< T: Writable< C > >( &mut self, item: &T ) -> Result< (), C::Error > {
[INFO] [stdout]    |                        ^^^^^^^^^^^^^ required by this bound in `Writer::write_value`
[INFO] [stdout] 
[INFO] [stdout] 
[INFO] [stdout] error[E0277]: the trait bound `Vec3: Writable<C_>` is not satisfied
[INFO] [stdout]   --> /opt/rustwide/cargo-home/registry/src/index.crates.io-6f17d22bba15001f/macaw-0.18.6/src/bounding_box.rs:13:9
[INFO] [stdout]    |
[INFO] [stdout] 7  | #[cfg_attr(feature = "with_speedy", derive(speedy::Writable, speedy::Readable))]
[INFO] [stdout]    |                                            ---------------- required by a bound introduced by this call
[INFO] [stdout] ...
[INFO] [stdout] 13 |     pub max: Vec3,
[INFO] [stdout]    |         ^^^ the trait `Writable<C_>` is not implemented for `Vec3`
[INFO] [stdout]    |
[INFO] [stdout]    = help: the following other types implement trait `Writable<C>`:
[INFO] [stdout]              <bool as Writable<C>>
[INFO] [stdout]              <char as Writable<C>>
[INFO] [stdout]              <i8 as Writable<C>>
[INFO] [stdout]              <i16 as Writable<C>>
[INFO] [stdout]              <i32 as Writable<C>>
[INFO] [stdout]              <i64 as Writable<C>>
[INFO] [stdout]              <i128 as Writable<C>>
[INFO] [stdout]              <usize as Writable<C>>
[INFO] [stdout]            and 116 others
[INFO] [stdout] note: required by a bound in `write_value`
[INFO] [stdout]   --> /opt/rustwide/cargo-home/registry/src/index.crates.io-6f17d22bba15001f/speedy-0.8.6/src/writer.rs:94:24
[INFO] [stdout]    |
[INFO] [stdout] 94 |     fn write_value< T: Writable< C > >( &mut self, item: &T ) -> Result< (), C::Error > {
[INFO] [stdout]    |                        ^^^^^^^^^^^^^ required by this bound in `Writer::write_value`
[INFO] [stdout] 
[INFO] [stdout] 
[INFO] [stdout] error[E0277]: the trait bound `Vec3: Writable<C_>` is not satisfied
[INFO] [stdout]   --> /opt/rustwide/cargo-home/registry/src/index.crates.io-6f17d22bba15001f/macaw-0.18.6/src/bounding_box.rs:11:14
[INFO] [stdout]    |
[INFO] [stdout] 11 |     pub min: Vec3,
[INFO] [stdout]    |              ^^^^ the trait `Writable<C_>` is not implemented for `Vec3`
[INFO] [stdout]    |
[INFO] [stdout]    = help: the following other types implement trait `Writable<C>`:
[INFO] [stdout]              <bool as Writable<C>>
[INFO] [stdout]              <char as Writable<C>>
[INFO] [stdout]              <i8 as Writable<C>>
[INFO] [stdout]              <i16 as Writable<C>>
[INFO] [stdout]              <i32 as Writable<C>>
[INFO] [stdout]              <i64 as Writable<C>>
[INFO] [stdout]              <i128 as Writable<C>>
[INFO] [stdout]              <usize as Writable<C>>
[INFO] [stdout]            and 116 others
[INFO] [stdout] 
[INFO] [stdout] 
[INFO] [stdout] error[E0277]: the trait bound `Vec3: Writable<C_>` is not satisfied
[INFO] [stdout]   --> /opt/rustwide/cargo-home/registry/src/index.crates.io-6f17d22bba15001f/macaw-0.18.6/src/bounding_box.rs:13:14
[INFO] [stdout]    |
[INFO] [stdout] 13 |     pub max: Vec3,
[INFO] [stdout]    |              ^^^^ the trait `Writable<C_>` is not implemented for `Vec3`
[INFO] [stdout]    |
[INFO] [stdout]    = help: the following other types implement trait `Writable<C>`:
[INFO] [stdout]              <bool as Writable<C>>
[INFO] [stdout]              <char as Writable<C>>
[INFO] [stdout]              <i8 as Writable<C>>
[INFO] [stdout]              <i16 as Writable<C>>
[INFO] [stdout]              <i32 as Writable<C>>
[INFO] [stdout]              <i64 as Writable<C>>
[INFO] [stdout]              <i128 as Writable<C>>
[INFO] [stdout]              <usize as Writable<C>>
[INFO] [stdout]            and 116 others
[INFO] [stdout] 
[INFO] [stdout] 
[INFO] [stdout] error[E0277]: the trait bound `Vec3: Readable<'a_, C_>` is not satisfied
[INFO] [stdout]    --> /opt/rustwide/cargo-home/registry/src/index.crates.io-6f17d22bba15001f/macaw-0.18.6/src/bounding_box.rs:7:62
[INFO] [stdout]     |
[INFO] [stdout] 7   | #[cfg_attr(feature = "with_speedy", derive(speedy::Writable, speedy::Readable))]
[INFO] [stdout]     |                                                              ^^^^^^^^^^^^^^^^ the trait `Readable<'a_, C_>` is not implemented for `Vec3`
[INFO] [stdout]     |
[INFO] [stdout]     = help: the following other types implement trait `Readable<'a, C>`:
[INFO] [stdout]               <bool as Readable<'a, C>>
[INFO] [stdout]               <char as Readable<'a, C>>
[INFO] [stdout]               <i8 as Readable<'a, C>>
[INFO] [stdout]               <i16 as Readable<'a, C>>
[INFO] [stdout]               <i32 as Readable<'a, C>>
[INFO] [stdout]               <i64 as Readable<'a, C>>
[INFO] [stdout]               <i128 as Readable<'a, C>>
[INFO] [stdout]               <usize as Readable<'a, C>>
[INFO] [stdout]             and 113 others
[INFO] [stdout] note: required by a bound in `read_value`
[INFO] [stdout]    --> /opt/rustwide/cargo-home/registry/src/index.crates.io-6f17d22bba15001f/speedy-0.8.6/src/reader.rs:504:23
[INFO] [stdout]     |
[INFO] [stdout] 504 |     fn read_value< T: Readable< 'a, C > >( &mut self ) -> Result< T, C::Error > {
[INFO] [stdout]     |                       ^^^^^^^^^^^^^^^^^ required by this bound in `Reader::read_value`
[INFO] [stdout]     = note: this error originates in the derive macro `speedy::Readable` (in Nightly builds, run with -Z macro-backtrace for more info)
[INFO] [stdout] 
[INFO] [stdout] 
[INFO] [stdout] error[E0277]: the trait bound `Vec3: Readable<'a_, C_>` is not satisfied
[INFO] [stdout]   --> /opt/rustwide/cargo-home/registry/src/index.crates.io-6f17d22bba15001f/macaw-0.18.6/src/bounding_box.rs:11:14
[INFO] [stdout]    |
[INFO] [stdout] 11 |     pub min: Vec3,
[INFO] [stdout]    |              ^^^^ the trait `Readable<'a_, C_>` is not implemented for `Vec3`
[INFO] [stdout]    |
[INFO] [stdout]    = help: the following other types implement trait `Readable<'a, C>`:
[INFO] [stdout]              <bool as Readable<'a, C>>
[INFO] [stdout]              <char as Readable<'a, C>>
[INFO] [stdout]              <i8 as Readable<'a, C>>
[INFO] [stdout]              <i16 as Readable<'a, C>>
[INFO] [stdout]              <i32 as Readable<'a, C>>
[INFO] [stdout]              <i64 as Readable<'a, C>>
[INFO] [stdout]              <i128 as Readable<'a, C>>
[INFO] [stdout]              <usize as Readable<'a, C>>
[INFO] [stdout]            and 113 others
[INFO] [stdout] 
[INFO] [stdout] 
[INFO] [stdout] error[E0277]: the trait bound `Vec3: Readable<'a_, C_>` is not satisfied
[INFO] [stdout]   --> /opt/rustwide/cargo-home/registry/src/index.crates.io-6f17d22bba15001f/macaw-0.18.6/src/bounding_box.rs:13:14
[INFO] [stdout]    |
[INFO] [stdout] 13 |     pub max: Vec3,
[INFO] [stdout]    |              ^^^^ the trait `Readable<'a_, C_>` is not implemented for `Vec3`
[INFO] [stdout]    |
[INFO] [stdout]    = help: the following other types implement trait `Readable<'a, C>`:
[INFO] [stdout]              <bool as Readable<'a, C>>
[INFO] [stdout]              <char as Readable<'a, C>>
[INFO] [stdout]              <i8 as Readable<'a, C>>
[INFO] [stdout]              <i16 as Readable<'a, C>>
[INFO] [stdout]              <i32 as Readable<'a, C>>
[INFO] [stdout]              <i64 as Readable<'a, C>>
[INFO] [stdout]              <i128 as Readable<'a, C>>
[INFO] [stdout]              <usize as Readable<'a, C>>
[INFO] [stdout]            and 113 others
[INFO] [stdout] 
[INFO] [stdout] 
[INFO] [stdout] error[E0277]: the trait bound `Vec4: Writable<C_>` is not satisfied
[INFO] [stdout]   --> /opt/rustwide/cargo-home/registry/src/index.crates.io-6f17d22bba15001f/macaw-0.18.6/src/conformal.rs:19:5
[INFO] [stdout]    |
[INFO] [stdout] 17 | #[cfg_attr(feature = "with_speedy", derive(speedy::Writable, speedy::Readable))]
[INFO] [stdout]    |                                            ---------------- required by a bound introduced by this call
[INFO] [stdout] 18 | pub struct Conformal3 {
[INFO] [stdout] 19 |     translation_and_scale: Vec4,
[INFO] [stdout]    |     ^^^^^^^^^^^^^^^^^^^^^ the trait `Writable<C_>` is not implemented for `Vec4`
[INFO] [stdout]    |
[INFO] [stdout]    = help: the following other types implement trait `Writable<C>`:
[INFO] [stdout]              <bool as Writable<C>>
[INFO] [stdout]              <char as Writable<C>>
[INFO] [stdout]              <i8 as Writable<C>>
[INFO] [stdout]              <i16 as Writable<C>>
[INFO] [stdout]              <i32 as Writable<C>>
[INFO] [stdout]              <i64 as Writable<C>>
[INFO] [stdout]              <i128 as Writable<C>>
[INFO] [stdout]              <usize as Writable<C>>
[INFO] [stdout]            and 116 others
[INFO] [stdout] note: required by a bound in `write_value`
[INFO] [stdout]   --> /opt/rustwide/cargo-home/registry/src/index.crates.io-6f17d22bba15001f/speedy-0.8.6/src/writer.rs:94:24
[INFO] [stdout]    |
[INFO] [stdout] 94 |     fn write_value< T: Writable< C > >( &mut self, item: &T ) -> Result< (), C::Error > {
[INFO] [stdout]    |                        ^^^^^^^^^^^^^ required by this bound in `Writer::write_value`
[INFO] [stdout] 
[INFO] [stdout] 
[INFO] [stdout] error[E0277]: the trait bound `Quat: Writable<C_>` is not satisfied
[INFO] [stdout]   --> /opt/rustwide/cargo-home/registry/src/index.crates.io-6f17d22bba15001f/macaw-0.18.6/src/conformal.rs:20:5
[INFO] [stdout]    |
[INFO] [stdout] 17 | #[cfg_attr(feature = "with_speedy", derive(speedy::Writable, speedy::Readable))]
[INFO] [stdout]    |                                            ---------------- required by a bound introduced by this call
[INFO] [stdout] ...
[INFO] [stdout] 20 |     rotation: Quat,
[INFO] [stdout]    |     ^^^^^^^^ the trait `Writable<C_>` is not implemented for `Quat`
[INFO] [stdout]    |
[INFO] [stdout]    = help: the following other types implement trait `Writable<C>`:
[INFO] [stdout]              <bool as Writable<C>>
[INFO] [stdout]              <char as Writable<C>>
[INFO] [stdout]              <i8 as Writable<C>>
[INFO] [stdout]              <i16 as Writable<C>>
[INFO] [stdout]              <i32 as Writable<C>>
[INFO] [stdout]              <i64 as Writable<C>>
[INFO] [stdout]              <i128 as Writable<C>>
[INFO] [stdout]              <usize as Writable<C>>
[INFO] [stdout]            and 116 others
[INFO] [stdout] note: required by a bound in `write_value`
[INFO] [stdout]   --> /opt/rustwide/cargo-home/registry/src/index.crates.io-6f17d22bba15001f/speedy-0.8.6/src/writer.rs:94:24
[INFO] [stdout]    |
[INFO] [stdout] 94 |     fn write_value< T: Writable< C > >( &mut self, item: &T ) -> Result< (), C::Error > {
[INFO] [stdout]    |                        ^^^^^^^^^^^^^ required by this bound in `Writer::write_value`
[INFO] [stdout] 
[INFO] [stdout] 
[INFO] [stdout] error[E0277]: the trait bound `Vec4: Writable<C_>` is not satisfied
[INFO] [stdout]   --> /opt/rustwide/cargo-home/registry/src/index.crates.io-6f17d22bba15001f/macaw-0.18.6/src/conformal.rs:19:28
[INFO] [stdout]    |
[INFO] [stdout] 19 |     translation_and_scale: Vec4,
[INFO] [stdout]    |                            ^^^^ the trait `Writable<C_>` is not implemented for `Vec4`
[INFO] [stdout]    |
[INFO] [stdout]    = help: the following other types implement trait `Writable<C>`:
[INFO] [stdout]              <bool as Writable<C>>
[INFO] [stdout]              <char as Writable<C>>
[INFO] [stdout]              <i8 as Writable<C>>
[INFO] [stdout]              <i16 as Writable<C>>
[INFO] [stdout]              <i32 as Writable<C>>
[INFO] [stdout]              <i64 as Writable<C>>
[INFO] [stdout]              <i128 as Writable<C>>
[INFO] [stdout]              <usize as Writable<C>>
[INFO] [stdout]            and 116 others
[INFO] [stdout] 
[INFO] [stdout] 
[INFO] [stdout] error[E0277]: the trait bound `Quat: Writable<C_>` is not satisfied
[INFO] [stdout]   --> /opt/rustwide/cargo-home/registry/src/index.crates.io-6f17d22bba15001f/macaw-0.18.6/src/conformal.rs:20:15
[INFO] [stdout]    |
[INFO] [stdout] 20 |     rotation: Quat,
[INFO] [stdout]    |               ^^^^ the trait `Writable<C_>` is not implemented for `Quat`
[INFO] [stdout]    |
[INFO] [stdout]    = help: the following other types implement trait `Writable<C>`:
[INFO] [stdout]              <bool as Writable<C>>
[INFO] [stdout]              <char as Writable<C>>
[INFO] [stdout]              <i8 as Writable<C>>
[INFO] [stdout]              <i16 as Writable<C>>
[INFO] [stdout]              <i32 as Writable<C>>
[INFO] [stdout]              <i64 as Writable<C>>
[INFO] [stdout]              <i128 as Writable<C>>
[INFO] [stdout]              <usize as Writable<C>>
[INFO] [stdout]            and 116 others
[INFO] [stdout] 
[INFO] [stdout] 
[INFO] [stdout] error[E0277]: the trait bound `Vec4: Readable<'a_, C_>` is not satisfied
[INFO] [stdout]    --> /opt/rustwide/cargo-home/registry/src/index.crates.io-6f17d22bba15001f/macaw-0.18.6/src/conformal.rs:17:62
[INFO] [stdout]     |
[INFO] [stdout] 17  | #[cfg_attr(feature = "with_speedy", derive(speedy::Writable, speedy::Readable))]
[INFO] [stdout]     |                                                              ^^^^^^^^^^^^^^^^ the trait `Readable<'a_, C_>` is not implemented for `Vec4`
[INFO] [stdout]     |
[INFO] [stdout]     = help: the following other types implement trait `Readable<'a, C>`:
[INFO] [stdout]               <bool as Readable<'a, C>>
[INFO] [stdout]               <char as Readable<'a, C>>
[INFO] [stdout]               <i8 as Readable<'a, C>>
[INFO] [stdout]               <i16 as Readable<'a, C>>
[INFO] [stdout]               <i32 as Readable<'a, C>>
[INFO] [stdout]               <i64 as Readable<'a, C>>
[INFO] [stdout]               <i128 as Readable<'a, C>>
[INFO] [stdout]               <usize as Readable<'a, C>>
[INFO] [stdout]             and 113 others
[INFO] [stdout] note: required by a bound in `read_value`
[INFO] [stdout]    --> /opt/rustwide/cargo-home/registry/src/index.crates.io-6f17d22bba15001f/speedy-0.8.6/src/reader.rs:504:23
[INFO] [stdout]     |
[INFO] [stdout] 504 |     fn read_value< T: Readable< 'a, C > >( &mut self ) -> Result< T, C::Error > {
[INFO] [stdout]     |                       ^^^^^^^^^^^^^^^^^ required by this bound in `Reader::read_value`
[INFO] [stdout]     = note: this error originates in the derive macro `speedy::Readable` (in Nightly builds, run with -Z macro-backtrace for more info)
[INFO] [stdout] 
[INFO] [stdout] 
[INFO] [stdout] error[E0277]: the trait bound `Quat: Readable<'a_, C_>` is not satisfied
[INFO] [stdout]    --> /opt/rustwide/cargo-home/registry/src/index.crates.io-6f17d22bba15001f/macaw-0.18.6/src/conformal.rs:17:62
[INFO] [stdout]     |
[INFO] [stdout] 17  | #[cfg_attr(feature = "with_speedy", derive(speedy::Writable, speedy::Readable))]
[INFO] [stdout]     |                                                              ^^^^^^^^^^^^^^^^ the trait `Readable<'a_, C_>` is not implemented for `Quat`
[INFO] [stdout]     |
[INFO] [stdout]     = help: the following other types implement trait `Readable<'a, C>`:
[INFO] [stdout]               <bool as Readable<'a, C>>
[INFO] [stdout]               <char as Readable<'a, C>>
[INFO] [stdout]               <i8 as Readable<'a, C>>
[INFO] [stdout]               <i16 as Readable<'a, C>>
[INFO] [stdout]               <i32 as Readable<'a, C>>
[INFO] [stdout]               <i64 as Readable<'a, C>>
[INFO] [stdout]               <i128 as Readable<'a, C>>
[INFO] [stdout]               <usize as Readable<'a, C>>
[INFO] [stdout]             and 113 others
[INFO] [stdout] note: required by a bound in `read_value`
[INFO] [stdout]    --> /opt/rustwide/cargo-home/registry/src/index.crates.io-6f17d22bba15001f/speedy-0.8.6/src/reader.rs:504:23
[INFO] [stdout]     |
[INFO] [stdout] 504 |     fn read_value< T: Readable< 'a, C > >( &mut self ) -> Result< T, C::Error > {
[INFO] [stdout]     |                       ^^^^^^^^^^^^^^^^^ required by this bound in `Reader::read_value`
[INFO] [stdout]     = note: this error originates in the derive macro `speedy::Readable` (in Nightly builds, run with -Z macro-backtrace for more info)
[INFO] [stdout] 
[INFO] [stdout] 
[INFO] [stdout] error[E0277]: the trait bound `Vec4: Readable<'a_, C_>` is not satisfied
[INFO] [stdout]   --> /opt/rustwide/cargo-home/registry/src/index.crates.io-6f17d22bba15001f/macaw-0.18.6/src/conformal.rs:19:28
[INFO] [stdout]    |
[INFO] [stdout] 19 |     translation_and_scale: Vec4,
[INFO] [stdout]    |                            ^^^^ the trait `Readable<'a_, C_>` is not implemented for `Vec4`
[INFO] [stdout]    |
[INFO] [stdout]    = help: the following other types implement trait `Readable<'a, C>`:
[INFO] [stdout]              <bool as Readable<'a, C>>
[INFO] [stdout]              <char as Readable<'a, C>>
[INFO] [stdout]              <i8 as Readable<'a, C>>
[INFO] [stdout]              <i16 as Readable<'a, C>>
[INFO] [stdout]              <i32 as Readable<'a, C>>
[INFO] [stdout]              <i64 as Readable<'a, C>>
[INFO] [stdout]              <i128 as Readable<'a, C>>
[INFO] [stdout]              <usize as Readable<'a, C>>
[INFO] [stdout]            and 113 others
[INFO] [stdout] 
[INFO] [stdout] 
[INFO] [stdout] error[E0277]: the trait bound `Quat: Readable<'a_, C_>` is not satisfied
[INFO] [stdout]   --> /opt/rustwide/cargo-home/registry/src/index.crates.io-6f17d22bba15001f/macaw-0.18.6/src/conformal.rs:20:15
[INFO] [stdout]    |
[INFO] [stdout] 20 |     rotation: Quat,
[INFO] [stdout]    |               ^^^^ the trait `Readable<'a_, C_>` is not implemented for `Quat`
[INFO] [stdout]    |
[INFO] [stdout]    = help: the following other types implement trait `Readable<'a, C>`:
[INFO] [stdout]              <bool as Readable<'a, C>>
[INFO] [stdout]              <char as Readable<'a, C>>
[INFO] [stdout]              <i8 as Readable<'a, C>>
[INFO] [stdout]              <i16 as Readable<'a, C>>
[INFO] [stdout]              <i32 as Readable<'a, C>>
[INFO] [stdout]              <i64 as Readable<'a, C>>
[INFO] [stdout]              <i128 as Readable<'a, C>>
[INFO] [stdout]              <usize as Readable<'a, C>>
[INFO] [stdout]            and 113 others
[INFO] [stdout] 
[INFO] [stdout] 
[INFO] [stdout] error[E0277]: the trait bound `Quat: Writable<C_>` is not satisfied
[INFO] [stdout]   --> /opt/rustwide/cargo-home/registry/src/index.crates.io-6f17d22bba15001f/macaw-0.18.6/src/iso_transform.rs:18:5
[INFO] [stdout]    |
[INFO] [stdout] 15 | #[cfg_attr(feature = "with_speedy", derive(speedy::Writable, speedy::Readable))]
[INFO] [stdout]    |                                            ---------------- required by a bound introduced by this call
[INFO] [stdout] ...
[INFO] [stdout] 18 |     rotation: Quat,
[INFO] [stdout]    |     ^^^^^^^^ the trait `Writable<C_>` is not implemented for `Quat`
[INFO] [stdout]    |
[INFO] [stdout]    = help: the following other types implement trait `Writable<C>`:
[INFO] [stdout]              <bool as Writable<C>>
[INFO] [stdout]              <char as Writable<C>>
[INFO] [stdout]              <i8 as Writable<C>>
[INFO] [stdout]              <i16 as Writable<C>>
[INFO] [stdout]              <i32 as Writable<C>>
[INFO] [stdout]              <i64 as Writable<C>>
[INFO] [stdout]              <i128 as Writable<C>>
[INFO] [stdout]              <usize as Writable<C>>
[INFO] [stdout]            and 116 others
[INFO] [stdout] note: required by a bound in `write_value`
[INFO] [stdout]   --> /opt/rustwide/cargo-home/registry/src/index.crates.io-6f17d22bba15001f/speedy-0.8.6/src/writer.rs:94:24
[INFO] [stdout]    |
[INFO] [stdout] 94 |     fn write_value< T: Writable< C > >( &mut self, item: &T ) -> Result< (), C::Error > {
[INFO] [stdout]    |                        ^^^^^^^^^^^^^ required by this bound in `Writer::write_value`
[INFO] [stdout] 
[INFO] [stdout] 
[INFO] [stdout] error[E0277]: the trait bound `Vec3A: Writable<C_>` is not satisfied
[INFO] [stdout]   --> /opt/rustwide/cargo-home/registry/src/index.crates.io-6f17d22bba15001f/macaw-0.18.6/src/iso_transform.rs:22:5
[INFO] [stdout]    |
[INFO] [stdout] 15 | #[cfg_attr(feature = "with_speedy", derive(speedy::Writable, speedy::Readable))]
[INFO] [stdout]    |                                            ---------------- required by a bound introduced by this call
[INFO] [stdout] ...
[INFO] [stdout] 22 |     translation: Vec3A,
[INFO] [stdout]    |     ^^^^^^^^^^^ the trait `Writable<C_>` is not implemented for `Vec3A`
[INFO] [stdout]    |
[INFO] [stdout]    = help: the following other types implement trait `Writable<C>`:
[INFO] [stdout]              <bool as Writable<C>>
[INFO] [stdout]              <char as Writable<C>>
[INFO] [stdout]              <i8 as Writable<C>>
[INFO] [stdout]              <i16 as Writable<C>>
[INFO] [stdout]              <i32 as Writable<C>>
[INFO] [stdout]              <i64 as Writable<C>>
[INFO] [stdout]              <i128 as Writable<C>>
[INFO] [stdout]              <usize as Writable<C>>
[INFO] [stdout]            and 116 others
[INFO] [stdout] note: required by a bound in `write_value`
[INFO] [stdout]   --> /opt/rustwide/cargo-home/registry/src/index.crates.io-6f17d22bba15001f/speedy-0.8.6/src/writer.rs:94:24
[INFO] [stdout]    |
[INFO] [stdout] 94 |     fn write_value< T: Writable< C > >( &mut self, item: &T ) -> Result< (), C::Error > {
[INFO] [stdout]    |                        ^^^^^^^^^^^^^ required by this bound in `Writer::write_value`
[INFO] [stdout] 
[INFO] [stdout] 
[INFO] [stdout] error[E0277]: the trait bound `Quat: Writable<C_>` is not satisfied
[INFO] [stdout]   --> /opt/rustwide/cargo-home/registry/src/index.crates.io-6f17d22bba15001f/macaw-0.18.6/src/iso_transform.rs:18:15
[INFO] [stdout]    |
[INFO] [stdout] 18 |     rotation: Quat,
[INFO] [stdout]    |               ^^^^ the trait `Writable<C_>` is not implemented for `Quat`
[INFO] [stdout]    |
[INFO] [stdout]    = help: the following other types implement trait `Writable<C>`:
[INFO] [stdout]              <bool as Writable<C>>
[INFO] [stdout]              <char as Writable<C>>
[INFO] [stdout]              <i8 as Writable<C>>
[INFO] [stdout]              <i16 as Writable<C>>
[INFO] [stdout]              <i32 as Writable<C>>
[INFO] [stdout]              <i64 as Writable<C>>
[INFO] [stdout]              <i128 as Writable<C>>
[INFO] [stdout]              <usize as Writable<C>>
[INFO] [stdout]            and 116 others
[INFO] [stdout] 
[INFO] [stdout] 
[INFO] [stdout] error[E0277]: the trait bound `Vec3A: Writable<C_>` is not satisfied
[INFO] [stdout]   --> /opt/rustwide/cargo-home/registry/src/index.crates.io-6f17d22bba15001f/macaw-0.18.6/src/iso_transform.rs:22:18
[INFO] [stdout]    |
[INFO] [stdout] 22 |     translation: Vec3A,
[INFO] [stdout]    |                  ^^^^^ the trait `Writable<C_>` is not implemented for `Vec3A`
[INFO] [stdout]    |
[INFO] [stdout]    = help: the following other types implement trait `Writable<C>`:
[INFO] [stdout]              <bool as Writable<C>>
[INFO] [stdout]              <char as Writable<C>>
[INFO] [stdout]              <i8 as Writable<C>>
[INFO] [stdout]              <i16 as Writable<C>>
[INFO] [stdout]              <i32 as Writable<C>>
[INFO] [stdout]              <i64 as Writable<C>>
[INFO] [stdout]              <i128 as Writable<C>>
[INFO] [stdout]              <usize as Writable<C>>
[INFO] [stdout]            and 116 others
[INFO] [stdout] 
[INFO] [stdout] 
[INFO] [stdout] error[E0277]: the trait bound `Quat: Readable<'a_, C_>` is not satisfied
[INFO] [stdout]    --> /opt/rustwide/cargo-home/registry/src/index.crates.io-6f17d22bba15001f/macaw-0.18.6/src/iso_transform.rs:15:62
[INFO] [stdout]     |
[INFO] [stdout] 15  | #[cfg_attr(feature = "with_speedy", derive(speedy::Writable, speedy::Readable))]
[INFO] [stdout]     |                                                              ^^^^^^^^^^^^^^^^ the trait `Readable<'a_, C_>` is not implemented for `Quat`
[INFO] [stdout]     |
[INFO] [stdout]     = help: the following other types implement trait `Readable<'a, C>`:
[INFO] [stdout]               <bool as Readable<'a, C>>
[INFO] [stdout]               <char as Readable<'a, C>>
[INFO] [stdout]               <i8 as Readable<'a, C>>
[INFO] [stdout]               <i16 as Readable<'a, C>>
[INFO] [stdout]               <i32 as Readable<'a, C>>
[INFO] [stdout]               <i64 as Readable<'a, C>>
[INFO] [stdout]               <i128 as Readable<'a, C>>
[INFO] [stdout]               <usize as Readable<'a, C>>
[INFO] [stdout]             and 113 others
[INFO] [stdout] note: required by a bound in `read_value`
[INFO] [stdout]    --> /opt/rustwide/cargo-home/registry/src/index.crates.io-6f17d22bba15001f/speedy-0.8.6/src/reader.rs:504:23
[INFO] [stdout]     |
[INFO] [stdout] 504 |     fn read_value< T: Readable< 'a, C > >( &mut self ) -> Result< T, C::Error > {
[INFO] [stdout]     |                       ^^^^^^^^^^^^^^^^^ required by this bound in `Reader::read_value`
[INFO] [stdout]     = note: this error originates in the derive macro `speedy::Readable` (in Nightly builds, run with -Z macro-backtrace for more info)
[INFO] [stdout] 
[INFO] [stdout] 
[INFO] [stdout] error[E0277]: the trait bound `Vec3A: Readable<'a_, C_>` is not satisfied
[INFO] [stdout]    --> /opt/rustwide/cargo-home/registry/src/index.crates.io-6f17d22bba15001f/macaw-0.18.6/src/iso_transform.rs:15:62
[INFO] [stdout]     |
[INFO] [stdout] 15  | #[cfg_attr(feature = "with_speedy", derive(speedy::Writable, speedy::Readable))]
[INFO] [stdout]     |                                                              ^^^^^^^^^^^^^^^^ the trait `Readable<'a_, C_>` is not implemented for `Vec3A`
[INFO] [stdout]     |
[INFO] [stdout]     = help: the following other types implement trait `Readable<'a, C>`:
[INFO] [stdout]               <bool as Readable<'a, C>>
[INFO] [stdout]               <char as Readable<'a, C>>
[INFO] [stdout]               <i8 as Readable<'a, C>>
[INFO] [stdout]               <i16 as Readable<'a, C>>
[INFO] [stdout]               <i32 as Readable<'a, C>>
[INFO] [stdout]               <i64 as Readable<'a, C>>
[INFO] [stdout]               <i128 as Readable<'a, C>>
[INFO] [stdout]               <usize as Readable<'a, C>>
[INFO] [stdout]             and 113 others
[INFO] [stdout] note: required by a bound in `read_value`
[INFO] [stdout]    --> /opt/rustwide/cargo-home/registry/src/index.crates.io-6f17d22bba15001f/speedy-0.8.6/src/reader.rs:504:23
[INFO] [stdout]     |
[INFO] [stdout] 504 |     fn read_value< T: Readable< 'a, C > >( &mut self ) -> Result< T, C::Error > {
[INFO] [stdout]     |                       ^^^^^^^^^^^^^^^^^ required by this bound in `Reader::read_value`
[INFO] [stdout]     = note: this error originates in the derive macro `speedy::Readable` (in Nightly builds, run with -Z macro-backtrace for more info)
[INFO] [stdout] 
[INFO] [stdout] 
[INFO] [stdout] error[E0277]: the trait bound `Quat: Readable<'a_, C_>` is not satisfied
[INFO] [stdout]   --> /opt/rustwide/cargo-home/registry/src/index.crates.io-6f17d22bba15001f/macaw-0.18.6/src/iso_transform.rs:18:15
[INFO] [stdout]    |
[INFO] [stdout] 18 |     rotation: Quat,
[INFO] [stdout]    |               ^^^^ the trait `Readable<'a_, C_>` is not implemented for `Quat`
[INFO] [stdout]    |
[INFO] [stdout]    = help: the following other types implement trait `Readable<'a, C>`:
[INFO] [stdout]              <bool as Readable<'a, C>>
[INFO] [stdout]              <char as Readable<'a, C>>
[INFO] [stdout]              <i8 as Readable<'a, C>>
[INFO] [stdout]              <i16 as Readable<'a, C>>
[INFO] [stdout]              <i32 as Readable<'a, C>>
[INFO] [stdout]              <i64 as Readable<'a, C>>
[INFO] [stdout]              <i128 as Readable<'a, C>>
[INFO] [stdout]              <usize as Readable<'a, C>>
[INFO] [stdout]            and 113 others
[INFO] [stdout] 
[INFO] [stdout] 
[INFO] [stdout] error[E0277]: the trait bound `Vec3A: Readable<'a_, C_>` is not satisfied
[INFO] [stdout]   --> /opt/rustwide/cargo-home/registry/src/index.crates.io-6f17d22bba15001f/macaw-0.18.6/src/iso_transform.rs:22:18
[INFO] [stdout]    |
[INFO] [stdout] 22 |     translation: Vec3A,
[INFO] [stdout]    |                  ^^^^^ the trait `Readable<'a_, C_>` is not implemented for `Vec3A`
[INFO] [stdout]    |
[INFO] [stdout]    = help: the following other types implement trait `Readable<'a, C>`:
[INFO] [stdout]              <bool as Readable<'a, C>>
[INFO] [stdout]              <char as Readable<'a, C>>
[INFO] [stdout]              <i8 as Readable<'a, C>>
[INFO] [stdout]              <i16 as Readable<'a, C>>
[INFO] [stdout]              <i32 as Readable<'a, C>>
[INFO] [stdout]              <i64 as Readable<'a, C>>
[INFO] [stdout]              <i128 as Readable<'a, C>>
[INFO] [stdout]              <usize as Readable<'a, C>>
[INFO] [stdout]            and 113 others
[INFO] [stdout] 
[INFO] [stdout] 
[INFO] [stdout] error[E0277]: the trait bound `Vec3: Writable<C_>` is not satisfied
[INFO] [stdout]   --> /opt/rustwide/cargo-home/registry/src/index.crates.io-6f17d22bba15001f/macaw-0.18.6/src/plane3.rs:18:9
[INFO] [stdout]    |
[INFO] [stdout] 15 | #[cfg_attr(feature = "with_speedy", derive(speedy::Writable, speedy::Readable))]
[INFO] [stdout]    |                                            ---------------- required by a bound introduced by this call
[INFO] [stdout] ...
[INFO] [stdout] 18 |     pub normal: Vec3,
[INFO] [stdout]    |         ^^^^^^ the trait `Writable<C_>` is not implemented for `Vec3`
[INFO] [stdout]    |
[INFO] [stdout]    = help: the following other types implement trait `Writable<C>`:
[INFO] [stdout]              <bool as Writable<C>>
[INFO] [stdout]              <char as Writable<C>>
[INFO] [stdout]              <i8 as Writable<C>>
[INFO] [stdout]              <i16 as Writable<C>>
[INFO] [stdout]              <i32 as Writable<C>>
[INFO] [stdout]              <i64 as Writable<C>>
[INFO] [stdout]              <i128 as Writable<C>>
[INFO] [stdout]              <usize as Writable<C>>
[INFO] [stdout]            and 116 others
[INFO] [stdout] note: required by a bound in `write_value`
[INFO] [stdout]   --> /opt/rustwide/cargo-home/registry/src/index.crates.io-6f17d22bba15001f/speedy-0.8.6/src/writer.rs:94:24
[INFO] [stdout]    |
[INFO] [stdout] 94 |     fn write_value< T: Writable< C > >( &mut self, item: &T ) -> Result< (), C::Error > {
[INFO] [stdout]    |                        ^^^^^^^^^^^^^ required by this bound in `Writer::write_value`
[INFO] [stdout] 
[INFO] [stdout] 
[INFO] [stdout] error[E0277]: the trait bound `Vec3: Writable<C_>` is not satisfied
[INFO] [stdout]   --> /opt/rustwide/cargo-home/registry/src/index.crates.io-6f17d22bba15001f/macaw-0.18.6/src/plane3.rs:18:17
[INFO] [stdout]    |
[INFO] [stdout] 18 |     pub normal: Vec3,
[INFO] [stdout]    |                 ^^^^ the trait `Writable<C_>` is not implemented for `Vec3`
[INFO] [stdout]    |
[INFO] [stdout]    = help: the following other types implement trait `Writable<C>`:
[INFO] [stdout]              <bool as Writable<C>>
[INFO] [stdout]              <char as Writable<C>>
[INFO] [stdout]              <i8 as Writable<C>>
[INFO] [stdout]              <i16 as Writable<C>>
[INFO] [stdout]              <i32 as Writable<C>>
[INFO] [stdout]              <i64 as Writable<C>>
[INFO] [stdout]              <i128 as Writable<C>>
[INFO] [stdout]              <usize as Writable<C>>
[INFO] [stdout]            and 116 others
[INFO] [stdout] 
[INFO] [stdout] 
[INFO] [stdout] error[E0277]: the trait bound `Vec3: Readable<'a_, C_>` is not satisfied
[INFO] [stdout]    --> /opt/rustwide/cargo-home/registry/src/index.crates.io-6f17d22bba15001f/macaw-0.18.6/src/plane3.rs:15:62
[INFO] [stdout]     |
[INFO] [stdout] 15  | #[cfg_attr(feature = "with_speedy", derive(speedy::Writable, speedy::Readable))]
[INFO] [stdout]     |                                                              ^^^^^^^^^^^^^^^^ the trait `Readable<'a_, C_>` is not implemented for `Vec3`
[INFO] [stdout]     |
[INFO] [stdout]     = help: the following other types implement trait `Readable<'a, C>`:
[INFO] [stdout]               <bool as Readable<'a, C>>
[INFO] [stdout]               <char as Readable<'a, C>>
[INFO] [stdout]               <i8 as Readable<'a, C>>
[INFO] [stdout]               <i16 as Readable<'a, C>>
[INFO] [stdout]               <i32 as Readable<'a, C>>
[INFO] [stdout]               <i64 as Readable<'a, C>>
[INFO] [stdout]               <i128 as Readable<'a, C>>
[INFO] [stdout]               <usize as Readable<'a, C>>
[INFO] [stdout]             and 113 others
[INFO] [stdout] note: required by a bound in `read_value`
[INFO] [stdout]    --> /opt/rustwide/cargo-home/registry/src/index.crates.io-6f17d22bba15001f/speedy-0.8.6/src/reader.rs:504:23
[INFO] [stdout]     |
[INFO] [stdout] 504 |     fn read_value< T: Readable< 'a, C > >( &mut self ) -> Result< T, C::Error > {
[INFO] [stdout]     |                       ^^^^^^^^^^^^^^^^^ required by this bound in `Reader::read_value`
[INFO] [stdout]     = note: this error originates in the derive macro `speedy::Readable` (in Nightly builds, run with -Z macro-backtrace for more info)
[INFO] [stdout] 
[INFO] [stdout] 
[INFO] [stdout] error[E0277]: the trait bound `Vec3: Readable<'a_, C_>` is not satisfied
[INFO] [stdout]   --> /opt/rustwide/cargo-home/registry/src/index.crates.io-6f17d22bba15001f/macaw-0.18.6/src/plane3.rs:18:17
[INFO] [stdout]    |
[INFO] [stdout] 18 |     pub normal: Vec3,
[INFO] [stdout]    |                 ^^^^ the trait `Readable<'a_, C_>` is not implemented for `Vec3`
[INFO] [stdout]    |
[INFO] [stdout]    = help: the following other types implement trait `Readable<'a, C>`:
[INFO] [stdout]              <bool as Readable<'a, C>>
[INFO] [stdout]              <char as Readable<'a, C>>
[INFO] [stdout]              <i8 as Readable<'a, C>>
[INFO] [stdout]              <i16 as Readable<'a, C>>
[INFO] [stdout]              <i32 as Readable<'a, C>>
[INFO] [stdout]              <i64 as Readable<'a, C>>
[INFO] [stdout]              <i128 as Readable<'a, C>>
[INFO] [stdout]              <usize as Readable<'a, C>>
[INFO] [stdout]            and 113 others
[INFO] [stdout] 
[INFO] [stdout] 
[INFO] [stdout] error[E0277]: the trait bound `Vec3: Writable<C_>` is not satisfied
[INFO] [stdout]   --> /opt/rustwide/cargo-home/registry/src/index.crates.io-6f17d22bba15001f/macaw-0.18.6/src/ray3.rs:13:9
[INFO] [stdout]    |
[INFO] [stdout] 10 | #[cfg_attr(feature = "with_speedy", derive(speedy::Writable, speedy::Readable))]
[INFO] [stdout]    |                                            ---------------- required by a bound introduced by this call
[INFO] [stdout] ...
[INFO] [stdout] 13 |     pub origin: Vec3,
[INFO] [stdout]    |         ^^^^^^ the trait `Writable<C_>` is not implemented for `Vec3`
[INFO] [stdout]    |
[INFO] [stdout]    = help: the following other types implement trait `Writable<C>`:
[INFO] [stdout]              <bool as Writable<C>>
[INFO] [stdout]              <char as Writable<C>>
[INFO] [stdout]              <i8 as Writable<C>>
[INFO] [stdout]              <i16 as Writable<C>>
[INFO] [stdout]              <i32 as Writable<C>>
[INFO] [stdout]              <i64 as Writable<C>>
[INFO] [stdout]              <i128 as Writable<C>>
[INFO] [stdout]              <usize as Writable<C>>
[INFO] [stdout]            and 116 others
[INFO] [stdout] note: required by a bound in `write_value`
[INFO] [stdout]   --> /opt/rustwide/cargo-home/registry/src/index.crates.io-6f17d22bba15001f/speedy-0.8.6/src/writer.rs:94:24
[INFO] [stdout]    |
[INFO] [stdout] 94 |     fn write_value< T: Writable< C > >( &mut self, item: &T ) -> Result< (), C::Error > {
[INFO] [stdout]    |                        ^^^^^^^^^^^^^ required by this bound in `Writer::write_value`
[INFO] [stdout] 
[INFO] [stdout] 
[INFO] [stdout] error[E0277]: the trait bound `Vec3: Writable<C_>` is not satisfied
[INFO] [stdout]   --> /opt/rustwide/cargo-home/registry/src/index.crates.io-6f17d22bba15001f/macaw-0.18.6/src/ray3.rs:15:9
[INFO] [stdout]    |
[INFO] [stdout] 10 | #[cfg_attr(feature = "with_speedy", derive(speedy::Writable, speedy::Readable))]
[INFO] [stdout]    |                                            ---------------- required by a bound introduced by this call
[INFO] [stdout] ...
[INFO] [stdout] 15 |     pub dir: Vec3,
[INFO] [stdout]    |         ^^^ the trait `Writable<C_>` is not implemented for `Vec3`
[INFO] [stdout]    |
[INFO] [stdout]    = help: the following other types implement trait `Writable<C>`:
[INFO] [stdout]              <bool as Writable<C>>
[INFO] [stdout]              <char as Writable<C>>
[INFO] [stdout]              <i8 as Writable<C>>
[INFO] [stdout]              <i16 as Writable<C>>
[INFO] [stdout]              <i32 as Writable<C>>
[INFO] [stdout]              <i64 as Writable<C>>
[INFO] [stdout]              <i128 as Writable<C>>
[INFO] [stdout]              <usize as Writable<C>>
[INFO] [stdout]            and 116 others
[INFO] [stdout] note: required by a bound in `write_value`
[INFO] [stdout]   --> /opt/rustwide/cargo-home/registry/src/index.crates.io-6f17d22bba15001f/speedy-0.8.6/src/writer.rs:94:24
[INFO] [stdout]    |
[INFO] [stdout] 94 |     fn write_value< T: Writable< C > >( &mut self, item: &T ) -> Result< (), C::Error > {
[INFO] [stdout]    |                        ^^^^^^^^^^^^^ required by this bound in `Writer::write_value`
[INFO] [stdout] 
[INFO] [stdout] 
[INFO] [stdout] error[E0277]: the trait bound `Vec3: Writable<C_>` is not satisfied
[INFO] [stdout]   --> /opt/rustwide/cargo-home/registry/src/index.crates.io-6f17d22bba15001f/macaw-0.18.6/src/ray3.rs:13:17
[INFO] [stdout]    |
[INFO] [stdout] 13 |     pub origin: Vec3,
[INFO] [stdout]    |                 ^^^^ the trait `Writable<C_>` is not implemented for `Vec3`
[INFO] [stdout]    |
[INFO] [stdout]    = help: the following other types implement trait `Writable<C>`:
[INFO] [stdout]              <bool as Writable<C>>
[INFO] [stdout]              <char as Writable<C>>
[INFO] [stdout]              <i8 as Writable<C>>
[INFO] [stdout]              <i16 as Writable<C>>
[INFO] [stdout]              <i32 as Writable<C>>
[INFO] [stdout]              <i64 as Writable<C>>
[INFO] [stdout]              <i128 as Writable<C>>
[INFO] [stdout]              <usize as Writable<C>>
[INFO] [stdout]            and 116 others
[INFO] [stdout] 
[INFO] [stdout] 
[INFO] [stdout] error[E0277]: the trait bound `Vec3: Writable<C_>` is not satisfied
[INFO] [stdout]   --> /opt/rustwide/cargo-home/registry/src/index.crates.io-6f17d22bba15001f/macaw-0.18.6/src/ray3.rs:15:14
[INFO] [stdout]    |
[INFO] [stdout] 15 |     pub dir: Vec3,
[INFO] [stdout]    |              ^^^^ the trait `Writable<C_>` is not implemented for `Vec3`
[INFO] [stdout]    |
[INFO] [stdout]    = help: the following other types implement trait `Writable<C>`:
[INFO] [stdout]              <bool as Writable<C>>
[INFO] [stdout]              <char as Writable<C>>
[INFO] [stdout]              <i8 as Writable<C>>
[INFO] [stdout]              <i16 as Writable<C>>
[INFO] [stdout]              <i32 as Writable<C>>
[INFO] [stdout]              <i64 as Writable<C>>
[INFO] [stdout]              <i128 as Writable<C>>
[INFO] [stdout]              <usize as Writable<C>>
[INFO] [stdout]            and 116 others
[INFO] [stdout] 
[INFO] [stdout] 
[INFO] [stdout] error[E0277]: the trait bound `Vec3: Readable<'a_, C_>` is not satisfied
[INFO] [stdout]    --> /opt/rustwide/cargo-home/registry/src/index.crates.io-6f17d22bba15001f/macaw-0.18.6/src/ray3.rs:10:62
[INFO] [stdout]     |
[INFO] [stdout] 10  | #[cfg_attr(feature = "with_speedy", derive(speedy::Writable, speedy::Readable))]
[INFO] [stdout]     |                                                              ^^^^^^^^^^^^^^^^ the trait `Readable<'a_, C_>` is not implemented for `Vec3`
[INFO] [stdout]     |
[INFO] [stdout]     = help: the following other types implement trait `Readable<'a, C>`:
[INFO] [stdout]               <bool as Readable<'a, C>>
[INFO] [stdout]               <char as Readable<'a, C>>
[INFO] [stdout]               <i8 as Readable<'a, C>>
[INFO] [stdout]               <i16 as Readable<'a, C>>
[INFO] [stdout]               <i32 as Readable<'a, C>>
[INFO] [stdout]               <i64 as Readable<'a, C>>
[INFO] [stdout]               <i128 as Readable<'a, C>>
[INFO] [stdout]               <usize as Readable<'a, C>>
[INFO] [stdout]             and 113 others
[INFO] [stdout] note: required by a bound in `read_value`
[INFO] [stdout]    --> /opt/rustwide/cargo-home/registry/src/index.crates.io-6f17d22bba15001f/speedy-0.8.6/src/reader.rs:504:23
[INFO] [stdout]     |
[INFO] [stdout] 504 |     fn read_value< T: Readable< 'a, C > >( &mut self ) -> Result< T, C::Error > {
[INFO] [stdout]     |                       ^^^^^^^^^^^^^^^^^ required by this bound in `Reader::read_value`
[INFO] [stdout]     = note: this error originates in the derive macro `speedy::Readable` (in Nightly builds, run with -Z macro-backtrace for more info)
[INFO] [stdout] 
[INFO] [stdout] 
[INFO] [stdout] error[E0277]: the trait bound `Vec3: Readable<'a_, C_>` is not satisfied
[INFO] [stdout]   --> /opt/rustwide/cargo-home/registry/src/index.crates.io-6f17d22bba15001f/macaw-0.18.6/src/ray3.rs:13:17
[INFO] [stdout]    |
[INFO] [stdout] 13 |     pub origin: Vec3,
[INFO] [stdout]    |                 ^^^^ the trait `Readable<'a_, C_>` is not implemented for `Vec3`
[INFO] [stdout]    |
[INFO] [stdout]    = help: the following other types implement trait `Readable<'a, C>`:
[INFO] [stdout]              <bool as Readable<'a, C>>
[INFO] [stdout]              <char as Readable<'a, C>>
[INFO] [stdout]              <i8 as Readable<'a, C>>
[INFO] [stdout]              <i16 as Readable<'a, C>>
[INFO] [stdout]              <i32 as Readable<'a, C>>
[INFO] [stdout]              <i64 as Readable<'a, C>>
[INFO] [stdout]              <i128 as Readable<'a, C>>
[INFO] [stdout]              <usize as Readable<'a, C>>
[INFO] [stdout]            and 113 others
[INFO] [stdout] 
[INFO] [stdout] 
[INFO] [stdout] error[E0277]: the trait bound `Vec3: Readable<'a_, C_>` is not satisfied
[INFO] [stdout]   --> /opt/rustwide/cargo-home/registry/src/index.crates.io-6f17d22bba15001f/macaw-0.18.6/src/ray3.rs:15:14
[INFO] [stdout]    |
[INFO] [stdout] 15 |     pub dir: Vec3,
[INFO] [stdout]    |              ^^^^ the trait `Readable<'a_, C_>` is not implemented for `Vec3`
[INFO] [stdout]    |
[INFO] [stdout]    = help: the following other types implement trait `Readable<'a, C>`:
[INFO] [stdout]              <bool as Readable<'a, C>>
[INFO] [stdout]              <char as Readable<'a, C>>
[INFO] [stdout]              <i8 as Readable<'a, C>>
[INFO] [stdout]              <i16 as Readable<'a, C>>
[INFO] [stdout]              <i32 as Readable<'a, C>>
[INFO] [stdout]              <i64 as Readable<'a, C>>
[INFO] [stdout]              <i128 as Readable<'a, C>>
[INFO] [stdout]              <usize as Readable<'a, C>>
[INFO] [stdout]            and 113 others
[INFO] [stdout] 
[INFO] [stdout] 
[INFO] [stdout] error: aborting due to 34 previous errors
[INFO] [stdout] 
[INFO] [stdout] 
[INFO] [stdout] For more information about this error, try `rustc --explain E0277`.
[INFO] [stdout] 
[INFO] [stderr] error: could not compile `macaw` (lib) due to 35 previous errors
[INFO] [stderr] warning: build failed, waiting for other jobs to finish...
[INFO] running `Command { std: "docker" "inspect" "424c97e471b08da723dff36ef11c1c89c66d3f73b81f66314a7a0f67555d4ebb", kill_on_drop: false }`
[INFO] running `Command { std: "docker" "rm" "-f" "424c97e471b08da723dff36ef11c1c89c66d3f73b81f66314a7a0f67555d4ebb", kill_on_drop: false }`
[INFO] [stdout] 424c97e471b08da723dff36ef11c1c89c66d3f73b81f66314a7a0f67555d4ebb
[INFO] documenting ark-api-0.17.0-pre.32 against beta-2023-12-22 for beta-1.76-rustdoc-1
[INFO] extracting crate ark-api 0.17.0-pre.32 into /workspace/builds/worker-4-tc2/source
[INFO] validating manifest of crates.io crate ark-api 0.17.0-pre.32 on toolchain beta-2023-12-22
[INFO] running `Command { std: CARGO_HOME="/workspace/cargo-home" RUSTUP_HOME="/workspace/rustup-home" "/workspace/cargo-home/bin/cargo" "+beta-2023-12-22" "metadata" "--manifest-path" "Cargo.toml" "--no-deps", kill_on_drop: false }`
[INFO] started tweaking crates.io crate ark-api 0.17.0-pre.32
[INFO] finished tweaking crates.io crate ark-api 0.17.0-pre.32
[INFO] tweaked toml for crates.io crate ark-api 0.17.0-pre.32 written to /workspace/builds/worker-4-tc2/source/Cargo.toml
[INFO] running `Command { std: CARGO_HOME="/workspace/cargo-home" RUSTUP_HOME="/workspace/rustup-home" "/workspace/cargo-home/bin/cargo" "+beta-2023-12-22" "generate-lockfile" "--manifest-path" "Cargo.toml", kill_on_drop: false }`
[INFO] [stderr]     Updating crates.io index
[INFO] running `Command { std: CARGO_HOME="/workspace/cargo-home" RUSTUP_HOME="/workspace/rustup-home" "/workspace/cargo-home/bin/cargo" "+beta-2023-12-22" "fetch" "--manifest-path" "Cargo.toml", kill_on_drop: false }`
[INFO] running `Command { std: "docker" "create" "-v" "/var/lib/crater-agent-workspace/builds/worker-4-tc2/target:/opt/rustwide/target:rw,Z" "-v" "/var/lib/crater-agent-workspace/builds/worker-4-tc2/source:/opt/rustwide/workdir:ro,Z" "-v" "/var/lib/crater-agent-workspace/cargo-home:/opt/rustwide/cargo-home:ro,Z" "-v" "/var/lib/crater-agent-workspace/rustup-home:/opt/rustwide/rustup-home:ro,Z" "-e" "SOURCE_DIR=/opt/rustwide/workdir" "-e" "CARGO_TARGET_DIR=/opt/rustwide/target" "-e" "CARGO_HOME=/opt/rustwide/cargo-home" "-e" "RUSTUP_HOME=/opt/rustwide/rustup-home" "-w" "/opt/rustwide/workdir" "-m" "1610612736" "--user" "0:0" "--network" "none" "ghcr.io/rust-lang/crates-build-env/linux@sha256:2788e3201cd34a07e3172128adcd8b3090168a8e3bcc40d7c032b9dda1df7d1c" "/opt/rustwide/cargo-home/bin/cargo" "+beta-2023-12-22" "metadata" "--no-deps" "--format-version=1", kill_on_drop: false }`
[INFO] [stdout] d0895b55e3300abc0b5c3e9e1154cc8bada3c40e3989094e86839f6da8410a57
[INFO] running `Command { std: "docker" "start" "-a" "d0895b55e3300abc0b5c3e9e1154cc8bada3c40e3989094e86839f6da8410a57", kill_on_drop: false }`
[INFO] running `Command { std: "docker" "inspect" "d0895b55e3300abc0b5c3e9e1154cc8bada3c40e3989094e86839f6da8410a57", kill_on_drop: false }`
[INFO] running `Command { std: "docker" "rm" "-f" "d0895b55e3300abc0b5c3e9e1154cc8bada3c40e3989094e86839f6da8410a57", kill_on_drop: false }`
[INFO] [stdout] d0895b55e3300abc0b5c3e9e1154cc8bada3c40e3989094e86839f6da8410a57
[INFO] running `Command { std: "docker" "create" "-v" "/var/lib/crater-agent-workspace/builds/worker-4-tc2/target:/opt/rustwide/target:rw,Z" "-v" "/var/lib/crater-agent-workspace/builds/worker-4-tc2/source:/opt/rustwide/workdir:ro,Z" "-v" "/var/lib/crater-agent-workspace/cargo-home:/opt/rustwide/cargo-home:ro,Z" "-v" "/var/lib/crater-agent-workspace/rustup-home:/opt/rustwide/rustup-home:ro,Z" "-e" "SOURCE_DIR=/opt/rustwide/workdir" "-e" "CARGO_TARGET_DIR=/opt/rustwide/target" "-e" "CARGO_INCREMENTAL=0" "-e" "RUST_BACKTRACE=full" "-e" "RUSTFLAGS=--cap-lints=warn" "-e" "RUSTDOCFLAGS=--cap-lints=warn" "-e" "CARGO_HOME=/opt/rustwide/cargo-home" "-e" "RUSTUP_HOME=/opt/rustwide/rustup-home" "-w" "/opt/rustwide/workdir" "-m" "1610612736" "--user" "0:0" "--network" "none" "ghcr.io/rust-lang/crates-build-env/linux@sha256:2788e3201cd34a07e3172128adcd8b3090168a8e3bcc40d7c032b9dda1df7d1c" "/opt/rustwide/cargo-home/bin/cargo" "+beta-2023-12-22" "doc" "--frozen" "--no-deps" "--document-private-items" "--message-format=json", kill_on_drop: false }`
[INFO] [stdout] 5d68b55260e213157190e7dd5437f279b80210d73aebcd61cd1adf1418d51bdf
[INFO] running `Command { std: "docker" "start" "-a" "5d68b55260e213157190e7dd5437f279b80210d73aebcd61cd1adf1418d51bdf", kill_on_drop: false }`
[INFO] [stderr]    Compiling toml_datetime v0.6.3
[INFO] [stderr]    Compiling anyhow v1.0.79
[INFO] [stderr]    Compiling crossbeam-utils v0.8.18
[INFO] [stderr]     Checking bitflags v1.3.2
[INFO] [stderr]     Checking static_assertions v1.1.0
[INFO] [stderr]     Checking glam v0.22.0
[INFO] [stderr]    Compiling syn v1.0.109
[INFO] [stderr]    Compiling bytemuck_derive v1.5.0
[INFO] [stderr]    Compiling toml_edit v0.20.2
[INFO] [stderr]     Checking puffin v0.17.0
[INFO] [stderr]     Checking crossbeam-channel v0.5.10
[INFO] [stderr]     Checking bytemuck v1.14.0
[INFO] [stderr]    Compiling proc-macro-crate v2.0.1
[INFO] [stderr]     Checking macaw v0.18.6
[INFO] [stderr]    Compiling num_enum_derive v0.7.1
[INFO] [stderr]     Checking num_enum v0.7.1
[INFO] [stderr]    Compiling ark-api-macros v0.12.0
[INFO] [stderr]     Checking ark-api-ffi v0.17.0-pre.34
[INFO] [stderr]  Documenting ark-api v0.17.0-pre.32 (/opt/rustwide/workdir)
[INFO] [stderr]     Finished dev [unoptimized + debuginfo] target(s) in 6.86s
[INFO] [stderr]    Generated /opt/rustwide/target/doc/ark_api/index.html
[INFO] running `Command { std: "docker" "inspect" "5d68b55260e213157190e7dd5437f279b80210d73aebcd61cd1adf1418d51bdf", kill_on_drop: false }`
[INFO] running `Command { std: "docker" "rm" "-f" "5d68b55260e213157190e7dd5437f279b80210d73aebcd61cd1adf1418d51bdf", kill_on_drop: false }`
[INFO] [stdout] 5d68b55260e213157190e7dd5437f279b80210d73aebcd61cd1adf1418d51bdf
[INFO] running `Command { std: "docker" "create" "-v" "/var/lib/crater-agent-workspace/builds/worker-4-tc2/target:/opt/rustwide/target:rw,Z" "-v" "/var/lib/crater-agent-workspace/builds/worker-4-tc2/source:/opt/rustwide/workdir:ro,Z" "-v" "/var/lib/crater-agent-workspace/cargo-home:/opt/rustwide/cargo-home:ro,Z" "-v" "/var/lib/crater-agent-workspace/rustup-home:/opt/rustwide/rustup-home:ro,Z" "-e" "SOURCE_DIR=/opt/rustwide/workdir" "-e" "CARGO_TARGET_DIR=/opt/rustwide/target" "-e" "CARGO_INCREMENTAL=0" "-e" "RUST_BACKTRACE=full" "-e" "RUSTFLAGS=--cap-lints=warn" "-e" "RUSTDOCFLAGS=--cap-lints=warn" "-e" "RUSTC_BOOTSTRAP=1" "-e" "DOCS_RS=1" "-e" "CARGO_HOME=/opt/rustwide/cargo-home" "-e" "RUSTUP_HOME=/opt/rustwide/rustup-home" "-w" "/opt/rustwide/workdir" "-m" "1610612736" "--user" "0:0" "--network" "none" "ghcr.io/rust-lang/crates-build-env/linux@sha256:2788e3201cd34a07e3172128adcd8b3090168a8e3bcc40d7c032b9dda1df7d1c" "/opt/rustwide/cargo-home/bin/cargo" "+beta-2023-12-22" "rustdoc" "--lib" "-Zrustdoc-map" "--all-features" "-Z" "unstable-options" "--config" "build.rustdocflags=[\"-Z\", \"unstable-options\", \"--document-private-items\"]" "--frozen" "--message-format=json", kill_on_drop: false }`
[INFO] [stdout] f96e26666b2dda77307a306e5cf3eab1ffbacacc80699a88346dc82f25951bd6
[INFO] running `Command { std: "docker" "start" "-a" "f96e26666b2dda77307a306e5cf3eab1ffbacacc80699a88346dc82f25951bd6", kill_on_drop: false }`
[INFO] [stderr]    Compiling proc-macro2 v1.0.76
[INFO] [stderr]    Compiling serde v1.0.195
[INFO] [stderr]    Compiling anyhow v1.0.79
[INFO] [stderr]     Checking futures-core v0.3.30
[INFO] [stderr]     Checking glam v0.23.0
[INFO] [stderr]     Checking futures-sink v0.3.30
[INFO] [stderr]     Checking futures-task v0.3.30
[INFO] [stderr]     Checking tower-layer v0.3.2
[INFO] [stderr]     Checking futures-io v0.3.30
[INFO] [stderr]     Checking tower-service v0.3.2
[INFO] [stderr]     Checking futures-channel v0.3.30
[INFO] [stderr]     Checking futures-util v0.3.30
[INFO] [stderr]     Checking http-body v0.4.6
[INFO] [stderr]     Checking tower v0.4.13
[INFO] [stderr]     Checking puffin v0.17.0
[INFO] [stderr]    Compiling quote v1.0.35
[INFO] [stderr]    Compiling syn v2.0.48
[INFO] [stderr]    Compiling syn v1.0.109
[INFO] [stderr]     Checking futures v0.3.30
[INFO] [stderr]    Compiling serde_derive v1.0.195
[INFO] [stderr]    Compiling speedy-derive v0.8.6
[INFO] [stderr]    Compiling num_enum_derive v0.7.1
[INFO] [stderr]    Compiling bytemuck_derive v1.5.0
[INFO] [stderr]     Checking bytemuck v1.14.0
[INFO] [stderr]     Checking num_enum v0.7.1
[INFO] [stderr]     Checking speedy v0.8.6
[INFO] [stderr]    Compiling ark-api-macros v0.12.0
[INFO] [stderr]     Checking glam v0.22.0
[INFO] [stderr]     Checking ark-api-ffi v0.17.0-pre.34
[INFO] [stderr]     Checking macaw v0.18.6
[INFO] [stdout] error[E0277]: the trait bound `Vec3: Writable<C_>` is not satisfied
[INFO] [stdout]   --> /opt/rustwide/cargo-home/registry/src/index.crates.io-6f17d22bba15001f/macaw-0.18.6/src/bounding_box.rs:11:9
[INFO] [stdout]    |
[INFO] [stdout] 7  | #[cfg_attr(feature = "with_speedy", derive(speedy::Writable, speedy::Readable))]
[INFO] [stdout]    |                                            ---------------- required by a bound introduced by this call
[INFO] [stdout] ...
[INFO] [stdout] 11 |     pub min: Vec3,
[INFO] [stdout]    |         ^^^ the trait `Writable<C_>` is not implemented for `Vec3`
[INFO] [stdout]    |
[INFO] [stdout]    = help: the following other types implement trait `Writable<C>`:
[INFO] [stdout]              <bool as Writable<C>>
[INFO] [stdout]              <char as Writable<C>>
[INFO] [stdout]              <i8 as Writable<C>>
[INFO] [stdout]              <i16 as Writable<C>>
[INFO] [stdout]              <i32 as Writable<C>>
[INFO] [stdout]              <i64 as Writable<C>>
[INFO] [stdout]              <i128 as Writable<C>>
[INFO] [stdout]              <usize as Writable<C>>
[INFO] [stdout]            and 116 others
[INFO] [stdout] note: required by a bound in `write_value`
[INFO] [stdout]   --> /opt/rustwide/cargo-home/registry/src/index.crates.io-6f17d22bba15001f/speedy-0.8.6/src/writer.rs:94:24
[INFO] [stdout]    |
[INFO] [stdout] 94 |     fn write_value< T: Writable< C > >( &mut self, item: &T ) -> Result< (), C::Error > {
[INFO] [stdout]    |                        ^^^^^^^^^^^^^ required by this bound in `Writer::write_value`
[INFO] [stdout] 
[INFO] [stdout] 
[INFO] [stdout] error[E0277]: the trait bound `Vec3: Writable<C_>` is not satisfied
[INFO] [stdout]   --> /opt/rustwide/cargo-home/registry/src/index.crates.io-6f17d22bba15001f/macaw-0.18.6/src/bounding_box.rs:13:9
[INFO] [stdout]    |
[INFO] [stdout] 7  | #[cfg_attr(feature = "with_speedy", derive(speedy::Writable, speedy::Readable))]
[INFO] [stdout]    |                                            ---------------- required by a bound introduced by this call
[INFO] [stdout] ...
[INFO] [stdout] 13 |     pub max: Vec3,
[INFO] [stdout]    |         ^^^ the trait `Writable<C_>` is not implemented for `Vec3`
[INFO] [stdout]    |
[INFO] [stdout]    = help: the following other types implement trait `Writable<C>`:
[INFO] [stdout]              <bool as Writable<C>>
[INFO] [stdout]              <char as Writable<C>>
[INFO] [stdout]              <i8 as Writable<C>>
[INFO] [stdout]              <i16 as Writable<C>>
[INFO] [stdout]              <i32 as Writable<C>>
[INFO] [stdout]              <i64 as Writable<C>>
[INFO] [stdout]              <i128 as Writable<C>>
[INFO] [stdout]              <usize as Writable<C>>
[INFO] [stdout]            and 116 others
[INFO] [stdout] note: required by a bound in `write_value`
[INFO] [stdout]   --> /opt/rustwide/cargo-home/registry/src/index.crates.io-6f17d22bba15001f/speedy-0.8.6/src/writer.rs:94:24
[INFO] [stdout]    |
[INFO] [stdout] 94 |     fn write_value< T: Writable< C > >( &mut self, item: &T ) -> Result< (), C::Error > {
[INFO] [stdout]    |                        ^^^^^^^^^^^^^ required by this bound in `Writer::write_value`
[INFO] [stdout] 
[INFO] [stdout] 
[INFO] [stdout] error[E0277]: the trait bound `Vec3: Writable<C_>` is not satisfied
[INFO] [stdout]   --> /opt/rustwide/cargo-home/registry/src/index.crates.io-6f17d22bba15001f/macaw-0.18.6/src/bounding_box.rs:11:14
[INFO] [stdout]    |
[INFO] [stdout] 11 |     pub min: Vec3,
[INFO] [stdout]    |              ^^^^ the trait `Writable<C_>` is not implemented for `Vec3`
[INFO] [stdout]    |
[INFO] [stdout]    = help: the following other types implement trait `Writable<C>`:
[INFO] [stdout]              <bool as Writable<C>>
[INFO] [stdout]              <char as Writable<C>>
[INFO] [stdout]              <i8 as Writable<C>>
[INFO] [stdout]              <i16 as Writable<C>>
[INFO] [stdout]              <i32 as Writable<C>>
[INFO] [stdout]              <i64 as Writable<C>>
[INFO] [stdout]              <i128 as Writable<C>>
[INFO] [stdout]              <usize as Writable<C>>
[INFO] [stdout]            and 116 others
[INFO] [stdout] 
[INFO] [stdout] 
[INFO] [stdout] error[E0277]: the trait bound `Vec3: Writable<C_>` is not satisfied
[INFO] [stdout]   --> /opt/rustwide/cargo-home/registry/src/index.crates.io-6f17d22bba15001f/macaw-0.18.6/src/bounding_box.rs:13:14
[INFO] [stdout]    |
[INFO] [stdout] 13 |     pub max: Vec3,
[INFO] [stdout]    |              ^^^^ the trait `Writable<C_>` is not implemented for `Vec3`
[INFO] [stdout]    |
[INFO] [stdout]    = help: the following other types implement trait `Writable<C>`:
[INFO] [stdout]              <bool as Writable<C>>
[INFO] [stdout]              <char as Writable<C>>
[INFO] [stdout]              <i8 as Writable<C>>
[INFO] [stdout]              <i16 as Writable<C>>
[INFO] [stdout]              <i32 as Writable<C>>
[INFO] [stdout]              <i64 as Writable<C>>
[INFO] [stdout]              <i128 as Writable<C>>
[INFO] [stdout]              <usize as Writable<C>>
[INFO] [stdout]            and 116 others
[INFO] [stdout] 
[INFO] [stdout] 
[INFO] [stdout] error[E0277]: the trait bound `Vec3: Readable<'a_, C_>` is not satisfied
[INFO] [stdout]    --> /opt/rustwide/cargo-home/registry/src/index.crates.io-6f17d22bba15001f/macaw-0.18.6/src/bounding_box.rs:7:62
[INFO] [stdout]     |
[INFO] [stdout] 7   | #[cfg_attr(feature = "with_speedy", derive(speedy::Writable, speedy::Readable))]
[INFO] [stdout]     |                                                              ^^^^^^^^^^^^^^^^ the trait `Readable<'a_, C_>` is not implemented for `Vec3`
[INFO] [stdout]     |
[INFO] [stdout]     = help: the following other types implement trait `Readable<'a, C>`:
[INFO] [stdout]               <bool as Readable<'a, C>>
[INFO] [stdout]               <char as Readable<'a, C>>
[INFO] [stdout]               <i8 as Readable<'a, C>>
[INFO] [stdout]               <i16 as Readable<'a, C>>
[INFO] [stdout]               <i32 as Readable<'a, C>>
[INFO] [stdout]               <i64 as Readable<'a, C>>
[INFO] [stdout]               <i128 as Readable<'a, C>>
[INFO] [stdout]               <usize as Readable<'a, C>>
[INFO] [stdout]             and 113 others
[INFO] [stdout] note: required by a bound in `read_value`
[INFO] [stdout]    --> /opt/rustwide/cargo-home/registry/src/index.crates.io-6f17d22bba15001f/speedy-0.8.6/src/reader.rs:504:23
[INFO] [stdout]     |
[INFO] [stdout] 504 |     fn read_value< T: Readable< 'a, C > >( &mut self ) -> Result< T, C::Error > {
[INFO] [stdout]     |                       ^^^^^^^^^^^^^^^^^ required by this bound in `Reader::read_value`
[INFO] [stdout]     = note: this error originates in the derive macro `speedy::Readable` (in Nightly builds, run with -Z macro-backtrace for more info)
[INFO] [stdout] 
[INFO] [stdout] 
[INFO] [stdout] error[E0277]: the trait bound `Vec3: Readable<'a_, C_>` is not satisfied
[INFO] [stdout]   --> /opt/rustwide/cargo-home/registry/src/index.crates.io-6f17d22bba15001f/macaw-0.18.6/src/bounding_box.rs:11:14
[INFO] [stdout]    |
[INFO] [stdout] 11 |     pub min: Vec3,
[INFO] [stdout]    |              ^^^^ the trait `Readable<'a_, C_>` is not implemented for `Vec3`
[INFO] [stdout]    |
[INFO] [stdout]    = help: the following other types implement trait `Readable<'a, C>`:
[INFO] [stdout]              <bool as Readable<'a, C>>
[INFO] [stdout]              <char as Readable<'a, C>>
[INFO] [stdout]              <i8 as Readable<'a, C>>
[INFO] [stdout]              <i16 as Readable<'a, C>>
[INFO] [stdout]              <i32 as Readable<'a, C>>
[INFO] [stdout]              <i64 as Readable<'a, C>>
[INFO] [stdout]              <i128 as Readable<'a, C>>
[INFO] [stdout]              <usize as Readable<'a, C>>
[INFO] [stdout]            and 113 others
[INFO] [stdout] 
[INFO] [stdout] 
[INFO] [stdout] error[E0277]: the trait bound `Vec3: Readable<'a_, C_>` is not satisfied
[INFO] [stdout]   --> /opt/rustwide/cargo-home/registry/src/index.crates.io-6f17d22bba15001f/macaw-0.18.6/src/bounding_box.rs:13:14
[INFO] [stdout]    |
[INFO] [stdout] 13 |     pub max: Vec3,
[INFO] [stdout]    |              ^^^^ the trait `Readable<'a_, C_>` is not implemented for `Vec3`
[INFO] [stdout]    |
[INFO] [stdout]    = help: the following other types implement trait `Readable<'a, C>`:
[INFO] [stdout]              <bool as Readable<'a, C>>
[INFO] [stdout]              <char as Readable<'a, C>>
[INFO] [stdout]              <i8 as Readable<'a, C>>
[INFO] [stdout]              <i16 as Readable<'a, C>>
[INFO] [stdout]              <i32 as Readable<'a, C>>
[INFO] [stdout]              <i64 as Readable<'a, C>>
[INFO] [stdout]              <i128 as Readable<'a, C>>
[INFO] [stdout]              <usize as Readable<'a, C>>
[INFO] [stdout]            and 113 others
[INFO] [stdout] 
[INFO] [stdout] 
[INFO] [stdout] error[E0277]: the trait bound `Vec4: Writable<C_>` is not satisfied
[INFO] [stdout]   --> /opt/rustwide/cargo-home/registry/src/index.crates.io-6f17d22bba15001f/macaw-0.18.6/src/conformal.rs:19:5
[INFO] [stdout]    |
[INFO] [stdout] 17 | #[cfg_attr(feature = "with_speedy", derive(speedy::Writable, speedy::Readable))]
[INFO] [stdout]    |                                            ---------------- required by a bound introduced by this call
[INFO] [stdout] 18 | pub struct Conformal3 {
[INFO] [stdout] 19 |     translation_and_scale: Vec4,
[INFO] [stdout]    |     ^^^^^^^^^^^^^^^^^^^^^ the trait `Writable<C_>` is not implemented for `Vec4`
[INFO] [stdout]    |
[INFO] [stdout]    = help: the following other types implement trait `Writable<C>`:
[INFO] [stdout]              <bool as Writable<C>>
[INFO] [stdout]              <char as Writable<C>>
[INFO] [stdout]              <i8 as Writable<C>>
[INFO] [stdout]              <i16 as Writable<C>>
[INFO] [stdout]              <i32 as Writable<C>>
[INFO] [stdout]              <i64 as Writable<C>>
[INFO] [stdout]              <i128 as Writable<C>>
[INFO] [stdout]              <usize as Writable<C>>
[INFO] [stdout]            and 116 others
[INFO] [stdout] note: required by a bound in `write_value`
[INFO] [stdout]   --> /opt/rustwide/cargo-home/registry/src/index.crates.io-6f17d22bba15001f/speedy-0.8.6/src/writer.rs:94:24
[INFO] [stdout]    |
[INFO] [stdout] 94 |     fn write_value< T: Writable< C > >( &mut self, item: &T ) -> Result< (), C::Error > {
[INFO] [stdout]    |                        ^^^^^^^^^^^^^ required by this bound in `Writer::write_value`
[INFO] [stdout] 
[INFO] [stdout] 
[INFO] [stdout] error[E0277]: the trait bound `Quat: Writable<C_>` is not satisfied
[INFO] [stdout]   --> /opt/rustwide/cargo-home/registry/src/index.crates.io-6f17d22bba15001f/macaw-0.18.6/src/conformal.rs:20:5
[INFO] [stdout]    |
[INFO] [stdout] 17 | #[cfg_attr(feature = "with_speedy", derive(speedy::Writable, speedy::Readable))]
[INFO] [stdout]    |                                            ---------------- required by a bound introduced by this call
[INFO] [stdout] ...
[INFO] [stdout] 20 |     rotation: Quat,
[INFO] [stdout]    |     ^^^^^^^^ the trait `Writable<C_>` is not implemented for `Quat`
[INFO] [stdout]    |
[INFO] [stdout]    = help: the following other types implement trait `Writable<C>`:
[INFO] [stdout]              <bool as Writable<C>>
[INFO] [stdout]              <char as Writable<C>>
[INFO] [stdout]              <i8 as Writable<C>>
[INFO] [stdout]              <i16 as Writable<C>>
[INFO] [stdout]              <i32 as Writable<C>>
[INFO] [stdout]              <i64 as Writable<C>>
[INFO] [stdout]              <i128 as Writable<C>>
[INFO] [stdout]              <usize as Writable<C>>
[INFO] [stdout]            and 116 others
[INFO] [stdout] note: required by a bound in `write_value`
[INFO] [stdout]   --> /opt/rustwide/cargo-home/registry/src/index.crates.io-6f17d22bba15001f/speedy-0.8.6/src/writer.rs:94:24
[INFO] [stdout]    |
[INFO] [stdout] 94 |     fn write_value< T: Writable< C > >( &mut self, item: &T ) -> Result< (), C::Error > {
[INFO] [stdout]    |                        ^^^^^^^^^^^^^ required by this bound in `Writer::write_value`
[INFO] [stdout] 
[INFO] [stdout] 
[INFO] [stdout] error[E0277]: the trait bound `Vec4: Writable<C_>` is not satisfied
[INFO] [stdout]   --> /opt/rustwide/cargo-home/registry/src/index.crates.io-6f17d22bba15001f/macaw-0.18.6/src/conformal.rs:19:28
[INFO] [stdout]    |
[INFO] [stdout] 19 |     translation_and_scale: Vec4,
[INFO] [stdout]    |                            ^^^^ the trait `Writable<C_>` is not implemented for `Vec4`
[INFO] [stdout]    |
[INFO] [stdout]    = help: the following other types implement trait `Writable<C>`:
[INFO] [stdout]              <bool as Writable<C>>
[INFO] [stdout]              <char as Writable<C>>
[INFO] [stdout]              <i8 as Writable<C>>
[INFO] [stdout]              <i16 as Writable<C>>
[INFO] [stdout]              <i32 as Writable<C>>
[INFO] [stdout]              <i64 as Writable<C>>
[INFO] [stdout]              <i128 as Writable<C>>
[INFO] [stdout]              <usize as Writable<C>>
[INFO] [stdout]            and 116 others
[INFO] [stdout] 
[INFO] [stdout] 
[INFO] [stdout] error[E0277]: the trait bound `Quat: Writable<C_>` is not satisfied
[INFO] [stdout]   --> /opt/rustwide/cargo-home/registry/src/index.crates.io-6f17d22bba15001f/macaw-0.18.6/src/conformal.rs:20:15
[INFO] [stdout]    |
[INFO] [stdout] 20 |     rotation: Quat,
[INFO] [stdout]    |               ^^^^ the trait `Writable<C_>` is not implemented for `Quat`
[INFO] [stdout]    |
[INFO] [stdout]    = help: the following other types implement trait `Writable<C>`:
[INFO] [stdout]              <bool as Writable<C>>
[INFO] [stdout]              <char as Writable<C>>
[INFO] [stdout]              <i8 as Writable<C>>
[INFO] [stdout]              <i16 as Writable<C>>
[INFO] [stdout]              <i32 as Writable<C>>
[INFO] [stdout]              <i64 as Writable<C>>
[INFO] [stdout]              <i128 as Writable<C>>
[INFO] [stdout]              <usize as Writable<C>>
[INFO] [stdout]            and 116 others
[INFO] [stdout] 
[INFO] [stdout] 
[INFO] [stdout] error[E0277]: the trait bound `Vec4: Readable<'a_, C_>` is not satisfied
[INFO] [stdout]    --> /opt/rustwide/cargo-home/registry/src/index.crates.io-6f17d22bba15001f/macaw-0.18.6/src/conformal.rs:17:62
[INFO] [stdout]     |
[INFO] [stdout] 17  | #[cfg_attr(feature = "with_speedy", derive(speedy::Writable, speedy::Readable))]
[INFO] [stdout]     |                                                              ^^^^^^^^^^^^^^^^ the trait `Readable<'a_, C_>` is not implemented for `Vec4`
[INFO] [stdout]     |
[INFO] [stdout]     = help: the following other types implement trait `Readable<'a, C>`:
[INFO] [stdout]               <bool as Readable<'a, C>>
[INFO] [stdout]               <char as Readable<'a, C>>
[INFO] [stdout]               <i8 as Readable<'a, C>>
[INFO] [stdout]               <i16 as Readable<'a, C>>
[INFO] [stdout]               <i32 as Readable<'a, C>>
[INFO] [stdout]               <i64 as Readable<'a, C>>
[INFO] [stdout]               <i128 as Readable<'a, C>>
[INFO] [stdout]               <usize as Readable<'a, C>>
[INFO] [stdout]             and 113 others
[INFO] [stdout] note: required by a bound in `read_value`
[INFO] [stdout]    --> /opt/rustwide/cargo-home/registry/src/index.crates.io-6f17d22bba15001f/speedy-0.8.6/src/reader.rs:504:23
[INFO] [stdout]     |
[INFO] [stdout] 504 |     fn read_value< T: Readable< 'a, C > >( &mut self ) -> Result< T, C::Error > {
[INFO] [stdout]     |                       ^^^^^^^^^^^^^^^^^ required by this bound in `Reader::read_value`
[INFO] [stdout]     = note: this error originates in the derive macro `speedy::Readable` (in Nightly builds, run with -Z macro-backtrace for more info)
[INFO] [stdout] 
[INFO] [stdout] 
[INFO] [stdout] error[E0277]: the trait bound `Quat: Readable<'a_, C_>` is not satisfied
[INFO] [stdout]    --> /opt/rustwide/cargo-home/registry/src/index.crates.io-6f17d22bba15001f/macaw-0.18.6/src/conformal.rs:17:62
[INFO] [stdout]     |
[INFO] [stdout] 17  | #[cfg_attr(feature = "with_speedy", derive(speedy::Writable, speedy::Readable))]
[INFO] [stdout]     |                                                              ^^^^^^^^^^^^^^^^ the trait `Readable<'a_, C_>` is not implemented for `Quat`
[INFO] [stdout]     |
[INFO] [stdout]     = help: the following other types implement trait `Readable<'a, C>`:
[INFO] [stdout]               <bool as Readable<'a, C>>
[INFO] [stdout]               <char as Readable<'a, C>>
[INFO] [stdout]               <i8 as Readable<'a, C>>
[INFO] [stdout]               <i16 as Readable<'a, C>>
[INFO] [stdout]               <i32 as Readable<'a, C>>
[INFO] [stdout]               <i64 as Readable<'a, C>>
[INFO] [stdout]               <i128 as Readable<'a, C>>
[INFO] [stdout]               <usize as Readable<'a, C>>
[INFO] [stdout]             and 113 others
[INFO] [stdout] note: required by a bound in `read_value`
[INFO] [stdout]    --> /opt/rustwide/cargo-home/registry/src/index.crates.io-6f17d22bba15001f/speedy-0.8.6/src/reader.rs:504:23
[INFO] [stdout]     |
[INFO] [stdout] 504 |     fn read_value< T: Readable< 'a, C > >( &mut self ) -> Result< T, C::Error > {
[INFO] [stdout]     |                       ^^^^^^^^^^^^^^^^^ required by this bound in `Reader::read_value`
[INFO] [stdout]     = note: this error originates in the derive macro `speedy::Readable` (in Nightly builds, run with -Z macro-backtrace for more info)
[INFO] [stdout] 
[INFO] [stdout] 
[INFO] [stdout] error[E0277]: the trait bound `Vec4: Readable<'a_, C_>` is not satisfied
[INFO] [stdout]   --> /opt/rustwide/cargo-home/registry/src/index.crates.io-6f17d22bba15001f/macaw-0.18.6/src/conformal.rs:19:28
[INFO] [stdout]    |
[INFO] [stdout] 19 |     translation_and_scale: Vec4,
[INFO] [stdout]    |                            ^^^^ the trait `Readable<'a_, C_>` is not implemented for `Vec4`
[INFO] [stdout]    |
[INFO] [stdout]    = help: the following other types implement trait `Readable<'a, C>`:
[INFO] [stdout]              <bool as Readable<'a, C>>
[INFO] [stdout]              <char as Readable<'a, C>>
[INFO] [stdout]              <i8 as Readable<'a, C>>
[INFO] [stdout]              <i16 as Readable<'a, C>>
[INFO] [stdout]              <i32 as Readable<'a, C>>
[INFO] [stdout]              <i64 as Readable<'a, C>>
[INFO] [stdout]              <i128 as Readable<'a, C>>
[INFO] [stdout]              <usize as Readable<'a, C>>
[INFO] [stdout]            and 113 others
[INFO] [stdout] 
[INFO] [stdout] 
[INFO] [stdout] error[E0277]: the trait bound `Quat: Readable<'a_, C_>` is not satisfied
[INFO] [stdout]   --> /opt/rustwide/cargo-home/registry/src/index.crates.io-6f17d22bba15001f/macaw-0.18.6/src/conformal.rs:20:15
[INFO] [stdout]    |
[INFO] [stdout] 20 |     rotation: Quat,
[INFO] [stdout]    |               ^^^^ the trait `Readable<'a_, C_>` is not implemented for `Quat`
[INFO] [stdout]    |
[INFO] [stdout]    = help: the following other types implement trait `Readable<'a, C>`:
[INFO] [stdout]              <bool as Readable<'a, C>>
[INFO] [stdout]              <char as Readable<'a, C>>
[INFO] [stdout]              <i8 as Readable<'a, C>>
[INFO] [stdout]              <i16 as Readable<'a, C>>
[INFO] [stdout]              <i32 as Readable<'a, C>>
[INFO] [stdout]              <i64 as Readable<'a, C>>
[INFO] [stdout]              <i128 as Readable<'a, C>>
[INFO] [stdout]              <usize as Readable<'a, C>>
[INFO] [stdout]            and 113 others
[INFO] [stdout] 
[INFO] [stdout] 
[INFO] [stdout] error[E0277]: the trait bound `Quat: Writable<C_>` is not satisfied
[INFO] [stdout]   --> /opt/rustwide/cargo-home/registry/src/index.crates.io-6f17d22bba15001f/macaw-0.18.6/src/iso_transform.rs:18:5
[INFO] [stdout]    |
[INFO] [stdout] 15 | #[cfg_attr(feature = "with_speedy", derive(speedy::Writable, speedy::Readable))]
[INFO] [stdout]    |                                            ---------------- required by a bound introduced by this call
[INFO] [stdout] ...
[INFO] [stdout] 18 |     rotation: Quat,
[INFO] [stdout]    |     ^^^^^^^^ the trait `Writable<C_>` is not implemented for `Quat`
[INFO] [stdout]    |
[INFO] [stdout]    = help: the following other types implement trait `Writable<C>`:
[INFO] [stdout]              <bool as Writable<C>>
[INFO] [stdout]              <char as Writable<C>>
[INFO] [stdout]              <i8 as Writable<C>>
[INFO] [stdout]              <i16 as Writable<C>>
[INFO] [stdout]              <i32 as Writable<C>>
[INFO] [stdout]              <i64 as Writable<C>>
[INFO] [stdout]              <i128 as Writable<C>>
[INFO] [stdout]              <usize as Writable<C>>
[INFO] [stdout]            and 116 others
[INFO] [stdout] note: required by a bound in `write_value`
[INFO] [stdout]   --> /opt/rustwide/cargo-home/registry/src/index.crates.io-6f17d22bba15001f/speedy-0.8.6/src/writer.rs:94:24
[INFO] [stdout]    |
[INFO] [stdout] 94 |     fn write_value< T: Writable< C > >( &mut self, item: &T ) -> Result< (), C::Error > {
[INFO] [stdout]    |                        ^^^^^^^^^^^^^ required by this bound in `Writer::write_value`
[INFO] [stdout] 
[INFO] [stdout] 
[INFO] [stdout] error[E0277]: the trait bound `Vec3A: Writable<C_>` is not satisfied
[INFO] [stdout]   --> /opt/rustwide/cargo-home/registry/src/index.crates.io-6f17d22bba15001f/macaw-0.18.6/src/iso_transform.rs:22:5
[INFO] [stdout]    |
[INFO] [stdout] 15 | #[cfg_attr(feature = "with_speedy", derive(speedy::Writable, speedy::Readable))]
[INFO] [stdout]    |                                            ---------------- required by a bound introduced by this call
[INFO] [stdout] ...
[INFO] [stdout] 22 |     translation: Vec3A,
[INFO] [stdout]    |     ^^^^^^^^^^^ the trait `Writable<C_>` is not implemented for `Vec3A`
[INFO] [stdout]    |
[INFO] [stdout]    = help: the following other types implement trait `Writable<C>`:
[INFO] [stdout]              <bool as Writable<C>>
[INFO] [stdout]              <char as Writable<C>>
[INFO] [stdout]              <i8 as Writable<C>>
[INFO] [stdout]              <i16 as Writable<C>>
[INFO] [stdout]              <i32 as Writable<C>>
[INFO] [stdout]              <i64 as Writable<C>>
[INFO] [stdout]              <i128 as Writable<C>>
[INFO] [stdout]              <usize as Writable<C>>
[INFO] [stdout]            and 116 others
[INFO] [stdout] note: required by a bound in `write_value`
[INFO] [stdout]   --> /opt/rustwide/cargo-home/registry/src/index.crates.io-6f17d22bba15001f/speedy-0.8.6/src/writer.rs:94:24
[INFO] [stdout]    |
[INFO] [stdout] 94 |     fn write_value< T: Writable< C > >( &mut self, item: &T ) -> Result< (), C::Error > {
[INFO] [stdout]    |                        ^^^^^^^^^^^^^ required by this bound in `Writer::write_value`
[INFO] [stdout] 
[INFO] [stdout] 
[INFO] [stdout] error[E0277]: the trait bound `Quat: Writable<C_>` is not satisfied
[INFO] [stdout]   --> /opt/rustwide/cargo-home/registry/src/index.crates.io-6f17d22bba15001f/macaw-0.18.6/src/iso_transform.rs:18:15
[INFO] [stdout]    |
[INFO] [stdout] 18 |     rotation: Quat,
[INFO] [stdout]    |               ^^^^ the trait `Writable<C_>` is not implemented for `Quat`
[INFO] [stdout]    |
[INFO] [stdout]    = help: the following other types implement trait `Writable<C>`:
[INFO] [stdout]              <bool as Writable<C>>
[INFO] [stdout]              <char as Writable<C>>
[INFO] [stdout]              <i8 as Writable<C>>
[INFO] [stdout]              <i16 as Writable<C>>
[INFO] [stdout]              <i32 as Writable<C>>
[INFO] [stdout]              <i64 as Writable<C>>
[INFO] [stdout]              <i128 as Writable<C>>
[INFO] [stdout]              <usize as Writable<C>>
[INFO] [stdout]            and 116 others
[INFO] [stdout] 
[INFO] [stdout] 
[INFO] [stdout] error[E0277]: the trait bound `Vec3A: Writable<C_>` is not satisfied
[INFO] [stdout]   --> /opt/rustwide/cargo-home/registry/src/index.crates.io-6f17d22bba15001f/macaw-0.18.6/src/iso_transform.rs:22:18
[INFO] [stdout]    |
[INFO] [stdout] 22 |     translation: Vec3A,
[INFO] [stdout]    |                  ^^^^^ the trait `Writable<C_>` is not implemented for `Vec3A`
[INFO] [stdout]    |
[INFO] [stdout]    = help: the following other types implement trait `Writable<C>`:
[INFO] [stdout]              <bool as Writable<C>>
[INFO] [stdout]              <char as Writable<C>>
[INFO] [stdout]              <i8 as Writable<C>>
[INFO] [stdout]              <i16 as Writable<C>>
[INFO] [stdout]              <i32 as Writable<C>>
[INFO] [stdout]              <i64 as Writable<C>>
[INFO] [stdout]              <i128 as Writable<C>>
[INFO] [stdout]              <usize as Writable<C>>
[INFO] [stdout]            and 116 others
[INFO] [stdout] 
[INFO] [stdout] 
[INFO] [stdout] error[E0277]: the trait bound `Quat: Readable<'a_, C_>` is not satisfied
[INFO] [stdout]    --> /opt/rustwide/cargo-home/registry/src/index.crates.io-6f17d22bba15001f/macaw-0.18.6/src/iso_transform.rs:15:62
[INFO] [stdout]     |
[INFO] [stdout] 15  | #[cfg_attr(feature = "with_speedy", derive(speedy::Writable, speedy::Readable))]
[INFO] [stdout]     |                                                              ^^^^^^^^^^^^^^^^ the trait `Readable<'a_, C_>` is not implemented for `Quat`
[INFO] [stdout]     |
[INFO] [stdout]     = help: the following other types implement trait `Readable<'a, C>`:
[INFO] [stdout]               <bool as Readable<'a, C>>
[INFO] [stdout]               <char as Readable<'a, C>>
[INFO] [stdout]               <i8 as Readable<'a, C>>
[INFO] [stdout]               <i16 as Readable<'a, C>>
[INFO] [stdout]               <i32 as Readable<'a, C>>
[INFO] [stdout]               <i64 as Readable<'a, C>>
[INFO] [stdout]               <i128 as Readable<'a, C>>
[INFO] [stdout]               <usize as Readable<'a, C>>
[INFO] [stdout]             and 113 others
[INFO] [stdout] note: required by a bound in `read_value`
[INFO] [stdout]    --> /opt/rustwide/cargo-home/registry/src/index.crates.io-6f17d22bba15001f/speedy-0.8.6/src/reader.rs:504:23
[INFO] [stdout]     |
[INFO] [stdout] 504 |     fn read_value< T: Readable< 'a, C > >( &mut self ) -> Result< T, C::Error > {
[INFO] [stdout]     |                       ^^^^^^^^^^^^^^^^^ required by this bound in `Reader::read_value`
[INFO] [stdout]     = note: this error originates in the derive macro `speedy::Readable` (in Nightly builds, run with -Z macro-backtrace for more info)
[INFO] [stdout] 
[INFO] [stdout] 
[INFO] [stdout] error[E0277]: the trait bound `Vec3A: Readable<'a_, C_>` is not satisfied
[INFO] [stdout]    --> /opt/rustwide/cargo-home/registry/src/index.crates.io-6f17d22bba15001f/macaw-0.18.6/src/iso_transform.rs:15:62
[INFO] [stdout]     |
[INFO] [stdout] 15  | #[cfg_attr(feature = "with_speedy", derive(speedy::Writable, speedy::Readable))]
[INFO] [stdout]     |                                                              ^^^^^^^^^^^^^^^^ the trait `Readable<'a_, C_>` is not implemented for `Vec3A`
[INFO] [stdout]     |
[INFO] [stdout]     = help: the following other types implement trait `Readable<'a, C>`:
[INFO] [stdout]               <bool as Readable<'a, C>>
[INFO] [stdout]               <char as Readable<'a, C>>
[INFO] [stdout]               <i8 as Readable<'a, C>>
[INFO] [stdout]               <i16 as Readable<'a, C>>
[INFO] [stdout]               <i32 as Readable<'a, C>>
[INFO] [stdout]               <i64 as Readable<'a, C>>
[INFO] [stdout]               <i128 as Readable<'a, C>>
[INFO] [stdout]               <usize as Readable<'a, C>>
[INFO] [stdout]             and 113 others
[INFO] [stdout] note: required by a bound in `read_value`
[INFO] [stdout]    --> /opt/rustwide/cargo-home/registry/src/index.crates.io-6f17d22bba15001f/speedy-0.8.6/src/reader.rs:504:23
[INFO] [stdout]     |
[INFO] [stdout] 504 |     fn read_value< T: Readable< 'a, C > >( &mut self ) -> Result< T, C::Error > {
[INFO] [stdout]     |                       ^^^^^^^^^^^^^^^^^ required by this bound in `Reader::read_value`
[INFO] [stdout]     = note: this error originates in the derive macro `speedy::Readable` (in Nightly builds, run with -Z macro-backtrace for more info)
[INFO] [stdout] 
[INFO] [stdout] 
[INFO] [stdout] error[E0277]: the trait bound `Quat: Readable<'a_, C_>` is not satisfied
[INFO] [stdout]   --> /opt/rustwide/cargo-home/registry/src/index.crates.io-6f17d22bba15001f/macaw-0.18.6/src/iso_transform.rs:18:15
[INFO] [stdout]    |
[INFO] [stdout] 18 |     rotation: Quat,
[INFO] [stdout]    |               ^^^^ the trait `Readable<'a_, C_>` is not implemented for `Quat`
[INFO] [stdout]    |
[INFO] [stdout]    = help: the following other types implement trait `Readable<'a, C>`:
[INFO] [stdout]              <bool as Readable<'a, C>>
[INFO] [stdout]              <char as Readable<'a, C>>
[INFO] [stdout]              <i8 as Readable<'a, C>>
[INFO] [stdout]              <i16 as Readable<'a, C>>
[INFO] [stdout]              <i32 as Readable<'a, C>>
[INFO] [stdout]              <i64 as Readable<'a, C>>
[INFO] [stdout]              <i128 as Readable<'a, C>>
[INFO] [stdout]              <usize as Readable<'a, C>>
[INFO] [stdout]            and 113 others
[INFO] [stdout] 
[INFO] [stdout] 
[INFO] [stdout] error[E0277]: the trait bound `Vec3A: Readable<'a_, C_>` is not satisfied
[INFO] [stdout]   --> /opt/rustwide/cargo-home/registry/src/index.crates.io-6f17d22bba15001f/macaw-0.18.6/src/iso_transform.rs:22:18
[INFO] [stdout]    |
[INFO] [stdout] 22 |     translation: Vec3A,
[INFO] [stdout]    |                  ^^^^^ the trait `Readable<'a_, C_>` is not implemented for `Vec3A`
[INFO] [stdout]    |
[INFO] [stdout]    = help: the following other types implement trait `Readable<'a, C>`:
[INFO] [stdout]              <bool as Readable<'a, C>>
[INFO] [stdout]              <char as Readable<'a, C>>
[INFO] [stdout]              <i8 as Readable<'a, C>>
[INFO] [stdout]              <i16 as Readable<'a, C>>
[INFO] [stdout]              <i32 as Readable<'a, C>>
[INFO] [stdout]              <i64 as Readable<'a, C>>
[INFO] [stdout]              <i128 as Readable<'a, C>>
[INFO] [stdout]              <usize as Readable<'a, C>>
[INFO] [stdout]            and 113 others
[INFO] [stdout] 
[INFO] [stdout] 
[INFO] [stdout] error[E0277]: the trait bound `Vec3: Writable<C_>` is not satisfied
[INFO] [stdout]   --> /opt/rustwide/cargo-home/registry/src/index.crates.io-6f17d22bba15001f/macaw-0.18.6/src/plane3.rs:18:9
[INFO] [stdout]    |
[INFO] [stdout] 15 | #[cfg_attr(feature = "with_speedy", derive(speedy::Writable, speedy::Readable))]
[INFO] [stdout]    |                                            ---------------- required by a bound introduced by this call
[INFO] [stdout] ...
[INFO] [stdout] 18 |     pub normal: Vec3,
[INFO] [stdout]    |         ^^^^^^ the trait `Writable<C_>` is not implemented for `Vec3`
[INFO] [stdout]    |
[INFO] [stdout]    = help: the following other types implement trait `Writable<C>`:
[INFO] [stdout]              <bool as Writable<C>>
[INFO] [stdout]              <char as Writable<C>>
[INFO] [stdout]              <i8 as Writable<C>>
[INFO] [stdout]              <i16 as Writable<C>>
[INFO] [stdout]              <i32 as Writable<C>>
[INFO] [stdout]              <i64 as Writable<C>>
[INFO] [stdout]              <i128 as Writable<C>>
[INFO] [stdout]              <usize as Writable<C>>
[INFO] [stdout]            and 116 others
[INFO] [stdout] note: required by a bound in `write_value`
[INFO] [stdout]   --> /opt/rustwide/cargo-home/registry/src/index.crates.io-6f17d22bba15001f/speedy-0.8.6/src/writer.rs:94:24
[INFO] [stdout]    |
[INFO] [stdout] 94 |     fn write_value< T: Writable< C > >( &mut self, item: &T ) -> Result< (), C::Error > {
[INFO] [stdout]    |                        ^^^^^^^^^^^^^ required by this bound in `Writer::write_value`
[INFO] [stdout] 
[INFO] [stdout] 
[INFO] [stdout] error[E0277]: the trait bound `Vec3: Writable<C_>` is not satisfied
[INFO] [stdout]   --> /opt/rustwide/cargo-home/registry/src/index.crates.io-6f17d22bba15001f/macaw-0.18.6/src/plane3.rs:18:17
[INFO] [stdout]    |
[INFO] [stdout] 18 |     pub normal: Vec3,
[INFO] [stdout]    |                 ^^^^ the trait `Writable<C_>` is not implemented for `Vec3`
[INFO] [stdout]    |
[INFO] [stdout]    = help: the following other types implement trait `Writable<C>`:
[INFO] [stdout]              <bool as Writable<C>>
[INFO] [stdout]              <char as Writable<C>>
[INFO] [stdout]              <i8 as Writable<C>>
[INFO] [stdout]              <i16 as Writable<C>>
[INFO] [stdout]              <i32 as Writable<C>>
[INFO] [stdout]              <i64 as Writable<C>>
[INFO] [stdout]              <i128 as Writable<C>>
[INFO] [stdout]              <usize as Writable<C>>
[INFO] [stdout]            and 116 others
[INFO] [stdout] 
[INFO] [stdout] 
[INFO] [stdout] error[E0277]: the trait bound `Vec3: Readable<'a_, C_>` is not satisfied
[INFO] [stdout]    --> /opt/rustwide/cargo-home/registry/src/index.crates.io-6f17d22bba15001f/macaw-0.18.6/src/plane3.rs:15:62
[INFO] [stdout]     |
[INFO] [stdout] 15  | #[cfg_attr(feature = "with_speedy", derive(speedy::Writable, speedy::Readable))]
[INFO] [stdout]     |                                                              ^^^^^^^^^^^^^^^^ the trait `Readable<'a_, C_>` is not implemented for `Vec3`
[INFO] [stdout]     |
[INFO] [stdout]     = help: the following other types implement trait `Readable<'a, C>`:
[INFO] [stdout]               <bool as Readable<'a, C>>
[INFO] [stdout]               <char as Readable<'a, C>>
[INFO] [stdout]               <i8 as Readable<'a, C>>
[INFO] [stdout]               <i16 as Readable<'a, C>>
[INFO] [stdout]               <i32 as Readable<'a, C>>
[INFO] [stdout]               <i64 as Readable<'a, C>>
[INFO] [stdout]               <i128 as Readable<'a, C>>
[INFO] [stdout]               <usize as Readable<'a, C>>
[INFO] [stdout]             and 113 others
[INFO] [stdout] note: required by a bound in `read_value`
[INFO] [stdout]    --> /opt/rustwide/cargo-home/registry/src/index.crates.io-6f17d22bba15001f/speedy-0.8.6/src/reader.rs:504:23
[INFO] [stdout]     |
[INFO] [stdout] 504 |     fn read_value< T: Readable< 'a, C > >( &mut self ) -> Result< T, C::Error > {
[INFO] [stdout]     |                       ^^^^^^^^^^^^^^^^^ required by this bound in `Reader::read_value`
[INFO] [stdout]     = note: this error originates in the derive macro `speedy::Readable` (in Nightly builds, run with -Z macro-backtrace for more info)
[INFO] [stdout] 
[INFO] [stdout] 
[INFO] [stdout] error[E0277]: the trait bound `Vec3: Readable<'a_, C_>` is not satisfied
[INFO] [stdout]   --> /opt/rustwide/cargo-home/registry/src/index.crates.io-6f17d22bba15001f/macaw-0.18.6/src/plane3.rs:18:17
[INFO] [stdout]    |
[INFO] [stdout] 18 |     pub normal: Vec3,
[INFO] [stdout]    |                 ^^^^ the trait `Readable<'a_, C_>` is not implemented for `Vec3`
[INFO] [stdout]    |
[INFO] [stdout]    = help: the following other types implement trait `Readable<'a, C>`:
[INFO] [stdout]              <bool as Readable<'a, C>>
[INFO] [stdout]              <char as Readable<'a, C>>
[INFO] [stdout]              <i8 as Readable<'a, C>>
[INFO] [stdout]              <i16 as Readable<'a, C>>
[INFO] [stdout]              <i32 as Readable<'a, C>>
[INFO] [stdout]              <i64 as Readable<'a, C>>
[INFO] [stdout]              <i128 as Readable<'a, C>>
[INFO] [stdout]              <usize as Readable<'a, C>>
[INFO] [stdout]            and 113 others
[INFO] [stdout] 
[INFO] [stdout] 
[INFO] [stdout] error[E0277]: the trait bound `Vec3: Writable<C_>` is not satisfied
[INFO] [stdout]   --> /opt/rustwide/cargo-home/registry/src/index.crates.io-6f17d22bba15001f/macaw-0.18.6/src/ray3.rs:13:9
[INFO] [stdout]    |
[INFO] [stdout] 10 | #[cfg_attr(feature = "with_speedy", derive(speedy::Writable, speedy::Readable))]
[INFO] [stdout]    |                                            ---------------- required by a bound introduced by this call
[INFO] [stdout] ...
[INFO] [stdout] 13 |     pub origin: Vec3,
[INFO] [stdout]    |         ^^^^^^ the trait `Writable<C_>` is not implemented for `Vec3`
[INFO] [stdout]    |
[INFO] [stdout]    = help: the following other types implement trait `Writable<C>`:
[INFO] [stdout]              <bool as Writable<C>>
[INFO] [stdout]              <char as Writable<C>>
[INFO] [stdout]              <i8 as Writable<C>>
[INFO] [stdout]              <i16 as Writable<C>>
[INFO] [stdout]              <i32 as Writable<C>>
[INFO] [stdout]              <i64 as Writable<C>>
[INFO] [stdout]              <i128 as Writable<C>>
[INFO] [stdout]              <usize as Writable<C>>
[INFO] [stdout]            and 116 others
[INFO] [stdout] note: required by a bound in `write_value`
[INFO] [stdout]   --> /opt/rustwide/cargo-home/registry/src/index.crates.io-6f17d22bba15001f/speedy-0.8.6/src/writer.rs:94:24
[INFO] [stdout]    |
[INFO] [stdout] 94 |     fn write_value< T: Writable< C > >( &mut self, item: &T ) -> Result< (), C::Error > {
[INFO] [stdout]    |                        ^^^^^^^^^^^^^ required by this bound in `Writer::write_value`
[INFO] [stdout] 
[INFO] [stdout] 
[INFO] [stdout] error[E0277]: the trait bound `Vec3: Writable<C_>` is not satisfied
[INFO] [stdout]   --> /opt/rustwide/cargo-home/registry/src/index.crates.io-6f17d22bba15001f/macaw-0.18.6/src/ray3.rs:15:9
[INFO] [stdout]    |
[INFO] [stdout] 10 | #[cfg_attr(feature = "with_speedy", derive(speedy::Writable, speedy::Readable))]
[INFO] [stdout]    |                                            ---------------- required by a bound introduced by this call
[INFO] [stdout] ...
[INFO] [stdout] 15 |     pub dir: Vec3,
[INFO] [stdout]    |         ^^^ the trait `Writable<C_>` is not implemented for `Vec3`
[INFO] [stdout]    |
[INFO] [stdout]    = help: the following other types implement trait `Writable<C>`:
[INFO] [stdout]              <bool as Writable<C>>
[INFO] [stdout]              <char as Writable<C>>
[INFO] [stdout]              <i8 as Writable<C>>
[INFO] [stdout]              <i16 as Writable<C>>
[INFO] [stdout]              <i32 as Writable<C>>
[INFO] [stdout]              <i64 as Writable<C>>
[INFO] [stdout]              <i128 as Writable<C>>
[INFO] [stdout]              <usize as Writable<C>>
[INFO] [stdout]            and 116 others
[INFO] [stdout] note: required by a bound in `write_value`
[INFO] [stdout]   --> /opt/rustwide/cargo-home/registry/src/index.crates.io-6f17d22bba15001f/speedy-0.8.6/src/writer.rs:94:24
[INFO] [stdout]    |
[INFO] [stdout] 94 |     fn write_value< T: Writable< C > >( &mut self, item: &T ) -> Result< (), C::Error > {
[INFO] [stdout]    |                        ^^^^^^^^^^^^^ required by this bound in `Writer::write_value`
[INFO] [stdout] 
[INFO] [stdout] 
[INFO] [stdout] error[E0277]: the trait bound `Vec3: Writable<C_>` is not satisfied
[INFO] [stdout]   --> /opt/rustwide/cargo-home/registry/src/index.crates.io-6f17d22bba15001f/macaw-0.18.6/src/ray3.rs:13:17
[INFO] [stdout]    |
[INFO] [stdout] 13 |     pub origin: Vec3,
[INFO] [stdout]    |                 ^^^^ the trait `Writable<C_>` is not implemented for `Vec3`
[INFO] [stdout]    |
[INFO] [stdout]    = help: the following other types implement trait `Writable<C>`:
[INFO] [stdout]              <bool as Writable<C>>
[INFO] [stdout]              <char as Writable<C>>
[INFO] [stdout]              <i8 as Writable<C>>
[INFO] [stdout]              <i16 as Writable<C>>
[INFO] [stdout]              <i32 as Writable<C>>
[INFO] [stdout]              <i64 as Writable<C>>
[INFO] [stdout]              <i128 as Writable<C>>
[INFO] [stdout]              <usize as Writable<C>>
[INFO] [stdout]            and 116 others
[INFO] [stdout] 
[INFO] [stdout] 
[INFO] [stdout] error[E0277]: the trait bound `Vec3: Writable<C_>` is not satisfied
[INFO] [stdout]   --> /opt/rustwide/cargo-home/registry/src/index.crates.io-6f17d22bba15001f/macaw-0.18.6/src/ray3.rs:15:14
[INFO] [stdout]    |
[INFO] [stdout] 15 |     pub dir: Vec3,
[INFO] [stdout]    |              ^^^^ the trait `Writable<C_>` is not implemented for `Vec3`
[INFO] [stdout]    |
[INFO] [stdout]    = help: the following other types implement trait `Writable<C>`:
[INFO] [stdout]              <bool as Writable<C>>
[INFO] [stdout]              <char as Writable<C>>
[INFO] [stdout]              <i8 as Writable<C>>
[INFO] [stdout]              <i16 as Writable<C>>
[INFO] [stdout]              <i32 as Writable<C>>
[INFO] [stdout]              <i64 as Writable<C>>
[INFO] [stdout]              <i128 as Writable<C>>
[INFO] [stdout]              <usize as Writable<C>>
[INFO] [stdout]            and 116 others
[INFO] [stdout] 
[INFO] [stdout] 
[INFO] [stdout] error[E0277]: the trait bound `Vec3: Readable<'a_, C_>` is not satisfied
[INFO] [stdout]    --> /opt/rustwide/cargo-home/registry/src/index.crates.io-6f17d22bba15001f/macaw-0.18.6/src/ray3.rs:10:62
[INFO] [stdout]     |
[INFO] [stdout] 10  | #[cfg_attr(feature = "with_speedy", derive(speedy::Writable, speedy::Readable))]
[INFO] [stdout]     |                                                              ^^^^^^^^^^^^^^^^ the trait `Readable<'a_, C_>` is not implemented for `Vec3`
[INFO] [stdout]     |
[INFO] [stdout]     = help: the following other types implement trait `Readable<'a, C>`:
[INFO] [stdout]               <bool as Readable<'a, C>>
[INFO] [stdout]               <char as Readable<'a, C>>
[INFO] [stdout]               <i8 as Readable<'a, C>>
[INFO] [stdout]               <i16 as Readable<'a, C>>
[INFO] [stdout]               <i32 as Readable<'a, C>>
[INFO] [stdout]               <i64 as Readable<'a, C>>
[INFO] [stdout]               <i128 as Readable<'a, C>>
[INFO] [stdout]               <usize as Readable<'a, C>>
[INFO] [stdout]             and 113 others
[INFO] [stdout] note: required by a bound in `read_value`
[INFO] [stdout]    --> /opt/rustwide/cargo-home/registry/src/index.crates.io-6f17d22bba15001f/speedy-0.8.6/src/reader.rs:504:23
[INFO] [stdout]     |
[INFO] [stdout] 504 |     fn read_value< T: Readable< 'a, C > >( &mut self ) -> Result< T, C::Error > {
[INFO] [stdout]     |                       ^^^^^^^^^^^^^^^^^ required by this bound in `Reader::read_value`
[INFO] [stdout]     = note: this error originates in the derive macro `speedy::Readable` (in Nightly builds, run with -Z macro-backtrace for more info)
[INFO] [stdout] 
[INFO] [stdout] 
[INFO] [stdout] error[E0277]: the trait bound `Vec3: Readable<'a_, C_>` is not satisfied
[INFO] [stdout]   --> /opt/rustwide/cargo-home/registry/src/index.crates.io-6f17d22bba15001f/macaw-0.18.6/src/ray3.rs:13:17
[INFO] [stdout]    |
[INFO] [stdout] 13 |     pub origin: Vec3,
[INFO] [stdout]    |                 ^^^^ the trait `Readable<'a_, C_>` is not implemented for `Vec3`
[INFO] [stdout]    |
[INFO] [stdout]    = help: the following other types implement trait `Readable<'a, C>`:
[INFO] [stdout]              <bool as Readable<'a, C>>
[INFO] [stdout]              <char as Readable<'a, C>>
[INFO] [stdout]              <i8 as Readable<'a, C>>
[INFO] [stdout]              <i16 as Readable<'a, C>>
[INFO] [stdout]              <i32 as Readable<'a, C>>
[INFO] [stdout]              <i64 as Readable<'a, C>>
[INFO] [stdout]              <i128 as Readable<'a, C>>
[INFO] [stdout]              <usize as Readable<'a, C>>
[INFO] [stdout]            and 113 others
[INFO] [stdout] 
[INFO] [stdout] 
[INFO] [stdout] error[E0277]: the trait bound `Vec3: Readable<'a_, C_>` is not satisfied
[INFO] [stdout]   --> /opt/rustwide/cargo-home/registry/src/index.crates.io-6f17d22bba15001f/macaw-0.18.6/src/ray3.rs:15:14
[INFO] [stdout]    |
[INFO] [stdout] 15 |     pub dir: Vec3,
[INFO] [stdout]    |              ^^^^ the trait `Readable<'a_, C_>` is not implemented for `Vec3`
[INFO] [stdout]    |
[INFO] [stdout]    = help: the following other types implement trait `Readable<'a, C>`:
[INFO] [stdout]              <bool as Readable<'a, C>>
[INFO] [stdout]              <char as Readable<'a, C>>
[INFO] [stdout]              <i8 as Readable<'a, C>>
[INFO] [stdout]              <i16 as Readable<'a, C>>
[INFO] [stdout]              <i32 as Readable<'a, C>>
[INFO] [stdout]              <i64 as Readable<'a, C>>
[INFO] [stdout]              <i128 as Readable<'a, C>>
[INFO] [stdout]              <usize as Readable<'a, C>>
[INFO] [stdout]            and 113 others
[INFO] [stdout] 
[INFO] [stdout] 
[INFO] [stdout] error: aborting due to 34 previous errors
[INFO] [stdout] 
[INFO] [stdout] 
[INFO] [stdout] For more information about this error, try `rustc --explain E0277`.
[INFO] [stdout] 
[INFO] [stderr] error: could not compile `macaw` (lib) due to 35 previous errors
[INFO] [stderr] warning: build failed, waiting for other jobs to finish...
[INFO] running `Command { std: "docker" "inspect" "f96e26666b2dda77307a306e5cf3eab1ffbacacc80699a88346dc82f25951bd6", kill_on_drop: false }`
[INFO] running `Command { std: "docker" "rm" "-f" "f96e26666b2dda77307a306e5cf3eab1ffbacacc80699a88346dc82f25951bd6", kill_on_drop: false }`
[INFO] [stdout] f96e26666b2dda77307a306e5cf3eab1ffbacacc80699a88346dc82f25951bd6
