[INFO] fetching crate apub 0.2.0...
[INFO] documenting apub-0.2.0 against 1.75.0 for beta-1.76-rustdoc-1
[INFO] extracting crate apub 0.2.0 into /workspace/builds/worker-2-tc1/source
[INFO] validating manifest of crates.io crate apub 0.2.0 on toolchain 1.75.0
[INFO] running `Command { std: CARGO_HOME="/workspace/cargo-home" RUSTUP_HOME="/workspace/rustup-home" "/workspace/cargo-home/bin/cargo" "+1.75.0" "metadata" "--manifest-path" "Cargo.toml" "--no-deps", kill_on_drop: false }`
[INFO] started tweaking crates.io crate apub 0.2.0
[INFO] finished tweaking crates.io crate apub 0.2.0
[INFO] tweaked toml for crates.io crate apub 0.2.0 written to /workspace/builds/worker-2-tc1/source/Cargo.toml
[INFO] running `Command { std: CARGO_HOME="/workspace/cargo-home" RUSTUP_HOME="/workspace/rustup-home" "/workspace/cargo-home/bin/cargo" "+1.75.0" "generate-lockfile" "--manifest-path" "Cargo.toml", kill_on_drop: false }`
[INFO] [stderr]     Updating crates.io index
[INFO] running `Command { std: CARGO_HOME="/workspace/cargo-home" RUSTUP_HOME="/workspace/rustup-home" "/workspace/cargo-home/bin/cargo" "+1.75.0" "fetch" "--manifest-path" "Cargo.toml", kill_on_drop: false }`
[INFO] [stderr]  Downloading crates ...
[INFO] [stderr]   Downloaded zeroize v1.4.3
[INFO] [stderr]   Downloaded pem-rfc7468 v0.2.4
[INFO] [stderr]   Downloaded const-oid v0.6.2
[INFO] [stderr]   Downloaded base64ct v1.1.1
[INFO] [stderr]   Downloaded apub-core v0.2.0
[INFO] [stderr]   Downloaded reqwest-middleware v0.1.6
[INFO] [stderr]   Downloaded background-jobs-core v0.11.1
[INFO] [stderr]   Downloaded impl-more v0.1.6
[INFO] [stderr]   Downloaded pkcs8 v0.7.6
[INFO] [stderr]   Downloaded num-bigint-dig v0.7.1
[INFO] [stderr]   Downloaded apub-reqwest v0.2.0
[INFO] [stderr]   Downloaded apub-openssl v0.2.0
[INFO] [stderr]   Downloaded http-signature-normalization v0.5.4
[INFO] [stderr]   Downloaded awc v3.3.0
[INFO] [stderr]   Downloaded crypto-bigint v0.2.11
[INFO] [stderr]   Downloaded spki v0.4.1
[INFO] [stderr]   Downloaded rsa v0.5.0
[INFO] [stderr]   Downloaded actix-tls v3.1.1
[INFO] [stderr]   Downloaded sharded-slab v0.1.7
[INFO] [stderr]   Downloaded background-jobs-actix v0.11.0
[INFO] [stderr]   Downloaded actix-macros v0.2.4
[INFO] [stderr]   Downloaded background-jobs v0.11.0
[INFO] [stderr]   Downloaded pkcs1 v0.2.4
[INFO] [stderr]   Downloaded der v0.4.5
[INFO] [stderr]   Downloaded task-local-extensions v0.1.4
[INFO] [stderr]   Downloaded tracing-subscriber v0.3.18
[INFO] [stderr]   Downloaded apub-actix-web v0.2.0
[INFO] [stderr]   Downloaded apub-breaker-session v0.2.0
[INFO] [stderr]   Downloaded apub-background-jobs v0.2.0
[INFO] [stderr]   Downloaded http-signature-normalization-reqwest v0.3.1
[INFO] [stderr]   Downloaded apub-privatekey v0.2.0
[INFO] [stderr]   Downloaded apub-publickey v0.2.0
[INFO] [stderr]   Downloaded apub-rustcrypto v0.2.0
[INFO] [stderr]   Downloaded apub-awc v0.2.0
[INFO] [stderr]   Downloaded apub-ingest v0.2.0
[INFO] [stderr]   Downloaded apub-simple-activitypub v0.2.0
[INFO] [stderr]   Downloaded http-signature-normalization-actix v0.5.0-beta.14
[INFO] running `Command { std: "docker" "create" "-v" "/var/lib/crater-agent-workspace/builds/worker-2-tc1/target:/opt/rustwide/target:rw,Z" "-v" "/var/lib/crater-agent-workspace/builds/worker-2-tc1/source:/opt/rustwide/workdir:ro,Z" "-v" "/var/lib/crater-agent-workspace/cargo-home:/opt/rustwide/cargo-home:ro,Z" "-v" "/var/lib/crater-agent-workspace/rustup-home:/opt/rustwide/rustup-home:ro,Z" "-e" "SOURCE_DIR=/opt/rustwide/workdir" "-e" "CARGO_TARGET_DIR=/opt/rustwide/target" "-e" "CARGO_HOME=/opt/rustwide/cargo-home" "-e" "RUSTUP_HOME=/opt/rustwide/rustup-home" "-w" "/opt/rustwide/workdir" "-m" "1610612736" "--user" "0:0" "--network" "none" "ghcr.io/rust-lang/crates-build-env/linux@sha256:2788e3201cd34a07e3172128adcd8b3090168a8e3bcc40d7c032b9dda1df7d1c" "/opt/rustwide/cargo-home/bin/cargo" "+1.75.0" "metadata" "--no-deps" "--format-version=1", kill_on_drop: false }`
[INFO] [stdout] 44d05382f39095f237643b32eb95a38688f5d4541c7c7a6e74a9a402a78c5ca9
[INFO] running `Command { std: "docker" "start" "-a" "44d05382f39095f237643b32eb95a38688f5d4541c7c7a6e74a9a402a78c5ca9", kill_on_drop: false }`
[INFO] running `Command { std: "docker" "inspect" "44d05382f39095f237643b32eb95a38688f5d4541c7c7a6e74a9a402a78c5ca9", kill_on_drop: false }`
[INFO] running `Command { std: "docker" "rm" "-f" "44d05382f39095f237643b32eb95a38688f5d4541c7c7a6e74a9a402a78c5ca9", kill_on_drop: false }`
[INFO] [stdout] 44d05382f39095f237643b32eb95a38688f5d4541c7c7a6e74a9a402a78c5ca9
[INFO] running `Command { std: "docker" "create" "-v" "/var/lib/crater-agent-workspace/builds/worker-2-tc1/target:/opt/rustwide/target:rw,Z" "-v" "/var/lib/crater-agent-workspace/builds/worker-2-tc1/source:/opt/rustwide/workdir:ro,Z" "-v" "/var/lib/crater-agent-workspace/cargo-home:/opt/rustwide/cargo-home:ro,Z" "-v" "/var/lib/crater-agent-workspace/rustup-home:/opt/rustwide/rustup-home:ro,Z" "-e" "SOURCE_DIR=/opt/rustwide/workdir" "-e" "CARGO_TARGET_DIR=/opt/rustwide/target" "-e" "CARGO_INCREMENTAL=0" "-e" "RUST_BACKTRACE=full" "-e" "RUSTFLAGS=--cap-lints=warn" "-e" "RUSTDOCFLAGS=--cap-lints=warn" "-e" "CARGO_HOME=/opt/rustwide/cargo-home" "-e" "RUSTUP_HOME=/opt/rustwide/rustup-home" "-w" "/opt/rustwide/workdir" "-m" "1610612736" "--user" "0:0" "--network" "none" "ghcr.io/rust-lang/crates-build-env/linux@sha256:2788e3201cd34a07e3172128adcd8b3090168a8e3bcc40d7c032b9dda1df7d1c" "/opt/rustwide/cargo-home/bin/cargo" "+1.75.0" "doc" "--frozen" "--no-deps" "--document-private-items" "--message-format=json", kill_on_drop: false }`
[INFO] [stdout] 05ecc72d5068194ef40c54ac77819a1593caeec52d536c8599ee023344911d23
[INFO] running `Command { std: "docker" "start" "-a" "05ecc72d5068194ef40c54ac77819a1593caeec52d536c8599ee023344911d23", kill_on_drop: false }`
[INFO] [stderr]    Compiling proc-macro2 v1.0.76
[INFO] [stderr]    Compiling serde v1.0.195
[INFO] [stderr]    Compiling async-trait v0.1.77
[INFO] [stderr]    Compiling thiserror v1.0.56
[INFO] [stderr]    Compiling serde_json v1.0.111
[INFO] [stderr]     Checking dashmap v4.0.2
[INFO] [stderr]    Compiling quote v1.0.35
[INFO] [stderr]    Compiling syn v2.0.48
[INFO] [stderr]    Compiling serde_derive v1.0.195
[INFO] [stderr]    Compiling thiserror-impl v1.0.56
[INFO] [stderr]     Checking url v2.5.0
[INFO] [stderr]     Checking apub-core v0.2.0
[INFO] [stderr]     Checking apub-privatekey v0.2.0
[INFO] [stderr]     Checking apub-breaker-session v0.2.0
[INFO] [stderr]     Checking apub-ingest v0.2.0
[INFO] [stderr]     Checking apub-publickey v0.2.0
[INFO] [stderr]     Checking apub-simple-activitypub v0.2.0
[INFO] [stderr]  Documenting apub v0.2.0 (/opt/rustwide/workdir)
[INFO] [stderr]     Finished dev [unoptimized + debuginfo] target(s) in 9.41s
[INFO] [stderr]    Generated /opt/rustwide/target/doc/apub/index.html
[INFO] running `Command { std: "docker" "inspect" "05ecc72d5068194ef40c54ac77819a1593caeec52d536c8599ee023344911d23", kill_on_drop: false }`
[INFO] running `Command { std: "docker" "rm" "-f" "05ecc72d5068194ef40c54ac77819a1593caeec52d536c8599ee023344911d23", kill_on_drop: false }`
[INFO] [stdout] 05ecc72d5068194ef40c54ac77819a1593caeec52d536c8599ee023344911d23
[INFO] running `Command { std: "docker" "create" "-v" "/var/lib/crater-agent-workspace/builds/worker-2-tc1/target:/opt/rustwide/target:rw,Z" "-v" "/var/lib/crater-agent-workspace/builds/worker-2-tc1/source:/opt/rustwide/workdir:ro,Z" "-v" "/var/lib/crater-agent-workspace/cargo-home:/opt/rustwide/cargo-home:ro,Z" "-v" "/var/lib/crater-agent-workspace/rustup-home:/opt/rustwide/rustup-home:ro,Z" "-e" "SOURCE_DIR=/opt/rustwide/workdir" "-e" "CARGO_TARGET_DIR=/opt/rustwide/target" "-e" "CARGO_INCREMENTAL=0" "-e" "RUST_BACKTRACE=full" "-e" "RUSTFLAGS=--cap-lints=warn" "-e" "RUSTDOCFLAGS=--cap-lints=warn" "-e" "DOCS_RS=1" "-e" "RUSTC_BOOTSTRAP=1" "-e" "CARGO_HOME=/opt/rustwide/cargo-home" "-e" "RUSTUP_HOME=/opt/rustwide/rustup-home" "-w" "/opt/rustwide/workdir" "-m" "1610612736" "--user" "0:0" "--network" "none" "ghcr.io/rust-lang/crates-build-env/linux@sha256:2788e3201cd34a07e3172128adcd8b3090168a8e3bcc40d7c032b9dda1df7d1c" "/opt/rustwide/cargo-home/bin/cargo" "+1.75.0" "rustdoc" "--lib" "-Zrustdoc-map" "--all-features" "-Z" "unstable-options" "--config" "build.rustdocflags=[\"-Z\", \"unstable-options\", \"--document-private-items\"]" "--frozen" "--message-format=json", kill_on_drop: false }`
[INFO] [stdout] e3ae4007a2f541874e4d523e8dda9642ab1edf610829e2575132fad355be8a36
[INFO] running `Command { std: "docker" "start" "-a" "e3ae4007a2f541874e4d523e8dda9642ab1edf610829e2575132fad355be8a36", kill_on_drop: false }`
[INFO] [stderr]    Compiling proc-macro2 v1.0.76
[INFO] [stderr]     Checking smallvec v1.11.2
[INFO] [stderr]    Compiling lock_api v0.4.11
[INFO] [stderr]    Compiling parking_lot_core v0.9.9
[INFO] [stderr]     Checking getrandom v0.2.11
[INFO] [stderr]    Compiling typenum v1.17.0
[INFO] [stderr]     Checking signal-hook-registry v1.4.1
[INFO] [stderr]     Checking mio v0.8.10
[INFO] [stderr]    Compiling generic-array v0.14.7
[INFO] [stderr]    Compiling libm v0.2.8
[INFO] [stderr]    Compiling async-trait v0.1.77
[INFO] [stderr]    Compiling num-traits v0.2.17
[INFO] [stderr]     Checking futures-channel v0.3.30
[INFO] [stderr]     Checking rand_core v0.6.4
[INFO] [stderr]    Compiling thiserror v1.0.56
[INFO] [stderr]    Compiling ring v0.17.7
[INFO] [stderr]     Checking parking_lot v0.12.1
[INFO] [stderr]     Checking iana-time-zone v0.1.59
[INFO] [stderr]    Compiling paste v1.0.14
[INFO] [stderr]     Checking rand_chacha v0.3.1
[INFO] [stderr]    Compiling quote v1.0.35
[INFO] [stderr]    Compiling unicase v2.7.0
[INFO] [stderr]     Checking local-waker v0.1.4
[INFO] [stderr]     Checking rand v0.8.5
[INFO] [stderr]    Compiling syn v2.0.48
[INFO] [stderr]    Compiling syn v1.0.109
[INFO] [stderr]     Checking cpufeatures v0.2.12
[INFO] [stderr]     Checking untrusted v0.9.0
[INFO] [stderr]     Checking spin v0.9.8
[INFO] [stderr]    Compiling anyhow v1.0.79
[INFO] [stderr]     Checking actix-utils v3.0.1
[INFO] [stderr]    Compiling ahash v0.8.7
[INFO] [stderr]     Checking actix-service v2.0.2
[INFO] [stderr]     Checking aho-corasick v1.1.2
[INFO] [stderr]     Checking bytestring v1.3.1
[INFO] [stderr]    Compiling rustls v0.21.10
[INFO] [stderr]     Checking regex-syntax v0.8.2
[INFO] [stderr]     Checking block-buffer v0.10.4
[INFO] [stderr]     Checking crypto-common v0.1.6
[INFO] [stderr]     Checking subtle v2.5.0
[INFO] [stderr]     Checking digest v0.10.7
[INFO] [stderr]     Checking crypto-bigint v0.2.11
[INFO] [stderr]    Compiling mime_guess v2.0.4
[INFO] [stderr]     Checking sha1 v0.10.6
[INFO] [stderr]     Checking local-channel v0.1.5
[INFO] [stderr]    Compiling num-integer v0.1.45
[INFO] [stderr]     Checking powerfmt v0.2.0
[INFO] [stderr]     Checking base64 v0.13.1
[INFO] [stderr]     Checking const-oid v0.6.2
[INFO] [stderr]     Checking language-tags v0.3.2
[INFO] [stderr]     Checking deranged v0.3.11
[INFO] [stderr]     Checking sharded-slab v0.1.7
[INFO] [stderr]     Checking der v0.4.5
[INFO] [stderr]     Checking thread_local v1.1.7
[INFO] [stderr]    Compiling num-iter v0.1.43
[INFO] [stderr]     Checking base64ct v1.1.1
[INFO] [stderr]     Checking event-listener v2.5.3
[INFO] [stderr]     Checking impl-more v0.1.6
[INFO] [stderr]     Checking time-core v0.1.2
[INFO] [stderr]     Checking pem-rfc7468 v0.2.4
[INFO] [stderr]     Checking async-mutex v1.4.0
[INFO] [stderr]     Checking time v0.3.31
[INFO] [stderr]     Checking tracing-subscriber v0.3.18
[INFO] [stderr]    Compiling num-bigint-dig v0.7.1
[INFO] [stderr]     Checking regex-automata v0.4.3
[INFO] [stderr]     Checking spki v0.4.1
[INFO] [stderr]     Checking digest v0.9.0
[INFO] [stderr]     Checking task-local-extensions v0.1.4
[INFO] [stderr]     Checking byteorder v1.5.0
[INFO] [stderr]     Checking block-buffer v0.9.0
[INFO] [stderr]     Checking opaque-debug v0.3.0
[INFO] [stderr]     Checking sha2 v0.9.9
[INFO] [stderr]    Compiling derive_more v0.99.17
[INFO] [stderr]     Checking sct v0.7.1
[INFO] [stderr]     Checking rustls-webpki v0.101.7
[INFO] [stderr]    Compiling serde_derive v1.0.195
[INFO] [stderr]    Compiling tracing-attributes v0.1.27
[INFO] [stderr]    Compiling tokio-macros v2.2.0
[INFO] [stderr]    Compiling futures-macro v0.3.30
[INFO] [stderr]    Compiling thiserror-impl v1.0.56
[INFO] [stderr]    Compiling actix-macros v0.2.4
[INFO] [stderr]    Compiling pin-project-internal v1.1.3
[INFO] [stderr]     Checking tokio v1.35.1
[INFO] [stderr]    Compiling zeroize_derive v1.4.2
[INFO] [stderr]     Checking futures-util v0.3.30
[INFO] [stderr]     Checking regex v1.10.2
[INFO] [stderr]     Checking tracing v0.1.40
[INFO] [stderr]     Checking zeroize v1.4.3
[INFO] [stderr]     Checking tracing-error v0.2.0
[INFO] [stderr]     Checking pkcs1 v0.2.4
[INFO] [stderr]     Checking pkcs8 v0.7.6
[INFO] [stderr]     Checking pin-project v1.1.3
[INFO] [stderr]    Compiling openssl-macros v0.1.1
[INFO] [stderr]     Checking tracing-futures v0.2.5
[INFO] [stderr]     Checking openssl v0.10.62
[INFO] [stderr]     Checking rsa v0.5.0
[INFO] [stderr]     Checking futures-executor v0.3.30
[INFO] [stderr]     Checking futures v0.3.30
[INFO] [stderr]     Checking tokio-util v0.7.10
[INFO] [stderr]     Checking actix-rt v2.9.0
[INFO] [stderr]     Checking serde v1.0.195
[INFO] [stderr]     Checking actix-server v2.3.0
[INFO] [stderr]     Checking h2 v0.3.22
[INFO] [stderr]     Checking actix-codec v0.5.1
[INFO] [stderr]     Checking actix-tls v3.1.1
[INFO] [stderr]     Checking url v2.5.0
[INFO] [stderr]     Checking serde_json v1.0.111
[INFO] [stderr]     Checking chrono v0.4.31
[INFO] [stderr]     Checking serde_urlencoded v0.7.1
[INFO] [stderr]     Checking uuid v0.8.2
[INFO] [stderr]     Checking actix-router v0.5.2
[INFO] [stderr]     Checking apub-core v0.2.0
[INFO] [stderr]     Checking apub-privatekey v0.2.0
[INFO] [stderr]     Checking apub-openssl v0.2.0
[INFO] [stderr]     Checking apub-ingest v0.2.0
[INFO] [stderr]     Checking apub-breaker-session v0.2.0
[INFO] [stderr]     Checking apub-rustcrypto v0.2.0
[INFO] [stderr]     Checking apub-publickey v0.2.0
[INFO] [stderr]     Checking apub-simple-activitypub v0.2.0
[INFO] [stderr]     Checking http-signature-normalization v0.5.4
[INFO] [stderr]     Checking background-jobs-core v0.11.1
[INFO] [stderr]     Checking background-jobs-actix v0.11.0
[INFO] [stderr]     Checking actix-http v3.5.1
[INFO] [stderr]     Checking hyper v0.14.28
[INFO] [stderr]     Checking background-jobs v0.11.0
[INFO] [stderr]     Checking apub-background-jobs v0.2.0
[INFO] [stderr]     Checking actix-web v4.4.1
[INFO] [stderr]     Checking awc v3.3.0
[INFO] [stderr]     Checking reqwest v0.11.23
[INFO] [stderr]     Checking reqwest-middleware v0.1.6
[INFO] [stderr]     Checking http-signature-normalization-reqwest v0.3.1
[INFO] [stderr]     Checking apub-reqwest v0.2.0
[INFO] [stderr]     Checking http-signature-normalization-actix v0.5.0-beta.14
[INFO] [stdout] error[E0432]: unresolved import `actix_http::error::BlockingError`
[INFO] [stdout]  --> /opt/rustwide/cargo-home/registry/src/index.crates.io-6f17d22bba15001f/http-signature-normalization-actix-0.5.0-beta.14/src/sign.rs:1:18
[INFO] [stdout]   |
[INFO] [stdout] 1 | use actix_http::{error::BlockingError, header::InvalidHeaderValue};
[INFO] [stdout]   |                  ^^^^^^^^^^^^^^^^^^^^ no `BlockingError` in `error`
[INFO] [stdout]   |
[INFO] [stdout]   = help: consider importing this struct instead:
[INFO] [stdout]           actix_web::error::BlockingError
[INFO] [stdout] 
[INFO] [stdout] 
[INFO] [stdout] error[E0432]: unresolved import `actix_http::error::BlockingError`
[INFO] [stdout]  --> /opt/rustwide/cargo-home/registry/src/index.crates.io-6f17d22bba15001f/http-signature-normalization-actix-0.5.0-beta.14/src/digest/sign.rs:1:18
[INFO] [stdout]   |
[INFO] [stdout] 1 | use actix_http::{error::BlockingError, header::InvalidHeaderValue};
[INFO] [stdout]   |                  ^^^^^^^^^^^^^^^^^^^^ no `BlockingError` in `error`
[INFO] [stdout]   |
[INFO] [stdout]   = help: consider importing this struct instead:
[INFO] [stdout]           actix_web::error::BlockingError
[INFO] [stdout] 
[INFO] [stdout] 
[INFO] [stdout] error[E0432]: unresolved import `actix_http::error::BlockingError`
[INFO] [stdout]   --> /opt/rustwide/cargo-home/registry/src/index.crates.io-6f17d22bba15001f/http-signature-normalization-actix-0.5.0-beta.14/src/digest/mod.rs:30:22
[INFO] [stdout]    |
[INFO] [stdout] 30 |     use actix_http::{error::BlockingError, header::InvalidHeaderValue};
[INFO] [stdout]    |                      ^^^^^^^^^^^^^^^^^^^^ no `BlockingError` in `error`
[INFO] [stdout]    |
[INFO] [stdout]    = help: consider importing this struct instead:
[INFO] [stdout]            actix_web::error::BlockingError
[INFO] [stdout] 
[INFO] [stdout] 
[INFO] [stdout] error[E0432]: unresolved import `actix_http::error::BlockingError`
[INFO] [stdout]    --> /opt/rustwide/cargo-home/registry/src/index.crates.io-6f17d22bba15001f/http-signature-normalization-actix-0.5.0-beta.14/src/lib.rs:244:9
[INFO] [stdout]     |
[INFO] [stdout] 244 |         error::BlockingError,
[INFO] [stdout]     |         ^^^^^^^^^^^^^^^^^^^^ no `BlockingError` in `error`
[INFO] [stdout]     |
[INFO] [stdout]     = help: consider importing this struct instead:
[INFO] [stdout]             actix_web::error::BlockingError
[INFO] [stdout] 
[INFO] [stdout] 
[INFO] [stdout] error: aborting due to 4 previous errors
[INFO] [stdout] 
[INFO] [stdout] 
[INFO] [stdout] For more information about this error, try `rustc --explain E0432`.
[INFO] [stdout] 
[INFO] [stderr] error: could not compile `http-signature-normalization-actix` (lib) due to 5 previous errors
[INFO] running `Command { std: "docker" "inspect" "e3ae4007a2f541874e4d523e8dda9642ab1edf610829e2575132fad355be8a36", kill_on_drop: false }`
[INFO] running `Command { std: "docker" "rm" "-f" "e3ae4007a2f541874e4d523e8dda9642ab1edf610829e2575132fad355be8a36", kill_on_drop: false }`
[INFO] [stdout] e3ae4007a2f541874e4d523e8dda9642ab1edf610829e2575132fad355be8a36
