[INFO] fetching crate anypack 0.1.19...
[INFO] documenting anypack-0.1.19 against 1.75.0 for beta-1.76-rustdoc-1
[INFO] extracting crate anypack 0.1.19 into /workspace/builds/worker-7-tc1/source
[INFO] validating manifest of crates.io crate anypack 0.1.19 on toolchain 1.75.0
[INFO] running `Command { std: CARGO_HOME="/workspace/cargo-home" RUSTUP_HOME="/workspace/rustup-home" "/workspace/cargo-home/bin/cargo" "+1.75.0" "metadata" "--manifest-path" "Cargo.toml" "--no-deps", kill_on_drop: false }`
[INFO] started tweaking crates.io crate anypack 0.1.19
[INFO] finished tweaking crates.io crate anypack 0.1.19
[INFO] tweaked toml for crates.io crate anypack 0.1.19 written to /workspace/builds/worker-7-tc1/source/Cargo.toml
[INFO] running `Command { std: CARGO_HOME="/workspace/cargo-home" RUSTUP_HOME="/workspace/rustup-home" "/workspace/cargo-home/bin/cargo" "+1.75.0" "generate-lockfile" "--manifest-path" "Cargo.toml", kill_on_drop: false }`
[INFO] [stderr]     Updating crates.io index
[INFO] running `Command { std: CARGO_HOME="/workspace/cargo-home" RUSTUP_HOME="/workspace/rustup-home" "/workspace/cargo-home/bin/cargo" "+1.75.0" "fetch" "--manifest-path" "Cargo.toml", kill_on_drop: false }`
[INFO] [stderr]  Downloading crates ...
[INFO] [stderr]   Downloaded serde_path_to_error v0.1.15
[INFO] [stderr]   Downloaded xxai-msgpacker v0.4.4
[INFO] [stderr]   Downloaded msgpacker-derive v0.3.1
[INFO] running `Command { std: "docker" "create" "-v" "/var/lib/crater-agent-workspace/builds/worker-7-tc1/target:/opt/rustwide/target:rw,Z" "-v" "/var/lib/crater-agent-workspace/builds/worker-7-tc1/source:/opt/rustwide/workdir:ro,Z" "-v" "/var/lib/crater-agent-workspace/cargo-home:/opt/rustwide/cargo-home:ro,Z" "-v" "/var/lib/crater-agent-workspace/rustup-home:/opt/rustwide/rustup-home:ro,Z" "-e" "SOURCE_DIR=/opt/rustwide/workdir" "-e" "CARGO_TARGET_DIR=/opt/rustwide/target" "-e" "CARGO_HOME=/opt/rustwide/cargo-home" "-e" "RUSTUP_HOME=/opt/rustwide/rustup-home" "-w" "/opt/rustwide/workdir" "-m" "1610612736" "--user" "0:0" "--network" "none" "ghcr.io/rust-lang/crates-build-env/linux@sha256:2788e3201cd34a07e3172128adcd8b3090168a8e3bcc40d7c032b9dda1df7d1c" "/opt/rustwide/cargo-home/bin/cargo" "+1.75.0" "metadata" "--no-deps" "--format-version=1", kill_on_drop: false }`
[INFO] [stdout] a1739c0a0e4b25a812db44f5ed14cc6017412d41aa668f4f2ad157a808ef87ca
[INFO] running `Command { std: "docker" "start" "-a" "a1739c0a0e4b25a812db44f5ed14cc6017412d41aa668f4f2ad157a808ef87ca", kill_on_drop: false }`
[INFO] running `Command { std: "docker" "inspect" "a1739c0a0e4b25a812db44f5ed14cc6017412d41aa668f4f2ad157a808ef87ca", kill_on_drop: false }`
[INFO] running `Command { std: "docker" "rm" "-f" "a1739c0a0e4b25a812db44f5ed14cc6017412d41aa668f4f2ad157a808ef87ca", kill_on_drop: false }`
[INFO] [stdout] a1739c0a0e4b25a812db44f5ed14cc6017412d41aa668f4f2ad157a808ef87ca
[INFO] running `Command { std: "docker" "create" "-v" "/var/lib/crater-agent-workspace/builds/worker-7-tc1/target:/opt/rustwide/target:rw,Z" "-v" "/var/lib/crater-agent-workspace/builds/worker-7-tc1/source:/opt/rustwide/workdir:ro,Z" "-v" "/var/lib/crater-agent-workspace/cargo-home:/opt/rustwide/cargo-home:ro,Z" "-v" "/var/lib/crater-agent-workspace/rustup-home:/opt/rustwide/rustup-home:ro,Z" "-e" "SOURCE_DIR=/opt/rustwide/workdir" "-e" "CARGO_TARGET_DIR=/opt/rustwide/target" "-e" "CARGO_INCREMENTAL=0" "-e" "RUST_BACKTRACE=full" "-e" "RUSTFLAGS=--cap-lints=warn" "-e" "RUSTDOCFLAGS=--cap-lints=warn" "-e" "CARGO_HOME=/opt/rustwide/cargo-home" "-e" "RUSTUP_HOME=/opt/rustwide/rustup-home" "-w" "/opt/rustwide/workdir" "-m" "1610612736" "--user" "0:0" "--network" "none" "ghcr.io/rust-lang/crates-build-env/linux@sha256:2788e3201cd34a07e3172128adcd8b3090168a8e3bcc40d7c032b9dda1df7d1c" "/opt/rustwide/cargo-home/bin/cargo" "+1.75.0" "doc" "--frozen" "--no-deps" "--document-private-items" "--message-format=json", kill_on_drop: false }`
[INFO] [stdout] 0c3d4be9abde299a96b8c3eb4612bbac44d276050984e15812c3bdc099a7117c
[INFO] running `Command { std: "docker" "start" "-a" "0c3d4be9abde299a96b8c3eb4612bbac44d276050984e15812c3bdc099a7117c", kill_on_drop: false }`
[INFO] [stderr]    Compiling proc-macro2 v1.0.76
[INFO] [stderr]    Compiling rustversion v1.0.14
[INFO] [stderr]     Checking itoa v1.0.10
[INFO] [stderr]     Checking pin-project-lite v0.2.13
[INFO] [stderr]     Checking futures-core v0.3.30
[INFO] [stderr]    Compiling serde v1.0.195
[INFO] [stderr]     Checking futures-task v0.3.30
[INFO] [stderr]     Checking bytes v1.5.0
[INFO] [stderr]     Checking tracing-core v0.1.32
[INFO] [stderr]     Checking socket2 v0.5.5
[INFO] [stderr]     Checking futures-util v0.3.30
[INFO] [stderr]     Checking mio v0.8.10
[INFO] [stderr]     Checking http v0.2.11
[INFO] [stderr]    Compiling httparse v1.8.0
[INFO] [stderr]     Checking tower-service v0.3.2
[INFO] [stderr]    Compiling async-trait v0.1.77
[INFO] [stderr]     Checking tracing v0.1.40
[INFO] [stderr]     Checking tokio v1.35.1
[INFO] [stderr]    Compiling quote v1.0.35
[INFO] [stderr]     Checking tower-layer v0.3.2
[INFO] [stderr]    Compiling syn v2.0.48
[INFO] [stderr]     Checking percent-encoding v2.3.1
[INFO] [stderr]     Checking try-lock v0.2.5
[INFO] [stderr]     Checking ryu v1.0.16
[INFO] [stderr]    Compiling serde_json v1.0.111
[INFO] [stderr]     Checking form_urlencoded v1.2.1
[INFO] [stderr]     Checking http-body v0.4.6
[INFO] [stderr]     Checking want v0.3.1
[INFO] [stderr]    Compiling axum-core v0.3.4
[INFO] [stderr]    Compiling axum v0.6.20
[INFO] [stderr]     Checking futures-channel v0.3.30
[INFO] [stderr]     Checking httpdate v1.0.3
[INFO] [stderr]     Checking mime v0.3.17
[INFO] [stderr]     Checking memchr v2.7.1
[INFO] [stderr]     Checking sync_wrapper v0.1.2
[INFO] [stderr]     Checking matchit v0.7.3
[INFO] [stderr]     Checking serde_urlencoded v0.7.1
[INFO] [stderr]     Checking serde_path_to_error v0.1.15
[INFO] [stderr]     Checking hyper v0.14.28
[INFO] [stderr]    Compiling pin-project-internal v1.1.3
[INFO] [stderr]    Compiling msgpacker-derive v0.3.1
[INFO] [stderr]     Checking xxai-msgpacker v0.4.4
[INFO] [stdout] error[E0554]: `#![feature]` may not be used on the stable release channel
[INFO] [stdout]  --> /opt/rustwide/cargo-home/registry/src/index.crates.io-6f17d22bba15001f/xxai-msgpacker-0.4.4/src/lib.rs:3:5
[INFO] [stdout]   |
[INFO] [stdout] 3 |     iter_array_chunks,
[INFO] [stdout]   |     ^^^^^^^^^^^^^^^^^
[INFO] [stdout] 
[INFO] [stdout] 
[INFO] [stdout] error[E0554]: `#![feature]` may not be used on the stable release channel
[INFO] [stdout]  --> /opt/rustwide/cargo-home/registry/src/index.crates.io-6f17d22bba15001f/xxai-msgpacker-0.4.4/src/lib.rs:4:5
[INFO] [stdout]   |
[INFO] [stdout] 4 |     maybe_uninit_array_assume_init,
[INFO] [stdout]   |     ^^^^^^^^^^^^^^^^^^^^^^^^^^^^^^
[INFO] [stdout] 
[INFO] [stdout] 
[INFO] [stdout] error[E0554]: `#![feature]` may not be used on the stable release channel
[INFO] [stdout]  --> /opt/rustwide/cargo-home/registry/src/index.crates.io-6f17d22bba15001f/xxai-msgpacker-0.4.4/src/lib.rs:5:5
[INFO] [stdout]   |
[INFO] [stdout] 5 |     maybe_uninit_uninit_array
[INFO] [stdout]   |     ^^^^^^^^^^^^^^^^^^^^^^^^^
[INFO] [stdout] 
[INFO] [stdout] 
[INFO] [stderr]     Checking pin-project v1.1.3
[INFO] [stderr]     Checking tower v0.4.13
[INFO] [stdout] error: aborting due to 3 previous errors
[INFO] [stdout] 
[INFO] [stdout] 
[INFO] [stdout] For more information about this error, try `rustc --explain E0554`.
[INFO] [stdout] 
[INFO] [stderr] error: could not compile `xxai-msgpacker` (lib) due to 4 previous errors
[INFO] [stderr] warning: build failed, waiting for other jobs to finish...
[INFO] running `Command { std: "docker" "inspect" "0c3d4be9abde299a96b8c3eb4612bbac44d276050984e15812c3bdc099a7117c", kill_on_drop: false }`
[INFO] running `Command { std: "docker" "rm" "-f" "0c3d4be9abde299a96b8c3eb4612bbac44d276050984e15812c3bdc099a7117c", kill_on_drop: false }`
[INFO] [stdout] 0c3d4be9abde299a96b8c3eb4612bbac44d276050984e15812c3bdc099a7117c
