[INFO] fetching crate ankou 0.0.2...
[INFO] documenting ankou-0.0.2 against 1.75.0 for beta-1.76-rustdoc-1
[INFO] extracting crate ankou 0.0.2 into /workspace/builds/worker-4-tc1/source
[INFO] validating manifest of crates.io crate ankou 0.0.2 on toolchain 1.75.0
[INFO] running `Command { std: CARGO_HOME="/workspace/cargo-home" RUSTUP_HOME="/workspace/rustup-home" "/workspace/cargo-home/bin/cargo" "+1.75.0" "metadata" "--manifest-path" "Cargo.toml" "--no-deps", kill_on_drop: false }`
[INFO] started tweaking crates.io crate ankou 0.0.2
[INFO] finished tweaking crates.io crate ankou 0.0.2
[INFO] tweaked toml for crates.io crate ankou 0.0.2 written to /workspace/builds/worker-4-tc1/source/Cargo.toml
[INFO] crate crates.io crate ankou 0.0.2 already has a lockfile, it will not be regenerated
[INFO] running `Command { std: CARGO_HOME="/workspace/cargo-home" RUSTUP_HOME="/workspace/rustup-home" "/workspace/cargo-home/bin/cargo" "+1.75.0" "fetch" "--manifest-path" "Cargo.toml", kill_on_drop: false }`
[INFO] [stderr]     Updating crates.io index
[INFO] [stderr]     Blocking waiting for file lock on package cache
[INFO] [stderr]  Downloading crates ...
[INFO] [stderr]   Downloaded ansi_term v0.11.0
[INFO] [stderr]   Downloaded bitflags v1.2.1
[INFO] [stderr]   Downloaded structopt-derive v0.4.14
[INFO] [stderr]   Downloaded unicode-segmentation v1.7.1
[INFO] [stderr]   Downloaded serde v1.0.118
[INFO] [stderr]   Downloaded colored v1.9.3
[INFO] [stderr]   Downloaded wasm-bindgen-shared v0.2.69
[INFO] [stderr]   Downloaded security-framework-sys v2.0.0
[INFO] [stderr]   Downloaded cc v1.0.66
[INFO] [stderr]   Downloaded ppv-lite86 v0.2.10
[INFO] [stderr]   Downloaded tower-service v0.3.0
[INFO] [stderr]   Downloaded winreg v0.7.0
[INFO] [stderr]   Downloaded simple_logger v1.11.0
[INFO] [stderr]   Downloaded hermit-abi v0.1.17
[INFO] [stderr]   Downloaded quote v1.0.7
[INFO] [stderr]   Downloaded socket2 v0.3.17
[INFO] [stderr]   Downloaded openssl v0.10.31
[INFO] [stderr]   Downloaded web-sys v0.3.46
[INFO] [stderr]   Downloaded paw-attributes v1.0.2
[INFO] [stderr]   Downloaded libgit2-sys v0.12.14+1.1.0
[INFO] [stderr]   Downloaded http v0.2.2
[INFO] [stderr]   Downloaded encoding_rs v0.8.26
[INFO] [stderr]   Downloaded libssh2-sys v0.2.20
[INFO] [stderr]   Downloaded libz-sys v1.1.2
[INFO] [stderr]   Downloaded indexmap v1.6.1
[INFO] [stderr]   Downloaded unicode-bidi v0.3.4
[INFO] [stderr]   Downloaded idna v0.2.0
[INFO] [stderr]   Downloaded hyper v0.13.9
[INFO] [stderr]   Downloaded serde_json v1.0.60
[INFO] [stderr]   Downloaded js-sys v0.3.46
[INFO] [stderr]   Downloaded syn v1.0.54
[INFO] [stderr]   Downloaded clap v2.33.3
[INFO] [stderr]   Downloaded git2 v0.13.12
[INFO] [stderr]   Downloaded futures-util v0.3.8
[INFO] [stderr]   Downloaded hashbrown v0.9.1
[INFO] [stderr]   Downloaded pin-project v0.4.27
[INFO] [stderr]   Downloaded tracing v0.1.22
[INFO] [stderr]   Downloaded tokio v0.2.24
[INFO] [stderr]   Downloaded unicode-normalization v0.1.16
[INFO] [stderr]   Downloaded bumpalo v3.4.0
[INFO] [stderr]   Downloaded libc v0.2.81
[INFO] [stderr]   Downloaded tracing-core v0.1.17
[INFO] [stderr]   Downloaded pin-project-lite v0.2.0
[INFO] [stderr]   Downloaded openssl-sys v0.9.59
[INFO] [stderr]   Downloaded security-framework v2.0.0
[INFO] [stderr]   Downloaded memchr v2.3.4
[INFO] [stderr]   Downloaded structopt v0.3.21
[INFO] [stderr]   Downloaded pin-project-lite v0.1.11
[INFO] [stderr]   Downloaded heck v0.3.1
[INFO] [stderr]   Downloaded proc-macro2 v1.0.24
[INFO] [stderr]   Downloaded getrandom v0.1.15
[INFO] [stderr]   Downloaded tempfile v3.1.0
[INFO] [stderr]   Downloaded futures-core v0.3.8
[INFO] [stderr]   Downloaded unicase v2.6.0
[INFO] [stderr]   Downloaded wasm-bindgen-backend v0.2.69
[INFO] [stderr]   Downloaded url v2.2.0
[INFO] [stderr]   Downloaded schannel v0.1.19
[INFO] [stderr]   Downloaded wasm-bindgen-macro-support v0.2.69
[INFO] [stderr]   Downloaded pin-project-internal v1.0.2
[INFO] [stderr]   Downloaded log v0.4.11
[INFO] [stderr]   Downloaded num-integer v0.1.44
[INFO] [stderr]   Downloaded core-foundation v0.9.1
[INFO] [stderr]   Downloaded unicode-xid v0.2.1
[INFO] [stderr]   Downloaded version_check v0.9.2
[INFO] [stderr]   Downloaded futures-channel v0.3.8
[INFO] [stderr]   Downloaded once_cell v1.5.2
[INFO] [stderr]   Downloaded pin-project-internal v0.4.27
[INFO] [stderr]   Downloaded tracing-futures v0.2.4
[INFO] [stderr]   Downloaded httparse v1.3.4
[INFO] [stderr]   Downloaded ipnet v2.3.0
[INFO] [stderr]   Downloaded mime_guess v2.0.3
[INFO] [stderr]   Downloaded jobserver v0.1.21
[INFO] [stderr]   Downloaded vcpkg v0.2.11
[INFO] [stderr]   Downloaded native-tls v0.2.6
[INFO] [stderr]   Downloaded net2 v0.2.37
[INFO] [stderr]   Downloaded form_urlencoded v1.0.0
[INFO] [stderr]   Downloaded paw v1.0.0
[INFO] [stderr]   Downloaded serde_urlencoded v0.7.0
[INFO] [stderr]   Downloaded unicode-width v0.1.8
[INFO] [stderr]   Downloaded core-foundation-sys v0.8.2
[INFO] [stderr]   Downloaded slab v0.4.2
[INFO] [stderr]   Downloaded futures-task v0.3.8
[INFO] [stderr]   Downloaded wasm-bindgen-futures v0.4.19
[INFO] [stderr]   Downloaded itoa v0.4.6
[INFO] [stderr]   Downloaded matches v0.1.8
[INFO] [stderr]   Downloaded openssl-probe v0.1.2
[INFO] [stderr]   Downloaded autocfg v1.0.1
[INFO] [stderr]   Downloaded wasm-bindgen-macro v0.2.69
[INFO] [stderr]   Downloaded futures-io v0.3.8
[INFO] [stderr]   Downloaded pkg-config v0.3.19
[INFO] [stderr]   Downloaded num_cpus v1.13.0
[INFO] [stderr]   Downloaded tinyvec v1.1.0
[INFO] [stderr]   Downloaded pin-project v1.0.2
[INFO] [stderr]   Downloaded ryu v1.0.5
[INFO] [stderr]   Downloaded num-traits v0.2.14
[INFO] [stderr]   Downloaded paw-raw v1.0.0
[INFO] [stderr]   Downloaded wasm-bindgen v0.2.69
[INFO] [stderr]   Downloaded futures-sink v0.3.8
[INFO] running `Command { std: "docker" "create" "-v" "/var/lib/crater-agent-workspace/builds/worker-4-tc1/target:/opt/rustwide/target:rw,Z" "-v" "/var/lib/crater-agent-workspace/builds/worker-4-tc1/source:/opt/rustwide/workdir:ro,Z" "-v" "/var/lib/crater-agent-workspace/cargo-home:/opt/rustwide/cargo-home:ro,Z" "-v" "/var/lib/crater-agent-workspace/rustup-home:/opt/rustwide/rustup-home:ro,Z" "-e" "SOURCE_DIR=/opt/rustwide/workdir" "-e" "CARGO_TARGET_DIR=/opt/rustwide/target" "-e" "CARGO_HOME=/opt/rustwide/cargo-home" "-e" "RUSTUP_HOME=/opt/rustwide/rustup-home" "-w" "/opt/rustwide/workdir" "-m" "1610612736" "--user" "0:0" "--network" "none" "ghcr.io/rust-lang/crates-build-env/linux@sha256:2788e3201cd34a07e3172128adcd8b3090168a8e3bcc40d7c032b9dda1df7d1c" "/opt/rustwide/cargo-home/bin/cargo" "+1.75.0" "metadata" "--no-deps" "--format-version=1", kill_on_drop: false }`
[INFO] [stdout] 6e1433d2a574f3c5e3b8df5ae2699ec5f1296f0ea97cba8154e9149d5d2e767f
[INFO] running `Command { std: "docker" "start" "-a" "6e1433d2a574f3c5e3b8df5ae2699ec5f1296f0ea97cba8154e9149d5d2e767f", kill_on_drop: false }`
[INFO] running `Command { std: "docker" "inspect" "6e1433d2a574f3c5e3b8df5ae2699ec5f1296f0ea97cba8154e9149d5d2e767f", kill_on_drop: false }`
[INFO] running `Command { std: "docker" "rm" "-f" "6e1433d2a574f3c5e3b8df5ae2699ec5f1296f0ea97cba8154e9149d5d2e767f", kill_on_drop: false }`
[INFO] [stdout] 6e1433d2a574f3c5e3b8df5ae2699ec5f1296f0ea97cba8154e9149d5d2e767f
[INFO] running `Command { std: "docker" "create" "-v" "/var/lib/crater-agent-workspace/builds/worker-4-tc1/target:/opt/rustwide/target:rw,Z" "-v" "/var/lib/crater-agent-workspace/builds/worker-4-tc1/source:/opt/rustwide/workdir:ro,Z" "-v" "/var/lib/crater-agent-workspace/cargo-home:/opt/rustwide/cargo-home:ro,Z" "-v" "/var/lib/crater-agent-workspace/rustup-home:/opt/rustwide/rustup-home:ro,Z" "-e" "SOURCE_DIR=/opt/rustwide/workdir" "-e" "CARGO_TARGET_DIR=/opt/rustwide/target" "-e" "CARGO_INCREMENTAL=0" "-e" "RUST_BACKTRACE=full" "-e" "RUSTFLAGS=--cap-lints=warn" "-e" "RUSTDOCFLAGS=--cap-lints=warn" "-e" "CARGO_HOME=/opt/rustwide/cargo-home" "-e" "RUSTUP_HOME=/opt/rustwide/rustup-home" "-w" "/opt/rustwide/workdir" "-m" "1610612736" "--user" "0:0" "--network" "none" "ghcr.io/rust-lang/crates-build-env/linux@sha256:2788e3201cd34a07e3172128adcd8b3090168a8e3bcc40d7c032b9dda1df7d1c" "/opt/rustwide/cargo-home/bin/cargo" "+1.75.0" "doc" "--frozen" "--no-deps" "--document-private-items" "--message-format=json", kill_on_drop: false }`
[INFO] [stdout] e9de672f2f67be195c46f2740492d7cc13d1ac8326cb2808f841d09b5bc49257
[INFO] running `Command { std: "docker" "start" "-a" "e9de672f2f67be195c46f2740492d7cc13d1ac8326cb2808f841d09b5bc49257", kill_on_drop: false }`
[INFO] [stderr]    Compiling libc v0.2.81
[INFO] [stderr]    Compiling autocfg v1.0.1
[INFO] [stderr]    Compiling pkg-config v0.3.19
[INFO] [stderr]    Compiling proc-macro2 v1.0.24
[INFO] [stderr]    Compiling unicode-xid v0.2.1
[INFO] [stderr]    Compiling syn v1.0.54
[INFO] [stderr]     Checking cfg-if v0.1.10
[INFO] [stderr]    Compiling log v0.4.11
[INFO] [stderr]    Compiling version_check v0.9.2
[INFO] [stderr]     Checking lazy_static v1.4.0
[INFO] [stderr]    Compiling bitflags v1.2.1
[INFO] [stderr]    Compiling memchr v2.3.4
[INFO] [stderr]     Checking bytes v0.5.6
[INFO] [stderr]     Checking futures-core v0.3.8
[INFO] [stderr]     Checking slab v0.4.2
[INFO] [stderr]    Compiling pin-project-internal v0.4.27
[INFO] [stderr]     Checking itoa v0.4.6
[INFO] [stderr]     Checking pin-project-lite v0.1.11
[INFO] [stderr]     Checking matches v0.1.8
[INFO] [stderr]     Checking tracing-core v0.1.17
[INFO] [stderr]     Checking once_cell v1.5.2
[INFO] [stderr]     Checking tinyvec_macros v0.1.0
[INFO] [stderr]    Compiling openssl v0.10.31
[INFO] [stderr]     Checking pin-project-lite v0.2.0
[INFO] [stderr]     Checking tinyvec v1.1.0
[INFO] [stderr]     Checking futures-sink v0.3.8
[INFO] [stderr]     Checking futures-task v0.3.8
[INFO] [stderr]     Checking futures-io v0.3.8
[INFO] [stderr]     Checking percent-encoding v2.1.0
[INFO] [stderr]     Checking openssl-probe v0.1.2
[INFO] [stderr]    Compiling unicase v2.6.0
[INFO] [stderr]    Compiling proc-macro-error-attr v1.0.4
[INFO] [stderr]     Checking http v0.2.2
[INFO] [stderr]    Compiling httparse v1.3.4
[INFO] [stderr]    Compiling indexmap v1.6.1
[INFO] [stderr]    Compiling num-traits v0.2.14
[INFO] [stderr]     Checking tracing v0.1.22
[INFO] [stderr]     Checking hashbrown v0.9.1
[INFO] [stderr]    Compiling serde v1.0.118
[INFO] [stderr]    Compiling native-tls v0.2.6
[INFO] [stderr]    Compiling ryu v1.0.5
[INFO] [stderr]     Checking form_urlencoded v1.0.0
[INFO] [stderr]    Compiling num-integer v0.1.44
[INFO] [stderr]    Compiling proc-macro-error v1.0.4
[INFO] [stderr]     Checking unicode-bidi v0.3.4
[INFO] [stderr]     Checking try-lock v0.2.3
[INFO] [stderr]     Checking want v0.3.0
[INFO] [stderr]    Compiling quote v1.0.7
[INFO] [stderr]     Checking futures-channel v0.3.8
[INFO] [stderr]    Compiling jobserver v0.1.21
[INFO] [stderr]     Checking unicode-normalization v0.1.16
[INFO] [stderr]    Compiling mime_guess v2.0.3
[INFO] [stderr]     Checking httpdate v0.3.2
[INFO] [stderr]     Checking iovec v0.1.4
[INFO] [stderr]     Checking net2 v0.2.37
[INFO] [stderr]     Checking num_cpus v1.13.0
[INFO] [stderr]     Checking atty v0.2.14
[INFO] [stderr]     Checking socket2 v0.3.17
[INFO] [stderr]     Checking tower-service v0.3.0
[INFO] [stderr]    Compiling encoding_rs v0.8.26
[INFO] [stderr]    Compiling cc v1.0.66
[INFO] [stderr]    Compiling unicode-segmentation v1.7.1
[INFO] [stderr]    Compiling serde_json v1.0.60
[INFO] [stderr]     Checking unicode-width v0.1.8
[INFO] [stderr]     Checking time v0.1.44
[INFO] [stderr]     Checking mio v0.6.23
[INFO] [stderr]     Checking textwrap v0.11.0
[INFO] [stderr]     Checking strsim v0.8.0
[INFO] [stderr]     Checking mime v0.3.16
[INFO] [stderr]     Checking ansi_term v0.11.0
[INFO] [stderr]     Checking paw-raw v1.0.0
[INFO] [stderr]     Checking vec_map v0.8.2
[INFO] [stderr]     Checking colored v1.9.3
[INFO] [stderr]    Compiling heck v0.3.1
[INFO] [stderr]     Checking ipnet v2.3.0
[INFO] [stderr]     Checking base64 v0.13.0
[INFO] [stderr]     Checking clap v2.33.3
[INFO] [stderr]     Checking idna v0.2.0
[INFO] [stderr]     Checking tokio v0.2.24
[INFO] [stderr]     Checking chrono v0.4.19
[INFO] [stderr]     Checking http-body v0.3.1
[INFO] [stderr]    Compiling openssl-sys v0.9.59
[INFO] [stderr]    Compiling libz-sys v1.1.2
[INFO] [stderr]    Compiling libssh2-sys v0.2.20
[INFO] [stderr]    Compiling libgit2-sys v0.12.14+1.1.0
[INFO] [stderr]     Checking url v2.2.0
[INFO] [stderr]     Checking simple_logger v1.11.0
[INFO] [stderr] The following warnings were emitted during compilation:
[INFO] [stderr] 
[INFO] [stderr] warning: openssl-sys@0.9.59: build/expando.c:4:24: error: pasting "RUST_VERSION_OPENSSL_" and "(" does not give a valid preprocessing token
[INFO] [stderr] warning: openssl-sys@0.9.59:     4 | #define VERSION2(n, v) RUST_VERSION_##n##_##v
[INFO] [stderr] warning: openssl-sys@0.9.59:       |                        ^~~~~~~~~~~~~
[INFO] [stderr] warning: openssl-sys@0.9.59: build/expando.c:5:23: note: in expansion of macro 'VERSION2'
[INFO] [stderr] warning: openssl-sys@0.9.59:     5 | #define VERSION(n, v) VERSION2(n, v)
[INFO] [stderr] warning: openssl-sys@0.9.59:       |                       ^~~~~~~~
[INFO] [stderr] warning: openssl-sys@0.9.59: build/expando.c:10:1: note: in expansion of macro 'VERSION'
[INFO] [stderr] warning: openssl-sys@0.9.59:    10 | VERSION(OPENSSL, OPENSSL_VERSION_NUMBER)
[INFO] [stderr] warning: openssl-sys@0.9.59:       | ^~~~~~~
[INFO] [stderr] 
[INFO] [stderr] error: failed to run custom build command for `openssl-sys v0.9.59`
[INFO] [stderr] note: To improve backtraces for build dependencies, set the CARGO_PROFILE_DEV_BUILD_OVERRIDE_DEBUG=true environment variable to enable debug information generation.
[INFO] [stderr] 
[INFO] [stderr] Caused by:
[INFO] [stderr]   process didn't exit successfully: `/opt/rustwide/target/debug/build/openssl-sys-be8f33538bb0f9cb/build-script-main` (exit status: 101)
[INFO] [stderr]   --- stdout
[INFO] [stderr]   cargo:rustc-cfg=const_fn
[INFO] [stderr]   cargo:rerun-if-env-changed=X86_64_UNKNOWN_LINUX_GNU_OPENSSL_LIB_DIR
[INFO] [stderr]   X86_64_UNKNOWN_LINUX_GNU_OPENSSL_LIB_DIR unset
[INFO] [stderr]   cargo:rerun-if-env-changed=OPENSSL_LIB_DIR
[INFO] [stderr]   OPENSSL_LIB_DIR unset
[INFO] [stderr]   cargo:rerun-if-env-changed=X86_64_UNKNOWN_LINUX_GNU_OPENSSL_INCLUDE_DIR
[INFO] [stderr]   X86_64_UNKNOWN_LINUX_GNU_OPENSSL_INCLUDE_DIR unset
[INFO] [stderr]   cargo:rerun-if-env-changed=OPENSSL_INCLUDE_DIR
[INFO] [stderr]   OPENSSL_INCLUDE_DIR unset
[INFO] [stderr]   cargo:rerun-if-env-changed=X86_64_UNKNOWN_LINUX_GNU_OPENSSL_DIR
[INFO] [stderr]   X86_64_UNKNOWN_LINUX_GNU_OPENSSL_DIR unset
[INFO] [stderr]   cargo:rerun-if-env-changed=OPENSSL_DIR
[INFO] [stderr]   OPENSSL_DIR unset
[INFO] [stderr]   cargo:rerun-if-env-changed=OPENSSL_NO_PKG_CONFIG
[INFO] [stderr]   cargo:rerun-if-env-changed=PKG_CONFIG
[INFO] [stderr]   cargo:rerun-if-env-changed=OPENSSL_STATIC
[INFO] [stderr]   cargo:rerun-if-env-changed=OPENSSL_DYNAMIC
[INFO] [stderr]   cargo:rerun-if-env-changed=PKG_CONFIG_ALL_STATIC
[INFO] [stderr]   cargo:rerun-if-env-changed=PKG_CONFIG_ALL_DYNAMIC
[INFO] [stderr]   cargo:rerun-if-env-changed=PKG_CONFIG_PATH_x86_64-unknown-linux-gnu
[INFO] [stderr]   cargo:rerun-if-env-changed=PKG_CONFIG_PATH_x86_64_unknown_linux_gnu
[INFO] [stderr]   cargo:rerun-if-env-changed=HOST_PKG_CONFIG_PATH
[INFO] [stderr]   cargo:rerun-if-env-changed=PKG_CONFIG_PATH
[INFO] [stderr]   cargo:rerun-if-env-changed=PKG_CONFIG_LIBDIR_x86_64-unknown-linux-gnu
[INFO] [stderr]   cargo:rerun-if-env-changed=PKG_CONFIG_LIBDIR_x86_64_unknown_linux_gnu
[INFO] [stderr]   cargo:rerun-if-env-changed=HOST_PKG_CONFIG_LIBDIR
[INFO] [stderr]   cargo:rerun-if-env-changed=PKG_CONFIG_LIBDIR
[INFO] [stderr]   cargo:rerun-if-env-changed=PKG_CONFIG_SYSROOT_DIR_x86_64-unknown-linux-gnu
[INFO] [stderr]   cargo:rerun-if-env-changed=PKG_CONFIG_SYSROOT_DIR_x86_64_unknown_linux_gnu
[INFO] [stderr]   cargo:rerun-if-env-changed=HOST_PKG_CONFIG_SYSROOT_DIR
[INFO] [stderr]   cargo:rerun-if-env-changed=PKG_CONFIG_SYSROOT_DIR
[INFO] [stderr]   cargo:rerun-if-env-changed=PKG_CONFIG_SYSROOT_DIR
[INFO] [stderr]   cargo:rerun-if-env-changed=SYSROOT
[INFO] [stderr]   cargo:rerun-if-env-changed=OPENSSL_STATIC
[INFO] [stderr]   cargo:rerun-if-env-changed=OPENSSL_DYNAMIC
[INFO] [stderr]   cargo:rerun-if-env-changed=PKG_CONFIG_ALL_STATIC
[INFO] [stderr]   cargo:rerun-if-env-changed=PKG_CONFIG_ALL_DYNAMIC
[INFO] [stderr]   cargo:rustc-link-lib=ssl
[INFO] [stderr]   cargo:rustc-link-lib=crypto
[INFO] [stderr]   cargo:rerun-if-env-changed=PKG_CONFIG
[INFO] [stderr]   cargo:rerun-if-env-changed=OPENSSL_STATIC
[INFO] [stderr]   cargo:rerun-if-env-changed=OPENSSL_DYNAMIC
[INFO] [stderr]   cargo:rerun-if-env-changed=PKG_CONFIG_ALL_STATIC
[INFO] [stderr]   cargo:rerun-if-env-changed=PKG_CONFIG_ALL_DYNAMIC
[INFO] [stderr]   cargo:rerun-if-env-changed=PKG_CONFIG_PATH_x86_64-unknown-linux-gnu
[INFO] [stderr]   cargo:rerun-if-env-changed=PKG_CONFIG_PATH_x86_64_unknown_linux_gnu
[INFO] [stderr]   cargo:rerun-if-env-changed=HOST_PKG_CONFIG_PATH
[INFO] [stderr]   cargo:rerun-if-env-changed=PKG_CONFIG_PATH
[INFO] [stderr]   cargo:rerun-if-env-changed=PKG_CONFIG_LIBDIR_x86_64-unknown-linux-gnu
[INFO] [stderr]   cargo:rerun-if-env-changed=PKG_CONFIG_LIBDIR_x86_64_unknown_linux_gnu
[INFO] [stderr]   cargo:rerun-if-env-changed=HOST_PKG_CONFIG_LIBDIR
[INFO] [stderr]   cargo:rerun-if-env-changed=PKG_CONFIG_LIBDIR
[INFO] [stderr]   cargo:rerun-if-env-changed=PKG_CONFIG_SYSROOT_DIR_x86_64-unknown-linux-gnu
[INFO] [stderr]   cargo:rerun-if-env-changed=PKG_CONFIG_SYSROOT_DIR_x86_64_unknown_linux_gnu
[INFO] [stderr]   cargo:rerun-if-env-changed=HOST_PKG_CONFIG_SYSROOT_DIR
[INFO] [stderr]   cargo:rerun-if-env-changed=PKG_CONFIG_SYSROOT_DIR
[INFO] [stderr]   OPT_LEVEL = Some("0")
[INFO] [stderr]   TARGET = Some("x86_64-unknown-linux-gnu")
[INFO] [stderr]   HOST = Some("x86_64-unknown-linux-gnu")
[INFO] [stderr]   CC_x86_64-unknown-linux-gnu = None
[INFO] [stderr]   CC_x86_64_unknown_linux_gnu = None
[INFO] [stderr]   HOST_CC = None
[INFO] [stderr]   CC = None
[INFO] [stderr]   CFLAGS_x86_64-unknown-linux-gnu = None
[INFO] [stderr]   CFLAGS_x86_64_unknown_linux_gnu = None
[INFO] [stderr]   HOST_CFLAGS = None
[INFO] [stderr]   CFLAGS = None
[INFO] [stderr]   CRATE_CC_NO_DEFAULTS = None
[INFO] [stderr]   DEBUG = Some("true")
[INFO] [stderr]   CARGO_CFG_TARGET_FEATURE = Some("fxsr,sse,sse2")
[INFO] [stderr]   running: "cc" "-O0" "-ffunction-sections" "-fdata-sections" "-fPIC" "-g" "-fno-omit-frame-pointer" "-m64" "-I" "/usr/include" "-Wall" "-Wextra" "-E" "build/expando.c"
[INFO] [stderr]   cargo:warning=build/expando.c:4:24: error: pasting "RUST_VERSION_OPENSSL_" and "(" does not give a valid preprocessing token
[INFO] [stderr]   cargo:warning=    4 | #define VERSION2(n, v) RUST_VERSION_##n##_##v
[INFO] [stderr]   cargo:warning=      |                        ^~~~~~~~~~~~~
[INFO] [stderr]   cargo:warning=build/expando.c:5:23: note: in expansion of macro 'VERSION2'
[INFO] [stderr]   cargo:warning=    5 | #define VERSION(n, v) VERSION2(n, v)
[INFO] [stderr]   cargo:warning=      |                       ^~~~~~~~
[INFO] [stderr]   cargo:warning=build/expando.c:10:1: note: in expansion of macro 'VERSION'
[INFO] [stderr]   cargo:warning=   10 | VERSION(OPENSSL, OPENSSL_VERSION_NUMBER)
[INFO] [stderr]   cargo:warning=      | ^~~~~~~
[INFO] [stderr]   exit status: 1
[INFO] [stderr] 
[INFO] [stderr]   --- stderr
[INFO] [stderr]   thread 'main' panicked at /opt/rustwide/cargo-home/registry/src/index.crates.io-6f17d22bba15001f/openssl-sys-0.9.59/build/main.rs:141:13:
[INFO] [stderr] 
[INFO] [stderr]   Header expansion error:
[INFO] [stderr]   Error { kind: ToolExecError, message: "Command \"cc\" \"-O0\" \"-ffunction-sections\" \"-fdata-sections\" \"-fPIC\" \"-g\" \"-fno-omit-frame-pointer\" \"-m64\" \"-I\" \"/usr/include\" \"-Wall\" \"-Wextra\" \"-E\" \"build/expando.c\" with args \"cc\" did not execute successfully (status code exit status: 1)." }
[INFO] [stderr] 
[INFO] [stderr]   Failed to find OpenSSL development headers.
[INFO] [stderr] 
[INFO] [stderr]   You can try fixing this setting the `OPENSSL_DIR` environment variable
[INFO] [stderr]   pointing to your OpenSSL installation or installing OpenSSL headers package
[INFO] [stderr]   specific to your distribution:
[INFO] [stderr] 
[INFO] [stderr]       # On Ubuntu
[INFO] [stderr]       sudo apt-get install libssl-dev
[INFO] [stderr]       # On Arch Linux
[INFO] [stderr]       sudo pacman -S openssl
[INFO] [stderr]       # On Fedora
[INFO] [stderr]       sudo dnf install openssl-devel
[INFO] [stderr] 
[INFO] [stderr]   See rust-openssl README for more information:
[INFO] [stderr] 
[INFO] [stderr]       https://github.com/sfackler/rust-openssl#linux
[INFO] [stderr] 
[INFO] [stderr]   stack backtrace:
[INFO] [stderr]      0:     0x5637885625fc - std::backtrace_rs::backtrace::libunwind::trace::ha637c64ce894333a
[INFO] [stderr]                                  at /rustc/82e1608dfa6e0b5569232559e3d385fea5a93112/library/std/src/../../backtrace/src/backtrace/libunwind.rs:104:5
[INFO] [stderr]      1:     0x5637885625fc - std::backtrace_rs::backtrace::trace_unsynchronized::h47f62dea28e0c88d
[INFO] [stderr]                                  at /rustc/82e1608dfa6e0b5569232559e3d385fea5a93112/library/std/src/../../backtrace/src/backtrace/mod.rs:66:5
[INFO] [stderr]      2:     0x5637885625fc - std::sys_common::backtrace::_print_fmt::h9eef0abe20ede486
[INFO] [stderr]                                  at /rustc/82e1608dfa6e0b5569232559e3d385fea5a93112/library/std/src/sys_common/backtrace.rs:67:5
[INFO] [stderr]      3:     0x5637885625fc - <std::sys_common::backtrace::_print::DisplayBacktrace as core::fmt::Display>::fmt::hed7f999df88cc644
[INFO] [stderr]                                  at /rustc/82e1608dfa6e0b5569232559e3d385fea5a93112/library/std/src/sys_common/backtrace.rs:44:22
[INFO] [stderr]      4:     0x563788588760 - core::fmt::rt::Argument::fmt::h1539a9308b8d058d
[INFO] [stderr]                                  at /rustc/82e1608dfa6e0b5569232559e3d385fea5a93112/library/core/src/fmt/rt.rs:142:9
[INFO] [stderr]      5:     0x563788588760 - core::fmt::write::h3a39390d8560d9c9
[INFO] [stderr]                                  at /rustc/82e1608dfa6e0b5569232559e3d385fea5a93112/library/core/src/fmt/mod.rs:1120:17
[INFO] [stderr]      6:     0x56378855fdbf - std::io::Write::write_fmt::h5fc9997dfe05f882
[INFO] [stderr]                                  at /rustc/82e1608dfa6e0b5569232559e3d385fea5a93112/library/std/src/io/mod.rs:1762:15
[INFO] [stderr]      7:     0x5637885623e4 - std::sys_common::backtrace::_print::h894006fb5c6f3d45
[INFO] [stderr]                                  at /rustc/82e1608dfa6e0b5569232559e3d385fea5a93112/library/std/src/sys_common/backtrace.rs:47:5
[INFO] [stderr]      8:     0x5637885623e4 - std::sys_common::backtrace::print::h23a2d212c6fff936
[INFO] [stderr]                                  at /rustc/82e1608dfa6e0b5569232559e3d385fea5a93112/library/std/src/sys_common/backtrace.rs:34:9
[INFO] [stderr]      9:     0x563788563bf7 - std::panicking::default_hook::{{closure}}::h8a1d2ee00185001a
[INFO] [stderr]     10:     0x56378856395f - std::panicking::default_hook::h6038f2eba384e475
[INFO] [stderr]                                  at /rustc/82e1608dfa6e0b5569232559e3d385fea5a93112/library/std/src/panicking.rs:292:9
[INFO] [stderr]     11:     0x563788564078 - std::panicking::rust_panic_with_hook::h2b5517d590cab22e
[INFO] [stderr]                                  at /rustc/82e1608dfa6e0b5569232559e3d385fea5a93112/library/std/src/panicking.rs:779:13
[INFO] [stderr]     12:     0x563788563f5e - std::panicking::begin_panic_handler::{{closure}}::h233112c06e0ef43e
[INFO] [stderr]                                  at /rustc/82e1608dfa6e0b5569232559e3d385fea5a93112/library/std/src/panicking.rs:657:13
[INFO] [stderr]     13:     0x563788562ac6 - std::sys_common::backtrace::__rust_end_short_backtrace::h6e893f24d7ebbff8
[INFO] [stderr]                                  at /rustc/82e1608dfa6e0b5569232559e3d385fea5a93112/library/std/src/sys_common/backtrace.rs:170:18
[INFO] [stderr]     14:     0x563788563cc2 - rust_begin_unwind
[INFO] [stderr]                                  at /rustc/82e1608dfa6e0b5569232559e3d385fea5a93112/library/std/src/panicking.rs:645:5
[INFO] [stderr]     15:     0x5637884ca685 - core::panicking::panic_fmt::hbf0e066aabfa482c
[INFO] [stderr]                                  at /rustc/82e1608dfa6e0b5569232559e3d385fea5a93112/library/core/src/panicking.rs:72:14
[INFO] [stderr]     16:     0x5637884d1f6f - build_script_main::validate_headers::h24aebee9f229f626
[INFO] [stderr]     17:     0x5637884ceab2 - build_script_main::find_normal::try_pkg_config::h49d97b41ad852a8a
[INFO] [stderr]     18:     0x5637884cdbc4 - build_script_main::find_normal::find_openssl_dir::h2c93a15f64364c69
[INFO] [stderr]     19:     0x5637884cda62 - build_script_main::find_normal::get_openssl::{{closure}}::hc257165c2a523295
[INFO] [stderr]     20:     0x5637884d6269 - core::option::Option<T>::unwrap_or_else::h865630039976ca51
[INFO] [stderr]     21:     0x5637884cd81e - build_script_main::find_normal::get_openssl::h7965f6dc56ee638e
[INFO] [stderr]     22:     0x5637884cf78d - build_script_main::find_openssl::h4df58cb51afc8d47
[INFO] [stderr]     23:     0x5637884cf86d - build_script_main::main::h7ec34a2cb8e3858a
[INFO] [stderr]     24:     0x5637884cb9b3 - core::ops::function::FnOnce::call_once::h78f12b54fbd61ed3
[INFO] [stderr]     25:     0x5637884cb456 - std::sys_common::backtrace::__rust_begin_short_backtrace::h9b9369e2d7dbb505
[INFO] [stderr]     26:     0x5637884d5639 - std::rt::lang_start::{{closure}}::h91964dd43c0bd836
[INFO] [stderr]     27:     0x56378855c097 - core::ops::function::impls::<impl core::ops::function::FnOnce<A> for &F>::call_once::hd95060ecd5e1ca24
[INFO] [stderr]                                  at /rustc/82e1608dfa6e0b5569232559e3d385fea5a93112/library/core/src/ops/function.rs:284:13
[INFO] [stderr]     28:     0x56378855c097 - std::panicking::try::do_call::h6e8cf51db32a6e4b
[INFO] [stderr]                                  at /rustc/82e1608dfa6e0b5569232559e3d385fea5a93112/library/std/src/panicking.rs:552:40
[INFO] [stderr]     29:     0x56378855c097 - std::panicking::try::h3a52eefe24fe3c29
[INFO] [stderr]                                  at /rustc/82e1608dfa6e0b5569232559e3d385fea5a93112/library/std/src/panicking.rs:516:19
[INFO] [stderr]     30:     0x56378855c097 - std::panic::catch_unwind::h24c28c23c02c3841
[INFO] [stderr]                                  at /rustc/82e1608dfa6e0b5569232559e3d385fea5a93112/library/std/src/panic.rs:142:14
[INFO] [stderr]     31:     0x56378855c097 - std::rt::lang_start_internal::{{closure}}::h705d3c9cbc06ef47
[INFO] [stderr]                                  at /rustc/82e1608dfa6e0b5569232559e3d385fea5a93112/library/std/src/rt.rs:148:48
[INFO] [stderr]     32:     0x56378855c097 - std::panicking::try::do_call::ha21f52ba13158470
[INFO] [stderr]                                  at /rustc/82e1608dfa6e0b5569232559e3d385fea5a93112/library/std/src/panicking.rs:552:40
[INFO] [stderr]     33:     0x56378855c097 - std::panicking::try::h5581346bf6aeb1f8
[INFO] [stderr]                                  at /rustc/82e1608dfa6e0b5569232559e3d385fea5a93112/library/std/src/panicking.rs:516:19
[INFO] [stderr]     34:     0x56378855c097 - std::panic::catch_unwind::h7919645a6b72e25b
[INFO] [stderr]                                  at /rustc/82e1608dfa6e0b5569232559e3d385fea5a93112/library/std/src/panic.rs:142:14
[INFO] [stderr]     35:     0x56378855c097 - std::rt::lang_start_internal::h12de51168669836e
[INFO] [stderr]                                  at /rustc/82e1608dfa6e0b5569232559e3d385fea5a93112/library/std/src/rt.rs:148:20
[INFO] [stderr]     36:     0x5637884d5617 - std::rt::lang_start::h1f49e160418f1fe2
[INFO] [stderr]     37:     0x5637884d2cb5 - main
[INFO] [stderr]     38:     0x7f78a2865d90 - <unknown>
[INFO] [stderr]     39:     0x7f78a2865e40 - __libc_start_main
[INFO] [stderr]     40:     0x5637884cae95 - _start
[INFO] [stderr]     41:                0x0 - <unknown>
[INFO] [stderr] warning: build failed, waiting for other jobs to finish...
[INFO] running `Command { std: "docker" "inspect" "e9de672f2f67be195c46f2740492d7cc13d1ac8326cb2808f841d09b5bc49257", kill_on_drop: false }`
[INFO] running `Command { std: "docker" "rm" "-f" "e9de672f2f67be195c46f2740492d7cc13d1ac8326cb2808f841d09b5bc49257", kill_on_drop: false }`
[INFO] [stdout] e9de672f2f67be195c46f2740492d7cc13d1ac8326cb2808f841d09b5bc49257
