[INFO] fetching crate actori-framed 0.3.0...
[INFO] documenting actori-framed-0.3.0 against 1.75.0 for beta-1.76-rustdoc-1
[INFO] extracting crate actori-framed 0.3.0 into /workspace/builds/worker-3-tc1/source
[INFO] validating manifest of crates.io crate actori-framed 0.3.0 on toolchain 1.75.0
[INFO] running `Command { std: CARGO_HOME="/workspace/cargo-home" RUSTUP_HOME="/workspace/rustup-home" "/workspace/cargo-home/bin/cargo" "+1.75.0" "metadata" "--manifest-path" "Cargo.toml" "--no-deps", kill_on_drop: false }`
[INFO] started tweaking crates.io crate actori-framed 0.3.0
[INFO] finished tweaking crates.io crate actori-framed 0.3.0
[INFO] tweaked toml for crates.io crate actori-framed 0.3.0 written to /workspace/builds/worker-3-tc1/source/Cargo.toml
[INFO] running `Command { std: CARGO_HOME="/workspace/cargo-home" RUSTUP_HOME="/workspace/rustup-home" "/workspace/cargo-home/bin/cargo" "+1.75.0" "generate-lockfile" "--manifest-path" "Cargo.toml", kill_on_drop: false }`
[INFO] [stderr]     Blocking waiting for file lock on package cache
[INFO] [stderr]     Updating crates.io index
[INFO] running `Command { std: CARGO_HOME="/workspace/cargo-home" RUSTUP_HOME="/workspace/rustup-home" "/workspace/cargo-home/bin/cargo" "+1.75.0" "fetch" "--manifest-path" "Cargo.toml", kill_on_drop: false }`
[INFO] [stderr]     Blocking waiting for file lock on package cache
[INFO] [stderr]     Blocking waiting for file lock on package cache
[INFO] [stderr]  Downloading crates ...
[INFO] [stderr]   Downloaded linked-hash-map v0.5.6
[INFO] [stderr]   Downloaded iana-time-zone v0.1.59
[INFO] [stderr]   Downloaded windows-core v0.52.0
[INFO] [stderr]   Downloaded wasm-bindgen v0.2.89
[INFO] [stderr]   Downloaded heck v0.4.1
[INFO] [stderr]   Downloaded enum-as-inner v0.3.4
[INFO] [stderr]   Downloaded ipconfig v0.2.2
[INFO] [stderr]   Downloaded redox_syscall v0.1.57
[INFO] [stderr]   Downloaded pin-project v0.4.30
[INFO] [stderr]   Downloaded matches v0.1.10
[INFO] [stderr]   Downloaded semver v1.0.21
[INFO] [stderr]   Downloaded backtrace v0.3.69
[INFO] [stderr]   Downloaded actori-http v1.0.1
[INFO] [stderr]   Downloaded chrono v0.4.31
[INFO] [stderr]   Downloaded windows_x86_64_gnullvm v0.52.0
[INFO] [stderr]   Downloaded windows_aarch64_msvc v0.48.5
[INFO] [stderr]   Downloaded windows_i686_msvc v0.48.5
[INFO] [stderr]   Downloaded windows_aarch64_msvc v0.52.0
[INFO] [stderr]   Downloaded windows_x86_64_msvc v0.52.0
[INFO] [stderr]   Downloaded regex-automata v0.4.3
[INFO] [stderr]   Downloaded windows_x86_64_gnu v0.52.0
[INFO] [stderr]   Downloaded windows_i686_gnu v0.48.5
[INFO] [stderr]   Downloaded windows_i686_gnu v0.52.0
[INFO] [stderr]   Downloaded windows_x86_64_gnu v0.48.5
[INFO] [stderr]   Downloaded windows_x86_64_msvc v0.48.5
[INFO] [stderr]   Downloaded winapi v0.3.9
[INFO] [stderr]   Downloaded windows_aarch64_gnullvm v0.52.0
[INFO] [stderr]   Downloaded windows_x86_64_gnullvm v0.48.5
[INFO] [stderr]   Downloaded windows_i686_msvc v0.52.0
[INFO] [stderr]   Downloaded windows_aarch64_gnullvm v0.48.5
[INFO] [stderr]   Downloaded object v0.32.2
[INFO] [stderr]   Downloaded idna v0.2.3
[INFO] [stderr]   Downloaded regex v1.10.2
[INFO] [stderr]   Downloaded gimli v0.28.1
[INFO] [stderr]   Downloaded serde_json v1.0.111
[INFO] [stderr]   Downloaded aho-corasick v1.1.2
[INFO] [stderr]   Downloaded scopeguard v1.2.0
[INFO] [stderr]   Downloaded derive_more v0.99.17
[INFO] [stderr]   Downloaded signal-hook-registry v1.4.1
[INFO] [stderr]   Downloaded parking_lot_core v0.7.3
[INFO] [stderr]   Downloaded widestring v0.4.3
[INFO] [stderr]   Downloaded generic-array v0.12.4
[INFO] [stderr]   Downloaded js-sys v0.3.66
[INFO] [stderr]   Downloaded time v0.1.45
[INFO] [stderr]   Downloaded bytestring v0.1.5
[INFO] [stderr]   Downloaded addr2line v0.21.0
[INFO] [stderr]   Downloaded lock_api v0.3.4
[INFO] [stderr]   Downloaded pin-project-internal v0.4.30
[INFO] [stderr]   Downloaded windows-targets v0.48.5
[INFO] [stderr]   Downloaded hermit-abi v0.3.3
[INFO] [stderr]   Downloaded wasm-bindgen-macro-support v0.2.89
[INFO] [stderr]   Downloaded dtoa v0.4.8
[INFO] [stderr]   Downloaded mio-uds v0.6.8
[INFO] [stderr]   Downloaded unicode-xid v0.2.4
[INFO] [stderr]   Downloaded serde_derive v1.0.195
[INFO] [stderr]   Downloaded wasm-bindgen-macro v0.2.89
[INFO] [stderr]   Downloaded bumpalo v3.14.0
[INFO] [stderr]   Downloaded copyless v0.1.5
[INFO] [stderr]   Downloaded regex-syntax v0.8.2
[INFO] [stderr]   Downloaded futures-macro v0.3.30
[INFO] [stderr]   Downloaded threadpool v1.8.1
[INFO] [stderr]   Downloaded synstructure v0.12.6
[INFO] [stderr]   Downloaded wasm-bindgen-shared v0.2.89
[INFO] [stderr]   Downloaded actori-router v0.2.4
[INFO] [stderr]   Downloaded core-foundation-sys v0.8.6
[INFO] [stderr]   Downloaded byteorder v1.5.0
[INFO] [stderr]   Downloaded android_system_properties v0.1.5
[INFO] [stderr]   Downloaded ppv-lite86 v0.2.17
[INFO] [stderr]   Downloaded iana-time-zone-haiku v0.1.2
[INFO] [stderr]   Downloaded resolv-conf v0.6.3
[INFO] [stderr]   Downloaded futures-executor v0.3.30
[INFO] [stderr]   Downloaded parking_lot v0.10.2
[INFO] [stderr]   Downloaded typenum v1.17.0
[INFO] [stderr]   Downloaded android-tzdata v0.1.1
[INFO] [stderr]   Downloaded failure v0.1.8
[INFO] [stderr]   Downloaded rustc_version v0.4.0
[INFO] [stderr]   Downloaded async-trait v0.1.77
[INFO] [stderr]   Downloaded rustc-demangle v0.1.23
[INFO] [stderr]   Downloaded hostname v0.3.1
[INFO] [stderr]   Downloaded wasi v0.10.0+wasi-snapshot-preview1
[INFO] [stderr]   Downloaded match_cfg v0.1.0
[INFO] [stderr]   Downloaded windows-targets v0.52.0
[INFO] [stderr]   Downloaded either v1.9.0
[INFO] [stderr]   Downloaded smallvec v1.11.2
[INFO] [stderr]   Downloaded getrandom v0.1.16
[INFO] [stderr]   Downloaded miow v0.2.2
[INFO] [stderr]   Downloaded rand_chacha v0.2.2
[INFO] [stderr]   Downloaded convert_case v0.4.0
[INFO] [stderr]   Downloaded failure_derive v0.1.8
[INFO] [stderr]   Downloaded num-traits v0.2.17
[INFO] [stderr]   Downloaded futures v0.3.30
[INFO] [stderr]   Downloaded wasm-bindgen-backend v0.2.89
[INFO] running `Command { std: "docker" "create" "-v" "/var/lib/crater-agent-workspace/builds/worker-3-tc1/target:/opt/rustwide/target:rw,Z" "-v" "/var/lib/crater-agent-workspace/builds/worker-3-tc1/source:/opt/rustwide/workdir:ro,Z" "-v" "/var/lib/crater-agent-workspace/cargo-home:/opt/rustwide/cargo-home:ro,Z" "-v" "/var/lib/crater-agent-workspace/rustup-home:/opt/rustwide/rustup-home:ro,Z" "-e" "SOURCE_DIR=/opt/rustwide/workdir" "-e" "CARGO_TARGET_DIR=/opt/rustwide/target" "-e" "CARGO_HOME=/opt/rustwide/cargo-home" "-e" "RUSTUP_HOME=/opt/rustwide/rustup-home" "-w" "/opt/rustwide/workdir" "-m" "1610612736" "--user" "0:0" "--network" "none" "ghcr.io/rust-lang/crates-build-env/linux@sha256:2788e3201cd34a07e3172128adcd8b3090168a8e3bcc40d7c032b9dda1df7d1c" "/opt/rustwide/cargo-home/bin/cargo" "+1.75.0" "metadata" "--no-deps" "--format-version=1", kill_on_drop: false }`
[INFO] [stdout] c4d8220cc91b22432abc03c4ea99661b741c0fae34d67f7a66b137261f5bd890
[INFO] running `Command { std: "docker" "start" "-a" "c4d8220cc91b22432abc03c4ea99661b741c0fae34d67f7a66b137261f5bd890", kill_on_drop: false }`
[INFO] running `Command { std: "docker" "inspect" "c4d8220cc91b22432abc03c4ea99661b741c0fae34d67f7a66b137261f5bd890", kill_on_drop: false }`
[INFO] running `Command { std: "docker" "rm" "-f" "c4d8220cc91b22432abc03c4ea99661b741c0fae34d67f7a66b137261f5bd890", kill_on_drop: false }`
[INFO] [stdout] c4d8220cc91b22432abc03c4ea99661b741c0fae34d67f7a66b137261f5bd890
[INFO] running `Command { std: "docker" "create" "-v" "/var/lib/crater-agent-workspace/builds/worker-3-tc1/target:/opt/rustwide/target:rw,Z" "-v" "/var/lib/crater-agent-workspace/builds/worker-3-tc1/source:/opt/rustwide/workdir:ro,Z" "-v" "/var/lib/crater-agent-workspace/cargo-home:/opt/rustwide/cargo-home:ro,Z" "-v" "/var/lib/crater-agent-workspace/rustup-home:/opt/rustwide/rustup-home:ro,Z" "-e" "SOURCE_DIR=/opt/rustwide/workdir" "-e" "CARGO_TARGET_DIR=/opt/rustwide/target" "-e" "CARGO_INCREMENTAL=0" "-e" "RUST_BACKTRACE=full" "-e" "RUSTFLAGS=--cap-lints=warn" "-e" "RUSTDOCFLAGS=--cap-lints=warn" "-e" "CARGO_HOME=/opt/rustwide/cargo-home" "-e" "RUSTUP_HOME=/opt/rustwide/rustup-home" "-w" "/opt/rustwide/workdir" "-m" "1610612736" "--user" "0:0" "--network" "none" "ghcr.io/rust-lang/crates-build-env/linux@sha256:2788e3201cd34a07e3172128adcd8b3090168a8e3bcc40d7c032b9dda1df7d1c" "/opt/rustwide/cargo-home/bin/cargo" "+1.75.0" "doc" "--frozen" "--no-deps" "--document-private-items" "--message-format=json", kill_on_drop: false }`
[INFO] [stdout] a48eff55b3eb0440448777c1f4d5a66794c8c48de8edcbb78955e94325ec33c4
[INFO] running `Command { std: "docker" "start" "-a" "a48eff55b3eb0440448777c1f4d5a66794c8c48de8edcbb78955e94325ec33c4", kill_on_drop: false }`
[INFO] [stderr]    Compiling libc v0.2.151
[INFO] [stderr]    Compiling proc-macro2 v1.0.76
[INFO] [stderr]    Compiling unicode-ident v1.0.12
[INFO] [stderr]    Compiling autocfg v1.1.0
[INFO] [stderr]     Checking memchr v2.7.1
[INFO] [stderr]     Checking cfg-if v0.1.10
[INFO] [stderr]     Checking log v0.4.20
[INFO] [stderr]    Compiling syn v1.0.109
[INFO] [stderr]     Checking futures-core v0.3.30
[INFO] [stderr]     Checking futures-sink v0.3.30
[INFO] [stderr]     Checking cfg-if v1.0.0
[INFO] [stderr]     Checking bytes v0.5.6
[INFO] [stderr]     Checking pin-project-lite v0.2.13
[INFO] [stderr]     Checking lazy_static v1.4.0
[INFO] [stderr]     Checking pin-project-lite v0.1.12
[INFO] [stderr]     Checking futures-task v0.3.30
[INFO] [stderr]     Checking futures-io v0.3.30
[INFO] [stderr]     Checking pin-utils v0.1.0
[INFO] [stderr]     Checking tinyvec_macros v0.1.1
[INFO] [stderr]    Compiling getrandom v0.1.16
[INFO] [stderr]     Checking smallvec v1.11.2
[INFO] [stderr]     Checking once_cell v1.19.0
[INFO] [stderr]    Compiling vcpkg v0.2.15
[INFO] [stderr]     Checking futures-channel v0.3.30
[INFO] [stderr]     Checking tinyvec v1.6.0
[INFO] [stderr]    Compiling pkg-config v0.3.28
[INFO] [stderr]     Checking unicode-bidi v0.3.14
[INFO] [stderr]    Compiling failure_derive v0.1.8
[INFO] [stderr]    Compiling pin-project-internal v0.4.30
[INFO] [stderr]    Compiling unicode-xid v0.2.4
[INFO] [stderr]    Compiling typenum v1.17.0
[INFO] [stderr]     Checking percent-encoding v2.3.1
[INFO] [stderr]     Checking adler v1.0.2
[INFO] [stderr]     Checking scopeguard v1.2.0
[INFO] [stderr]     Checking gimli v0.28.1
[INFO] [stderr]     Checking miniz_oxide v0.7.1
[INFO] [stderr]     Checking lock_api v0.3.4
[INFO] [stderr]     Checking form_urlencoded v1.2.1
[INFO] [stderr]     Checking object v0.32.2
[INFO] [stderr]    Compiling serde v1.0.195
[INFO] [stderr]    Compiling slab v0.4.9
[INFO] [stderr]     Checking rustc-demangle v0.1.23
[INFO] [stderr]     Checking ppv-lite86 v0.2.17
[INFO] [stderr]    Compiling convert_case v0.4.0
[INFO] [stderr]    Compiling quote v1.0.35
[INFO] [stderr]    Compiling async-trait v0.1.77
[INFO] [stderr]     Checking itoa v1.0.10
[INFO] [stderr]    Compiling openssl v0.10.62
[INFO] [stderr]     Checking fnv v1.0.7
[INFO] [stderr]     Checking bytes v1.5.0
[INFO] [stderr]     Checking matches v0.1.10
[INFO] [stderr]    Compiling heck v0.4.1
[INFO] [stderr]     Checking match_cfg v0.1.0
[INFO] [stderr]     Checking foreign-types-shared v0.1.1
[INFO] [stderr]    Compiling indexmap v1.9.3
[INFO] [stderr]     Checking foreign-types v0.3.2
[INFO] [stderr]    Compiling num-traits v0.2.17
[INFO] [stderr]     Checking aho-corasick v1.1.2
[INFO] [stderr]     Checking tracing-core v0.1.32
[INFO] [stderr]    Compiling syn v2.0.48
[INFO] [stderr]     Checking byteorder v1.5.0
[INFO] [stderr]     Checking bitflags v2.4.1
[INFO] [stderr]     Checking iovec v0.1.4
[INFO] [stderr]     Checking net2 v0.2.39
[INFO] [stderr]     Checking signal-hook-registry v1.4.1
[INFO] [stderr]     Checking rand_core v0.5.1
[INFO] [stderr]     Checking num_cpus v1.16.0
[INFO] [stderr]     Checking parking_lot_core v0.7.3
[INFO] [stderr]     Checking http v0.2.11
[INFO] [stderr]     Checking mio v0.6.23
[INFO] [stderr]     Checking threadpool v1.8.1
[INFO] [stderr]     Checking socket2 v0.3.19
[INFO] [stderr]     Checking rand_chacha v0.2.2
[INFO] [stderr]     Checking hostname v0.3.1
[INFO] [stderr]    Compiling cc v1.0.83
[INFO] [stderr]     Checking parking_lot v0.10.2
[INFO] [stderr]     Checking quick-error v1.2.3
[INFO] [stderr]     Checking unicode-normalization v0.1.22
[INFO] [stderr]     Checking bitflags v1.3.2
[INFO] [stderr]     Checking copyless v0.1.5
[INFO] [stderr]     Checking regex-syntax v0.8.2
[INFO] [stderr]     Checking rand v0.7.3
[INFO] [stderr]     Checking linked-hash-map v0.5.6
[INFO] [stderr]     Checking byte-tools v0.3.1
[INFO] [stderr]     Checking resolv-conf v0.6.3
[INFO] [stderr]     Checking block-padding v0.1.5
[INFO] [stderr]     Checking tracing v0.1.40
[INFO] [stderr]     Checking lru-cache v0.1.2
[INFO] [stderr]     Checking mio-uds v0.6.8
[INFO] [stderr]    Compiling serde_json v1.0.111
[INFO] [stderr]     Checking hashbrown v0.12.3
[INFO] [stderr]    Compiling httparse v1.8.0
[INFO] [stderr]     Checking either v1.9.0
[INFO] [stderr]     Checking tokio v0.2.25
[INFO] [stderr]     Checking idna v0.5.0
[INFO] [stderr]     Checking generic-array v0.12.4
[INFO] [stderr]     Checking idna v0.2.3
[INFO] [stderr]     Checking ryu v1.0.16
[INFO] [stderr]     Checking block-buffer v0.7.3
[INFO] [stderr]     Checking digest v0.8.1
[INFO] [stderr]     Checking opaque-debug v0.2.3
[INFO] [stderr]     Checking itoa v0.4.8
[INFO] [stderr]     Checking iana-time-zone v0.1.59
[INFO] [stderr]     Checking fake-simd v0.1.2
[INFO] [stderr]     Checking dtoa v0.4.8
[INFO] [stderr]     Checking sha-1 v0.8.2
[INFO] [stderr]     Checking fxhash v0.2.1
[INFO] [stderr]     Checking url v2.5.0
[INFO] [stderr]     Checking time v0.1.45
[INFO] [stderr]     Checking bytestring v0.1.5
[INFO] [stderr]     Checking encoding_rs v0.8.33
[INFO] [stderr]     Checking base64 v0.11.0
[INFO] [stderr]     Checking mime v0.3.17
[INFO] [stderr]     Checking language-tags v0.2.2
[INFO] [stderr]    Compiling openssl-sys v0.9.98
[INFO] [stderr]    Compiling backtrace v0.3.69
[INFO] [stderr]     Checking chrono v0.4.31
[INFO] [stderr]     Checking addr2line v0.21.0
[INFO] [stderr]     Checking serde_urlencoded v0.6.1
[INFO] [stderr]     Checking regex-automata v0.4.3
[INFO] [stderr]    Compiling futures-macro v0.3.30
[INFO] [stderr]    Compiling pin-project-internal v1.1.3
[INFO] [stderr]    Compiling openssl-macros v0.1.1
[INFO] [stderr]    Compiling synstructure v0.12.6
[INFO] [stderr]     Checking tokio-util v0.2.0
[INFO] [stderr]     Checking tokio-util v0.3.1
[INFO] [stderr]     Checking actori-codec v0.2.0
[INFO] [stderr]     Checking futures-util v0.3.30
[INFO] [stderr]    Compiling derive_more v0.99.17
[INFO] [stderr]    Compiling actori-macros v0.1.1
[INFO] [stderr]    Compiling enum-as-inner v0.3.4
[INFO] [stderr]     Checking regex v1.10.2
[INFO] [stderr]     Checking actori-router v0.2.4
[INFO] [stderr]     Checking pin-project v1.1.3
[INFO] [stderr]     Checking tracing-futures v0.2.5
[INFO] [stderr]     Checking failure v0.1.8
[INFO] [stderr]     Checking pin-project v0.4.30
[INFO] [stderr]     Checking futures-executor v0.3.30
[INFO] [stderr]     Checking actori-service v1.0.5
[INFO] [stderr]     Checking h2 v0.2.7
[INFO] [stderr]     Checking futures v0.3.30
[INFO] [stderr]     Checking trust-dns-proto v0.18.0-alpha.2
[INFO] [stderr]     Checking tokio-openssl v0.4.0
[INFO] [stderr]     Checking actori-threadpool v0.3.1
[INFO] [stderr]     Checking trust-dns-resolver v0.18.0-alpha.2
[INFO] [stderr]     Checking actori-rt v1.0.0
[INFO] [stderr]     Checking actori-utils v1.0.6
[INFO] [stderr]     Checking actori-connect v1.0.2
[INFO] [stderr]     Checking actori-http v1.0.1
[INFO] [stdout] error[E0277]: cannot subtract `chrono::Duration` from `Tm`
[INFO] [stdout]    --> /opt/rustwide/cargo-home/registry/src/index.crates.io-6f17d22bba15001f/actori-http-1.0.1/src/cookie/jar.rs:224:44
[INFO] [stdout]     |
[INFO] [stdout] 224 |             cookie.set_expires(time::now() - Duration::days(365));
[INFO] [stdout]     |                                            ^ no implementation for `Tm - chrono::Duration`
[INFO] [stdout]     |
[INFO] [stdout]     = help: the trait `Sub<chrono::Duration>` is not implemented for `Tm`
[INFO] [stdout]     = help: the following other types implement trait `Sub<Rhs>`:
[INFO] [stdout]               <Tm as Sub<time::Duration>>
[INFO] [stdout]               <Tm as Sub>
[INFO] [stdout] 
[INFO] [stdout] 
[INFO] [stdout] error[E0308]: mismatched types
[INFO] [stdout]    --> /opt/rustwide/cargo-home/registry/src/index.crates.io-6f17d22bba15001f/actori-http-1.0.1/src/cookie/mod.rs:736:40
[INFO] [stdout]     |
[INFO] [stdout] 736 |         self.set_expires(time::now() + twenty_years);
[INFO] [stdout]     |                                        ^^^^^^^^^^^^ expected `time::Duration`, found `chrono::Duration`
[INFO] [stdout]     |
[INFO] [stdout]     = note: `chrono::Duration` and `time::Duration` have similar names, but are actually distinct types
[INFO] [stdout] note: `chrono::Duration` is defined in crate `chrono`
[INFO] [stdout]    --> /opt/rustwide/cargo-home/registry/src/index.crates.io-6f17d22bba15001f/chrono-0.4.31/src/duration.rs:55:1
[INFO] [stdout]     |
[INFO] [stdout] 55  | pub struct Duration {
[INFO] [stdout]     | ^^^^^^^^^^^^^^^^^^^
[INFO] [stdout] note: `time::Duration` is defined in crate `time`
[INFO] [stdout]    --> /opt/rustwide/cargo-home/registry/src/index.crates.io-6f17d22bba15001f/time-0.1.45/src/duration.rs:45:1
[INFO] [stdout]     |
[INFO] [stdout] 45  | pub struct Duration {
[INFO] [stdout]     | ^^^^^^^^^^^^^^^^^^^
[INFO] [stdout] 
[INFO] [stdout] 
[INFO] [stdout] error: aborting due to 2 previous errors
[INFO] [stdout] 
[INFO] [stdout] 
[INFO] [stdout] Some errors have detailed explanations: E0277, E0308.
[INFO] [stdout] 
[INFO] [stdout] For more information about an error, try `rustc --explain E0277`.
[INFO] [stdout] 
[INFO] [stderr] error: could not compile `actori-http` (lib) due to 3 previous errors
[INFO] running `Command { std: "docker" "inspect" "a48eff55b3eb0440448777c1f4d5a66794c8c48de8edcbb78955e94325ec33c4", kill_on_drop: false }`
[INFO] running `Command { std: "docker" "rm" "-f" "a48eff55b3eb0440448777c1f4d5a66794c8c48de8edcbb78955e94325ec33c4", kill_on_drop: false }`
[INFO] [stdout] a48eff55b3eb0440448777c1f4d5a66794c8c48de8edcbb78955e94325ec33c4
[INFO] documenting actori-framed-0.3.0 against beta-2023-12-22 for beta-1.76-rustdoc-1
[INFO] extracting crate actori-framed 0.3.0 into /workspace/builds/worker-3-tc2/source
[INFO] validating manifest of crates.io crate actori-framed 0.3.0 on toolchain beta-2023-12-22
[INFO] running `Command { std: CARGO_HOME="/workspace/cargo-home" RUSTUP_HOME="/workspace/rustup-home" "/workspace/cargo-home/bin/cargo" "+beta-2023-12-22" "metadata" "--manifest-path" "Cargo.toml" "--no-deps", kill_on_drop: false }`
[INFO] started tweaking crates.io crate actori-framed 0.3.0
[INFO] finished tweaking crates.io crate actori-framed 0.3.0
[INFO] tweaked toml for crates.io crate actori-framed 0.3.0 written to /workspace/builds/worker-3-tc2/source/Cargo.toml
[INFO] running `Command { std: CARGO_HOME="/workspace/cargo-home" RUSTUP_HOME="/workspace/rustup-home" "/workspace/cargo-home/bin/cargo" "+beta-2023-12-22" "generate-lockfile" "--manifest-path" "Cargo.toml", kill_on_drop: false }`
[INFO] [stderr]     Updating crates.io index
[INFO] running `Command { std: CARGO_HOME="/workspace/cargo-home" RUSTUP_HOME="/workspace/rustup-home" "/workspace/cargo-home/bin/cargo" "+beta-2023-12-22" "fetch" "--manifest-path" "Cargo.toml", kill_on_drop: false }`
[INFO] running `Command { std: "docker" "create" "-v" "/var/lib/crater-agent-workspace/builds/worker-3-tc2/target:/opt/rustwide/target:rw,Z" "-v" "/var/lib/crater-agent-workspace/builds/worker-3-tc2/source:/opt/rustwide/workdir:ro,Z" "-v" "/var/lib/crater-agent-workspace/cargo-home:/opt/rustwide/cargo-home:ro,Z" "-v" "/var/lib/crater-agent-workspace/rustup-home:/opt/rustwide/rustup-home:ro,Z" "-e" "SOURCE_DIR=/opt/rustwide/workdir" "-e" "CARGO_TARGET_DIR=/opt/rustwide/target" "-e" "CARGO_HOME=/opt/rustwide/cargo-home" "-e" "RUSTUP_HOME=/opt/rustwide/rustup-home" "-w" "/opt/rustwide/workdir" "-m" "1610612736" "--user" "0:0" "--network" "none" "ghcr.io/rust-lang/crates-build-env/linux@sha256:2788e3201cd34a07e3172128adcd8b3090168a8e3bcc40d7c032b9dda1df7d1c" "/opt/rustwide/cargo-home/bin/cargo" "+beta-2023-12-22" "metadata" "--no-deps" "--format-version=1", kill_on_drop: false }`
[INFO] [stdout] bb6c7d1f11960ebd8465122cf7f0ad0b590acd71bc2bb7329209f0af07e67201
[INFO] running `Command { std: "docker" "start" "-a" "bb6c7d1f11960ebd8465122cf7f0ad0b590acd71bc2bb7329209f0af07e67201", kill_on_drop: false }`
[INFO] running `Command { std: "docker" "inspect" "bb6c7d1f11960ebd8465122cf7f0ad0b590acd71bc2bb7329209f0af07e67201", kill_on_drop: false }`
[INFO] running `Command { std: "docker" "rm" "-f" "bb6c7d1f11960ebd8465122cf7f0ad0b590acd71bc2bb7329209f0af07e67201", kill_on_drop: false }`
[INFO] [stdout] bb6c7d1f11960ebd8465122cf7f0ad0b590acd71bc2bb7329209f0af07e67201
[INFO] running `Command { std: "docker" "create" "-v" "/var/lib/crater-agent-workspace/builds/worker-3-tc2/target:/opt/rustwide/target:rw,Z" "-v" "/var/lib/crater-agent-workspace/builds/worker-3-tc2/source:/opt/rustwide/workdir:ro,Z" "-v" "/var/lib/crater-agent-workspace/cargo-home:/opt/rustwide/cargo-home:ro,Z" "-v" "/var/lib/crater-agent-workspace/rustup-home:/opt/rustwide/rustup-home:ro,Z" "-e" "SOURCE_DIR=/opt/rustwide/workdir" "-e" "CARGO_TARGET_DIR=/opt/rustwide/target" "-e" "CARGO_INCREMENTAL=0" "-e" "RUST_BACKTRACE=full" "-e" "RUSTFLAGS=--cap-lints=warn" "-e" "RUSTDOCFLAGS=--cap-lints=warn" "-e" "CARGO_HOME=/opt/rustwide/cargo-home" "-e" "RUSTUP_HOME=/opt/rustwide/rustup-home" "-w" "/opt/rustwide/workdir" "-m" "1610612736" "--user" "0:0" "--network" "none" "ghcr.io/rust-lang/crates-build-env/linux@sha256:2788e3201cd34a07e3172128adcd8b3090168a8e3bcc40d7c032b9dda1df7d1c" "/opt/rustwide/cargo-home/bin/cargo" "+beta-2023-12-22" "doc" "--frozen" "--no-deps" "--document-private-items" "--message-format=json", kill_on_drop: false }`
[INFO] [stdout] d4e935abe8adc37bd9d888713726d3d73f5c823749635f663e678bca7f9f5976
[INFO] running `Command { std: "docker" "start" "-a" "d4e935abe8adc37bd9d888713726d3d73f5c823749635f663e678bca7f9f5976", kill_on_drop: false }`
[INFO] [stderr]    Compiling libc v0.2.151
[INFO] [stderr]    Compiling proc-macro2 v1.0.76
[INFO] [stderr]    Compiling unicode-ident v1.0.12
[INFO] [stderr]    Compiling autocfg v1.1.0
[INFO] [stderr]     Checking memchr v2.7.1
[INFO] [stderr]     Checking cfg-if v0.1.10
[INFO] [stderr]     Checking log v0.4.20
[INFO] [stderr]    Compiling syn v1.0.109
[INFO] [stderr]     Checking futures-core v0.3.30
[INFO] [stderr]     Checking futures-sink v0.3.30
[INFO] [stderr]     Checking bytes v0.5.6
[INFO] [stderr]     Checking cfg-if v1.0.0
[INFO] [stderr]     Checking pin-project-lite v0.2.13
[INFO] [stderr]     Checking lazy_static v1.4.0
[INFO] [stderr]     Checking pin-project-lite v0.1.12
[INFO] [stderr]     Checking pin-utils v0.1.0
[INFO] [stderr]     Checking futures-task v0.3.30
[INFO] [stderr]     Checking futures-io v0.3.30
[INFO] [stderr]     Checking tinyvec_macros v0.1.1
[INFO] [stderr]     Checking smallvec v1.11.2
[INFO] [stderr]    Compiling getrandom v0.1.16
[INFO] [stderr]     Checking unicode-bidi v0.3.14
[INFO] [stderr]     Checking futures-channel v0.3.30
[INFO] [stderr]    Compiling vcpkg v0.2.15
[INFO] [stderr]     Checking tinyvec v1.6.0
[INFO] [stderr]    Compiling pkg-config v0.3.28
[INFO] [stderr]     Checking once_cell v1.19.0
[INFO] [stderr]    Compiling failure_derive v0.1.8
[INFO] [stderr]    Compiling typenum v1.17.0
[INFO] [stderr]    Compiling unicode-xid v0.2.4
[INFO] [stderr]     Checking gimli v0.28.1
[INFO] [stderr]     Checking scopeguard v1.2.0
[INFO] [stderr]    Compiling pin-project-internal v0.4.30
[INFO] [stderr]     Checking adler v1.0.2
[INFO] [stderr]     Checking percent-encoding v2.3.1
[INFO] [stderr]     Checking lock_api v0.3.4
[INFO] [stderr]     Checking object v0.32.2
[INFO] [stderr]     Checking ppv-lite86 v0.2.17
[INFO] [stderr]    Compiling serde v1.0.195
[INFO] [stderr]     Checking miniz_oxide v0.7.1
[INFO] [stderr]     Checking form_urlencoded v1.2.1
[INFO] [stderr]    Compiling slab v0.4.9
[INFO] [stderr]    Compiling convert_case v0.4.0
[INFO] [stderr]     Checking itoa v1.0.10
[INFO] [stderr]     Checking rustc-demangle v0.1.23
[INFO] [stderr]    Compiling async-trait v0.1.77
[INFO] [stderr]     Checking match_cfg v0.1.0
[INFO] [stderr]     Checking unicode-normalization v0.1.22
[INFO] [stderr]    Compiling openssl v0.10.62
[INFO] [stderr]    Compiling heck v0.4.1
[INFO] [stderr]     Checking foreign-types-shared v0.1.1
[INFO] [stderr]     Checking matches v0.1.10
[INFO] [stderr]     Checking fnv v1.0.7
[INFO] [stderr]     Checking bytes v1.5.0
[INFO] [stderr]     Checking foreign-types v0.3.2
[INFO] [stderr]    Compiling num-traits v0.2.17
[INFO] [stderr]    Compiling indexmap v1.9.3
[INFO] [stderr]     Checking iovec v0.1.4
[INFO] [stderr]     Checking net2 v0.2.39
[INFO] [stderr]    Compiling quote v1.0.35
[INFO] [stderr]     Checking signal-hook-registry v1.4.1
[INFO] [stderr]     Checking num_cpus v1.16.0
[INFO] [stderr]     Checking parking_lot_core v0.7.3
[INFO] [stderr]    Compiling cc v1.0.83
[INFO] [stderr]     Checking idna v0.5.0
[INFO] [stderr]     Checking mio v0.6.23
[INFO] [stderr]     Checking threadpool v1.8.1
[INFO] [stderr]     Checking idna v0.2.3
[INFO] [stderr]     Checking rand_core v0.5.1
[INFO] [stderr]    Compiling syn v2.0.48
[INFO] [stderr]     Checking parking_lot v0.10.2
[INFO] [stderr]     Checking rand_chacha v0.2.2
[INFO] [stderr]     Checking socket2 v0.3.19
[INFO] [stderr]     Checking http v0.2.11
[INFO] [stderr]     Checking hostname v0.3.1
[INFO] [stderr]     Checking aho-corasick v1.1.2
[INFO] [stderr]     Checking tracing-core v0.1.32
[INFO] [stderr]     Checking regex-syntax v0.8.2
[INFO] [stderr]     Checking rand v0.7.3
[INFO] [stderr]     Checking byte-tools v0.3.1
[INFO] [stderr]     Checking bitflags v2.4.1
[INFO] [stderr]     Checking url v2.5.0
[INFO] [stderr]     Checking mio-uds v0.6.8
[INFO] [stderr]     Checking generic-array v0.12.4
[INFO] [stderr]     Checking copyless v0.1.5
[INFO] [stderr]     Checking byteorder v1.5.0
[INFO] [stderr]     Checking bitflags v1.3.2
[INFO] [stderr]     Checking linked-hash-map v0.5.6
[INFO] [stderr]     Checking quick-error v1.2.3
[INFO] [stderr]     Checking tokio v0.2.25
[INFO] [stderr]     Checking tracing v0.1.40
[INFO] [stderr]     Checking resolv-conf v0.6.3
[INFO] [stderr]     Checking lru-cache v0.1.2
[INFO] [stderr]     Checking block-padding v0.1.5
[INFO] [stderr]     Checking hashbrown v0.12.3
[INFO] [stderr]    Compiling serde_json v1.0.111
[INFO] [stderr]    Compiling httparse v1.8.0
[INFO] [stderr]     Checking either v1.9.0
[INFO] [stderr]     Checking addr2line v0.21.0
[INFO] [stderr]     Checking block-buffer v0.7.3
[INFO] [stderr]     Checking digest v0.8.1
[INFO] [stderr]     Checking ryu v1.0.16
[INFO] [stderr]     Checking dtoa v0.4.8
[INFO] [stderr]     Checking itoa v0.4.8
[INFO] [stderr]     Checking fake-simd v0.1.2
[INFO] [stderr]     Checking opaque-debug v0.2.3
[INFO] [stderr]     Checking iana-time-zone v0.1.59
[INFO] [stderr]     Checking fxhash v0.2.1
[INFO] [stderr]     Checking time v0.1.45
[INFO] [stderr]     Checking sha-1 v0.8.2
[INFO] [stderr]     Checking bytestring v0.1.5
[INFO] [stderr]     Checking encoding_rs v0.8.33
[INFO] [stderr]     Checking base64 v0.11.0
[INFO] [stderr]     Checking mime v0.3.17
[INFO] [stderr]     Checking language-tags v0.2.2
[INFO] [stderr]    Compiling backtrace v0.3.69
[INFO] [stderr]    Compiling openssl-sys v0.9.98
[INFO] [stderr]     Checking chrono v0.4.31
[INFO] [stderr]     Checking regex-automata v0.4.3
[INFO] [stderr]     Checking serde_urlencoded v0.6.1
[INFO] [stderr]    Compiling futures-macro v0.3.30
[INFO] [stderr]    Compiling openssl-macros v0.1.1
[INFO] [stderr]    Compiling pin-project-internal v1.1.3
[INFO] [stderr]     Checking tokio-util v0.2.0
[INFO] [stderr]     Checking tokio-util v0.3.1
[INFO] [stderr]     Checking futures-util v0.3.30
[INFO] [stderr]     Checking actori-codec v0.2.0
[INFO] [stderr]    Compiling synstructure v0.12.6
[INFO] [stderr]     Checking regex v1.10.2
[INFO] [stderr]     Checking actori-router v0.2.4
[INFO] [stderr]     Checking pin-project v1.1.3
[INFO] [stderr]     Checking tracing-futures v0.2.5
[INFO] [stderr]    Compiling derive_more v0.99.17
[INFO] [stderr]    Compiling actori-macros v0.1.1
[INFO] [stderr]    Compiling enum-as-inner v0.3.4
[INFO] [stderr]     Checking failure v0.1.8
[INFO] [stderr]     Checking pin-project v0.4.30
[INFO] [stderr]     Checking tokio-openssl v0.4.0
[INFO] [stderr]     Checking futures-executor v0.3.30
[INFO] [stderr]     Checking actori-service v1.0.5
[INFO] [stderr]     Checking h2 v0.2.7
[INFO] [stderr]     Checking futures v0.3.30
[INFO] [stderr]     Checking trust-dns-proto v0.18.0-alpha.2
[INFO] [stderr]     Checking actori-threadpool v0.3.1
[INFO] [stderr]     Checking actori-rt v1.0.0
[INFO] [stderr]     Checking trust-dns-resolver v0.18.0-alpha.2
[INFO] [stderr]     Checking actori-utils v1.0.6
[INFO] [stderr]     Checking actori-connect v1.0.2
[INFO] [stderr]     Checking actori-http v1.0.1
[INFO] [stdout] error[E0277]: cannot subtract `chrono::Duration` from `Tm`
[INFO] [stdout]    --> /opt/rustwide/cargo-home/registry/src/index.crates.io-6f17d22bba15001f/actori-http-1.0.1/src/cookie/jar.rs:224:44
[INFO] [stdout]     |
[INFO] [stdout] 224 |             cookie.set_expires(time::now() - Duration::days(365));
[INFO] [stdout]     |                                            ^ no implementation for `Tm - chrono::Duration`
[INFO] [stdout]     |
[INFO] [stdout]     = help: the trait `Sub<chrono::Duration>` is not implemented for `Tm`
[INFO] [stdout]     = help: the following other types implement trait `Sub<Rhs>`:
[INFO] [stdout]               <Tm as Sub<time::Duration>>
[INFO] [stdout]               <Tm as Sub>
[INFO] [stdout] 
[INFO] [stdout] 
[INFO] [stdout] error[E0308]: mismatched types
[INFO] [stdout]    --> /opt/rustwide/cargo-home/registry/src/index.crates.io-6f17d22bba15001f/actori-http-1.0.1/src/cookie/mod.rs:736:40
[INFO] [stdout]     |
[INFO] [stdout] 736 |         self.set_expires(time::now() + twenty_years);
[INFO] [stdout]     |                                        ^^^^^^^^^^^^ expected `time::Duration`, found `chrono::Duration`
[INFO] [stdout]     |
[INFO] [stdout]     = note: `chrono::Duration` and `time::Duration` have similar names, but are actually distinct types
[INFO] [stdout] note: `chrono::Duration` is defined in crate `chrono`
[INFO] [stdout]    --> /opt/rustwide/cargo-home/registry/src/index.crates.io-6f17d22bba15001f/chrono-0.4.31/src/duration.rs:55:1
[INFO] [stdout]     |
[INFO] [stdout] 55  | pub struct Duration {
[INFO] [stdout]     | ^^^^^^^^^^^^^^^^^^^
[INFO] [stdout] note: `time::Duration` is defined in crate `time`
[INFO] [stdout]    --> /opt/rustwide/cargo-home/registry/src/index.crates.io-6f17d22bba15001f/time-0.1.45/src/duration.rs:45:1
[INFO] [stdout]     |
[INFO] [stdout] 45  | pub struct Duration {
[INFO] [stdout]     | ^^^^^^^^^^^^^^^^^^^
[INFO] [stdout] 
[INFO] [stdout] 
[INFO] [stdout] error: aborting due to 2 previous errors
[INFO] [stdout] 
[INFO] [stdout] 
[INFO] [stdout] Some errors have detailed explanations: E0277, E0308.
[INFO] [stdout] 
[INFO] [stdout] For more information about an error, try `rustc --explain E0277`.
[INFO] [stdout] 
[INFO] [stderr] error: could not compile `actori-http` (lib) due to 3 previous errors
[INFO] running `Command { std: "docker" "inspect" "d4e935abe8adc37bd9d888713726d3d73f5c823749635f663e678bca7f9f5976", kill_on_drop: false }`
[INFO] running `Command { std: "docker" "rm" "-f" "d4e935abe8adc37bd9d888713726d3d73f5c823749635f663e678bca7f9f5976", kill_on_drop: false }`
[INFO] [stdout] d4e935abe8adc37bd9d888713726d3d73f5c823749635f663e678bca7f9f5976
