[INFO] fetching crate acrylic-wayland 0.3.5...
[INFO] documenting acrylic-wayland-0.3.5 against 1.75.0 for beta-1.76-rustdoc-1
[INFO] extracting crate acrylic-wayland 0.3.5 into /workspace/builds/worker-1-tc1/source
[INFO] validating manifest of crates.io crate acrylic-wayland 0.3.5 on toolchain 1.75.0
[INFO] running `Command { std: CARGO_HOME="/workspace/cargo-home" RUSTUP_HOME="/workspace/rustup-home" "/workspace/cargo-home/bin/cargo" "+1.75.0" "metadata" "--manifest-path" "Cargo.toml" "--no-deps", kill_on_drop: false }`
[INFO] started tweaking crates.io crate acrylic-wayland 0.3.5
[INFO] finished tweaking crates.io crate acrylic-wayland 0.3.5
[INFO] tweaked toml for crates.io crate acrylic-wayland 0.3.5 written to /workspace/builds/worker-1-tc1/source/Cargo.toml
[INFO] running `Command { std: CARGO_HOME="/workspace/cargo-home" RUSTUP_HOME="/workspace/rustup-home" "/workspace/cargo-home/bin/cargo" "+1.75.0" "generate-lockfile" "--manifest-path" "Cargo.toml", kill_on_drop: false }`
[INFO] [stderr]     Updating crates.io index
[INFO] running `Command { std: CARGO_HOME="/workspace/cargo-home" RUSTUP_HOME="/workspace/rustup-home" "/workspace/cargo-home/bin/cargo" "+1.75.0" "fetch" "--manifest-path" "Cargo.toml", kill_on_drop: false }`
[INFO] [stderr]  Downloading crates ...
[INFO] [stderr]   Downloaded time-core v0.1.2
[INFO] [stderr]   Downloaded wayland-sys v0.30.1
[INFO] [stderr]   Downloaded num_threads v0.1.6
[INFO] [stderr]   Downloaded memoffset v0.7.1
[INFO] [stderr]   Downloaded rustc_version v0.4.0
[INFO] [stderr]   Downloaded wayland-client v0.30.2
[INFO] [stderr]   Downloaded fixed v1.24.0
[INFO] [stderr]   Downloaded zune-inflate v0.2.54
[INFO] [stderr]   Downloaded downcast-rs v1.2.0
[INFO] [stderr]   Downloaded zerocopy-derive v0.7.32
[INFO] [stderr]   Downloaded quick-xml v0.28.2
[INFO] [stderr]   Downloaded deranged v0.3.11
[INFO] [stderr]   Downloaded arcstr v1.1.5
[INFO] [stderr]   Downloaded litemap v0.7.2
[INFO] [stderr]   Downloaded wayland-scanner v0.30.1
[INFO] [stderr]   Downloaded wayland-backend v0.1.2
[INFO] [stderr]   Downloaded wayland-protocols v0.30.1
[INFO] [stderr]   Downloaded time-macros v0.2.16
[INFO] [stderr]   Downloaded xmlparser v0.13.6
[INFO] [stderr]   Downloaded zune-core v0.2.14
[INFO] [stderr]   Downloaded nix v0.26.4
[INFO] [stderr]   Downloaded colored v2.1.0
[INFO] [stderr]   Downloaded io-lifetimes v1.0.11
[INFO] [stderr]   Downloaded zerocopy v0.7.32
[INFO] [stderr]   Downloaded rgb v0.8.37
[INFO] [stderr]   Downloaded ttf-parser v0.18.1
[INFO] [stderr]   Downloaded powerfmt v0.2.0
[INFO] [stderr]   Downloaded memmap v0.7.0
[INFO] [stderr]   Downloaded half v2.3.1
[INFO] [stderr]   Downloaded simple_logger v4.3.3
[INFO] [stderr]   Downloaded oakwood v0.1.4
[INFO] [stderr]   Downloaded simd-blit v1.0.1
[INFO] [stderr]   Downloaded ahash v0.8.7
[INFO] [stderr]   Downloaded time v0.3.31
[INFO] [stderr]   Downloaded dlib v0.5.2
[INFO] [stderr]   Downloaded vek v0.15.10
[INFO] [stderr]   Downloaded wizdraw v1.2.1
[INFO] [stderr]   Downloaded lmfu v1.3.1
[INFO] [stderr]   Downloaded zune-png v0.2.1
[INFO] [stderr]   Downloaded railway v0.3.3
[INFO] [stderr]   Downloaded strpool v1.0.3
[INFO] [stderr]   Downloaded acrylic v0.3.5
[INFO] running `Command { std: "docker" "create" "-v" "/var/lib/crater-agent-workspace/builds/worker-1-tc1/target:/opt/rustwide/target:rw,Z" "-v" "/var/lib/crater-agent-workspace/builds/worker-1-tc1/source:/opt/rustwide/workdir:ro,Z" "-v" "/var/lib/crater-agent-workspace/cargo-home:/opt/rustwide/cargo-home:ro,Z" "-v" "/var/lib/crater-agent-workspace/rustup-home:/opt/rustwide/rustup-home:ro,Z" "-e" "SOURCE_DIR=/opt/rustwide/workdir" "-e" "CARGO_TARGET_DIR=/opt/rustwide/target" "-e" "CARGO_HOME=/opt/rustwide/cargo-home" "-e" "RUSTUP_HOME=/opt/rustwide/rustup-home" "-w" "/opt/rustwide/workdir" "-m" "1610612736" "--user" "0:0" "--network" "none" "ghcr.io/rust-lang/crates-build-env/linux@sha256:2788e3201cd34a07e3172128adcd8b3090168a8e3bcc40d7c032b9dda1df7d1c" "/opt/rustwide/cargo-home/bin/cargo" "+1.75.0" "metadata" "--no-deps" "--format-version=1", kill_on_drop: false }`
[INFO] [stdout] b9ac8c4fedaa028b5357cfcc6b4669261664a90e6b9b9eab225bb4f5ea18c879
[INFO] running `Command { std: "docker" "start" "-a" "b9ac8c4fedaa028b5357cfcc6b4669261664a90e6b9b9eab225bb4f5ea18c879", kill_on_drop: false }`
[INFO] running `Command { std: "docker" "inspect" "b9ac8c4fedaa028b5357cfcc6b4669261664a90e6b9b9eab225bb4f5ea18c879", kill_on_drop: false }`
[INFO] running `Command { std: "docker" "rm" "-f" "b9ac8c4fedaa028b5357cfcc6b4669261664a90e6b9b9eab225bb4f5ea18c879", kill_on_drop: false }`
[INFO] [stdout] b9ac8c4fedaa028b5357cfcc6b4669261664a90e6b9b9eab225bb4f5ea18c879
[INFO] running `Command { std: "docker" "create" "-v" "/var/lib/crater-agent-workspace/builds/worker-1-tc1/target:/opt/rustwide/target:rw,Z" "-v" "/var/lib/crater-agent-workspace/builds/worker-1-tc1/source:/opt/rustwide/workdir:ro,Z" "-v" "/var/lib/crater-agent-workspace/cargo-home:/opt/rustwide/cargo-home:ro,Z" "-v" "/var/lib/crater-agent-workspace/rustup-home:/opt/rustwide/rustup-home:ro,Z" "-e" "SOURCE_DIR=/opt/rustwide/workdir" "-e" "CARGO_TARGET_DIR=/opt/rustwide/target" "-e" "CARGO_INCREMENTAL=0" "-e" "RUST_BACKTRACE=full" "-e" "RUSTFLAGS=--cap-lints=warn" "-e" "RUSTDOCFLAGS=--cap-lints=warn" "-e" "CARGO_HOME=/opt/rustwide/cargo-home" "-e" "RUSTUP_HOME=/opt/rustwide/rustup-home" "-w" "/opt/rustwide/workdir" "-m" "1610612736" "--user" "0:0" "--network" "none" "ghcr.io/rust-lang/crates-build-env/linux@sha256:2788e3201cd34a07e3172128adcd8b3090168a8e3bcc40d7c032b9dda1df7d1c" "/opt/rustwide/cargo-home/bin/cargo" "+1.75.0" "doc" "--frozen" "--no-deps" "--document-private-items" "--message-format=json", kill_on_drop: false }`
[INFO] [stdout] 1a65f34d97e654a652cee7cd2d43cf3ee13836182d17356bc3e9c8c60a93591a
[INFO] running `Command { std: "docker" "start" "-a" "1a65f34d97e654a652cee7cd2d43cf3ee13836182d17356bc3e9c8c60a93591a", kill_on_drop: false }`
[INFO] [stderr]    Compiling autocfg v1.1.0
[INFO] [stderr]    Compiling libc v0.2.151
[INFO] [stderr]    Compiling libm v0.2.8
[INFO] [stderr]    Compiling semver v1.0.21
[INFO] [stderr]     Checking cfg-if v1.0.0
[INFO] [stderr]    Compiling ppv-lite86 v0.2.17
[INFO] [stderr]    Compiling pkg-config v0.3.28
[INFO] [stderr]    Compiling version_check v0.9.4
[INFO] [stderr]     Checking bytemuck v1.14.0
[INFO] [stderr]    Compiling num-traits v0.2.17
[INFO] [stderr]    Compiling num-integer v0.1.45
[INFO] [stderr]    Compiling rustc_version v0.4.0
[INFO] [stderr]    Compiling memoffset v0.7.1
[INFO] [stderr]    Compiling wayland-sys v0.30.1
[INFO] [stderr]    Compiling vek v0.15.10
[INFO] [stderr]    Compiling proc-macro2 v1.0.76
[INFO] [stderr]    Compiling ahash v0.8.7
[INFO] [stderr]     Checking libloading v0.8.1
[INFO] [stderr]     Checking bitflags v2.4.1
[INFO] [stderr]    Compiling io-lifetimes v1.0.11
[INFO] [stderr]     Checking dlib v0.5.2
[INFO] [stderr]    Compiling getrandom v0.2.11
[INFO] [stderr]    Compiling rand_core v0.6.4
[INFO] [stderr]    Compiling cc v1.0.83
[INFO] [stderr]    Compiling rgb v0.8.37
[INFO] [stderr]    Compiling rand_chacha v0.3.1
[INFO] [stderr]     Checking bitflags v1.3.2
[INFO] [stderr]     Checking once_cell v1.19.0
[INFO] [stderr]     Checking zerocopy v0.7.32
[INFO] [stderr]    Compiling rand v0.8.5
[INFO] [stderr]    Compiling typenum v1.17.0
[INFO] [stderr]    Compiling az v1.2.1
[INFO] [stderr]    Compiling log v0.4.20
[INFO] [stderr]     Checking approx v0.5.1
[INFO] [stderr]     Checking nix v0.26.4
[INFO] [stderr]    Compiling quick-xml v0.28.2
[INFO] [stderr]    Compiling quote v1.0.35
[INFO] [stderr]    Compiling strpool v1.0.3
[INFO] [stderr]    Compiling lmfu v1.3.1
[INFO] [stderr]     Checking downcast-rs v1.2.0
[INFO] [stderr]    Compiling wayland-backend v0.1.2
[INFO] [stderr]    Compiling rustix v0.38.28
[INFO] [stderr]     Checking simd-adler32 v0.3.7
[INFO] [stderr]    Compiling fixed v1.24.0
[INFO] [stderr]    Compiling time-core v0.1.2
[INFO] [stderr]     Checking smallvec v1.11.2
[INFO] [stderr]     Checking powerfmt v0.2.0
[INFO] [stderr]     Checking scoped-tls v1.0.1
[INFO] [stderr]    Compiling wayland-scanner v0.30.1
[INFO] [stderr]    Compiling time-macros v0.2.16
[INFO] [stderr]     Checking zune-inflate v0.2.54
[INFO] [stderr]     Checking deranged v0.3.11
[INFO] [stderr]     Checking zune-core v0.2.14
[INFO] [stderr]     Checking half v2.3.1
[INFO] [stderr]     Checking lazy_static v1.4.0
[INFO] [stderr]     Checking num_threads v0.1.6
[INFO] [stderr]     Checking arcstr v1.1.5
[INFO] [stderr]     Checking arrayvec v0.7.4
[INFO] [stderr]     Checking itoa v1.0.10
[INFO] [stderr]     Checking linux-raw-sys v0.4.12
[INFO] [stderr]     Checking litemap v0.7.2
[INFO] [stderr]     Checking colored v2.1.0
[INFO] [stderr]     Checking zune-png v0.2.1
[INFO] [stderr]     Checking wizdraw v1.2.1
[INFO] [stdout] error[E0554]: `#![feature]` may not be used on the stable release channel
[INFO] [stdout]  --> /opt/rustwide/cargo-home/registry/src/index.crates.io-6f17d22bba15001f/wizdraw-1.2.1/src/lib.rs:4:39
[INFO] [stdout]   |
[INFO] [stdout] 4 | #![cfg_attr(feature = "simd", feature(portable_simd))]
[INFO] [stdout]   |                                       ^^^^^^^^^^^^^
[INFO] [stdout] 
[INFO] [stdout] 
[INFO] [stderr]     Checking simd-blit v1.0.1
[INFO] [stdout] error: aborting due to previous error
[INFO] [stdout] 
[INFO] [stdout] 
[INFO] [stdout] For more information about this error, try `rustc --explain E0554`.
[INFO] [stdout] 
[INFO] [stderr]     Checking oakwood v0.1.4
[INFO] [stderr] error: could not compile `wizdraw` (lib) due to 2 previous errors
[INFO] [stderr] warning: build failed, waiting for other jobs to finish...
[INFO] [stdout] error[E0554]: `#![feature]` may not be used on the stable release channel
[INFO] [stdout]  --> /opt/rustwide/cargo-home/registry/src/index.crates.io-6f17d22bba15001f/simd-blit-1.0.1/lib.rs:9:39
[INFO] [stdout]   |
[INFO] [stdout] 9 | #![cfg_attr(feature = "simd", feature(portable_simd))]
[INFO] [stdout]   |                                       ^^^^^^^^^^^^^
[INFO] [stdout] 
[INFO] [stdout] 
[INFO] [stdout] error: aborting due to previous error
[INFO] [stdout] 
[INFO] [stdout] 
[INFO] [stdout] For more information about this error, try `rustc --explain E0554`.
[INFO] [stdout] 
[INFO] [stderr] error: could not compile `simd-blit` (lib) due to 2 previous errors
[INFO] running `Command { std: "docker" "inspect" "1a65f34d97e654a652cee7cd2d43cf3ee13836182d17356bc3e9c8c60a93591a", kill_on_drop: false }`
[INFO] running `Command { std: "docker" "rm" "-f" "1a65f34d97e654a652cee7cd2d43cf3ee13836182d17356bc3e9c8c60a93591a", kill_on_drop: false }`
[INFO] [stdout] 1a65f34d97e654a652cee7cd2d43cf3ee13836182d17356bc3e9c8c60a93591a
[INFO] documenting acrylic-wayland-0.3.5 against beta-2023-12-22 for beta-1.76-rustdoc-1
[INFO] extracting crate acrylic-wayland 0.3.5 into /workspace/builds/worker-1-tc2/source
[INFO] validating manifest of crates.io crate acrylic-wayland 0.3.5 on toolchain beta-2023-12-22
[INFO] running `Command { std: CARGO_HOME="/workspace/cargo-home" RUSTUP_HOME="/workspace/rustup-home" "/workspace/cargo-home/bin/cargo" "+beta-2023-12-22" "metadata" "--manifest-path" "Cargo.toml" "--no-deps", kill_on_drop: false }`
[INFO] started tweaking crates.io crate acrylic-wayland 0.3.5
[INFO] finished tweaking crates.io crate acrylic-wayland 0.3.5
[INFO] tweaked toml for crates.io crate acrylic-wayland 0.3.5 written to /workspace/builds/worker-1-tc2/source/Cargo.toml
[INFO] running `Command { std: CARGO_HOME="/workspace/cargo-home" RUSTUP_HOME="/workspace/rustup-home" "/workspace/cargo-home/bin/cargo" "+beta-2023-12-22" "generate-lockfile" "--manifest-path" "Cargo.toml", kill_on_drop: false }`
[INFO] [stderr]     Updating crates.io index
[INFO] running `Command { std: CARGO_HOME="/workspace/cargo-home" RUSTUP_HOME="/workspace/rustup-home" "/workspace/cargo-home/bin/cargo" "+beta-2023-12-22" "fetch" "--manifest-path" "Cargo.toml", kill_on_drop: false }`
[INFO] running `Command { std: "docker" "create" "-v" "/var/lib/crater-agent-workspace/builds/worker-1-tc2/target:/opt/rustwide/target:rw,Z" "-v" "/var/lib/crater-agent-workspace/builds/worker-1-tc2/source:/opt/rustwide/workdir:ro,Z" "-v" "/var/lib/crater-agent-workspace/cargo-home:/opt/rustwide/cargo-home:ro,Z" "-v" "/var/lib/crater-agent-workspace/rustup-home:/opt/rustwide/rustup-home:ro,Z" "-e" "SOURCE_DIR=/opt/rustwide/workdir" "-e" "CARGO_TARGET_DIR=/opt/rustwide/target" "-e" "CARGO_HOME=/opt/rustwide/cargo-home" "-e" "RUSTUP_HOME=/opt/rustwide/rustup-home" "-w" "/opt/rustwide/workdir" "-m" "1610612736" "--user" "0:0" "--network" "none" "ghcr.io/rust-lang/crates-build-env/linux@sha256:2788e3201cd34a07e3172128adcd8b3090168a8e3bcc40d7c032b9dda1df7d1c" "/opt/rustwide/cargo-home/bin/cargo" "+beta-2023-12-22" "metadata" "--no-deps" "--format-version=1", kill_on_drop: false }`
[INFO] [stdout] aee77d6a22bab791084235a82933ba452522d5935531176eabf094eb39266907
[INFO] running `Command { std: "docker" "start" "-a" "aee77d6a22bab791084235a82933ba452522d5935531176eabf094eb39266907", kill_on_drop: false }`
[INFO] running `Command { std: "docker" "inspect" "aee77d6a22bab791084235a82933ba452522d5935531176eabf094eb39266907", kill_on_drop: false }`
[INFO] running `Command { std: "docker" "rm" "-f" "aee77d6a22bab791084235a82933ba452522d5935531176eabf094eb39266907", kill_on_drop: false }`
[INFO] [stdout] aee77d6a22bab791084235a82933ba452522d5935531176eabf094eb39266907
[INFO] running `Command { std: "docker" "create" "-v" "/var/lib/crater-agent-workspace/builds/worker-1-tc2/target:/opt/rustwide/target:rw,Z" "-v" "/var/lib/crater-agent-workspace/builds/worker-1-tc2/source:/opt/rustwide/workdir:ro,Z" "-v" "/var/lib/crater-agent-workspace/cargo-home:/opt/rustwide/cargo-home:ro,Z" "-v" "/var/lib/crater-agent-workspace/rustup-home:/opt/rustwide/rustup-home:ro,Z" "-e" "SOURCE_DIR=/opt/rustwide/workdir" "-e" "CARGO_TARGET_DIR=/opt/rustwide/target" "-e" "CARGO_INCREMENTAL=0" "-e" "RUST_BACKTRACE=full" "-e" "RUSTFLAGS=--cap-lints=warn" "-e" "RUSTDOCFLAGS=--cap-lints=warn" "-e" "CARGO_HOME=/opt/rustwide/cargo-home" "-e" "RUSTUP_HOME=/opt/rustwide/rustup-home" "-w" "/opt/rustwide/workdir" "-m" "1610612736" "--user" "0:0" "--network" "none" "ghcr.io/rust-lang/crates-build-env/linux@sha256:2788e3201cd34a07e3172128adcd8b3090168a8e3bcc40d7c032b9dda1df7d1c" "/opt/rustwide/cargo-home/bin/cargo" "+beta-2023-12-22" "doc" "--frozen" "--no-deps" "--document-private-items" "--message-format=json", kill_on_drop: false }`
[INFO] [stdout] 42e58c7cee182e30735c1506fbcb7c67946bbd5670c2bd019dbdb3579d0dd33e
[INFO] running `Command { std: "docker" "start" "-a" "42e58c7cee182e30735c1506fbcb7c67946bbd5670c2bd019dbdb3579d0dd33e", kill_on_drop: false }`
[INFO] [stderr]    Compiling autocfg v1.1.0
[INFO] [stderr]    Compiling libc v0.2.151
[INFO] [stderr]    Compiling libm v0.2.8
[INFO] [stderr]     Checking cfg-if v1.0.0
[INFO] [stderr]    Compiling semver v1.0.21
[INFO] [stderr]    Compiling ppv-lite86 v0.2.17
[INFO] [stderr]     Checking bytemuck v1.14.0
[INFO] [stderr]    Compiling pkg-config v0.3.28
[INFO] [stderr]    Compiling version_check v0.9.4
[INFO] [stderr]    Compiling num-traits v0.2.17
[INFO] [stderr]    Compiling num-integer v0.1.45
[INFO] [stderr]    Compiling rustc_version v0.4.0
[INFO] [stderr]    Compiling memoffset v0.7.1
[INFO] [stderr]    Compiling ahash v0.8.7
[INFO] [stderr]    Compiling wayland-sys v0.30.1
[INFO] [stderr]    Compiling vek v0.15.10
[INFO] [stderr]    Compiling getrandom v0.2.11
[INFO] [stderr]    Compiling cc v1.0.83
[INFO] [stderr]    Compiling proc-macro2 v1.0.76
[INFO] [stderr]     Checking libloading v0.8.1
[INFO] [stderr]    Compiling io-lifetimes v1.0.11
[INFO] [stderr]    Compiling rand_core v0.6.4
[INFO] [stderr]     Checking bitflags v2.4.1
[INFO] [stderr]     Checking dlib v0.5.2
[INFO] [stderr]    Compiling rand_chacha v0.3.1
[INFO] [stderr]    Compiling rgb v0.8.37
[INFO] [stderr]    Compiling rand v0.8.5
[INFO] [stderr]     Checking approx v0.5.1
[INFO] [stderr]     Checking zerocopy v0.7.32
[INFO] [stderr]    Compiling log v0.4.20
[INFO] [stderr]     Checking once_cell v1.19.0
[INFO] [stderr]     Checking bitflags v1.3.2
[INFO] [stderr]    Compiling az v1.2.1
[INFO] [stderr]    Compiling typenum v1.17.0
[INFO] [stderr]     Checking nix v0.26.4
[INFO] [stderr]    Compiling strpool v1.0.3
[INFO] [stderr]    Compiling lmfu v1.3.1
[INFO] [stderr]    Compiling quick-xml v0.28.2
[INFO] [stderr]    Compiling quote v1.0.35
[INFO] [stderr]    Compiling wayland-backend v0.1.2
[INFO] [stderr]    Compiling time-core v0.1.2
[INFO] [stderr]     Checking simd-adler32 v0.3.7
[INFO] [stderr]    Compiling rustix v0.38.28
[INFO] [stderr]     Checking smallvec v1.11.2
[INFO] [stderr]     Checking downcast-rs v1.2.0
[INFO] [stderr]     Checking powerfmt v0.2.0
[INFO] [stderr]    Compiling fixed v1.24.0
[INFO] [stderr]     Checking scoped-tls v1.0.1
[INFO] [stderr]     Checking zune-inflate v0.2.54
[INFO] [stderr]     Checking deranged v0.3.11
[INFO] [stderr]    Compiling time-macros v0.2.16
[INFO] [stderr]    Compiling wayland-scanner v0.30.1
[INFO] [stderr]     Checking zune-core v0.2.14
[INFO] [stderr]     Checking half v2.3.1
[INFO] [stderr]     Checking arrayvec v0.7.4
[INFO] [stderr]     Checking lazy_static v1.4.0
[INFO] [stderr]     Checking linux-raw-sys v0.4.12
[INFO] [stderr]     Checking litemap v0.7.2
[INFO] [stderr]     Checking num_threads v0.1.6
[INFO] [stderr]     Checking arcstr v1.1.5
[INFO] [stderr]     Checking itoa v1.0.10
[INFO] [stderr]     Checking colored v2.1.0
[INFO] [stderr]     Checking zune-png v0.2.1
[INFO] [stderr]     Checking simd-blit v1.0.1
[INFO] [stdout] error[E0432]: unresolved imports `core::simd::SimdPartialOrd`, `core::simd::SimdUint`
[INFO] [stdout]  --> /opt/rustwide/cargo-home/registry/src/index.crates.io-6f17d22bba15001f/simd-blit-1.0.1/simd.rs:4:5
[INFO] [stdout]   |
[INFO] [stdout] 4 |     SimdPartialOrd,
[INFO] [stdout]   |     ^^^^^^^^^^^^^^ no `SimdPartialOrd` in `simd`
[INFO] [stdout] 5 |     SimdUint,
[INFO] [stdout]   |     ^^^^^^^^ no `SimdUint` in `simd`
[INFO] [stdout]   |
[INFO] [stdout]   = help: consider importing this trait instead:
[INFO] [stdout]           core::simd::prelude::SimdPartialOrd
[INFO] [stdout]   = help: consider importing this trait instead:
[INFO] [stdout]           core::simd::prelude::SimdUint
[INFO] [stdout] 
[INFO] [stdout] 
[INFO] [stdout] error[E0554]: `#![feature]` may not be used on the beta release channel
[INFO] [stdout]  --> /opt/rustwide/cargo-home/registry/src/index.crates.io-6f17d22bba15001f/simd-blit-1.0.1/lib.rs:9:39
[INFO] [stdout]   |
[INFO] [stdout] 9 | #![cfg_attr(feature = "simd", feature(portable_simd))]
[INFO] [stdout]   |                                       ^^^^^^^^^^^^^
[INFO] [stdout] 
[INFO] [stdout] 
[INFO] [stdout] error[E0599]: no method named `cast` found for struct `Simd` in the current scope
[INFO] [stdout]   --> /opt/rustwide/cargo-home/registry/src/index.crates.io-6f17d22bba15001f/simd-blit-1.0.1/simd.rs:24:39
[INFO] [stdout]    |
[INFO] [stdout] 24 |         Self(u8x32::from_array(array).cast())
[INFO] [stdout]    |                                       ^^^^ method not found in `Simd<u8, 32>`
[INFO] [stdout]   --> /rustc/0e09125c6c3c2fd70d7de961bcf0e51575235fad/library/core/src/../../portable-simd/crates/core_simd/src/simd/num/uint.rs:17:8
[INFO] [stdout]    |
[INFO] [stdout]    = note: the method is available for `Simd<u8, 32>` here
[INFO] [stdout]    |
[INFO] [stdout]    = help: items from traits can only be used if the trait is in scope
[INFO] [stdout] help: the following trait is implemented but not in scope; perhaps add a `use` for it:
[INFO] [stdout]    |
[INFO] [stdout] 1  + use core::simd::num::SimdUint;
[INFO] [stdout]    |
[INFO] [stdout] 
[INFO] [stdout] 
[INFO] [stdout] error[E0599]: no method named `cast` found for struct `Simd` in the current scope
[INFO] [stdout]   --> /opt/rustwide/cargo-home/registry/src/index.crates.io-6f17d22bba15001f/simd-blit-1.0.1/simd.rs:29:36
[INFO] [stdout]    |
[INFO] [stdout] 29 |         let u8simd: u8x32 = self.0.cast();
[INFO] [stdout]    |                                    ^^^^ method not found in `Simd<u16, 32>`
[INFO] [stdout]   --> /rustc/0e09125c6c3c2fd70d7de961bcf0e51575235fad/library/core/src/../../portable-simd/crates/core_simd/src/simd/num/uint.rs:17:8
[INFO] [stdout]    |
[INFO] [stdout]    = note: the method is available for `Simd<u16, 32>` here
[INFO] [stdout]    |
[INFO] [stdout]    = help: items from traits can only be used if the trait is in scope
[INFO] [stdout] help: the following trait is implemented but not in scope; perhaps add a `use` for it:
[INFO] [stdout]    |
[INFO] [stdout] 1  + use core::simd::num::SimdUint;
[INFO] [stdout]    |
[INFO] [stdout] 
[INFO] [stdout] 
[INFO] [stdout] error[E0599]: no method named `simd_lt` found for struct `Simd` in the current scope
[INFO] [stdout]    --> /opt/rustwide/cargo-home/registry/src/index.crates.io-6f17d22bba15001f/simd-blit-1.0.1/simd.rs:134:30
[INFO] [stdout]     |
[INFO] [stdout] 134 |         let usable_x = src_x.simd_lt(src_w);
[INFO] [stdout]     |                              ^^^^^^^ method not found in `Simd<usize, 8>`
[INFO] [stdout]    --> /rustc/0e09125c6c3c2fd70d7de961bcf0e51575235fad/library/core/src/../../portable-simd/crates/core_simd/src/simd/cmp/ord.rs:12:8
[INFO] [stdout]     |
[INFO] [stdout]     = note: the method is available for `Simd<usize, 8>` here
[INFO] [stdout]     |
[INFO] [stdout]     = help: items from traits can only be used if the trait is in scope
[INFO] [stdout] help: the following trait is implemented but not in scope; perhaps add a `use` for it:
[INFO] [stdout]     |
[INFO] [stdout] 1   + use core::simd::cmp::SimdPartialOrd;
[INFO] [stdout]     |
[INFO] [stdout] 
[INFO] [stdout] 
[INFO] [stdout] error[E0599]: no method named `simd_lt` found for struct `Simd` in the current scope
[INFO] [stdout]    --> /opt/rustwide/cargo-home/registry/src/index.crates.io-6f17d22bba15001f/simd-blit-1.0.1/simd.rs:135:30
[INFO] [stdout]     |
[INFO] [stdout] 135 |         let usable_y = src_y.simd_lt(src_h);
[INFO] [stdout]     |                              ^^^^^^^ method not found in `Simd<usize, 8>`
[INFO] [stdout]    --> /rustc/0e09125c6c3c2fd70d7de961bcf0e51575235fad/library/core/src/../../portable-simd/crates/core_simd/src/simd/cmp/ord.rs:12:8
[INFO] [stdout]     |
[INFO] [stdout]     = note: the method is available for `Simd<usize, 8>` here
[INFO] [stdout]     |
[INFO] [stdout]     = help: items from traits can only be used if the trait is in scope
[INFO] [stdout] help: the following trait is implemented but not in scope; perhaps add a `use` for it:
[INFO] [stdout]     |
[INFO] [stdout] 1   + use core::simd::cmp::SimdPartialOrd;
[INFO] [stdout]     |
[INFO] [stdout] 
[INFO] [stdout] 
[INFO] [stdout] error[E0599]: no method named `simd_lt` found for struct `Simd` in the current scope
[INFO] [stdout]    --> /opt/rustwide/cargo-home/registry/src/index.crates.io-6f17d22bba15001f/simd-blit-1.0.1/simd.rs:136:30
[INFO] [stdout]     |
[INFO] [stdout] 136 |         let usable_l = src_i.simd_lt(src_l);
[INFO] [stdout]     |                              ^^^^^^^ method not found in `Simd<usize, 8>`
[INFO] [stdout]    --> /rustc/0e09125c6c3c2fd70d7de961bcf0e51575235fad/library/core/src/../../portable-simd/crates/core_simd/src/simd/cmp/ord.rs:12:8
[INFO] [stdout]     |
[INFO] [stdout]     = note: the method is available for `Simd<usize, 8>` here
[INFO] [stdout]     |
[INFO] [stdout]     = help: items from traits can only be used if the trait is in scope
[INFO] [stdout] help: the following trait is implemented but not in scope; perhaps add a `use` for it:
[INFO] [stdout]     |
[INFO] [stdout] 1   + use core::simd::cmp::SimdPartialOrd;
[INFO] [stdout]     |
[INFO] [stdout] 
[INFO] [stdout] 
[INFO] [stdout] error[E0599]: no method named `cast` found for struct `Simd` in the current scope
[INFO] [stdout]    --> /opt/rustwide/cargo-home/registry/src/index.crates.io-6f17d22bba15001f/simd-blit-1.0.1/simd.rs:142:61
[INFO] [stdout]     |
[INFO] [stdout] 142 |                 src_sum[src_o[j]] += u8x4::from_array(rgba).cast();
[INFO] [stdout]     |                                                             ^^^^ method not found in `Simd<u8, 4>`
[INFO] [stdout]    --> /rustc/0e09125c6c3c2fd70d7de961bcf0e51575235fad/library/core/src/../../portable-simd/crates/core_simd/src/simd/num/uint.rs:17:8
[INFO] [stdout]     |
[INFO] [stdout]     = note: the method is available for `Simd<u8, 4>` here
[INFO] [stdout]     |
[INFO] [stdout]     = help: items from traits can only be used if the trait is in scope
[INFO] [stdout] help: the following trait is implemented but not in scope; perhaps add a `use` for it:
[INFO] [stdout]     |
[INFO] [stdout] 1   + use core::simd::num::SimdUint;
[INFO] [stdout]     |
[INFO] [stdout] 
[INFO] [stdout] 
[INFO] [stdout] error: aborting due to 8 previous errors
[INFO] [stdout] 
[INFO] [stdout] 
[INFO] [stdout] Some errors have detailed explanations: E0432, E0554, E0599.
[INFO] [stdout] 
[INFO] [stdout] For more information about an error, try `rustc --explain E0432`.
[INFO] [stdout] 
[INFO] [stderr] error: could not compile `simd-blit` (lib) due to 9 previous errors
[INFO] [stderr] warning: build failed, waiting for other jobs to finish...
[INFO] running `Command { std: "docker" "inspect" "42e58c7cee182e30735c1506fbcb7c67946bbd5670c2bd019dbdb3579d0dd33e", kill_on_drop: false }`
[INFO] running `Command { std: "docker" "rm" "-f" "42e58c7cee182e30735c1506fbcb7c67946bbd5670c2bd019dbdb3579d0dd33e", kill_on_drop: false }`
[INFO] [stdout] 42e58c7cee182e30735c1506fbcb7c67946bbd5670c2bd019dbdb3579d0dd33e
