[INFO] fetching crate acceptxmr 0.13.0...
[INFO] documenting acceptxmr-0.13.0 against 1.75.0 for beta-1.76-rustdoc-1
[INFO] extracting crate acceptxmr 0.13.0 into /workspace/builds/worker-4-tc1/source
[INFO] validating manifest of crates.io crate acceptxmr 0.13.0 on toolchain 1.75.0
[INFO] running `Command { std: CARGO_HOME="/workspace/cargo-home" RUSTUP_HOME="/workspace/rustup-home" "/workspace/cargo-home/bin/cargo" "+1.75.0" "metadata" "--manifest-path" "Cargo.toml" "--no-deps", kill_on_drop: false }`
[INFO] started tweaking crates.io crate acceptxmr 0.13.0
[INFO] removed 4 missing examples
[INFO] finished tweaking crates.io crate acceptxmr 0.13.0
[INFO] tweaked toml for crates.io crate acceptxmr 0.13.0 written to /workspace/builds/worker-4-tc1/source/Cargo.toml
[INFO] crate crates.io crate acceptxmr 0.13.0 already has a lockfile, it will not be regenerated
[INFO] running `Command { std: CARGO_HOME="/workspace/cargo-home" RUSTUP_HOME="/workspace/rustup-home" "/workspace/cargo-home/bin/cargo" "+1.75.0" "fetch" "--manifest-path" "Cargo.toml", kill_on_drop: false }`
[INFO] [stderr]     Updating crates.io index
[INFO] [stderr]  Downloading crates ...
[INFO] [stderr]   Downloaded unicode-ident v1.0.11
[INFO] [stderr]   Downloaded zeroize v1.3.0
[INFO] [stderr]   Downloaded hermit-abi v0.3.2
[INFO] [stderr]   Downloaded polyval v0.6.1
[INFO] [stderr]   Downloaded local-channel v0.1.3
[INFO] [stderr]   Downloaded proc-macro2 v1.0.66
[INFO] [stderr]   Downloaded ascii-canvas v3.0.0
[INFO] [stderr]   Downloaded sluice v0.5.5
[INFO] [stderr]   Downloaded levenshtein v1.0.5
[INFO] [stderr]   Downloaded async-global-executor v2.3.1
[INFO] [stderr]   Downloaded async-executor v1.5.1
[INFO] [stderr]   Downloaded atomic-waker v1.1.1
[INFO] [stderr]   Downloaded sqlite3-sys v0.15.2
[INFO] [stderr]   Downloaded string_cache v0.8.7
[INFO] [stderr]   Downloaded inout v0.1.3
[INFO] [stderr]   Downloaded base58-monero v1.0.0
[INFO] [stderr]   Downloaded actix-router v0.5.1
[INFO] [stderr]   Downloaded actix-web v4.3.1
[INFO] [stderr]   Downloaded zstd-sys v2.0.8+zstd.1.5.5
[INFO] [stderr]   Downloaded sqlite3-src v0.5.1
[INFO] [stderr]   Downloaded libz-sys v1.1.10
[INFO] [stderr]   Downloaded libnghttp2-sys v0.1.7+1.45.0
[INFO] [stderr]   Downloaded monero v0.18.2
[INFO] [stderr]   Downloaded curl-sys v0.4.63+curl-8.1.2
[INFO] [stderr]   Downloaded encoding_rs v0.8.32
[INFO] [stderr]   Downloaded regex-automata v0.3.3
[INFO] [stderr]   Downloaded curve25519-dalek v3.2.1
[INFO] [stderr]   Downloaded curl v0.4.44
[INFO] [stderr]   Downloaded aes v0.8.3
[INFO] [stderr]   Downloaded flate2 v1.0.26
[INFO] [stderr]   Downloaded brotli-decompressor v2.3.4
[INFO] [stderr]   Downloaded aes-gcm v0.10.2
[INFO] [stderr]   Downloaded regex-syntax v0.6.29
[INFO] [stderr]   Downloaded regex v1.9.1
[INFO] [stderr]   Downloaded petgraph v0.6.3
[INFO] [stderr]   Downloaded image v0.23.14
[INFO] [stderr]   Downloaded syn v2.0.27
[INFO] [stderr]   Downloaded regex-syntax v0.7.4
[INFO] [stderr]   Downloaded rustix v0.37.23
[INFO] [stderr]   Downloaded serde_derive v1.0.174
[INFO] [stderr]   Downloaded zstd v0.12.4
[INFO] [stderr]   Downloaded actix v0.13.0
[INFO] [stderr]   Downloaded ucd-trie v0.1.6
[INFO] [stderr]   Downloaded virtue v0.0.13
[INFO] [stderr]   Downloaded async-task v4.4.0
[INFO] [stderr]   Downloaded actix-files v0.6.2
[INFO] [stderr]   Downloaded anyhow v1.0.72
[INFO] [stderr]   Downloaded ahash v0.8.3
[INFO] [stderr]   Downloaded actix-service v2.0.2
[INFO] [stderr]   Downloaded cookie v0.16.2
[INFO] [stderr]   Downloaded actix-session v0.7.2
[INFO] [stderr]   Downloaded pest_derive v2.7.1
[INFO] [stderr]   Downloaded actix-server v2.2.0
[INFO] [stderr]   Downloaded actix-http v3.3.1
[INFO] [stderr]   Downloaded rustix v0.38.4
[INFO] [stderr]   Downloaded pest v2.7.1
[INFO] [stderr]   Downloaded webpki-roots v0.23.1
[INFO] [stderr]   Downloaded time v0.3.23
[INFO] [stderr]   Downloaded sled v0.34.7
[INFO] [stderr]   Downloaded hkdf v0.12.3
[INFO] [stderr]   Downloaded cipher v0.4.4
[INFO] [stderr]   Downloaded askama_escape v0.10.3
[INFO] [stderr]   Downloaded convert_case v0.4.0
[INFO] [stderr]   Downloaded actix-utils v3.0.1
[INFO] [stderr]   Downloaded ghash v0.5.0
[INFO] [stderr]   Downloaded aead v0.5.2
[INFO] [stderr]   Downloaded actix-codec v0.5.1
[INFO] [stderr]   Downloaded actix-rt v2.8.0
[INFO] [stderr]   Downloaded language-tags v0.3.2
[INFO] [stderr]   Downloaded ctr v0.9.2
[INFO] [stderr]   Downloaded test-case v3.1.0
[INFO] [stderr]   Downloaded url v2.4.0
[INFO] [stderr]   Downloaded dirs-next v2.0.0
[INFO] [stderr]   Downloaded rustls v0.21.5
[INFO] [stderr]   Downloaded hyper-rustls v0.24.1
[INFO] [stderr]   Downloaded bincode v2.0.0-rc.3
[INFO] [stderr]   Downloaded thiserror v1.0.44
[INFO] [stderr]   Downloaded actix-web-actors v4.2.0
[INFO] [stderr]   Downloaded idna v0.4.0
[INFO] [stderr]   Downloaded fastrand v2.0.0
[INFO] [stderr]   Downloaded unicode-bidi v0.3.13
[INFO] [stderr]   Downloaded rustls-webpki v0.101.1
[INFO] [stderr]   Downloaded lalrpop v0.19.12
[INFO] [stderr]   Downloaded isahc v1.7.2
[INFO] [stderr]   Downloaded actix_derive v0.6.0
[INFO] [stderr]   Downloaded bytestring v1.3.0
[INFO] [stderr]   Downloaded pest_generator v2.7.1
[INFO] [stderr]   Downloaded blocking v1.3.1
[INFO] [stderr]   Downloaded async-trait v0.1.72
[INFO] [stderr]   Downloaded term v0.7.0
[INFO] [stderr]   Downloaded http-range v0.1.5
[INFO] [stderr]   Downloaded universal-hash v0.5.1
[INFO] [stderr]   Downloaded local-waker v0.1.3
[INFO] [stderr]   Downloaded actix-macros v0.2.4
[INFO] [stderr]   Downloaded async-channel v1.9.0
[INFO] [stderr]   Downloaded actix-web-codegen v4.2.0
[INFO] [stderr]   Downloaded strum_macros v0.25.1
[INFO] [stderr]   Downloaded strum v0.25.0
[INFO] [stderr]   Downloaded ena v0.14.2
[INFO] [stderr]   Downloaded signal-hook v0.3.17
[INFO] [stderr]   Downloaded handlebars v4.3.7
[INFO] [stderr]   Downloaded serde v1.0.174
[INFO] [stderr]   Downloaded similar v2.2.1
[INFO] [stderr]   Downloaded new_debug_unreachable v1.0.4
[INFO] [stderr]   Downloaded tracing-attributes v0.1.26
[INFO] [stderr]   Downloaded lalrpop-util v0.19.12
[INFO] [stderr]   Downloaded sealed v0.4.0
[INFO] [stderr]   Downloaded checked_int_cast v1.0.0
[INFO] [stderr]   Downloaded basic-cookies v0.1.4
[INFO] [stderr]   Downloaded bytemuck v1.13.1
[INFO] [stderr]   Downloaded num-rational v0.3.2
[INFO] [stderr]   Downloaded castaway v0.1.2
[INFO] [stderr]   Downloaded diff v0.1.13
[INFO] [stderr]   Downloaded jobserver v0.1.26
[INFO] [stderr]   Downloaded precomputed-hash v0.1.1
[INFO] [stderr]   Downloaded thiserror-impl v1.0.44
[INFO] [stderr]   Downloaded serde_regex v1.1.0
[INFO] [stderr]   Downloaded smallvec v1.11.0
[INFO] [stderr]   Downloaded gloo-timers v0.2.6
[INFO] [stderr]   Downloaded fixed-hash v0.8.0
[INFO] [stderr]   Downloaded tempfile v3.7.0
[INFO] [stderr]   Downloaded qrcode v0.12.0
[INFO] [stderr]   Downloaded pin-project-lite v0.2.10
[INFO] [stderr]   Downloaded test-case-macros v3.1.0
[INFO] [stderr]   Downloaded assert-json-diff v2.0.2
[INFO] [stderr]   Downloaded async-object-pool v0.1.4
[INFO] [stderr]   Downloaded is-terminal v0.4.9
[INFO] [stderr]   Downloaded percent-encoding v2.3.0
[INFO] [stderr]   Downloaded sha2 v0.10.7
[INFO] [stderr]   Downloaded sqlite v0.31.0
[INFO] [stderr]   Downloaded form_urlencoded v1.2.0
[INFO] [stderr]   Downloaded time-macros v0.2.10
[INFO] [stderr]   Downloaded zstd-safe v6.0.6
[INFO] [stderr]   Downloaded base64 v0.20.0
[INFO] [stderr]   Downloaded md-5 v0.10.5
[INFO] [stderr]   Downloaded httpmock v0.6.8
[INFO] [stderr]   Downloaded async-process v1.7.0
[INFO] [stderr]   Downloaded siphasher v0.3.10
[INFO] [stderr]   Downloaded phf_shared v0.10.0
[INFO] [stderr]   Downloaded value-bag v1.4.1
[INFO] [stderr]   Downloaded test-case-core v3.1.0
[INFO] [stderr]   Downloaded quote v1.0.32
[INFO] [stderr]   Downloaded wasm-bindgen-futures v0.4.37
[INFO] [stderr]   Downloaded color_quant v1.1.0
[INFO] [stderr]   Downloaded schannel v0.1.22
[INFO] [stderr]   Downloaded serde_json v1.0.103
[INFO] [stderr]   Downloaded semver v1.0.18
[INFO] [stderr]   Downloaded bincode_derive v2.0.0-rc.3
[INFO] [stderr]   Downloaded pest_meta v2.7.1
[INFO] running `Command { std: "docker" "create" "-v" "/var/lib/crater-agent-workspace/builds/worker-4-tc1/target:/opt/rustwide/target:rw,Z" "-v" "/var/lib/crater-agent-workspace/builds/worker-4-tc1/source:/opt/rustwide/workdir:ro,Z" "-v" "/var/lib/crater-agent-workspace/cargo-home:/opt/rustwide/cargo-home:ro,Z" "-v" "/var/lib/crater-agent-workspace/rustup-home:/opt/rustwide/rustup-home:ro,Z" "-e" "SOURCE_DIR=/opt/rustwide/workdir" "-e" "CARGO_TARGET_DIR=/opt/rustwide/target" "-e" "CARGO_HOME=/opt/rustwide/cargo-home" "-e" "RUSTUP_HOME=/opt/rustwide/rustup-home" "-w" "/opt/rustwide/workdir" "-m" "1610612736" "--user" "0:0" "--network" "none" "ghcr.io/rust-lang/crates-build-env/linux@sha256:2788e3201cd34a07e3172128adcd8b3090168a8e3bcc40d7c032b9dda1df7d1c" "/opt/rustwide/cargo-home/bin/cargo" "+1.75.0" "metadata" "--no-deps" "--format-version=1", kill_on_drop: false }`
[INFO] [stdout] f31bb65a063c4b9615225b5ab2d8133f49de20e17ee1848d84ebe96307b6227c
[INFO] running `Command { std: "docker" "start" "-a" "f31bb65a063c4b9615225b5ab2d8133f49de20e17ee1848d84ebe96307b6227c", kill_on_drop: false }`
[INFO] running `Command { std: "docker" "inspect" "f31bb65a063c4b9615225b5ab2d8133f49de20e17ee1848d84ebe96307b6227c", kill_on_drop: false }`
[INFO] running `Command { std: "docker" "rm" "-f" "f31bb65a063c4b9615225b5ab2d8133f49de20e17ee1848d84ebe96307b6227c", kill_on_drop: false }`
[INFO] [stdout] f31bb65a063c4b9615225b5ab2d8133f49de20e17ee1848d84ebe96307b6227c
[INFO] running `Command { std: "docker" "create" "-v" "/var/lib/crater-agent-workspace/builds/worker-4-tc1/target:/opt/rustwide/target:rw,Z" "-v" "/var/lib/crater-agent-workspace/builds/worker-4-tc1/source:/opt/rustwide/workdir:ro,Z" "-v" "/var/lib/crater-agent-workspace/cargo-home:/opt/rustwide/cargo-home:ro,Z" "-v" "/var/lib/crater-agent-workspace/rustup-home:/opt/rustwide/rustup-home:ro,Z" "-e" "SOURCE_DIR=/opt/rustwide/workdir" "-e" "CARGO_TARGET_DIR=/opt/rustwide/target" "-e" "CARGO_INCREMENTAL=0" "-e" "RUST_BACKTRACE=full" "-e" "RUSTFLAGS=--cap-lints=warn" "-e" "RUSTDOCFLAGS=--cap-lints=warn" "-e" "CARGO_HOME=/opt/rustwide/cargo-home" "-e" "RUSTUP_HOME=/opt/rustwide/rustup-home" "-w" "/opt/rustwide/workdir" "-m" "1610612736" "--user" "0:0" "--network" "none" "ghcr.io/rust-lang/crates-build-env/linux@sha256:2788e3201cd34a07e3172128adcd8b3090168a8e3bcc40d7c032b9dda1df7d1c" "/opt/rustwide/cargo-home/bin/cargo" "+1.75.0" "doc" "--frozen" "--no-deps" "--document-private-items" "--message-format=json", kill_on_drop: false }`
[INFO] [stdout] 9b03a5c60adf23280eaf4735b8cfa5427875d540a592488142976edac9b5a941
[INFO] running `Command { std: "docker" "start" "-a" "9b03a5c60adf23280eaf4735b8cfa5427875d540a592488142976edac9b5a941", kill_on_drop: false }`
[INFO] [stderr]    Compiling libc v0.2.147
[INFO] [stderr]    Compiling proc-macro2 v1.0.66
[INFO] [stderr]    Compiling unicode-ident v1.0.11
[INFO] [stderr]     Checking once_cell v1.18.0
[INFO] [stderr]    Compiling cc v1.0.79
[INFO] [stderr]    Compiling typenum v1.16.0
[INFO] [stderr]     Checking pin-project-lite v0.2.10
[INFO] [stderr]     Checking bytes v1.4.0
[INFO] [stderr]     Checking untrusted v0.7.1
[INFO] [stderr]     Checking spin v0.5.2
[INFO] [stderr]    Compiling futures-core v0.3.28
[INFO] [stderr]    Compiling futures-task v0.3.28
[INFO] [stderr]     Checking itoa v1.0.9
[INFO] [stderr]    Compiling generic-array v0.14.7
[INFO] [stderr]    Compiling tokio v1.29.1
[INFO] [stderr]    Compiling slab v0.4.8
[INFO] [stderr]    Compiling indexmap v1.9.3
[INFO] [stderr]    Compiling futures-util v0.3.28
[INFO] [stderr]     Checking tracing-core v0.1.31
[INFO] [stderr]    Compiling getrandom v0.1.16
[INFO] [stderr]     Checking futures-sink v0.3.28
[INFO] [stderr]    Compiling thiserror v1.0.44
[INFO] [stderr]    Compiling crunchy v0.2.2
[INFO] [stderr]    Compiling rustls v0.21.5
[INFO] [stderr]     Checking http v0.2.9
[INFO] [stderr]     Checking tracing v0.1.37
[INFO] [stderr]     Checking hashbrown v0.12.3
[INFO] [stderr]    Compiling futures-channel v0.3.28
[INFO] [stderr]    Compiling syn v1.0.109
[INFO] [stderr]     Checking byteorder v1.4.3
[INFO] [stderr]    Compiling serde v1.0.174
[INFO] [stderr]     Checking try-lock v0.2.4
[INFO] [stderr]    Compiling unicode-segmentation v1.10.1
[INFO] [stderr]     Checking log v0.4.19
[INFO] [stderr]    Compiling tiny-keccak v2.0.2
[INFO] [stderr]     Checking want v0.3.1
[INFO] [stderr]     Checking zeroize v1.3.0
[INFO] [stderr]    Compiling serde_json v1.0.103
[INFO] [stderr]     Checking httpdate v1.0.2
[INFO] [stderr]     Checking subtle v2.5.0
[INFO] [stderr]     Checking rustc-hex v2.1.0
[INFO] [stderr]     Checking static_assertions v1.1.0
[INFO] [stderr]    Compiling hex-literal v0.3.4
[INFO] [stderr]    Compiling quote v1.0.32
[INFO] [stderr]    Compiling heck v0.3.3
[INFO] [stderr]     Checking ryu v1.0.15
[INFO] [stderr]     Checking hashbrown v0.14.0
[INFO] [stderr]     Checking hex v0.4.3
[INFO] [stderr]    Compiling syn v2.0.27
[INFO] [stderr]     Checking socket2 v0.4.9
[INFO] [stderr]     Checking num_cpus v1.16.0
[INFO] [stderr]     Checking mio v0.8.8
[INFO] [stderr]     Checking getrandom v0.2.10
[INFO] [stderr]    Compiling ring v0.16.20
[INFO] [stderr]     Checking rand_core v0.5.1
[INFO] [stderr]     Checking rand_core v0.6.4
[INFO] [stderr]     Checking rand_chacha v0.3.1
[INFO] [stderr]     Checking http-body v0.4.5
[INFO] [stderr]     Checking indexmap v2.0.0
[INFO] [stderr]     Checking rand v0.8.5
[INFO] [stderr]     Checking digest v0.9.0
[INFO] [stderr]     Checking block-buffer v0.10.4
[INFO] [stderr]     Checking crypto-common v0.1.6
[INFO] [stderr]     Checking curve25519-dalek v3.2.1
[INFO] [stderr]     Checking digest v0.10.7
[INFO] [stderr]     Checking md-5 v0.10.5
[INFO] [stderr]     Checking fixed-hash v0.8.0
[INFO] [stderr]    Compiling sealed v0.4.0
[INFO] [stderr]     Checking sct v0.7.0
[INFO] [stderr]     Checking rustls-webpki v0.101.1
[INFO] [stderr]     Checking rustls-webpki v0.100.1
[INFO] [stderr]     Checking webpki-roots v0.23.1
[INFO] [stderr]    Compiling tokio-macros v2.1.0
[INFO] [stderr]    Compiling futures-macro v0.3.28
[INFO] [stderr]    Compiling thiserror-impl v1.0.44
[INFO] [stderr]    Compiling strum_macros v0.25.1
[INFO] [stderr]     Checking base58-monero v1.0.0
[INFO] [stderr]     Checking monero v0.18.2
[INFO] [stderr]     Checking strum v0.25.0
[INFO] [stderr]     Checking tokio-util v0.7.8
[INFO] [stderr]     Checking tokio-rustls v0.24.1
[INFO] [stderr]     Checking h2 v0.3.20
[INFO] [stderr]     Checking hyper v0.14.27
[INFO] [stderr]     Checking hyper-rustls v0.24.1
[INFO] [stderr]  Documenting acceptxmr v0.13.0 (/opt/rustwide/workdir)
[INFO] [stdout] warning: unresolved link to `storage::stores::InMemory`
[INFO] [stdout]    --> src/lib.rs:109:54
[INFO] [stdout]     |
[INFO] [stdout] 109 | //! The `in-memory` feature enables the [`InMemory`](storage::stores::InMemory)
[INFO] [stdout]     |                                                      ^^^^^^^^^^^^^^^^^^^^^^^^^ no item named `InMemory` in module `stores`
[INFO] [stdout]     |
[INFO] [stdout]     = note: `#[warn(rustdoc::broken_intra_doc_links)]` on by default
[INFO] [stdout] 
[INFO] [stdout] 
[INFO] [stdout] warning: unresolved link to `storage::stores::Sled`
[INFO] [stdout]    --> src/lib.rs:114:45
[INFO] [stdout]     |
[INFO] [stdout] 114 | //! The `sled` feature enables the [`Sled`](storage::stores::Sled) storage
[INFO] [stdout]     |                                             ^^^^^^^^^^^^^^^^^^^^^ no item named `Sled` in module `stores`
[INFO] [stdout] 
[INFO] [stdout] 
[INFO] [stdout] warning: unresolved link to `storage::stores::Sqlite`
[INFO] [stdout]    --> src/lib.rs:119:49
[INFO] [stdout]     |
[INFO] [stdout] 119 | //! The `sqlite` feature enables the [`Sqlite`](storage::stores::Sqlite) storage
[INFO] [stdout]     |                                                 ^^^^^^^^^^^^^^^^^^^^^^^ no item named `Sqlite` in module `stores`
[INFO] [stdout] 
[INFO] [stdout] 
[INFO] [stdout] warning: redundant explicit link target
[INFO] [stdout]   --> src/payment_gateway.rs:36:62
[INFO] [stdout]    |
[INFO] [stdout] 36 | /// The `PaymentGateway` allows you to track new [`Invoice`](Invoice)s, remove
[INFO] [stdout]    |                                                   ---------  ^^^^^^^ explicit target is redundant
[INFO] [stdout]    |                                                   |
[INFO] [stdout]    |                                                   because label contains path that resolves to same destination
[INFO] [stdout]    |
[INFO] [stdout]    = note: when a link's destination is not specified,
[INFO] [stdout]            the label is used to resolve intra-doc links
[INFO] [stdout]    = note: `#[warn(rustdoc::redundant_explicit_links)]` on by default
[INFO] [stdout] help: remove explicit link target
[INFO] [stdout]    |
[INFO] [stdout] 36 | /// The `PaymentGateway` allows you to track new [`Invoice`]s, remove
[INFO] [stdout]    |                                                  ~~~~~~~~~~~
[INFO] [stdout] 
[INFO] [stdout] 
[INFO] [stdout] warning: redundant explicit link target
[INFO] [stdout]   --> src/payment_gateway.rs:89:48
[INFO] [stdout]    |
[INFO] [stdout] 89 |     /// daemon and updates pending [`Invoice`](Invoice)s in the database.
[INFO] [stdout]    |                                     ---------  ^^^^^^^ explicit target is redundant
[INFO] [stdout]    |                                     |
[INFO] [stdout]    |                                     because label contains path that resolves to same destination
[INFO] [stdout]    |
[INFO] [stdout]    = note: when a link's destination is not specified,
[INFO] [stdout]            the label is used to resolve intra-doc links
[INFO] [stdout] help: remove explicit link target
[INFO] [stdout]    |
[INFO] [stdout] 89 |     /// daemon and updates pending [`Invoice`]s in the database.
[INFO] [stdout]    |                                    ~~~~~~~~~~~
[INFO] [stdout] 
[INFO] [stdout] 
[INFO] [stdout] warning: redundant explicit link target
[INFO] [stdout]    --> src/lib.rs:160:24
[INFO] [stdout]     |
[INFO] [stdout] 160 |     /// [`Subscriber`](crate::Subscriber) failed to retrieve update.
[INFO] [stdout]     |          ------------  ^^^^^^^^^^^^^^^^^ explicit target is redundant
[INFO] [stdout]     |          |
[INFO] [stdout]     |          because label contains path that resolves to same destination
[INFO] [stdout]     |
[INFO] [stdout]     = note: when a link's destination is not specified,
[INFO] [stdout]             the label is used to resolve intra-doc links
[INFO] [stdout] help: remove explicit link target
[INFO] [stdout]     |
[INFO] [stdout] 160 |     /// [`Subscriber`] failed to retrieve update.
[INFO] [stdout]     |         ~~~~~~~~~~~~~~
[INFO] [stdout] 
[INFO] [stdout] 
[INFO] [stdout] warning: 6 warnings emitted
[INFO] [stdout] 
[INFO] [stdout] 
[INFO] [stderr]     Finished dev [unoptimized + debuginfo] target(s) in 15.45s
[INFO] [stderr]    Generated /opt/rustwide/target/doc/acceptxmr/index.html
[INFO] running `Command { std: "docker" "inspect" "9b03a5c60adf23280eaf4735b8cfa5427875d540a592488142976edac9b5a941", kill_on_drop: false }`
[INFO] running `Command { std: "docker" "rm" "-f" "9b03a5c60adf23280eaf4735b8cfa5427875d540a592488142976edac9b5a941", kill_on_drop: false }`
[INFO] [stdout] 9b03a5c60adf23280eaf4735b8cfa5427875d540a592488142976edac9b5a941
[INFO] running `Command { std: "docker" "create" "-v" "/var/lib/crater-agent-workspace/builds/worker-4-tc1/target:/opt/rustwide/target:rw,Z" "-v" "/var/lib/crater-agent-workspace/builds/worker-4-tc1/source:/opt/rustwide/workdir:ro,Z" "-v" "/var/lib/crater-agent-workspace/cargo-home:/opt/rustwide/cargo-home:ro,Z" "-v" "/var/lib/crater-agent-workspace/rustup-home:/opt/rustwide/rustup-home:ro,Z" "-e" "SOURCE_DIR=/opt/rustwide/workdir" "-e" "CARGO_TARGET_DIR=/opt/rustwide/target" "-e" "CARGO_INCREMENTAL=0" "-e" "RUST_BACKTRACE=full" "-e" "RUSTFLAGS=--cap-lints=warn" "-e" "RUSTDOCFLAGS=--cap-lints=warn" "-e" "DOCS_RS=1" "-e" "RUSTC_BOOTSTRAP=1" "-e" "CARGO_HOME=/opt/rustwide/cargo-home" "-e" "RUSTUP_HOME=/opt/rustwide/rustup-home" "-w" "/opt/rustwide/workdir" "-m" "1610612736" "--user" "0:0" "--network" "none" "ghcr.io/rust-lang/crates-build-env/linux@sha256:2788e3201cd34a07e3172128adcd8b3090168a8e3bcc40d7c032b9dda1df7d1c" "/opt/rustwide/cargo-home/bin/cargo" "+1.75.0" "rustdoc" "--lib" "-Zrustdoc-map" "--all-features" "-Z" "unstable-options" "--config" "build.rustflags=[\"--cfg\", \"docsrs\"]" "-Zhost-config" "-Ztarget-applies-to-host" "--config" "host.rustflags=[\"--cfg\", \"docsrs\"]" "--config" "build.rustdocflags=[\"-Z\", \"unstable-options\", \"--document-private-items\"]" "--frozen" "--message-format=json", kill_on_drop: false }`
[INFO] [stdout] 8c61e23c5a06e0d9d386254fb7b4a390cca108786cf9527f9ffdcd446fe2653a
[INFO] running `Command { std: "docker" "start" "-a" "8c61e23c5a06e0d9d386254fb7b4a390cca108786cf9527f9ffdcd446fe2653a", kill_on_drop: false }`
[INFO] [stderr]    Compiling libc v0.2.147
[INFO] [stderr]    Compiling autocfg v1.1.0
[INFO] [stderr]    Compiling proc-macro2 v1.0.66
[INFO] [stderr]     Checking cfg-if v1.0.0
[INFO] [stderr]    Compiling unicode-ident v1.0.11
[INFO] [stderr]    Compiling cc v1.0.79
[INFO] [stderr]     Checking once_cell v1.18.0
[INFO] [stderr]    Compiling version_check v0.9.4
[INFO] [stderr]    Compiling typenum v1.16.0
[INFO] [stderr]     Checking pin-project-lite v0.2.10
[INFO] [stderr]    Compiling futures-core v0.3.28
[INFO] [stderr]     Checking untrusted v0.7.1
[INFO] [stderr]     Checking spin v0.5.2
[INFO] [stderr]     Checking bytes v1.4.0
[INFO] [stderr]    Compiling futures-task v0.3.28
[INFO] [stderr]     Checking itoa v1.0.9
[INFO] [stderr]    Compiling futures-util v0.3.28
[INFO] [stderr]    Compiling getrandom v0.1.16
[INFO] [stderr]    Compiling pkg-config v0.3.27
[INFO] [stderr]     Checking fnv v1.0.7
[INFO] [stderr]     Checking byteorder v1.4.3
[INFO] [stderr]     Checking ppv-lite86 v0.2.17
[INFO] [stderr]     Checking scopeguard v1.2.0
[INFO] [stderr]     Checking tracing-core v0.1.31
[INFO] [stderr]    Compiling thiserror v1.0.44
[INFO] [stderr]    Compiling httparse v1.8.0
[INFO] [stderr]     Checking log v0.4.19
[INFO] [stderr]    Compiling tokio v1.29.1
[INFO] [stderr]    Compiling slab v0.4.8
[INFO] [stderr]    Compiling indexmap v1.9.3
[INFO] [stderr]    Compiling generic-array v0.14.7
[INFO] [stderr]     Checking http v0.2.9
[INFO] [stderr]    Compiling memoffset v0.9.0
[INFO] [stderr]    Compiling lock_api v0.4.10
[INFO] [stderr]     Checking tracing v0.1.37
[INFO] [stderr]    Compiling crunchy v0.2.2
[INFO] [stderr]    Compiling parking_lot_core v0.8.6
[INFO] [stderr]     Checking hashbrown v0.12.3
[INFO] [stderr]    Compiling rustversion v1.0.14
[INFO] [stderr]    Compiling syn v1.0.109
[INFO] [stderr]    Compiling rustls v0.21.5
[INFO] [stderr]    Compiling crossbeam-utils v0.8.16
[INFO] [stderr]    Compiling quote v1.0.32
[INFO] [stderr]    Compiling futures-channel v0.3.28
[INFO] [stderr]     Checking pin-utils v0.1.0
[INFO] [stderr]     Checking futures-sink v0.3.28
[INFO] [stderr]     Checking socket2 v0.4.9
[INFO] [stderr]     Checking mio v0.8.8
[INFO] [stderr]     Checking num_cpus v1.16.0
[INFO] [stderr]     Checking getrandom v0.2.10
[INFO] [stderr]    Compiling syn v2.0.27
[INFO] [stderr]    Compiling crossbeam-epoch v0.9.15
[INFO] [stderr]     Checking instant v0.1.12
[INFO] [stderr]     Checking try-lock v0.2.4
[INFO] [stderr]    Compiling serde v1.0.174
[INFO] [stderr]     Checking smallvec v1.11.0
[INFO] [stderr]     Checking rand_core v0.6.4
[INFO] [stderr]    Compiling unicode-segmentation v1.10.1
[INFO] [stderr]    Compiling tiny-keccak v2.0.2
[INFO] [stderr]    Compiling crc32fast v1.3.2
[INFO] [stderr]     Checking rand_core v0.5.1
[INFO] [stderr]     Checking want v0.3.1
[INFO] [stderr]    Compiling ring v0.16.20
[INFO] [stderr]    Compiling sqlite3-src v0.5.1
[INFO] [stderr]     Checking rand_chacha v0.3.1
[INFO] [stderr]     Checking http-body v0.4.5
[INFO] [stderr]     Checking zeroize v1.3.0
[INFO] [stderr]     Checking tower-service v0.3.2
[INFO] [stderr]     Checking subtle v2.5.0
[INFO] [stderr]     Checking httpdate v1.0.2
[INFO] [stderr]    Compiling heck v0.3.3
[INFO] [stderr]    Compiling serde_derive v1.0.174
[INFO] [stderr]     Checking rand v0.8.5
[INFO] [stderr]     Checking rustc-hex v2.1.0
[INFO] [stderr]    Compiling heck v0.4.1
[INFO] [stderr]    Compiling virtue v0.0.13
[INFO] [stderr]    Compiling serde_json v1.0.103
[INFO] [stderr]     Checking static_assertions v1.1.0
[INFO] [stderr]     Checking sqlite3-sys v0.15.2
[INFO] [stderr]     Checking parking_lot v0.11.2
[INFO] [stderr]     Checking fs2 v0.4.3
[INFO] [stderr]     Checking fxhash v0.2.1
[INFO] [stderr]     Checking ryu v1.0.15
[INFO] [stderr]    Compiling hex-literal v0.3.4
[INFO] [stderr]     Checking hashbrown v0.14.0
[INFO] [stderr]     Checking hex v0.4.3
[INFO] [stderr]     Checking equivalent v1.0.1
[INFO] [stderr]     Checking sqlite v0.31.0
[INFO] [stderr]     Checking sled v0.34.7
[INFO] [stderr]     Checking block-buffer v0.10.4
[INFO] [stderr]     Checking crypto-common v0.1.6
[INFO] [stderr]     Checking digest v0.9.0
[INFO] [stderr]     Checking curve25519-dalek v3.2.1
[INFO] [stderr]    Compiling bincode_derive v2.0.0-rc.3
[INFO] [stderr]     Checking digest v0.10.7
[INFO] [stderr]     Checking fixed-hash v0.8.0
[INFO] [stderr]     Checking indexmap v2.0.0
[INFO] [stderr]     Checking md-5 v0.10.5
[INFO] [stderr]     Checking bincode v2.0.0-rc.3
[INFO] [stderr]     Checking rustls-webpki v0.101.1
[INFO] [stderr]     Checking sct v0.7.0
[INFO] [stderr]     Checking rustls-webpki v0.100.1
[INFO] [stderr]     Checking webpki-roots v0.23.1
[INFO] [stderr]    Compiling sealed v0.4.0
[INFO] [stderr]    Compiling tokio-macros v2.1.0
[INFO] [stderr]    Compiling futures-macro v0.3.28
[INFO] [stderr]    Compiling thiserror-impl v1.0.44
[INFO] [stderr]    Compiling strum_macros v0.25.1
[INFO] [stderr]     Checking base58-monero v1.0.0
[INFO] [stderr]     Checking monero v0.18.2
[INFO] [stdout] error: expected one of: `for`, parentheses, `fn`, `unsafe`, `extern`, identifier, `::`, `<`, square brackets, `*`, `&`, `!`, `impl`, `_`, lifetime
[INFO] [stdout]   --> /opt/rustwide/cargo-home/registry/src/index.crates.io-6f17d22bba15001f/monero-0.18.2/src/internal_macros.rs:22:9
[INFO] [stdout]    |
[INFO] [stdout] 22 |           #[sealed::sealed]
[INFO] [stdout]    |           ^^^^^^^^^^^^^^^^^
[INFO] [stdout]    |
[INFO] [stdout]   ::: /opt/rustwide/cargo-home/registry/src/index.crates.io-6f17d22bba15001f/monero-0.18.2/src/blockdata/block.rs:58:1
[INFO] [stdout]    |
[INFO] [stdout] 58 | / impl_consensus_encoding!(
[INFO] [stdout] 59 | |     BlockHeader,
[INFO] [stdout] 60 | |     major_version,
[INFO] [stdout] 61 | |     minor_version,
[INFO] [stdout] ...  |
[INFO] [stdout] 64 | |     nonce
[INFO] [stdout] 65 | | );
[INFO] [stdout]    | |_- in this macro invocation
[INFO] [stdout]    |
[INFO] [stdout]    = note: this error originates in the attribute macro `sealed::sealed` which comes from the expansion of the macro `impl_consensus_encoding` (in Nightly builds, run with -Z macro-backtrace for more info)
[INFO] [stdout] 
[INFO] [stdout] 
[INFO] [stdout] error: expected one of: `for`, parentheses, `fn`, `unsafe`, `extern`, identifier, `::`, `<`, square brackets, `*`, `&`, `!`, `impl`, `_`, lifetime
[INFO] [stdout]   --> /opt/rustwide/cargo-home/registry/src/index.crates.io-6f17d22bba15001f/monero-0.18.2/src/internal_macros.rs:22:9
[INFO] [stdout]    |
[INFO] [stdout] 22 |         #[sealed::sealed]
[INFO] [stdout]    |         ^^^^^^^^^^^^^^^^^
[INFO] [stdout]    |
[INFO] [stdout]   ::: /opt/rustwide/cargo-home/registry/src/index.crates.io-6f17d22bba15001f/monero-0.18.2/src/blockdata/block.rs:92:1
[INFO] [stdout]    |
[INFO] [stdout] 92 | impl_consensus_encoding!(Block, header, miner_tx, tx_hashes);
[INFO] [stdout]    | ------------------------------------------------------------ in this macro invocation
[INFO] [stdout]    |
[INFO] [stdout]    = note: this error originates in the attribute macro `sealed::sealed` which comes from the expansion of the macro `impl_consensus_encoding` (in Nightly builds, run with -Z macro-backtrace for more info)
[INFO] [stdout] 
[INFO] [stdout] 
[INFO] [stdout] error: expected one of: `for`, parentheses, `fn`, `unsafe`, `extern`, identifier, `::`, `<`, square brackets, `*`, `&`, `!`, `impl`, `_`, lifetime
[INFO] [stdout]   --> /opt/rustwide/cargo-home/registry/src/index.crates.io-6f17d22bba15001f/monero-0.18.2/src/internal_macros.rs:22:9
[INFO] [stdout]    |
[INFO] [stdout] 22 |         #[sealed::sealed]
[INFO] [stdout]    |         ^^^^^^^^^^^^^^^^^
[INFO] [stdout]    |
[INFO] [stdout]   ::: /opt/rustwide/cargo-home/registry/src/index.crates.io-6f17d22bba15001f/monero-0.18.2/src/blockdata/transaction.rs:73:1
[INFO] [stdout]    |
[INFO] [stdout] 73 | impl_consensus_encoding!(KeyImage, image);
[INFO] [stdout]    | ----------------------------------------- in this macro invocation
[INFO] [stdout]    |
[INFO] [stdout]    = note: this error originates in the attribute macro `sealed::sealed` which comes from the expansion of the macro `impl_consensus_encoding` (in Nightly builds, run with -Z macro-backtrace for more info)
[INFO] [stdout] 
[INFO] [stdout] 
[INFO] [stdout] error: expected one of: `for`, parentheses, `fn`, `unsafe`, `extern`, identifier, `::`, `<`, square brackets, `*`, `&`, `!`, `impl`, `_`, lifetime
[INFO] [stdout]    --> /opt/rustwide/cargo-home/registry/src/index.crates.io-6f17d22bba15001f/monero-0.18.2/src/internal_macros.rs:22:9
[INFO] [stdout]     |
[INFO] [stdout] 22  |         #[sealed::sealed]
[INFO] [stdout]     |         ^^^^^^^^^^^^^^^^^
[INFO] [stdout]     |
[INFO] [stdout]    ::: /opt/rustwide/cargo-home/registry/src/index.crates.io-6f17d22bba15001f/monero-0.18.2/src/blockdata/transaction.rs:200:1
[INFO] [stdout]     |
[INFO] [stdout] 200 | impl_consensus_encoding!(TxOut, amount, target);
[INFO] [stdout]     | ----------------------------------------------- in this macro invocation
[INFO] [stdout]     |
[INFO] [stdout]     = note: this error originates in the attribute macro `sealed::sealed` which comes from the expansion of the macro `impl_consensus_encoding` (in Nightly builds, run with -Z macro-backtrace for more info)
[INFO] [stdout] 
[INFO] [stdout] 
[INFO] [stdout] error: expected one of: `for`, parentheses, `fn`, `unsafe`, `extern`, identifier, `::`, `<`, square brackets, `*`, `&`, `!`, `impl`, `_`, lifetime
[INFO] [stdout]    --> /opt/rustwide/cargo-home/registry/src/index.crates.io-6f17d22bba15001f/monero-0.18.2/src/internal_macros.rs:22:9
[INFO] [stdout]     |
[INFO] [stdout] 22  |           #[sealed::sealed]
[INFO] [stdout]     |           ^^^^^^^^^^^^^^^^^
[INFO] [stdout]     |
[INFO] [stdout]    ::: /opt/rustwide/cargo-home/registry/src/index.crates.io-6f17d22bba15001f/monero-0.18.2/src/blockdata/transaction.rs:505:1
[INFO] [stdout]     |
[INFO] [stdout] 505 | / impl_consensus_encoding!(
[INFO] [stdout] 506 | |     TransactionPrefix,
[INFO] [stdout] 507 | |     version,
[INFO] [stdout] 508 | |     unlock_time,
[INFO] [stdout] ...   |
[INFO] [stdout] 511 | |     extra
[INFO] [stdout] 512 | | );
[INFO] [stdout]     | |_- in this macro invocation
[INFO] [stdout]     |
[INFO] [stdout]     = note: this error originates in the attribute macro `sealed::sealed` which comes from the expansion of the macro `impl_consensus_encoding` (in Nightly builds, run with -Z macro-backtrace for more info)
[INFO] [stdout] 
[INFO] [stdout] 
[INFO] [stdout] error: expected one of: `for`, parentheses, `fn`, `unsafe`, `extern`, identifier, `::`, `<`, square brackets, `*`, `&`, `!`, `impl`, `_`, lifetime
[INFO] [stdout]   --> /opt/rustwide/cargo-home/registry/src/index.crates.io-6f17d22bba15001f/monero-0.18.2/src/internal_macros.rs:22:9
[INFO] [stdout]    |
[INFO] [stdout] 22 |         #[sealed::sealed]
[INFO] [stdout]    |         ^^^^^^^^^^^^^^^^^
[INFO] [stdout]    |
[INFO] [stdout]   ::: /opt/rustwide/cargo-home/registry/src/index.crates.io-6f17d22bba15001f/monero-0.18.2/src/util/ringct.rs:65:1
[INFO] [stdout]    |
[INFO] [stdout] 65 | impl_consensus_encoding!(Key, key);
[INFO] [stdout]    | ---------------------------------- in this macro invocation
[INFO] [stdout]    |
[INFO] [stdout]    = note: this error originates in the attribute macro `sealed::sealed` which comes from the expansion of the macro `impl_consensus_encoding` (in Nightly builds, run with -Z macro-backtrace for more info)
[INFO] [stdout] 
[INFO] [stdout] 
[INFO] [stdout] error: expected one of: `for`, parentheses, `fn`, `unsafe`, `extern`, identifier, `::`, `<`, square brackets, `*`, `&`, `!`, `impl`, `_`, lifetime
[INFO] [stdout]    --> /opt/rustwide/cargo-home/registry/src/index.crates.io-6f17d22bba15001f/monero-0.18.2/src/internal_macros.rs:22:9
[INFO] [stdout]     |
[INFO] [stdout] 22  |         #[sealed::sealed]
[INFO] [stdout]     |         ^^^^^^^^^^^^^^^^^
[INFO] [stdout]     |
[INFO] [stdout]    ::: /opt/rustwide/cargo-home/registry/src/index.crates.io-6f17d22bba15001f/monero-0.18.2/src/util/ringct.rs:152:1
[INFO] [stdout]     |
[INFO] [stdout] 152 | impl_consensus_encoding!(CtKey, mask);
[INFO] [stdout]     | ------------------------------------- in this macro invocation
[INFO] [stdout]     |
[INFO] [stdout]     = note: this error originates in the attribute macro `sealed::sealed` which comes from the expansion of the macro `impl_consensus_encoding` (in Nightly builds, run with -Z macro-backtrace for more info)
[INFO] [stdout] 
[INFO] [stdout] 
[INFO] [stdout] error: expected one of: `for`, parentheses, `fn`, `unsafe`, `extern`, identifier, `::`, `<`, square brackets, `*`, `&`, `!`, `impl`, `_`, lifetime
[INFO] [stdout]    --> /opt/rustwide/cargo-home/registry/src/index.crates.io-6f17d22bba15001f/monero-0.18.2/src/internal_macros.rs:22:9
[INFO] [stdout]     |
[INFO] [stdout] 22  |         #[sealed::sealed]
[INFO] [stdout]     |         ^^^^^^^^^^^^^^^^^
[INFO] [stdout]     |
[INFO] [stdout]    ::: /opt/rustwide/cargo-home/registry/src/index.crates.io-6f17d22bba15001f/monero-0.18.2/src/util/ringct.rs:169:1
[INFO] [stdout]     |
[INFO] [stdout] 169 | impl_consensus_encoding!(MultisigKlrki, K, L, R, ki);
[INFO] [stdout]     | ---------------------------------------------------- in this macro invocation
[INFO] [stdout]     |
[INFO] [stdout]     = note: this error originates in the attribute macro `sealed::sealed` which comes from the expansion of the macro `impl_consensus_encoding` (in Nightly builds, run with -Z macro-backtrace for more info)
[INFO] [stdout] 
[INFO] [stdout] 
[INFO] [stdout] error: expected one of: `for`, parentheses, `fn`, `unsafe`, `extern`, identifier, `::`, `<`, square brackets, `*`, `&`, `!`, `impl`, `_`, lifetime
[INFO] [stdout]    --> /opt/rustwide/cargo-home/registry/src/index.crates.io-6f17d22bba15001f/monero-0.18.2/src/internal_macros.rs:22:9
[INFO] [stdout]     |
[INFO] [stdout] 22  |         #[sealed::sealed]
[INFO] [stdout]     |         ^^^^^^^^^^^^^^^^^
[INFO] [stdout]     |
[INFO] [stdout]    ::: /opt/rustwide/cargo-home/registry/src/index.crates.io-6f17d22bba15001f/monero-0.18.2/src/util/ringct.rs:179:1
[INFO] [stdout]     |
[INFO] [stdout] 179 | impl_consensus_encoding!(MultisigOut, c);
[INFO] [stdout]     | ---------------------------------------- in this macro invocation
[INFO] [stdout]     |
[INFO] [stdout]     = note: this error originates in the attribute macro `sealed::sealed` which comes from the expansion of the macro `impl_consensus_encoding` (in Nightly builds, run with -Z macro-backtrace for more info)
[INFO] [stdout] 
[INFO] [stdout] 
[INFO] [stdout] error: expected one of: `for`, parentheses, `fn`, `unsafe`, `extern`, identifier, `::`, `<`, square brackets, `*`, `&`, `!`, `impl`, `_`, lifetime
[INFO] [stdout]    --> /opt/rustwide/cargo-home/registry/src/index.crates.io-6f17d22bba15001f/monero-0.18.2/src/internal_macros.rs:22:9
[INFO] [stdout]     |
[INFO] [stdout] 22  |         #[sealed::sealed]
[INFO] [stdout]     |         ^^^^^^^^^^^^^^^^^
[INFO] [stdout]     |
[INFO] [stdout]    ::: /opt/rustwide/cargo-home/registry/src/index.crates.io-6f17d22bba15001f/monero-0.18.2/src/util/ringct.rs:362:1
[INFO] [stdout]     |
[INFO] [stdout] 362 | impl_consensus_encoding!(BoroSig, s0, s1, ee);
[INFO] [stdout]     | --------------------------------------------- in this macro invocation
[INFO] [stdout]     |
[INFO] [stdout]     = note: this error originates in the attribute macro `sealed::sealed` which comes from the expansion of the macro `impl_consensus_encoding` (in Nightly builds, run with -Z macro-backtrace for more info)
[INFO] [stdout] 
[INFO] [stdout] 
[INFO] [stdout] error: expected one of: `for`, parentheses, `fn`, `unsafe`, `extern`, identifier, `::`, `<`, square brackets, `*`, `&`, `!`, `impl`, `_`, lifetime
[INFO] [stdout]    --> /opt/rustwide/cargo-home/registry/src/index.crates.io-6f17d22bba15001f/monero-0.18.2/src/internal_macros.rs:22:9
[INFO] [stdout]     |
[INFO] [stdout] 22  |         #[sealed::sealed]
[INFO] [stdout]     |         ^^^^^^^^^^^^^^^^^
[INFO] [stdout]     |
[INFO] [stdout]    ::: /opt/rustwide/cargo-home/registry/src/index.crates.io-6f17d22bba15001f/monero-0.18.2/src/util/ringct.rs:428:1
[INFO] [stdout]     |
[INFO] [stdout] 428 | impl_consensus_encoding!(RangeSig, asig, Ci);
[INFO] [stdout]     | -------------------------------------------- in this macro invocation
[INFO] [stdout]     |
[INFO] [stdout]     = note: this error originates in the attribute macro `sealed::sealed` which comes from the expansion of the macro `impl_consensus_encoding` (in Nightly builds, run with -Z macro-backtrace for more info)
[INFO] [stdout] 
[INFO] [stdout] 
[INFO] [stdout] error: expected one of: `for`, parentheses, `fn`, `unsafe`, `extern`, identifier, `::`, `<`, square brackets, `*`, `&`, `!`, `impl`, `_`, lifetime
[INFO] [stdout]    --> /opt/rustwide/cargo-home/registry/src/index.crates.io-6f17d22bba15001f/monero-0.18.2/src/internal_macros.rs:22:9
[INFO] [stdout]     |
[INFO] [stdout] 22  |         #[sealed::sealed]
[INFO] [stdout]     |         ^^^^^^^^^^^^^^^^^
[INFO] [stdout]     |
[INFO] [stdout]    ::: /opt/rustwide/cargo-home/registry/src/index.crates.io-6f17d22bba15001f/monero-0.18.2/src/util/ringct.rs:461:1
[INFO] [stdout]     |
[INFO] [stdout] 461 | impl_consensus_encoding!(Bulletproof, A, S, T1, T2, taux, mu, L, R, a, b, t);
[INFO] [stdout]     | ---------------------------------------------------------------------------- in this macro invocation
[INFO] [stdout]     |
[INFO] [stdout]     = note: this error originates in the attribute macro `sealed::sealed` which comes from the expansion of the macro `impl_consensus_encoding` (in Nightly builds, run with -Z macro-backtrace for more info)
[INFO] [stdout] 
[INFO] [stdout] 
[INFO] [stdout] error: expected one of: `for`, parentheses, `fn`, `unsafe`, `extern`, identifier, `::`, `<`, square brackets, `*`, `&`, `!`, `impl`, `_`, lifetime
[INFO] [stdout]    --> /opt/rustwide/cargo-home/registry/src/index.crates.io-6f17d22bba15001f/monero-0.18.2/src/internal_macros.rs:22:9
[INFO] [stdout]     |
[INFO] [stdout] 22  |         #[sealed::sealed]
[INFO] [stdout]     |         ^^^^^^^^^^^^^^^^^
[INFO] [stdout]     |
[INFO] [stdout]    ::: /opt/rustwide/cargo-home/registry/src/index.crates.io-6f17d22bba15001f/monero-0.18.2/src/util/ringct.rs:488:1
[INFO] [stdout]     |
[INFO] [stdout] 488 | impl_consensus_encoding!(BulletproofPlus, A, A1, B, r1, s1, d1, L, R);
[INFO] [stdout]     | --------------------------------------------------------------------- in this macro invocation
[INFO] [stdout]     |
[INFO] [stdout]     = note: this error originates in the attribute macro `sealed::sealed` which comes from the expansion of the macro `impl_consensus_encoding` (in Nightly builds, run with -Z macro-backtrace for more info)
[INFO] [stdout] 
[INFO] [stdout] 
[INFO] [stdout] error: expected one of: `for`, parentheses, `fn`, `unsafe`, `extern`, identifier, `::`, `<`, square brackets, `*`, `&`, `!`, `impl`, `_`, lifetime
[INFO] [stdout]    --> /opt/rustwide/cargo-home/registry/src/index.crates.io-6f17d22bba15001f/monero-0.18.2/src/internal_macros.rs:22:9
[INFO] [stdout]     |
[INFO] [stdout] 22  |         #[sealed::sealed]
[INFO] [stdout]     |         ^^^^^^^^^^^^^^^^^
[INFO] [stdout]     |
[INFO] [stdout]    ::: /opt/rustwide/cargo-home/registry/src/index.crates.io-6f17d22bba15001f/monero-0.18.2/src/util/ringct.rs:903:1
[INFO] [stdout]     |
[INFO] [stdout] 903 | impl_consensus_encoding!(Signature, c, r);
[INFO] [stdout]     | ----------------------------------------- in this macro invocation
[INFO] [stdout]     |
[INFO] [stdout]     = note: this error originates in the attribute macro `sealed::sealed` which comes from the expansion of the macro `impl_consensus_encoding` (in Nightly builds, run with -Z macro-backtrace for more info)
[INFO] [stdout] 
[INFO] [stdout] 
[INFO] [stderr]     Checking strum v0.25.0
[INFO] [stdout] error[E0277]: the trait bound `BlockHeader: Encodable` is not satisfied
[INFO] [stdout]    --> /opt/rustwide/cargo-home/registry/src/index.crates.io-6f17d22bba15001f/monero-0.18.2/src/blockdata/block.rs:111:52
[INFO] [stdout]     |
[INFO] [stdout] 111 |         let mut blob = crate::consensus::serialize(&self.header);
[INFO] [stdout]     |                        --------------------------- ^^^^^^^^^^^^ the trait `Encodable` is not implemented for `BlockHeader`
[INFO] [stdout]     |                        |
[INFO] [stdout]     |                        required by a bound introduced by this call
[INFO] [stdout]     |
[INFO] [stdout]     = help: the following other types implement trait `Encodable`:
[INFO] [stdout]               bool
[INFO] [stdout]               i8
[INFO] [stdout]               i16
[INFO] [stdout]               i32
[INFO] [stdout]               i64
[INFO] [stdout]               u8
[INFO] [stdout]               u16
[INFO] [stdout]               u32
[INFO] [stdout]             and 26 others
[INFO] [stdout] note: required by a bound in `serialize`
[INFO] [stdout]    --> /opt/rustwide/cargo-home/registry/src/index.crates.io-6f17d22bba15001f/monero-0.18.2/src/consensus/encode.rs:67:21
[INFO] [stdout]     |
[INFO] [stdout] 67  | pub fn serialize<T: Encodable + std::fmt::Debug + ?Sized>(data: &T) -> Vec<u8> {
[INFO] [stdout]     |                     ^^^^^^^^^ required by this bound in `serialize`
[INFO] [stdout] 
[INFO] [stdout] 
[INFO] [stdout] error[E0277]: the trait bound `TransactionPrefix: Encodable` is not satisfied
[INFO] [stdout]    --> /opt/rustwide/cargo-home/registry/src/index.crates.io-6f17d22bba15001f/monero-0.18.2/src/blockdata/transaction.rs:613:35
[INFO] [stdout]     |
[INFO] [stdout] 613 |         hash::Hash::new(serialize(self))
[INFO] [stdout]     |                         --------- ^^^^ the trait `Encodable` is not implemented for `TransactionPrefix`
[INFO] [stdout]     |                         |
[INFO] [stdout]     |                         required by a bound introduced by this call
[INFO] [stdout]     |
[INFO] [stdout]     = help: the following other types implement trait `Encodable`:
[INFO] [stdout]               bool
[INFO] [stdout]               i8
[INFO] [stdout]               i16
[INFO] [stdout]               i32
[INFO] [stdout]               i64
[INFO] [stdout]               u8
[INFO] [stdout]               u16
[INFO] [stdout]               u32
[INFO] [stdout]             and 26 others
[INFO] [stdout] note: required by a bound in `serialize`
[INFO] [stdout]    --> /opt/rustwide/cargo-home/registry/src/index.crates.io-6f17d22bba15001f/monero-0.18.2/src/consensus/encode.rs:67:21
[INFO] [stdout]     |
[INFO] [stdout] 67  | pub fn serialize<T: Encodable + std::fmt::Debug + ?Sized>(data: &T) -> Vec<u8> {
[INFO] [stdout]     |                     ^^^^^^^^^ required by this bound in `serialize`
[INFO] [stdout] 
[INFO] [stdout] 
[INFO] [stdout] error[E0599]: no method named `consensus_encode` found for reference `&KeyImage` in the current scope
[INFO] [stdout]    --> /opt/rustwide/cargo-home/registry/src/index.crates.io-6f17d22bba15001f/monero-0.18.2/src/blockdata/transaction.rs:954:1
[INFO] [stdout]     |
[INFO] [stdout] 954 | #[sealed]
[INFO] [stdout]     | ^^^^^^^^^ method not found in `&KeyImage`
[INFO] [stdout]     |
[INFO] [stdout]     = help: items from traits can only be used if the trait is implemented and in scope
[INFO] [stdout] note: `Encodable` defines an item `consensus_encode`, perhaps you need to implement it
[INFO] [stdout]    --> /opt/rustwide/cargo-home/registry/src/index.crates.io-6f17d22bba15001f/monero-0.18.2/src/consensus/encode.rs:246:1
[INFO] [stdout]     |
[INFO] [stdout] 246 | #[sealed(pub(crate))]
[INFO] [stdout]     | ^^^^^^^^^^^^^^^^^^^^^
[INFO] [stdout]     = note: this error originates in the attribute macro `sealed` (in Nightly builds, run with -Z macro-backtrace for more info)
[INFO] [stdout] help: one of the expressions' fields has a method of the same name
[INFO] [stdout]     |
[INFO] [stdout] 954 | image.#[sealed]
[INFO] [stdout]     | ++++++
[INFO] [stdout] 
[INFO] [stdout] 
[INFO] [stdout] error[E0599]: no method named `consensus_encode` found for struct `TransactionPrefix` in the current scope
[INFO] [stdout]     --> /opt/rustwide/cargo-home/registry/src/index.crates.io-6f17d22bba15001f/monero-0.18.2/src/blockdata/transaction.rs:1089:1
[INFO] [stdout]      |
[INFO] [stdout] 483  | pub struct TransactionPrefix {
[INFO] [stdout]      | ---------------------------- method `consensus_encode` not found for this struct
[INFO] [stdout] ...
[INFO] [stdout] 1089 | #[sealed]
[INFO] [stdout]      | ^^^^^^^^^ method not found in `TransactionPrefix`
[INFO] [stdout]      |
[INFO] [stdout]      = help: items from traits can only be used if the trait is implemented and in scope
[INFO] [stdout] note: `Encodable` defines an item `consensus_encode`, perhaps you need to implement it
[INFO] [stdout]     --> /opt/rustwide/cargo-home/registry/src/index.crates.io-6f17d22bba15001f/monero-0.18.2/src/consensus/encode.rs:246:1
[INFO] [stdout]      |
[INFO] [stdout] 246  | #[sealed(pub(crate))]
[INFO] [stdout]      | ^^^^^^^^^^^^^^^^^^^^^
[INFO] [stdout]      = note: this error originates in the attribute macro `sealed` (in Nightly builds, run with -Z macro-backtrace for more info)
[INFO] [stdout] help: some of the expressions' fields have a method of the same name
[INFO] [stdout]      |
[INFO] [stdout] 1089 | extra.#[sealed]
[INFO] [stdout]      | ++++++
[INFO] [stdout] 1089 | inputs.#[sealed]
[INFO] [stdout]      | +++++++
[INFO] [stdout] 1089 | unlock_time.#[sealed]
[INFO] [stdout]      | ++++++++++++
[INFO] [stdout] 1089 | version.#[sealed]
[INFO] [stdout]      | ++++++++
[INFO] [stdout] 
[INFO] [stdout] 
[INFO] [stdout] error[E0599]: no method named `consensus_encode` found for reference `&Signature` in the current scope
[INFO] [stdout]     --> /opt/rustwide/cargo-home/registry/src/index.crates.io-6f17d22bba15001f/monero-0.18.2/src/consensus/encode.rs:509:22
[INFO] [stdout]      |
[INFO] [stdout] 509  |             len += c.consensus_encode($s)?;
[INFO] [stdout]      |                      ^^^^^^^^^^^^^^^^ method not found in `&Signature`
[INFO] [stdout]      |
[INFO] [stdout]     ::: /opt/rustwide/cargo-home/registry/src/index.crates.io-6f17d22bba15001f/monero-0.18.2/src/blockdata/transaction.rs:1089:1
[INFO] [stdout]      |
[INFO] [stdout] 1089 | #[sealed]
[INFO] [stdout]      | --------- in this procedural macro expansion
[INFO] [stdout]      |
[INFO] [stdout]      = help: items from traits can only be used if the trait is implemented and in scope
[INFO] [stdout] note: `Encodable` defines an item `consensus_encode`, perhaps you need to implement it
[INFO] [stdout]     --> /opt/rustwide/cargo-home/registry/src/index.crates.io-6f17d22bba15001f/monero-0.18.2/src/consensus/encode.rs:246:1
[INFO] [stdout]      |
[INFO] [stdout] 246  | #[sealed(pub(crate))]
[INFO] [stdout]      | ^^^^^^^^^^^^^^^^^^^^^
[INFO] [stdout]      = note: this error originates in the macro `encode_sized_vec` which comes from the expansion of the attribute macro `sealed` (in Nightly builds, run with -Z macro-backtrace for more info)
[INFO] [stdout] help: some of the expressions' fields have a method of the same name
[INFO] [stdout]      |
[INFO] [stdout] 509  |             len += c.c.key.consensus_encode($s)?;
[INFO] [stdout]      |                      ++++++
[INFO] [stdout] 509  |             len += c.r.key.consensus_encode($s)?;
[INFO] [stdout]      |                      ++++++
[INFO] [stdout] 
[INFO] [stdout] 
[INFO] [stdout] error[E0599]: no method named `consensus_encode` found for struct `ringct::Key` in the current scope
[INFO] [stdout]    --> /opt/rustwide/cargo-home/registry/src/index.crates.io-6f17d22bba15001f/monero-0.18.2/src/util/ringct.rs:115:1
[INFO] [stdout]     |
[INFO] [stdout] 58  | pub struct Key {
[INFO] [stdout]     | -------------- method `consensus_encode` not found for this struct
[INFO] [stdout] ...
[INFO] [stdout] 115 | #[sealed]
[INFO] [stdout]     | ^^^^^^^^^ method not found in `Key`
[INFO] [stdout]     |
[INFO] [stdout]     = help: items from traits can only be used if the trait is implemented and in scope
[INFO] [stdout] note: `Encodable` defines an item `consensus_encode`, perhaps you need to implement it
[INFO] [stdout]    --> /opt/rustwide/cargo-home/registry/src/index.crates.io-6f17d22bba15001f/monero-0.18.2/src/consensus/encode.rs:246:1
[INFO] [stdout]     |
[INFO] [stdout] 246 | #[sealed(pub(crate))]
[INFO] [stdout]     | ^^^^^^^^^^^^^^^^^^^^^
[INFO] [stdout]     = note: this error originates in the attribute macro `sealed` (in Nightly builds, run with -Z macro-backtrace for more info)
[INFO] [stdout] help: one of the expressions' fields has a method of the same name
[INFO] [stdout]     |
[INFO] [stdout] 115 | key.#[sealed]
[INFO] [stdout]     | ++++
[INFO] [stdout] 
[INFO] [stdout] 
[INFO] [stdout] error[E0599]: no method named `consensus_encode` found for reference `&ringct::Key` in the current scope
[INFO] [stdout]    --> /opt/rustwide/cargo-home/registry/src/index.crates.io-6f17d22bba15001f/monero-0.18.2/src/util/ringct.rs:331:1
[INFO] [stdout]     |
[INFO] [stdout] 331 | #[sealed]
[INFO] [stdout]     | ^^^^^^^^^ method not found in `&Key`
[INFO] [stdout]     |
[INFO] [stdout]     = help: items from traits can only be used if the trait is implemented and in scope
[INFO] [stdout] note: `Encodable` defines an item `consensus_encode`, perhaps you need to implement it
[INFO] [stdout]    --> /opt/rustwide/cargo-home/registry/src/index.crates.io-6f17d22bba15001f/monero-0.18.2/src/consensus/encode.rs:246:1
[INFO] [stdout]     |
[INFO] [stdout] 246 | #[sealed(pub(crate))]
[INFO] [stdout]     | ^^^^^^^^^^^^^^^^^^^^^
[INFO] [stdout]     = note: this error originates in the attribute macro `sealed` (in Nightly builds, run with -Z macro-backtrace for more info)
[INFO] [stdout] help: one of the expressions' fields has a method of the same name
[INFO] [stdout]     |
[INFO] [stdout] 331 | key.#[sealed]
[INFO] [stdout]     | ++++
[INFO] [stdout] 
[INFO] [stdout] 
[INFO] [stdout] error[E0599]: no method named `consensus_encode` found for reference `&ringct::Key` in the current scope
[INFO] [stdout]    --> /opt/rustwide/cargo-home/registry/src/index.crates.io-6f17d22bba15001f/monero-0.18.2/src/consensus/encode.rs:509:22
[INFO] [stdout]     |
[INFO] [stdout] 509 |             len += c.consensus_encode($s)?;
[INFO] [stdout]     |                      ^^^^^^^^^^^^^^^^ method not found in `&Key`
[INFO] [stdout]     |
[INFO] [stdout]    ::: /opt/rustwide/cargo-home/registry/src/index.crates.io-6f17d22bba15001f/monero-0.18.2/src/util/ringct.rs:376:1
[INFO] [stdout]     |
[INFO] [stdout] 376 | #[sealed]
[INFO] [stdout]     | --------- in this procedural macro expansion
[INFO] [stdout]     |
[INFO] [stdout]     = help: items from traits can only be used if the trait is implemented and in scope
[INFO] [stdout] note: `Encodable` defines an item `consensus_encode`, perhaps you need to implement it
[INFO] [stdout]    --> /opt/rustwide/cargo-home/registry/src/index.crates.io-6f17d22bba15001f/monero-0.18.2/src/consensus/encode.rs:246:1
[INFO] [stdout]     |
[INFO] [stdout] 246 | #[sealed(pub(crate))]
[INFO] [stdout]     | ^^^^^^^^^^^^^^^^^^^^^
[INFO] [stdout]     = note: this error originates in the macro `encode_sized_vec` which comes from the expansion of the attribute macro `sealed` (in Nightly builds, run with -Z macro-backtrace for more info)
[INFO] [stdout] help: one of the expressions' fields has a method of the same name
[INFO] [stdout]     |
[INFO] [stdout] 509 |             len += c.key.consensus_encode($s)?;
[INFO] [stdout]     |                      ++++
[INFO] [stdout] 
[INFO] [stdout] 
[INFO] [stdout] error[E0599]: no method named `consensus_encode` found for struct `ringct::Key` in the current scope
[INFO] [stdout]    --> /opt/rustwide/cargo-home/registry/src/index.crates.io-6f17d22bba15001f/monero-0.18.2/src/util/ringct.rs:376:1
[INFO] [stdout]     |
[INFO] [stdout] 58  | pub struct Key {
[INFO] [stdout]     | -------------- method `consensus_encode` not found for this struct
[INFO] [stdout] ...
[INFO] [stdout] 376 | #[sealed]
[INFO] [stdout]     | ^^^^^^^^^ method not found in `Key`
[INFO] [stdout]     |
[INFO] [stdout]     = help: items from traits can only be used if the trait is implemented and in scope
[INFO] [stdout] note: `Encodable` defines an item `consensus_encode`, perhaps you need to implement it
[INFO] [stdout]    --> /opt/rustwide/cargo-home/registry/src/index.crates.io-6f17d22bba15001f/monero-0.18.2/src/consensus/encode.rs:246:1
[INFO] [stdout]     |
[INFO] [stdout] 246 | #[sealed(pub(crate))]
[INFO] [stdout]     | ^^^^^^^^^^^^^^^^^^^^^
[INFO] [stdout]     = note: this error originates in the attribute macro `sealed` (in Nightly builds, run with -Z macro-backtrace for more info)
[INFO] [stdout] help: one of the expressions' fields has a method of the same name
[INFO] [stdout]     |
[INFO] [stdout] 376 | key.#[sealed]
[INFO] [stdout]     | ++++
[INFO] [stdout] 
[INFO] [stdout] 
[INFO] [stdout] error[E0599]: no method named `consensus_encode` found for reference `&ringct::Key` in the current scope
[INFO] [stdout]    --> /opt/rustwide/cargo-home/registry/src/index.crates.io-6f17d22bba15001f/monero-0.18.2/src/consensus/encode.rs:509:22
[INFO] [stdout]     |
[INFO] [stdout] 509 |             len += c.consensus_encode($s)?;
[INFO] [stdout]     |                      ^^^^^^^^^^^^^^^^ method not found in `&Key`
[INFO] [stdout]     |
[INFO] [stdout]    ::: /opt/rustwide/cargo-home/registry/src/index.crates.io-6f17d22bba15001f/monero-0.18.2/src/util/ringct.rs:403:1
[INFO] [stdout]     |
[INFO] [stdout] 403 | #[sealed]
[INFO] [stdout]     | --------- in this procedural macro expansion
[INFO] [stdout]     |
[INFO] [stdout]     = help: items from traits can only be used if the trait is implemented and in scope
[INFO] [stdout] note: `Encodable` defines an item `consensus_encode`, perhaps you need to implement it
[INFO] [stdout]    --> /opt/rustwide/cargo-home/registry/src/index.crates.io-6f17d22bba15001f/monero-0.18.2/src/consensus/encode.rs:246:1
[INFO] [stdout]     |
[INFO] [stdout] 246 | #[sealed(pub(crate))]
[INFO] [stdout]     | ^^^^^^^^^^^^^^^^^^^^^
[INFO] [stdout]     = note: this error originates in the macro `encode_sized_vec` which comes from the expansion of the attribute macro `sealed` (in Nightly builds, run with -Z macro-backtrace for more info)
[INFO] [stdout] help: one of the expressions' fields has a method of the same name
[INFO] [stdout]     |
[INFO] [stdout] 509 |             len += c.key.consensus_encode($s)?;
[INFO] [stdout]     |                      ++++
[INFO] [stdout] 
[INFO] [stdout] 
[INFO] [stdout] error[E0599]: no method named `consensus_encode` found for struct `ringct::Key` in the current scope
[INFO] [stdout]    --> /opt/rustwide/cargo-home/registry/src/index.crates.io-6f17d22bba15001f/monero-0.18.2/src/util/ringct.rs:403:1
[INFO] [stdout]     |
[INFO] [stdout] 58  | pub struct Key {
[INFO] [stdout]     | -------------- method `consensus_encode` not found for this struct
[INFO] [stdout] ...
[INFO] [stdout] 403 | #[sealed]
[INFO] [stdout]     | ^^^^^^^^^ method not found in `Key`
[INFO] [stdout]     |
[INFO] [stdout]     = help: items from traits can only be used if the trait is implemented and in scope
[INFO] [stdout] note: `Encodable` defines an item `consensus_encode`, perhaps you need to implement it
[INFO] [stdout]    --> /opt/rustwide/cargo-home/registry/src/index.crates.io-6f17d22bba15001f/monero-0.18.2/src/consensus/encode.rs:246:1
[INFO] [stdout]     |
[INFO] [stdout] 246 | #[sealed(pub(crate))]
[INFO] [stdout]     | ^^^^^^^^^^^^^^^^^^^^^
[INFO] [stdout]     = note: this error originates in the attribute macro `sealed` (in Nightly builds, run with -Z macro-backtrace for more info)
[INFO] [stdout] help: one of the expressions' fields has a method of the same name
[INFO] [stdout]     |
[INFO] [stdout] 403 | key.#[sealed]
[INFO] [stdout]     | ++++
[INFO] [stdout] 
[INFO] [stdout] 
[INFO] [stdout] error[E0599]: no method named `consensus_encode` found for reference `&ringct::Key` in the current scope
[INFO] [stdout]    --> /opt/rustwide/cargo-home/registry/src/index.crates.io-6f17d22bba15001f/monero-0.18.2/src/consensus/encode.rs:509:22
[INFO] [stdout]     |
[INFO] [stdout] 509 |             len += c.consensus_encode($s)?;
[INFO] [stdout]     |                      ^^^^^^^^^^^^^^^^ method not found in `&Key`
[INFO] [stdout]     |
[INFO] [stdout]    ::: /opt/rustwide/cargo-home/registry/src/index.crates.io-6f17d22bba15001f/monero-0.18.2/src/util/ringct.rs:575:1
[INFO] [stdout]     |
[INFO] [stdout] 575 | #[sealed]
[INFO] [stdout]     | --------- in this procedural macro expansion
[INFO] [stdout]     |
[INFO] [stdout]     = help: items from traits can only be used if the trait is implemented and in scope
[INFO] [stdout] note: `Encodable` defines an item `consensus_encode`, perhaps you need to implement it
[INFO] [stdout]    --> /opt/rustwide/cargo-home/registry/src/index.crates.io-6f17d22bba15001f/monero-0.18.2/src/consensus/encode.rs:246:1
[INFO] [stdout]     |
[INFO] [stdout] 246 | #[sealed(pub(crate))]
[INFO] [stdout]     | ^^^^^^^^^^^^^^^^^^^^^
[INFO] [stdout]     = note: this error originates in the macro `encode_sized_vec` which comes from the expansion of the attribute macro `sealed` (in Nightly builds, run with -Z macro-backtrace for more info)
[INFO] [stdout] help: one of the expressions' fields has a method of the same name
[INFO] [stdout]     |
[INFO] [stdout] 509 |             len += c.key.consensus_encode($s)?;
[INFO] [stdout]     |                      ++++
[INFO] [stdout] 
[INFO] [stdout] 
[INFO] [stdout] error[E0599]: no method named `consensus_encode` found for reference `&CtKey` in the current scope
[INFO] [stdout]    --> /opt/rustwide/cargo-home/registry/src/index.crates.io-6f17d22bba15001f/monero-0.18.2/src/consensus/encode.rs:509:22
[INFO] [stdout]     |
[INFO] [stdout] 509 |             len += c.consensus_encode($s)?;
[INFO] [stdout]     |                      ^^^^^^^^^^^^^^^^ method not found in `&CtKey`
[INFO] [stdout]     |
[INFO] [stdout]    ::: /opt/rustwide/cargo-home/registry/src/index.crates.io-6f17d22bba15001f/monero-0.18.2/src/util/ringct.rs:575:1
[INFO] [stdout]     |
[INFO] [stdout] 575 | #[sealed]
[INFO] [stdout]     | --------- in this procedural macro expansion
[INFO] [stdout]     |
[INFO] [stdout]     = help: items from traits can only be used if the trait is implemented and in scope
[INFO] [stdout] note: `Encodable` defines an item `consensus_encode`, perhaps you need to implement it
[INFO] [stdout]    --> /opt/rustwide/cargo-home/registry/src/index.crates.io-6f17d22bba15001f/monero-0.18.2/src/consensus/encode.rs:246:1
[INFO] [stdout]     |
[INFO] [stdout] 246 | #[sealed(pub(crate))]
[INFO] [stdout]     | ^^^^^^^^^^^^^^^^^^^^^
[INFO] [stdout]     = note: this error originates in the macro `encode_sized_vec` which comes from the expansion of the attribute macro `sealed` (in Nightly builds, run with -Z macro-backtrace for more info)
[INFO] [stdout] help: one of the expressions' fields has a method of the same name
[INFO] [stdout]     |
[INFO] [stdout] 509 |             len += c.mask.key.consensus_encode($s)?;
[INFO] [stdout]     |                      +++++++++
[INFO] [stdout] 
[INFO] [stdout] 
[INFO] [stdout] error[E0599]: the method `consensus_encode` exists for struct `Vec<Bulletproof>`, but its trait bounds were not satisfied
[INFO] [stdout]    --> /opt/rustwide/cargo-home/registry/src/index.crates.io-6f17d22bba15001f/monero-0.18.2/src/util/ringct.rs:824:54
[INFO] [stdout]     |
[INFO] [stdout] 436 | pub struct Bulletproof {
[INFO] [stdout]     | ---------------------- doesn't satisfy `Bulletproof: Encodable`
[INFO] [stdout] ...
[INFO] [stdout] 824 |                             len += self.bulletproofs.consensus_encode(w)?;
[INFO] [stdout]     |                                                      ^^^^^^^^^^^^^^^^ method cannot be called on `Vec<Bulletproof>` due to unsatisfied trait bounds
[INFO] [stdout]    --> /rustc/82e1608dfa6e0b5569232559e3d385fea5a93112/library/alloc/src/vec/mod.rs:396:1
[INFO] [stdout]     |
[INFO] [stdout]     = note: doesn't satisfy `Vec<Bulletproof>: Encodable`
[INFO] [stdout]     |
[INFO] [stdout] note: trait bound `Bulletproof: Encodable` was not satisfied
[INFO] [stdout]    --> /opt/rustwide/cargo-home/registry/src/index.crates.io-6f17d22bba15001f/monero-0.18.2/src/consensus/encode.rs:449:1
[INFO] [stdout]     |
[INFO] [stdout] 449 | #[sealed]
[INFO] [stdout]     | ^^^^^^^^^
[INFO] [stdout] note: trait bound `Bulletproof: Encodable` was not satisfied
[INFO] [stdout]    --> /opt/rustwide/cargo-home/registry/src/index.crates.io-6f17d22bba15001f/monero-0.18.2/src/consensus/encode.rs:464:1
[INFO] [stdout]     |
[INFO] [stdout] 464 | #[sealed]
[INFO] [stdout]     | ^^^^^^^^^
[INFO] [stdout] note: the trait `Encodable` must be implemented
[INFO] [stdout]    --> /opt/rustwide/cargo-home/registry/src/index.crates.io-6f17d22bba15001f/monero-0.18.2/src/consensus/encode.rs:246:1
[INFO] [stdout]     |
[INFO] [stdout] 246 | #[sealed(pub(crate))]
[INFO] [stdout]     | ^^^^^^^^^^^^^^^^^^^^^
[INFO] [stdout]     = help: items from traits can only be used if the trait is implemented and in scope
[INFO] [stdout] note: `Encodable` defines an item `consensus_encode`, perhaps you need to implement it
[INFO] [stdout]    --> /opt/rustwide/cargo-home/registry/src/index.crates.io-6f17d22bba15001f/monero-0.18.2/src/consensus/encode.rs:246:1
[INFO] [stdout]     |
[INFO] [stdout] 246 | #[sealed(pub(crate))]
[INFO] [stdout]     | ^^^^^^^^^^^^^^^^^^^^^
[INFO] [stdout]     = note: this error originates in the attribute macro `sealed` (in Nightly builds, run with -Z macro-backtrace for more info)
[INFO] [stdout] 
[INFO] [stdout] 
[INFO] [stdout] error[E0599]: no method named `consensus_encode` found for reference `&Bulletproof` in the current scope
[INFO] [stdout]    --> /opt/rustwide/cargo-home/registry/src/index.crates.io-6f17d22bba15001f/monero-0.18.2/src/consensus/encode.rs:509:22
[INFO] [stdout]     |
[INFO] [stdout] 509 |             len += c.consensus_encode($s)?;
[INFO] [stdout]     |                      ^^^^^^^^^^^^^^^^ method not found in `&Bulletproof`
[INFO] [stdout]     |
[INFO] [stdout]    ::: /opt/rustwide/cargo-home/registry/src/index.crates.io-6f17d22bba15001f/monero-0.18.2/src/util/ringct.rs:829:36
[INFO] [stdout]     |
[INFO] [stdout] 829 | ...                   len += encode_sized_vec!(self.bulletproofs, w);
[INFO] [stdout]     |                              --------------------------------------- in this macro invocation
[INFO] [stdout]     |
[INFO] [stdout]     = help: items from traits can only be used if the trait is implemented and in scope
[INFO] [stdout] note: `Encodable` defines an item `consensus_encode`, perhaps you need to implement it
[INFO] [stdout]    --> /opt/rustwide/cargo-home/registry/src/index.crates.io-6f17d22bba15001f/monero-0.18.2/src/consensus/encode.rs:246:1
[INFO] [stdout]     |
[INFO] [stdout] 246 | #[sealed(pub(crate))]
[INFO] [stdout]     | ^^^^^^^^^^^^^^^^^^^^^
[INFO] [stdout]     = note: this error originates in the macro `encode_sized_vec` which comes from the expansion of the attribute macro `sealed` (in Nightly builds, run with -Z macro-backtrace for more info)
[INFO] [stdout] help: some of the expressions' fields have a method of the same name
[INFO] [stdout]     |
[INFO] [stdout] 509 |             len += c.A.key.consensus_encode($s)?;
[INFO] [stdout]     |                      ++++++
[INFO] [stdout] 509 |             len += c.S.key.consensus_encode($s)?;
[INFO] [stdout]     |                      ++++++
[INFO] [stdout] 509 |             len += c.T1.key.consensus_encode($s)?;
[INFO] [stdout]     |                      +++++++
[INFO] [stdout] 509 |             len += c.T2.key.consensus_encode($s)?;
[INFO] [stdout]     |                      +++++++
[INFO] [stdout]       and 5 other candidates
[INFO] [stdout] 
[INFO] [stdout] 
[INFO] [stdout] error[E0599]: no method named `consensus_encode` found for reference `&BulletproofPlus` in the current scope
[INFO] [stdout]    --> /opt/rustwide/cargo-home/registry/src/index.crates.io-6f17d22bba15001f/monero-0.18.2/src/consensus/encode.rs:509:22
[INFO] [stdout]     |
[INFO] [stdout] 509 |             len += c.consensus_encode($s)?;
[INFO] [stdout]     |                      ^^^^^^^^^^^^^^^^ method not found in `&BulletproofPlus`
[INFO] [stdout]     |
[INFO] [stdout]    ::: /opt/rustwide/cargo-home/registry/src/index.crates.io-6f17d22bba15001f/monero-0.18.2/src/util/ringct.rs:835:28
[INFO] [stdout]     |
[INFO] [stdout] 835 |                     len += encode_sized_vec!(self.bulletproofplus, w);
[INFO] [stdout]     |                            ------------------------------------------ in this macro invocation
[INFO] [stdout]     |
[INFO] [stdout]     = help: items from traits can only be used if the trait is implemented and in scope
[INFO] [stdout] note: `Encodable` defines an item `consensus_encode`, perhaps you need to implement it
[INFO] [stdout]    --> /opt/rustwide/cargo-home/registry/src/index.crates.io-6f17d22bba15001f/monero-0.18.2/src/consensus/encode.rs:246:1
[INFO] [stdout]     |
[INFO] [stdout] 246 | #[sealed(pub(crate))]
[INFO] [stdout]     | ^^^^^^^^^^^^^^^^^^^^^
[INFO] [stdout]     = note: this error originates in the macro `encode_sized_vec` which comes from the expansion of the attribute macro `sealed` (in Nightly builds, run with -Z macro-backtrace for more info)
[INFO] [stdout] help: some of the expressions' fields have a method of the same name
[INFO] [stdout]     |
[INFO] [stdout] 509 |             len += c.A.key.consensus_encode($s)?;
[INFO] [stdout]     |                      ++++++
[INFO] [stdout] 509 |             len += c.A1.key.consensus_encode($s)?;
[INFO] [stdout]     |                      +++++++
[INFO] [stdout] 509 |             len += c.B.key.consensus_encode($s)?;
[INFO] [stdout]     |                      ++++++
[INFO] [stdout] 509 |             len += c.d1.key.consensus_encode($s)?;
[INFO] [stdout]     |                      +++++++
[INFO] [stdout]       and 2 other candidates
[INFO] [stdout] 
[INFO] [stdout] 
[INFO] [stdout] error[E0599]: no method named `consensus_encode` found for reference `&RangeSig` in the current scope
[INFO] [stdout]    --> /opt/rustwide/cargo-home/registry/src/index.crates.io-6f17d22bba15001f/monero-0.18.2/src/consensus/encode.rs:509:22
[INFO] [stdout]     |
[INFO] [stdout] 509 |             len += c.consensus_encode($s)?;
[INFO] [stdout]     |                      ^^^^^^^^^^^^^^^^ method not found in `&RangeSig`
[INFO] [stdout]     |
[INFO] [stdout]    ::: /opt/rustwide/cargo-home/registry/src/index.crates.io-6f17d22bba15001f/monero-0.18.2/src/util/ringct.rs:837:28
[INFO] [stdout]     |
[INFO] [stdout] 837 |                     len += encode_sized_vec!(self.range_sigs, w);
[INFO] [stdout]     |                            ------------------------------------- in this macro invocation
[INFO] [stdout]     |
[INFO] [stdout]     = help: items from traits can only be used if the trait is implemented and in scope
[INFO] [stdout] note: `Encodable` defines an item `consensus_encode`, perhaps you need to implement it
[INFO] [stdout]    --> /opt/rustwide/cargo-home/registry/src/index.crates.io-6f17d22bba15001f/monero-0.18.2/src/consensus/encode.rs:246:1
[INFO] [stdout]     |
[INFO] [stdout] 246 | #[sealed(pub(crate))]
[INFO] [stdout]     | ^^^^^^^^^^^^^^^^^^^^^
[INFO] [stdout]     = note: this error originates in the macro `encode_sized_vec` which comes from the expansion of the attribute macro `sealed` (in Nightly builds, run with -Z macro-backtrace for more info)
[INFO] [stdout] help: some of the expressions' fields have a method of the same name
[INFO] [stdout]     |
[INFO] [stdout] 509 |             len += c.Ci.consensus_encode($s)?;
[INFO] [stdout]     |                      +++
[INFO] [stdout] 509 |             len += c.asig.s0.consensus_encode($s)?;
[INFO] [stdout]     |                      ++++++++
[INFO] [stdout] 
[INFO] [stdout] 
[INFO] [stdout] error[E0599]: no method named `consensus_encode` found for reference `&ringct::Key` in the current scope
[INFO] [stdout]    --> /opt/rustwide/cargo-home/registry/src/index.crates.io-6f17d22bba15001f/monero-0.18.2/src/consensus/encode.rs:509:22
[INFO] [stdout]     |
[INFO] [stdout] 509 |             len += c.consensus_encode($s)?;
[INFO] [stdout]     |                      ^^^^^^^^^^^^^^^^ method not found in `&Key`
[INFO] [stdout]     |
[INFO] [stdout]    ::: /opt/rustwide/cargo-home/registry/src/index.crates.io-6f17d22bba15001f/monero-0.18.2/src/util/ringct.rs:852:32
[INFO] [stdout]     |
[INFO] [stdout] 852 |                         len += encode_sized_vec!(self.pseudo_outs, w);
[INFO] [stdout]     |                                -------------------------------------- in this macro invocation
[INFO] [stdout]     |
[INFO] [stdout]     = help: items from traits can only be used if the trait is implemented and in scope
[INFO] [stdout] note: `Encodable` defines an item `consensus_encode`, perhaps you need to implement it
[INFO] [stdout]    --> /opt/rustwide/cargo-home/registry/src/index.crates.io-6f17d22bba15001f/monero-0.18.2/src/consensus/encode.rs:246:1
[INFO] [stdout]     |
[INFO] [stdout] 246 | #[sealed(pub(crate))]
[INFO] [stdout]     | ^^^^^^^^^^^^^^^^^^^^^
[INFO] [stdout]     = note: this error originates in the macro `encode_sized_vec` which comes from the expansion of the attribute macro `sealed` (in Nightly builds, run with -Z macro-backtrace for more info)
[INFO] [stdout] help: one of the expressions' fields has a method of the same name
[INFO] [stdout]     |
[INFO] [stdout] 509 |             len += c.key.consensus_encode($s)?;
[INFO] [stdout]     |                      ++++
[INFO] [stdout] 
[INFO] [stdout] 
[INFO] [stdout] error: aborting due to 32 previous errors
[INFO] [stdout] 
[INFO] [stdout] 
[INFO] [stdout] Some errors have detailed explanations: E0277, E0599.
[INFO] [stdout] 
[INFO] [stdout] For more information about an error, try `rustc --explain E0277`.
[INFO] [stdout] 
[INFO] [stderr] error: could not compile `monero` (lib) due to 33 previous errors
[INFO] [stderr] warning: build failed, waiting for other jobs to finish...
[INFO] running `Command { std: "docker" "inspect" "8c61e23c5a06e0d9d386254fb7b4a390cca108786cf9527f9ffdcd446fe2653a", kill_on_drop: false }`
[INFO] running `Command { std: "docker" "rm" "-f" "8c61e23c5a06e0d9d386254fb7b4a390cca108786cf9527f9ffdcd446fe2653a", kill_on_drop: false }`
[INFO] [stdout] 8c61e23c5a06e0d9d386254fb7b4a390cca108786cf9527f9ffdcd446fe2653a
