[INFO] fetching crate BeerHolderBot 0.3.8...
[INFO] documenting BeerHolderBot-0.3.8 against 1.75.0 for beta-1.76-rustdoc-1
[INFO] extracting crate BeerHolderBot 0.3.8 into /workspace/builds/worker-3-tc1/source
[INFO] validating manifest of crates.io crate BeerHolderBot 0.3.8 on toolchain 1.75.0
[INFO] running `Command { std: CARGO_HOME="/workspace/cargo-home" RUSTUP_HOME="/workspace/rustup-home" "/workspace/cargo-home/bin/cargo" "+1.75.0" "metadata" "--manifest-path" "Cargo.toml" "--no-deps", kill_on_drop: false }`
[INFO] started tweaking crates.io crate BeerHolderBot 0.3.8
[INFO] finished tweaking crates.io crate BeerHolderBot 0.3.8
[INFO] tweaked toml for crates.io crate BeerHolderBot 0.3.8 written to /workspace/builds/worker-3-tc1/source/Cargo.toml
[INFO] crate crates.io crate BeerHolderBot 0.3.8 already has a lockfile, it will not be regenerated
[INFO] running `Command { std: CARGO_HOME="/workspace/cargo-home" RUSTUP_HOME="/workspace/rustup-home" "/workspace/cargo-home/bin/cargo" "+1.75.0" "fetch" "--manifest-path" "Cargo.toml", kill_on_drop: false }`
[INFO] [stderr]     Updating crates.io index
[INFO] [stderr]  Downloading crates ...
[INFO] [stderr]   Downloaded itoa v0.4.7
[INFO] [stderr]   Downloaded uuid v0.8.2
[INFO] [stderr]   Downloaded quote v1.0.8
[INFO] [stderr]   Downloaded proc-macro2 v1.0.24
[INFO] [stderr]   Downloaded quick-error v1.2.3
[INFO] [stderr]   Downloaded humantime v1.3.0
[INFO] [stderr]   Downloaded ident_case v1.0.1
[INFO] [stderr]   Downloaded httpdate v0.3.2
[INFO] [stderr]   Downloaded url v2.2.0
[INFO] [stderr]   Downloaded pin-utils v0.1.0
[INFO] [stderr]   Downloaded thread_local v1.1.3
[INFO] [stderr]   Downloaded autocfg v1.0.1
[INFO] [stderr]   Downloaded tinyvec_macros v0.1.0
[INFO] [stderr]   Downloaded socket2 v0.3.19
[INFO] [stderr]   Downloaded tempfile v3.2.0
[INFO] [stderr]   Downloaded tokio v1.4.0
[INFO] [stderr]   Downloaded wasm-bindgen-macro v0.2.70
[INFO] [stderr]   Downloaded tracing-core v0.1.17
[INFO] [stderr]   Downloaded httparse v1.3.5
[INFO] [stderr]   Downloaded base64 v0.13.0
[INFO] [stderr]   Downloaded getopts v0.2.21
[INFO] [stderr]   Downloaded version_check v0.9.2
[INFO] [stderr]   Downloaded serde_urlencoded v0.7.0
[INFO] [stderr]   Downloaded rand_hc v0.3.0
[INFO] [stderr]   Downloaded wasi v0.9.0+wasi-snapshot-preview1
[INFO] [stderr]   Downloaded proc-macro-hack v0.5.19
[INFO] [stderr]   Downloaded rand v0.7.3
[INFO] [stderr]   Downloaded termcolor v1.1.2
[INFO] [stderr]   Downloaded regex v1.4.3
[INFO] [stderr]   Downloaded winapi-i686-pc-windows-gnu v0.4.0
[INFO] [stderr]   Downloaded slab v0.4.2
[INFO] [stderr]   Downloaded sqlite3-sys v0.12.0
[INFO] [stderr]   Downloaded sqlite v0.25.3
[INFO] [stderr]   Downloaded unicode-xid v0.2.1
[INFO] [stderr]   Downloaded openssl-sys v0.9.60
[INFO] [stderr]   Downloaded tinyvec v1.1.1
[INFO] [stderr]   Downloaded teloxide-macros v0.4.0
[INFO] [stderr]   Downloaded thiserror v1.0.23
[INFO] [stderr]   Downloaded thiserror-impl v1.0.23
[INFO] [stderr]   Downloaded owned-alloc v0.2.0
[INFO] [stderr]   Downloaded lockfree v0.5.1
[INFO] [stderr]   Downloaded indexmap v1.6.1
[INFO] [stderr]   Downloaded cc v1.0.66
[INFO] [stderr]   Downloaded winapi-x86_64-pc-windows-gnu v0.4.0
[INFO] [stderr]   Downloaded dtoa v0.4.7
[INFO] [stderr]   Downloaded openssl v0.10.32
[INFO] [stderr]   Downloaded rand_chacha v0.2.2
[INFO] [stderr]   Downloaded petgraph v0.5.1
[INFO] [stderr]   Downloaded async-trait v0.1.42
[INFO] [stderr]   Downloaded h2 v0.3.2
[INFO] [stderr]   Downloaded futures-executor v0.3.12
[INFO] [stderr]   Downloaded hermit-abi v0.1.18
[INFO] [stderr]   Downloaded derive_more v0.99.11
[INFO] [stderr]   Downloaded redox_syscall v0.2.4
[INFO] [stderr]   Downloaded futures-io v0.3.12
[INFO] [stderr]   Downloaded hyper v0.14.4
[INFO] [stderr]   Downloaded futures-macro v0.3.12
[INFO] [stderr]   Downloaded unicode-normalization v0.1.16
[INFO] [stderr]   Downloaded tracing v0.1.23
[INFO] [stderr]   Downloaded futures-channel v0.3.12
[INFO] [stderr]   Downloaded serde_yaml v0.8.17
[INFO] [stderr]   Downloaded once_cell v1.5.2
[INFO] [stderr]   Downloaded http v0.2.3
[INFO] [stderr]   Downloaded http-body v0.4.1
[INFO] [stderr]   Downloaded encoding_rs v0.8.28
[INFO] [stderr]   Downloaded json v0.12.4
[INFO] [stderr]   Downloaded getrandom v0.1.16
[INFO] [stderr]   Downloaded aho-corasick v0.7.15
[INFO] [stderr]   Downloaded libc v0.2.88
[INFO] [stderr]   Downloaded sqlite3-src v0.2.12
[INFO] [stderr]   Downloaded telegram-markov-chain v0.1.2
[INFO] [stderr]   Downloaded winapi v0.3.9
[INFO] [stderr]   Downloaded web-sys v0.3.47
[INFO] [stderr]   Downloaded ppv-lite86 v0.2.10
[INFO] [stderr]   Downloaded security-framework v2.0.0
[INFO] [stderr]   Downloaded itertools v0.9.0
[INFO] [stderr]   Downloaded pretty_env_logger v0.4.0
[INFO] [stderr]   Downloaded native-tls v0.2.7
[INFO] [stderr]   Downloaded teloxide-core v0.2.2
[INFO] [stderr]   Downloaded ipnet v2.3.0
[INFO] [stderr]   Downloaded idna v0.2.1
[INFO] [stderr]   Downloaded wasm-bindgen v0.2.70
[INFO] [stderr]   Downloaded never v0.1.0
[INFO] [stderr]   Downloaded foreign-types v0.3.2
[INFO] [stderr]   Downloaded atty v0.2.14
[INFO] [stderr]   Downloaded rand_core v0.5.1
[INFO] [stderr]   Downloaded fixedbitset v0.2.0
[INFO] [stderr]   Downloaded linked-hash-map v0.5.4
[INFO] [stderr]   Downloaded env_logger v0.7.1
[INFO] [stderr]   Downloaded ntapi v0.3.6
[INFO] [stderr]   Downloaded winapi-util v0.1.5
[INFO] [stderr]   Downloaded vcpkg v0.2.11
[INFO] [stderr]   Downloaded winreg v0.7.0
[INFO] [stderr]   Downloaded strsim v0.10.0
[INFO] [stderr]   Downloaded rand_hc v0.2.0
[INFO] [stderr]   Downloaded markov v1.1.0
[INFO] [stderr]   Downloaded unicode-width v0.1.8
[INFO] [stderr]   Downloaded either v1.6.1
[INFO] [stderr]   Downloaded yaml-rust v0.4.5
[INFO] [stderr]   Downloaded core-foundation v0.9.1
[INFO] [stderr]   Downloaded miow v0.3.7
[INFO] [stderr]   Downloaded pkg-config v0.3.19
[INFO] [stderr]   Downloaded memchr v2.3.4
[INFO] [stderr]   Downloaded rand v0.8.3
[INFO] [stderr]   Downloaded serde_json v1.0.62
[INFO] [stderr]   Downloaded tower-service v0.3.1
[INFO] [stderr]   Downloaded futures v0.3.12
[INFO] [stderr]   Downloaded futures-task v0.3.12
[INFO] [stderr]   Downloaded futures-util v0.3.12
[INFO] [stderr]   Downloaded hashbrown v0.9.1
[INFO] [stderr]   Downloaded pin-project-internal v1.0.5
[INFO] [stderr]   Downloaded bumpalo v3.6.0
[INFO] [stderr]   Downloaded wasm-bindgen-shared v0.2.70
[INFO] [stderr]   Downloaded serde_derive v1.0.123
[INFO] [stderr]   Downloaded try-lock v0.2.3
[INFO] [stderr]   Downloaded teloxide v0.4.0
[INFO] [stderr]   Downloaded wasm-bindgen-backend v0.2.70
[INFO] [stderr]   Downloaded fnv v1.0.7
[INFO] [stderr]   Downloaded openssl-probe v0.1.2
[INFO] [stderr]   Downloaded serde v1.0.123
[INFO] [stderr]   Downloaded regex-syntax v0.6.22
[INFO] [stderr]   Downloaded tokio-util v0.6.5
[INFO] [stderr]   Downloaded remove_dir_all v0.5.3
[INFO] [stderr]   Downloaded wasi v0.10.2+wasi-snapshot-preview1
[INFO] [stderr]   Downloaded bytes v1.0.1
[INFO] [stderr]   Downloaded darling_core v0.12.2
[INFO] [stderr]   Downloaded want v0.3.0
[INFO] [stderr]   Downloaded wasm-bindgen-futures v0.4.20
[INFO] [stderr]   Downloaded percent-encoding v2.1.0
[INFO] [stderr]   Downloaded lazy_static v1.4.0
[INFO] [stderr]   Downloaded schannel v0.1.19
[INFO] [stderr]   Downloaded tokio-native-tls v0.3.0
[INFO] [stderr]   Downloaded reqwest v0.11.2
[INFO] [stderr]   Downloaded ryu v1.0.5
[INFO] [stderr]   Downloaded core-foundation-sys v0.8.2
[INFO] [stderr]   Downloaded security-framework-sys v2.0.0
[INFO] [stderr]   Downloaded darling_macro v0.12.2
[INFO] [stderr]   Downloaded mime v0.3.16
[INFO] [stderr]   Downloaded serde_with_macros v1.4.1
[INFO] [stderr]   Downloaded rand_chacha v0.3.0
[INFO] [stderr]   Downloaded tokio-stream v0.1.5
[INFO] [stderr]   Downloaded tokio-macros v1.1.0
[INFO] [stderr]   Downloaded unicase v2.6.0
[INFO] [stderr]   Downloaded num_cpus v1.13.0
[INFO] [stderr]   Downloaded rand_core v0.6.1
[INFO] [stderr]   Downloaded wasm-bindgen-macro-support v0.2.70
[INFO] [stderr]   Downloaded bitflags v1.2.1
[INFO] [stderr]   Downloaded hyper-tls v0.5.0
[INFO] [stderr]   Downloaded pin-project v1.0.5
[INFO] [stderr]   Downloaded form_urlencoded v1.0.0
[INFO] [stderr]   Downloaded unicode-bidi v0.3.4
[INFO] [stderr]   Downloaded futures-core v0.3.12
[INFO] [stderr]   Downloaded pin-project-lite v0.2.4
[INFO] [stderr]   Downloaded js-sys v0.3.47
[INFO] [stderr]   Downloaded darling v0.12.2
[INFO] [stderr]   Downloaded proc-macro-nested v0.1.7
[INFO] [stderr]   Downloaded mime_guess v2.0.3
[INFO] [stderr]   Downloaded foreign-types-shared v0.1.1
[INFO] [stderr]   Downloaded matches v0.1.8
[INFO] [stderr]   Downloaded log v0.4.14
[INFO] [stderr]   Downloaded getrandom v0.2.2
[INFO] [stderr]   Downloaded cfg-if v1.0.0
[INFO] [stderr]   Downloaded futures-sink v0.3.12
[INFO] [stderr]   Downloaded mio v0.7.11
[INFO] [stderr]   Downloaded syn v1.0.60
[INFO] running `Command { std: "docker" "create" "-v" "/var/lib/crater-agent-workspace/builds/worker-3-tc1/target:/opt/rustwide/target:rw,Z" "-v" "/var/lib/crater-agent-workspace/builds/worker-3-tc1/source:/opt/rustwide/workdir:ro,Z" "-v" "/var/lib/crater-agent-workspace/cargo-home:/opt/rustwide/cargo-home:ro,Z" "-v" "/var/lib/crater-agent-workspace/rustup-home:/opt/rustwide/rustup-home:ro,Z" "-e" "SOURCE_DIR=/opt/rustwide/workdir" "-e" "CARGO_TARGET_DIR=/opt/rustwide/target" "-e" "CARGO_HOME=/opt/rustwide/cargo-home" "-e" "RUSTUP_HOME=/opt/rustwide/rustup-home" "-w" "/opt/rustwide/workdir" "-m" "1610612736" "--user" "0:0" "--network" "none" "ghcr.io/rust-lang/crates-build-env/linux@sha256:2788e3201cd34a07e3172128adcd8b3090168a8e3bcc40d7c032b9dda1df7d1c" "/opt/rustwide/cargo-home/bin/cargo" "+1.75.0" "metadata" "--no-deps" "--format-version=1", kill_on_drop: false }`
[INFO] [stdout] de57aed5b9d033eec37ada6a04dba23d41c2951ff466e82336d17411f86f80d4
[INFO] running `Command { std: "docker" "start" "-a" "de57aed5b9d033eec37ada6a04dba23d41c2951ff466e82336d17411f86f80d4", kill_on_drop: false }`
[INFO] running `Command { std: "docker" "inspect" "de57aed5b9d033eec37ada6a04dba23d41c2951ff466e82336d17411f86f80d4", kill_on_drop: false }`
[INFO] running `Command { std: "docker" "rm" "-f" "de57aed5b9d033eec37ada6a04dba23d41c2951ff466e82336d17411f86f80d4", kill_on_drop: false }`
[INFO] [stdout] de57aed5b9d033eec37ada6a04dba23d41c2951ff466e82336d17411f86f80d4
[INFO] running `Command { std: "docker" "create" "-v" "/var/lib/crater-agent-workspace/builds/worker-3-tc1/target:/opt/rustwide/target:rw,Z" "-v" "/var/lib/crater-agent-workspace/builds/worker-3-tc1/source:/opt/rustwide/workdir:ro,Z" "-v" "/var/lib/crater-agent-workspace/cargo-home:/opt/rustwide/cargo-home:ro,Z" "-v" "/var/lib/crater-agent-workspace/rustup-home:/opt/rustwide/rustup-home:ro,Z" "-e" "SOURCE_DIR=/opt/rustwide/workdir" "-e" "CARGO_TARGET_DIR=/opt/rustwide/target" "-e" "CARGO_INCREMENTAL=0" "-e" "RUST_BACKTRACE=full" "-e" "RUSTFLAGS=--cap-lints=warn" "-e" "RUSTDOCFLAGS=--cap-lints=warn" "-e" "CARGO_HOME=/opt/rustwide/cargo-home" "-e" "RUSTUP_HOME=/opt/rustwide/rustup-home" "-w" "/opt/rustwide/workdir" "-m" "1610612736" "--user" "0:0" "--network" "none" "ghcr.io/rust-lang/crates-build-env/linux@sha256:2788e3201cd34a07e3172128adcd8b3090168a8e3bcc40d7c032b9dda1df7d1c" "/opt/rustwide/cargo-home/bin/cargo" "+1.75.0" "doc" "--frozen" "--no-deps" "--document-private-items" "--message-format=json", kill_on_drop: false }`
[INFO] [stdout] c37448db40a425175424dac19166d5671638107e8070797656bcf4dbb2157f3c
[INFO] running `Command { std: "docker" "start" "-a" "c37448db40a425175424dac19166d5671638107e8070797656bcf4dbb2157f3c", kill_on_drop: false }`
[INFO] [stderr]    Compiling proc-macro2 v1.0.24
[INFO] [stderr]    Compiling unicode-xid v0.2.1
[INFO] [stderr]    Compiling syn v1.0.60
[INFO] [stderr]    Compiling libc v0.2.88
[INFO] [stderr]     Checking cfg-if v1.0.0
[INFO] [stderr]    Compiling autocfg v1.0.1
[INFO] [stderr]    Compiling memchr v2.3.4
[INFO] [stderr]    Compiling log v0.4.14
[INFO] [stderr]    Compiling cc v1.0.66
[INFO] [stderr]    Compiling pkg-config v0.3.19
[INFO] [stderr]     Checking pin-project-lite v0.2.4
[INFO] [stderr]     Checking once_cell v1.5.2
[INFO] [stderr]    Compiling proc-macro-hack v0.5.19
[INFO] [stderr]     Checking futures-core v0.3.12
[INFO] [stderr]     Checking lazy_static v1.4.0
[INFO] [stderr]     Checking bytes v1.0.1
[INFO] [stderr]    Compiling quote v1.0.8
[INFO] [stderr]    Compiling tokio v1.4.0
[INFO] [stderr]    Compiling indexmap v1.6.1
[INFO] [stderr]    Compiling serde_derive v1.0.123
[INFO] [stderr]    Compiling proc-macro-nested v0.1.7
[INFO] [stderr]     Checking futures-sink v0.3.12
[INFO] [stderr]     Checking mio v0.7.11
[INFO] [stderr]     Checking num_cpus v1.13.0
[INFO] [stderr]     Checking hashbrown v0.9.1
[INFO] [stderr]    Compiling serde v1.0.123
[INFO] [stderr]    Compiling openssl-sys v0.9.60
[INFO] [stderr]     Checking itoa v0.4.7
[INFO] [stderr]    Compiling version_check v0.9.2
[INFO] [stderr]     Checking futures-channel v0.3.12
[INFO] [stderr]     Checking futures-task v0.3.12
[INFO] [stderr]     Checking pin-utils v0.1.0
[INFO] [stderr]    Compiling unicase v2.6.0
[INFO] [stderr]     Checking futures-io v0.3.12
[INFO] [stderr]     Checking slab v0.4.2
[INFO] [stderr]    Compiling bitflags v1.2.1
[INFO] [stderr]     Checking matches v0.1.8
[INFO] [stderr]     Checking foreign-types-shared v0.1.1
[INFO] [stderr]    Compiling getrandom v0.2.2
[INFO] [stderr]    Compiling openssl v0.10.32
[INFO] [stderr]     Checking fnv v1.0.7
[INFO] [stderr] The following warnings were emitted during compilation:
[INFO] [stderr] 
[INFO] [stderr] warning: openssl-sys@0.9.60: build/expando.c:4:24: error: pasting "RUST_VERSION_OPENSSL_" and "(" does not give a valid preprocessing token
[INFO] [stderr] warning: openssl-sys@0.9.60:     4 | #define VERSION2(n, v) RUST_VERSION_##n##_##v
[INFO] [stderr] warning: openssl-sys@0.9.60:       |                        ^~~~~~~~~~~~~
[INFO] [stderr] warning: openssl-sys@0.9.60: build/expando.c:5:23: note: in expansion of macro 'VERSION2'
[INFO] [stderr] warning: openssl-sys@0.9.60:     5 | #define VERSION(n, v) VERSION2(n, v)
[INFO] [stderr] warning: openssl-sys@0.9.60:       |                       ^~~~~~~~
[INFO] [stderr] warning: openssl-sys@0.9.60: build/expando.c:10:1: note: in expansion of macro 'VERSION'
[INFO] [stderr] warning: openssl-sys@0.9.60:    10 | VERSION(OPENSSL, OPENSSL_VERSION_NUMBER)
[INFO] [stderr] warning: openssl-sys@0.9.60:       | ^~~~~~~
[INFO] [stderr] 
[INFO] [stderr] error: failed to run custom build command for `openssl-sys v0.9.60`
[INFO] [stderr] note: To improve backtraces for build dependencies, set the CARGO_PROFILE_DEV_BUILD_OVERRIDE_DEBUG=true environment variable to enable debug information generation.
[INFO] [stderr] 
[INFO] [stderr] Caused by:
[INFO] [stderr]   process didn't exit successfully: `/opt/rustwide/target/debug/build/openssl-sys-b0a8d3fbad61c1b4/build-script-main` (exit status: 101)
[INFO] [stderr]   --- stdout
[INFO] [stderr]   cargo:rustc-cfg=const_fn
[INFO] [stderr]   cargo:rerun-if-env-changed=X86_64_UNKNOWN_LINUX_GNU_OPENSSL_LIB_DIR
[INFO] [stderr]   X86_64_UNKNOWN_LINUX_GNU_OPENSSL_LIB_DIR unset
[INFO] [stderr]   cargo:rerun-if-env-changed=OPENSSL_LIB_DIR
[INFO] [stderr]   OPENSSL_LIB_DIR unset
[INFO] [stderr]   cargo:rerun-if-env-changed=X86_64_UNKNOWN_LINUX_GNU_OPENSSL_INCLUDE_DIR
[INFO] [stderr]   X86_64_UNKNOWN_LINUX_GNU_OPENSSL_INCLUDE_DIR unset
[INFO] [stderr]   cargo:rerun-if-env-changed=OPENSSL_INCLUDE_DIR
[INFO] [stderr]   OPENSSL_INCLUDE_DIR unset
[INFO] [stderr]   cargo:rerun-if-env-changed=X86_64_UNKNOWN_LINUX_GNU_OPENSSL_DIR
[INFO] [stderr]   X86_64_UNKNOWN_LINUX_GNU_OPENSSL_DIR unset
[INFO] [stderr]   cargo:rerun-if-env-changed=OPENSSL_DIR
[INFO] [stderr]   OPENSSL_DIR unset
[INFO] [stderr]   cargo:rerun-if-env-changed=OPENSSL_NO_PKG_CONFIG
[INFO] [stderr]   cargo:rerun-if-env-changed=PKG_CONFIG
[INFO] [stderr]   cargo:rerun-if-env-changed=OPENSSL_STATIC
[INFO] [stderr]   cargo:rerun-if-env-changed=OPENSSL_DYNAMIC
[INFO] [stderr]   cargo:rerun-if-env-changed=PKG_CONFIG_ALL_STATIC
[INFO] [stderr]   cargo:rerun-if-env-changed=PKG_CONFIG_ALL_DYNAMIC
[INFO] [stderr]   cargo:rerun-if-env-changed=PKG_CONFIG_PATH_x86_64-unknown-linux-gnu
[INFO] [stderr]   cargo:rerun-if-env-changed=PKG_CONFIG_PATH_x86_64_unknown_linux_gnu
[INFO] [stderr]   cargo:rerun-if-env-changed=HOST_PKG_CONFIG_PATH
[INFO] [stderr]   cargo:rerun-if-env-changed=PKG_CONFIG_PATH
[INFO] [stderr]   cargo:rerun-if-env-changed=PKG_CONFIG_LIBDIR_x86_64-unknown-linux-gnu
[INFO] [stderr]   cargo:rerun-if-env-changed=PKG_CONFIG_LIBDIR_x86_64_unknown_linux_gnu
[INFO] [stderr]   cargo:rerun-if-env-changed=HOST_PKG_CONFIG_LIBDIR
[INFO] [stderr]   cargo:rerun-if-env-changed=PKG_CONFIG_LIBDIR
[INFO] [stderr]   cargo:rerun-if-env-changed=PKG_CONFIG_SYSROOT_DIR_x86_64-unknown-linux-gnu
[INFO] [stderr]   cargo:rerun-if-env-changed=PKG_CONFIG_SYSROOT_DIR_x86_64_unknown_linux_gnu
[INFO] [stderr]   cargo:rerun-if-env-changed=HOST_PKG_CONFIG_SYSROOT_DIR
[INFO] [stderr]   cargo:rerun-if-env-changed=PKG_CONFIG_SYSROOT_DIR
[INFO] [stderr]   cargo:rerun-if-env-changed=PKG_CONFIG_SYSROOT_DIR
[INFO] [stderr]   cargo:rerun-if-env-changed=SYSROOT
[INFO] [stderr]   cargo:rerun-if-env-changed=OPENSSL_STATIC
[INFO] [stderr]   cargo:rerun-if-env-changed=OPENSSL_DYNAMIC
[INFO] [stderr]   cargo:rerun-if-env-changed=PKG_CONFIG_ALL_STATIC
[INFO] [stderr]   cargo:rerun-if-env-changed=PKG_CONFIG_ALL_DYNAMIC
[INFO] [stderr]   cargo:rustc-link-lib=ssl
[INFO] [stderr]   cargo:rustc-link-lib=crypto
[INFO] [stderr]   cargo:rerun-if-env-changed=PKG_CONFIG
[INFO] [stderr]   cargo:rerun-if-env-changed=OPENSSL_STATIC
[INFO] [stderr]   cargo:rerun-if-env-changed=OPENSSL_DYNAMIC
[INFO] [stderr]   cargo:rerun-if-env-changed=PKG_CONFIG_ALL_STATIC
[INFO] [stderr]   cargo:rerun-if-env-changed=PKG_CONFIG_ALL_DYNAMIC
[INFO] [stderr]   cargo:rerun-if-env-changed=PKG_CONFIG_PATH_x86_64-unknown-linux-gnu
[INFO] [stderr]   cargo:rerun-if-env-changed=PKG_CONFIG_PATH_x86_64_unknown_linux_gnu
[INFO] [stderr]   cargo:rerun-if-env-changed=HOST_PKG_CONFIG_PATH
[INFO] [stderr]   cargo:rerun-if-env-changed=PKG_CONFIG_PATH
[INFO] [stderr]   cargo:rerun-if-env-changed=PKG_CONFIG_LIBDIR_x86_64-unknown-linux-gnu
[INFO] [stderr]   cargo:rerun-if-env-changed=PKG_CONFIG_LIBDIR_x86_64_unknown_linux_gnu
[INFO] [stderr]   cargo:rerun-if-env-changed=HOST_PKG_CONFIG_LIBDIR
[INFO] [stderr]   cargo:rerun-if-env-changed=PKG_CONFIG_LIBDIR
[INFO] [stderr]   cargo:rerun-if-env-changed=PKG_CONFIG_SYSROOT_DIR_x86_64-unknown-linux-gnu
[INFO] [stderr]   cargo:rerun-if-env-changed=PKG_CONFIG_SYSROOT_DIR_x86_64_unknown_linux_gnu
[INFO] [stderr]   cargo:rerun-if-env-changed=HOST_PKG_CONFIG_SYSROOT_DIR
[INFO] [stderr]   cargo:rerun-if-env-changed=PKG_CONFIG_SYSROOT_DIR
[INFO] [stderr]   OPT_LEVEL = Some("0")
[INFO] [stderr]   TARGET = Some("x86_64-unknown-linux-gnu")
[INFO] [stderr]   HOST = Some("x86_64-unknown-linux-gnu")
[INFO] [stderr]   CC_x86_64-unknown-linux-gnu = None
[INFO] [stderr]   CC_x86_64_unknown_linux_gnu = None
[INFO] [stderr]   HOST_CC = None
[INFO] [stderr]   CC = None
[INFO] [stderr]   CFLAGS_x86_64-unknown-linux-gnu = None
[INFO] [stderr]   CFLAGS_x86_64_unknown_linux_gnu = None
[INFO] [stderr]   HOST_CFLAGS = None
[INFO] [stderr]   CFLAGS = None
[INFO] [stderr]   CRATE_CC_NO_DEFAULTS = None
[INFO] [stderr]   DEBUG = Some("true")
[INFO] [stderr]   CARGO_CFG_TARGET_FEATURE = Some("fxsr,sse,sse2")
[INFO] [stderr]   running: "cc" "-O0" "-ffunction-sections" "-fdata-sections" "-fPIC" "-g" "-fno-omit-frame-pointer" "-m64" "-I" "/usr/include" "-Wall" "-Wextra" "-E" "build/expando.c"
[INFO] [stderr]   cargo:warning=build/expando.c:4:24: error: pasting "RUST_VERSION_OPENSSL_" and "(" does not give a valid preprocessing token
[INFO] [stderr]   cargo:warning=    4 | #define VERSION2(n, v) RUST_VERSION_##n##_##v
[INFO] [stderr]   cargo:warning=      |                        ^~~~~~~~~~~~~
[INFO] [stderr]   cargo:warning=build/expando.c:5:23: note: in expansion of macro 'VERSION2'
[INFO] [stderr]   cargo:warning=    5 | #define VERSION(n, v) VERSION2(n, v)
[INFO] [stderr]   cargo:warning=      |                       ^~~~~~~~
[INFO] [stderr]   cargo:warning=build/expando.c:10:1: note: in expansion of macro 'VERSION'
[INFO] [stderr]   cargo:warning=   10 | VERSION(OPENSSL, OPENSSL_VERSION_NUMBER)
[INFO] [stderr]   cargo:warning=      | ^~~~~~~
[INFO] [stderr]   exit status: 1
[INFO] [stderr] 
[INFO] [stderr]   --- stderr
[INFO] [stderr]   thread 'main' panicked at /opt/rustwide/cargo-home/registry/src/index.crates.io-6f17d22bba15001f/openssl-sys-0.9.60/build/main.rs:141:13:
[INFO] [stderr] 
[INFO] [stderr]   Header expansion error:
[INFO] [stderr]   Error { kind: ToolExecError, message: "Command \"cc\" \"-O0\" \"-ffunction-sections\" \"-fdata-sections\" \"-fPIC\" \"-g\" \"-fno-omit-frame-pointer\" \"-m64\" \"-I\" \"/usr/include\" \"-Wall\" \"-Wextra\" \"-E\" \"build/expando.c\" with args \"cc\" did not execute successfully (status code exit status: 1)." }
[INFO] [stderr] 
[INFO] [stderr]   Failed to find OpenSSL development headers.
[INFO] [stderr] 
[INFO] [stderr]   You can try fixing this setting the `OPENSSL_DIR` environment variable
[INFO] [stderr]   pointing to your OpenSSL installation or installing OpenSSL headers package
[INFO] [stderr]   specific to your distribution:
[INFO] [stderr] 
[INFO] [stderr]       # On Ubuntu
[INFO] [stderr]       sudo apt-get install libssl-dev
[INFO] [stderr]       # On Arch Linux
[INFO] [stderr]       sudo pacman -S openssl
[INFO] [stderr]       # On Fedora
[INFO] [stderr]       sudo dnf install openssl-devel
[INFO] [stderr] 
[INFO] [stderr]   See rust-openssl README for more information:
[INFO] [stderr] 
[INFO] [stderr]       https://github.com/sfackler/rust-openssl#linux
[INFO] [stderr] 
[INFO] [stderr]   stack backtrace:
[INFO] [stderr]      0:     0x55b2ebbc4b0c - std::backtrace_rs::backtrace::libunwind::trace::ha637c64ce894333a
[INFO] [stderr]                                  at /rustc/82e1608dfa6e0b5569232559e3d385fea5a93112/library/std/src/../../backtrace/src/backtrace/libunwind.rs:104:5
[INFO] [stderr]      1:     0x55b2ebbc4b0c - std::backtrace_rs::backtrace::trace_unsynchronized::h47f62dea28e0c88d
[INFO] [stderr]                                  at /rustc/82e1608dfa6e0b5569232559e3d385fea5a93112/library/std/src/../../backtrace/src/backtrace/mod.rs:66:5
[INFO] [stderr]      2:     0x55b2ebbc4b0c - std::sys_common::backtrace::_print_fmt::h9eef0abe20ede486
[INFO] [stderr]                                  at /rustc/82e1608dfa6e0b5569232559e3d385fea5a93112/library/std/src/sys_common/backtrace.rs:67:5
[INFO] [stderr]      3:     0x55b2ebbc4b0c - <std::sys_common::backtrace::_print::DisplayBacktrace as core::fmt::Display>::fmt::hed7f999df88cc644
[INFO] [stderr]                                  at /rustc/82e1608dfa6e0b5569232559e3d385fea5a93112/library/std/src/sys_common/backtrace.rs:44:22
[INFO] [stderr]      4:     0x55b2ebbeac70 - core::fmt::rt::Argument::fmt::h1539a9308b8d058d
[INFO] [stderr]                                  at /rustc/82e1608dfa6e0b5569232559e3d385fea5a93112/library/core/src/fmt/rt.rs:142:9
[INFO] [stderr]      5:     0x55b2ebbeac70 - core::fmt::write::h3a39390d8560d9c9
[INFO] [stderr]                                  at /rustc/82e1608dfa6e0b5569232559e3d385fea5a93112/library/core/src/fmt/mod.rs:1120:17
[INFO] [stderr]      6:     0x55b2ebbc22cf - std::io::Write::write_fmt::h5fc9997dfe05f882
[INFO] [stderr]                                  at /rustc/82e1608dfa6e0b5569232559e3d385fea5a93112/library/std/src/io/mod.rs:1762:15
[INFO] [stderr]      7:     0x55b2ebbc48f4 - std::sys_common::backtrace::_print::h894006fb5c6f3d45
[INFO] [stderr]                                  at /rustc/82e1608dfa6e0b5569232559e3d385fea5a93112/library/std/src/sys_common/backtrace.rs:47:5
[INFO] [stderr]      8:     0x55b2ebbc48f4 - std::sys_common::backtrace::print::h23a2d212c6fff936
[INFO] [stderr]                                  at /rustc/82e1608dfa6e0b5569232559e3d385fea5a93112/library/std/src/sys_common/backtrace.rs:34:9
[INFO] [stderr]      9:     0x55b2ebbc6107 - std::panicking::default_hook::{{closure}}::h8a1d2ee00185001a
[INFO] [stderr]     10:     0x55b2ebbc5e6f - std::panicking::default_hook::h6038f2eba384e475
[INFO] [stderr]                                  at /rustc/82e1608dfa6e0b5569232559e3d385fea5a93112/library/std/src/panicking.rs:292:9
[INFO] [stderr]     11:     0x55b2ebbc6588 - std::panicking::rust_panic_with_hook::h2b5517d590cab22e
[INFO] [stderr]                                  at /rustc/82e1608dfa6e0b5569232559e3d385fea5a93112/library/std/src/panicking.rs:779:13
[INFO] [stderr]     12:     0x55b2ebbc646e - std::panicking::begin_panic_handler::{{closure}}::h233112c06e0ef43e
[INFO] [stderr]                                  at /rustc/82e1608dfa6e0b5569232559e3d385fea5a93112/library/std/src/panicking.rs:657:13
[INFO] [stderr]     13:     0x55b2ebbc4fd6 - std::sys_common::backtrace::__rust_end_short_backtrace::h6e893f24d7ebbff8
[INFO] [stderr]                                  at /rustc/82e1608dfa6e0b5569232559e3d385fea5a93112/library/std/src/sys_common/backtrace.rs:170:18
[INFO] [stderr]     14:     0x55b2ebbc61d2 - rust_begin_unwind
[INFO] [stderr]                                  at /rustc/82e1608dfa6e0b5569232559e3d385fea5a93112/library/std/src/panicking.rs:645:5
[INFO] [stderr]     15:     0x55b2ebb2d685 - core::panicking::panic_fmt::hbf0e066aabfa482c
[INFO] [stderr]                                  at /rustc/82e1608dfa6e0b5569232559e3d385fea5a93112/library/core/src/panicking.rs:72:14
[INFO] [stderr]     16:     0x55b2ebb350bf - build_script_main::validate_headers::hc870f2660b53d3f8
[INFO] [stderr]     17:     0x55b2ebb31c02 - build_script_main::find_normal::try_pkg_config::hf7ec131b0ff4d9a7
[INFO] [stderr]     18:     0x55b2ebb30fb4 - build_script_main::find_normal::find_openssl_dir::h7051adea38a8ac05
[INFO] [stderr]     19:     0x55b2ebb309a2 - build_script_main::find_normal::get_openssl::{{closure}}::h4f72ebd523c4c1e5
[INFO] [stderr]     20:     0x55b2ebb392d9 - core::option::Option<T>::unwrap_or_else::h57caea67c92f767c
[INFO] [stderr]     21:     0x55b2ebb3075e - build_script_main::find_normal::get_openssl::hb0e563b1dd02f21b
[INFO] [stderr]     22:     0x55b2ebb328dd - build_script_main::find_openssl::h778dfd03f48a3027
[INFO] [stderr]     23:     0x55b2ebb329bd - build_script_main::main::h113f3a299f621b90
[INFO] [stderr]     24:     0x55b2ebb2e9c3 - core::ops::function::FnOnce::call_once::hb8f3adef6bdd5adb
[INFO] [stderr]     25:     0x55b2ebb2e396 - std::sys_common::backtrace::__rust_begin_short_backtrace::h0c9e23cb7e50d828
[INFO] [stderr]     26:     0x55b2ebb38819 - std::rt::lang_start::{{closure}}::h73ccdea88d8c4009
[INFO] [stderr]     27:     0x55b2ebbbe5a7 - core::ops::function::impls::<impl core::ops::function::FnOnce<A> for &F>::call_once::hd95060ecd5e1ca24
[INFO] [stderr]                                  at /rustc/82e1608dfa6e0b5569232559e3d385fea5a93112/library/core/src/ops/function.rs:284:13
[INFO] [stderr]     28:     0x55b2ebbbe5a7 - std::panicking::try::do_call::h6e8cf51db32a6e4b
[INFO] [stderr]                                  at /rustc/82e1608dfa6e0b5569232559e3d385fea5a93112/library/std/src/panicking.rs:552:40
[INFO] [stderr]     29:     0x55b2ebbbe5a7 - std::panicking::try::h3a52eefe24fe3c29
[INFO] [stderr]                                  at /rustc/82e1608dfa6e0b5569232559e3d385fea5a93112/library/std/src/panicking.rs:516:19
[INFO] [stderr]     30:     0x55b2ebbbe5a7 - std::panic::catch_unwind::h24c28c23c02c3841
[INFO] [stderr]                                  at /rustc/82e1608dfa6e0b5569232559e3d385fea5a93112/library/std/src/panic.rs:142:14
[INFO] [stderr]     31:     0x55b2ebbbe5a7 - std::rt::lang_start_internal::{{closure}}::h705d3c9cbc06ef47
[INFO] [stderr]                                  at /rustc/82e1608dfa6e0b5569232559e3d385fea5a93112/library/std/src/rt.rs:148:48
[INFO] [stderr]     32:     0x55b2ebbbe5a7 - std::panicking::try::do_call::ha21f52ba13158470
[INFO] [stderr]                                  at /rustc/82e1608dfa6e0b5569232559e3d385fea5a93112/library/std/src/panicking.rs:552:40
[INFO] [stderr]     33:     0x55b2ebbbe5a7 - std::panicking::try::h5581346bf6aeb1f8
[INFO] [stderr]                                  at /rustc/82e1608dfa6e0b5569232559e3d385fea5a93112/library/std/src/panicking.rs:516:19
[INFO] [stderr]     34:     0x55b2ebbbe5a7 - std::panic::catch_unwind::h7919645a6b72e25b
[INFO] [stderr]                                  at /rustc/82e1608dfa6e0b5569232559e3d385fea5a93112/library/std/src/panic.rs:142:14
[INFO] [stderr]     35:     0x55b2ebbbe5a7 - std::rt::lang_start_internal::h12de51168669836e
[INFO] [stderr]                                  at /rustc/82e1608dfa6e0b5569232559e3d385fea5a93112/library/std/src/rt.rs:148:20
[INFO] [stderr]     36:     0x55b2ebb387f7 - std::rt::lang_start::h68ed889f99a0582d
[INFO] [stderr]     37:     0x55b2ebb35e05 - main
[INFO] [stderr]     38:     0x7fcf5cfc0d90 - <unknown>
[INFO] [stderr]     39:     0x7fcf5cfc0e40 - __libc_start_main
[INFO] [stderr]     40:     0x55b2ebb2de95 - _start
[INFO] [stderr]     41:                0x0 - <unknown>
[INFO] [stderr] warning: build failed, waiting for other jobs to finish...
[INFO] running `Command { std: "docker" "inspect" "c37448db40a425175424dac19166d5671638107e8070797656bcf4dbb2157f3c", kill_on_drop: false }`
[INFO] running `Command { std: "docker" "rm" "-f" "c37448db40a425175424dac19166d5671638107e8070797656bcf4dbb2157f3c", kill_on_drop: false }`
[INFO] [stdout] c37448db40a425175424dac19166d5671638107e8070797656bcf4dbb2157f3c
