[INFO] cloning repository https://github.com/anellie/gamegirl
[INFO] running `Command { std: "git" "-c" "credential.helper=" "-c" "credential.helper=/workspace/cargo-home/bin/git-credential-null" "clone" "--bare" "https://github.com/anellie/gamegirl" "/workspace/cache/git-repos/https%3A%2F%2Fgithub.com%2Fanellie%2Fgamegirl", kill_on_drop: false }`
[INFO] [stderr] Cloning into bare repository '/workspace/cache/git-repos/https%3A%2F%2Fgithub.com%2Fanellie%2Fgamegirl'...
[INFO] running `Command { std: "git" "rev-parse" "HEAD", kill_on_drop: false }`
[INFO] [stdout] c0d275951dc01b31d83babbd36bc8fdef7c2de59
[INFO] documenting anellie/gamegirl against 1.75.0 for beta-1.76-rustdoc-1
[INFO] running `Command { std: "git" "clone" "/workspace/cache/git-repos/https%3A%2F%2Fgithub.com%2Fanellie%2Fgamegirl" "/workspace/builds/worker-2-tc1/source", kill_on_drop: false }`
[INFO] [stderr] Cloning into '/workspace/builds/worker-2-tc1/source'...
[INFO] [stderr] done.
[INFO] validating manifest of git repo https://github.com/anellie/gamegirl on toolchain 1.75.0
[INFO] running `Command { std: CARGO_HOME="/workspace/cargo-home" RUSTUP_HOME="/workspace/rustup-home" "/workspace/cargo-home/bin/cargo" "+1.75.0" "metadata" "--manifest-path" "Cargo.toml" "--no-deps", kill_on_drop: false }`
[INFO] removed /workspace/builds/worker-2-tc1/source/.cargo/config
[INFO] removed /workspace/builds/worker-2-tc1/source/rust-toolchain.toml
[INFO] started tweaking git repo https://github.com/anellie/gamegirl
[INFO] finished tweaking git repo https://github.com/anellie/gamegirl
[INFO] tweaked toml for git repo https://github.com/anellie/gamegirl written to /workspace/builds/worker-2-tc1/source/Cargo.toml
[INFO] crate git repo https://github.com/anellie/gamegirl already has a lockfile, it will not be regenerated
[INFO] running `Command { std: CARGO_HOME="/workspace/cargo-home" RUSTUP_HOME="/workspace/rustup-home" "/workspace/cargo-home/bin/cargo" "+1.75.0" "fetch" "--manifest-path" "Cargo.toml", kill_on_drop: false }`
[INFO] [stderr]     Updating crates.io index
[INFO] [stderr]     Updating git repository `https://github.com/catppuccin/egui.git`
[INFO] [stderr]  Downloading crates ...
[INFO] [stderr]   Downloaded ecolor v0.24.1
[INFO] [stderr]   Downloaded bitmatch v0.1.1
[INFO] [stderr]   Downloaded emath v0.24.1
[INFO] [stderr]   Downloaded seahorse v2.1.0
[INFO] [stderr]   Downloaded boolean_expression v0.3.11
[INFO] [stderr]   Downloaded gdbstub_arch v0.3.0
[INFO] [stderr]   Downloaded egui_glow v0.24.1
[INFO] [stderr]   Downloaded eframe v0.24.1
[INFO] [stderr]   Downloaded egui v0.24.1
[INFO] [stderr]   Downloaded epaint v0.24.1
[INFO] [stderr]   Downloaded gdbstub v0.7.0
[INFO] [stderr]   Downloaded egui-winit v0.24.1
[INFO] [stderr]   Downloaded elf_rs v0.3.1
[INFO] running `Command { std: "docker" "create" "-v" "/var/lib/crater-agent-workspace/builds/worker-2-tc1/target:/opt/rustwide/target:rw,Z" "-v" "/var/lib/crater-agent-workspace/builds/worker-2-tc1/source:/opt/rustwide/workdir:ro,Z" "-v" "/var/lib/crater-agent-workspace/cargo-home:/opt/rustwide/cargo-home:ro,Z" "-v" "/var/lib/crater-agent-workspace/rustup-home:/opt/rustwide/rustup-home:ro,Z" "-e" "SOURCE_DIR=/opt/rustwide/workdir" "-e" "CARGO_TARGET_DIR=/opt/rustwide/target" "-e" "CARGO_HOME=/opt/rustwide/cargo-home" "-e" "RUSTUP_HOME=/opt/rustwide/rustup-home" "-w" "/opt/rustwide/workdir" "-m" "1610612736" "--user" "0:0" "--network" "none" "ghcr.io/rust-lang/crates-build-env/linux@sha256:2788e3201cd34a07e3172128adcd8b3090168a8e3bcc40d7c032b9dda1df7d1c" "/opt/rustwide/cargo-home/bin/cargo" "+1.75.0" "metadata" "--no-deps" "--format-version=1", kill_on_drop: false }`
[INFO] [stdout] c395ca5ef459c989d7c9297c33328f20806df0a3f8fa597378019557de44d7d7
[INFO] running `Command { std: "docker" "start" "-a" "c395ca5ef459c989d7c9297c33328f20806df0a3f8fa597378019557de44d7d7", kill_on_drop: false }`
[INFO] running `Command { std: "docker" "inspect" "c395ca5ef459c989d7c9297c33328f20806df0a3f8fa597378019557de44d7d7", kill_on_drop: false }`
[INFO] running `Command { std: "docker" "rm" "-f" "c395ca5ef459c989d7c9297c33328f20806df0a3f8fa597378019557de44d7d7", kill_on_drop: false }`
[INFO] [stdout] c395ca5ef459c989d7c9297c33328f20806df0a3f8fa597378019557de44d7d7
[INFO] running `Command { std: "docker" "create" "-v" "/var/lib/crater-agent-workspace/builds/worker-2-tc1/target:/opt/rustwide/target:rw,Z" "-v" "/var/lib/crater-agent-workspace/builds/worker-2-tc1/source:/opt/rustwide/workdir:ro,Z" "-v" "/var/lib/crater-agent-workspace/cargo-home:/opt/rustwide/cargo-home:ro,Z" "-v" "/var/lib/crater-agent-workspace/rustup-home:/opt/rustwide/rustup-home:ro,Z" "-e" "SOURCE_DIR=/opt/rustwide/workdir" "-e" "CARGO_TARGET_DIR=/opt/rustwide/target" "-e" "CARGO_INCREMENTAL=0" "-e" "RUST_BACKTRACE=full" "-e" "RUSTFLAGS=--cap-lints=warn" "-e" "RUSTDOCFLAGS=--cap-lints=warn" "-e" "CARGO_HOME=/opt/rustwide/cargo-home" "-e" "RUSTUP_HOME=/opt/rustwide/rustup-home" "-w" "/opt/rustwide/workdir" "-m" "1610612736" "--user" "0:0" "--network" "none" "ghcr.io/rust-lang/crates-build-env/linux@sha256:2788e3201cd34a07e3172128adcd8b3090168a8e3bcc40d7c032b9dda1df7d1c" "/opt/rustwide/cargo-home/bin/cargo" "+1.75.0" "doc" "--frozen" "--no-deps" "--document-private-items" "--message-format=json", kill_on_drop: false }`
[INFO] [stdout] a2bbe40d957f536f4806dd6c1333ac525db5464247ea6a8c0793580d23f74645
[INFO] running `Command { std: "docker" "start" "-a" "a2bbe40d957f536f4806dd6c1333ac525db5464247ea6a8c0793580d23f74645", kill_on_drop: false }`
[INFO] [stderr]    Compiling pkg-config v0.3.27
[INFO] [stderr]    Compiling proc-macro2 v1.0.69
[INFO] [stderr]    Compiling unicode-ident v1.0.12
[INFO] [stderr]    Compiling autocfg v1.1.0
[INFO] [stderr]    Compiling libc v0.2.150
[INFO] [stderr]     Checking cfg-if v1.0.0
[INFO] [stderr]    Compiling serde v1.0.193
[INFO] [stderr]    Compiling smallvec v1.11.2
[INFO] [stderr]     Checking log v0.4.20
[INFO] [stderr]    Compiling equivalent v1.0.1
[INFO] [stderr]    Compiling hashbrown v0.14.2
[INFO] [stderr]    Compiling target-lexicon v0.12.12
[INFO] [stderr]    Compiling winnow v0.5.19
[INFO] [stderr]    Compiling heck v0.4.1
[INFO] [stderr]    Compiling version-compare v0.1.1
[INFO] [stderr]    Compiling version_check v0.9.4
[INFO] [stderr]     Checking bitflags v1.3.2
[INFO] [stderr]    Compiling xml-rs v0.8.19
[INFO] [stderr]    Compiling zstd-safe v7.0.0
[INFO] [stderr]     Checking once_cell v1.18.0
[INFO] [stderr]    Compiling syn v1.0.109
[INFO] [stderr]     Checking libloading v0.8.1
[INFO] [stderr]    Compiling num-traits v0.2.17
[INFO] [stderr]    Compiling memoffset v0.6.5
[INFO] [stderr]    Compiling num-integer v0.1.45
[INFO] [stderr]     Checking memchr v2.6.4
[INFO] [stderr]    Compiling either v1.9.0
[INFO] [stderr]     Checking dlib v0.5.2
[INFO] [stderr]    Compiling itertools v0.9.0
[INFO] [stderr]     Checking lazy_static v1.4.0
[INFO] [stderr]    Compiling khronos_api v3.1.0
[INFO] [stderr]    Compiling lock_api v0.4.11
[INFO] [stderr]    Compiling wayland-sys v0.29.5
[INFO] [stderr]    Compiling cfg_aliases v0.1.1
[INFO] [stderr]    Compiling parking_lot_core v0.9.9
[INFO] [stderr]    Compiling indexmap v2.1.0
[INFO] [stderr]    Compiling rustfft v6.1.0
[INFO] [stderr]    Compiling quote v1.0.33
[INFO] [stderr]    Compiling cfg-expr v0.15.5
[INFO] [stderr]     Checking strength_reduce v0.2.4
[INFO] [stderr]    Compiling thiserror v1.0.50
[INFO] [stderr]     Checking scopeguard v1.2.0
[INFO] [stderr]    Compiling syn v2.0.39
[INFO] [stderr]    Compiling wayland-scanner v0.29.5
[INFO] [stderr]    Compiling jobserver v0.1.27
[INFO] [stderr]    Compiling gl_generator v0.14.0
[INFO] [stderr]    Compiling slotmap v1.0.6
[INFO] [stderr]    Compiling cc v1.0.83
[INFO] [stderr]    Compiling boolean_expression v0.3.11
[INFO] [stderr]    Compiling memoffset v0.7.1
[INFO] [stderr]     Checking vec_map v0.8.2
[INFO] [stderr]     Checking minimal-lexical v0.2.1
[INFO] [stderr]     Checking scoped-tls v1.0.1
[INFO] [stderr]     Checking downcast-rs v1.2.0
[INFO] [stderr]    Compiling x11-dl v2.21.0
[INFO] [stderr]    Compiling ahash v0.8.6
[INFO] [stderr]     Checking nom v7.1.3
[INFO] [stderr]     Checking ttf-parser v0.20.0
[INFO] [stderr]     Checking static_assertions v1.1.0
[INFO] [stderr]    Compiling smithay-client-toolkit v0.16.1
[INFO] [stderr]     Checking nix v0.24.3
[INFO] [stderr]     Checking num-complex v0.4.4
[INFO] [stderr]     Checking nix v0.25.1
[INFO] [stderr]    Compiling paste v1.0.14
[INFO] [stderr]     Checking ab_glyph_rasterizer v0.1.8
[INFO] [stderr]     Checking zerocopy v0.7.26
[INFO] [stderr]     Checking primal-check v0.3.3
[INFO] [stderr]     Checking transpose v0.2.2
[INFO] [stderr]     Checking parking_lot v0.12.1
[INFO] [stderr]    Compiling crc32fast v1.3.2
[INFO] [stderr]     Checking tinyvec_macros v0.1.1
[INFO] [stderr]     Checking percent-encoding v2.3.1
[INFO] [stderr]     Checking simd-adler32 v0.3.7
[INFO] [stderr]     Checking tinyvec v1.6.0
[INFO] [stderr]     Checking memmap2 v0.5.10
[INFO] [stderr]     Checking base64 v0.21.5
[INFO] [stderr]     Checking raw-window-handle v0.5.2
[INFO] [stderr]    Compiling wayland-client v0.29.5
[INFO] [stderr]    Compiling wayland-protocols v0.29.5
[INFO] [stderr]     Checking glow v0.12.3
[INFO] [stderr]     Checking adler v1.0.2
[INFO] [stderr]     Checking nohash-hasher v0.2.0
[INFO] [stderr]     Checking miniz_oxide v0.7.1
[INFO] [stderr]    Compiling winit v0.28.7
[INFO] [stderr]     Checking unicode-normalization v0.1.22
[INFO] [stderr]    Compiling zstd-sys v2.0.9+zstd.1.5.5
[INFO] [stderr]     Checking xcursor v0.3.4
[INFO] [stderr]     Checking wayland-commons v0.29.5
[INFO] [stderr]    Compiling glutin_glx_sys v0.4.0
[INFO] [stderr]    Compiling toml_datetime v0.6.5
[INFO] [stderr]    Compiling serde_spanned v0.6.4
[INFO] [stderr]    Compiling glutin_egl_sys v0.5.1
[INFO] [stderr]     Checking nix v0.26.4
[INFO] [stderr]    Compiling wayland-sys v0.30.1
[INFO] [stderr]     Checking owned_ttf_parser v0.20.0
[INFO] [stderr]    Compiling toml_edit v0.21.0
[INFO] [stderr]     Checking unicode-bidi v0.3.13
[INFO] [stderr]     Checking managed v0.8.0
[INFO] [stderr]     Checking ab_glyph v0.2.23
[INFO] [stderr]    Compiling rustix v0.38.25
[INFO] [stderr]    Compiling x11rb v0.12.0
[INFO] [stderr]     Checking idna v0.5.0
[INFO] [stderr]     Checking flate2 v1.0.28
[INFO] [stderr]     Checking fdeflate v0.3.1
[INFO] [stderr]    Compiling serde_derive v1.0.193
[INFO] [stderr]    Compiling bytemuck_derive v1.5.0
[INFO] [stderr]    Compiling thiserror-impl v1.0.50
[INFO] [stderr]     Checking form_urlencoded v1.2.1
[INFO] [stderr]     Checking mio v0.8.9
[INFO] [stderr]     Checking gethostname v0.3.0
[INFO] [stderr]     Checking aho-corasick v1.1.2
[INFO] [stderr]    Compiling glutin v0.30.10
[INFO] [stderr]    Compiling alsa-sys v0.3.1
[INFO] [stderr]    Compiling libudev-sys v0.1.4
[INFO] [stderr]    Compiling slab v0.4.9
[INFO] [stderr]    Compiling num-rational v0.4.1
[INFO] [stderr]     Checking x11rb-protocol v0.12.0
[INFO] [stderr]     Checking instant v0.1.12
[INFO] [stderr]     Checking linux-raw-sys v0.4.11
[INFO] [stderr]     Checking regex-syntax v0.8.2
[INFO] [stderr]    Compiling futures-core v0.3.29
[INFO] [stderr]    Compiling futures-task v0.3.29
[INFO] [stderr]    Compiling toml v0.8.8
[INFO] [stderr]     Checking url v2.5.0
[INFO] [stderr]     Checking bytemuck v1.14.0
[INFO] [stderr]     Checking png v0.17.10
[INFO] [stderr]     Checking inotify-sys v0.1.5
[INFO] [stderr]    Compiling glutin-winit v0.3.0
[INFO] [stderr]     Checking libloading v0.7.4
[INFO] [stderr]     Checking home v0.5.5
[INFO] [stderr]    Compiling system-deps v6.2.0
[INFO] [stderr]    Compiling futures-util v0.3.29
[INFO] [stderr]     Checking webbrowser v0.8.12
[INFO] [stderr]     Checking inotify v0.10.2
[INFO] [stderr]     Checking regex-automata v0.4.3
[INFO] [stderr]     Checking calloop v0.10.6
[INFO] [stderr]     Checking wayland-cursor v0.29.5
[INFO] [stderr]     Checking dirs-sys-next v0.1.2
[INFO] [stderr]    Compiling rfd v0.12.1
[INFO] [stderr]     Checking uuid v1.6.1
[INFO] [stderr]     Checking pin-project-lite v0.2.13
[INFO] [stderr]     Checking termcolor v1.4.0
[INFO] [stderr]    Compiling gilrs v0.10.3
[INFO] [stderr]     Checking byteorder v1.5.0
[INFO] [stderr]     Checking pin-utils v0.1.0
[INFO] [stderr]     Checking humantime v2.1.0
[INFO] [stderr]     Checking web-time v0.2.3
[INFO] [stderr]    Compiling cpal v0.15.2
[INFO] [stderr]     Checking color_quant v1.1.0
[INFO] [stderr]     Checking alsa v0.7.1
[INFO] [stderr]     Checking directories-next v2.0.0
[INFO] [stderr]     Checking fnv v1.0.7
[INFO] [stderr]     Checking dasp_sample v0.11.0
[INFO] [stderr]     Checking seahorse v2.1.0
[INFO] [stderr]     Checking image v0.24.7
[INFO] [stderr]     Checking ansi_term v0.12.1
[INFO] [stderr]    Compiling bitmatch v0.1.1
[INFO] [stderr]    Compiling modular-bitfield-impl v0.11.2
[INFO] [stderr]     Checking realfft v3.3.0
[INFO] [stderr]    Compiling glib-sys v0.18.1
[INFO] [stderr]    Compiling gobject-sys v0.18.0
[INFO] [stderr]    Compiling gio-sys v0.18.1
[INFO] [stderr]     Checking rubato v0.14.1
[INFO] [stderr]    Compiling atk-sys v0.18.0
[INFO] [stderr]    Compiling gdk-sys v0.18.0
[INFO] [stderr]    Compiling gdk-pixbuf-sys v0.18.0
[INFO] [stderr]    Compiling cairo-sys-rs v0.18.2
[INFO] [stderr]    Compiling pango-sys v0.18.0
[INFO] [stderr]    Compiling gtk-sys v0.18.0
[INFO] [stderr]     Checking regex v1.10.2
[INFO] [stderr]     Checking futures-executor v0.3.29
[INFO] [stderr]     Checking modular-bitfield v0.11.2
[INFO] [stderr]     Checking bitflags v2.4.1
[INFO] [stderr]     Checking serde_arrays v0.1.0
[INFO] [stderr]     Checking arrayvec v0.7.4
[INFO] [stderr]     Checking bincode v1.3.3
[INFO] [stderr]     Checking emath v0.24.1
[INFO] [stderr]     Checking ecolor v0.24.1
[INFO] [stderr]     Checking elf_rs v0.3.1
[INFO] [stderr]     Checking psg-apu v0.1.0 (/opt/rustwide/workdir/components/psg-apu)
[INFO] [stderr]     Checking ron v0.8.1
[INFO] [stderr]     Checking gdbstub v0.7.0
[INFO] [stderr]     Checking nix v0.27.1
[INFO] [stderr]  Documenting psg-apu v0.1.0 (/opt/rustwide/workdir/components/psg-apu)
[INFO] [stdout] error[E0554]: `#![feature]` may not be used on the stable release channel
[INFO] [stdout]   --> components/psg-apu/src/lib.rs:11:1
[INFO] [stdout]    |
[INFO] [stdout] 11 | #![feature(trait_alias)]
[INFO] [stdout]    | ^^^^^^^^^^^^^^^^^^^^^^^^
[INFO] [stdout] 
[INFO] [stdout] 
[INFO] [stdout] error[E0554]: `#![feature]` may not be used on the stable release channel
[INFO] [stdout]   --> components/psg-apu/src/lib.rs:11:1
[INFO] [stdout]    |
[INFO] [stdout] 11 | #![feature(trait_alias)]
[INFO] [stdout]    | ^^^^^^^^^^^^^^^^^^^^^^^^
[INFO] [stdout] 
[INFO] [stdout] 
[INFO] [stdout] error: aborting due to previous error
[INFO] [stdout] 
[INFO] [stdout] 
[INFO] [stdout] For more information about this error, try `rustc --explain E0554`.
[INFO] [stdout] 
[INFO] [stderr] error: could not document `psg-apu`
[INFO] [stderr] 
[INFO] [stderr] Caused by:
[INFO] [stderr]   process didn't exit successfully: `/opt/rustwide/rustup-home/toolchains/1.75.0-x86_64-unknown-linux-gnu/bin/rustdoc --edition=2021 --crate-type lib --crate-name psg_apu components/psg-apu/src/lib.rs -o /opt/rustwide/target/doc --cfg 'feature="serde"' --error-format=json --json=diagnostic-rendered-ansi,artifacts,future-incompat --document-private-items -C metadata=05d0d41035dafe1d -L dependency=/opt/rustwide/target/debug/deps --extern bitflags=/opt/rustwide/target/debug/deps/libbitflags-d02009f0f13e1200.rmeta --extern serde=/opt/rustwide/target/debug/deps/libserde-bc790bc582650e61.rmeta --cap-lints=warn --crate-version 0.1.0` (exit status: 1)
[INFO] [stderr] warning: build failed, waiting for other jobs to finish...
[INFO] [stdout] error: aborting due to previous error
[INFO] [stdout] 
[INFO] [stdout] 
[INFO] [stdout] For more information about this error, try `rustc --explain E0554`.
[INFO] [stdout] 
[INFO] [stderr] error: could not compile `psg-apu` (lib) due to 2 previous errors
[INFO] running `Command { std: "docker" "inspect" "a2bbe40d957f536f4806dd6c1333ac525db5464247ea6a8c0793580d23f74645", kill_on_drop: false }`
[INFO] running `Command { std: "docker" "rm" "-f" "a2bbe40d957f536f4806dd6c1333ac525db5464247ea6a8c0793580d23f74645", kill_on_drop: false }`
[INFO] [stdout] a2bbe40d957f536f4806dd6c1333ac525db5464247ea6a8c0793580d23f74645
[INFO] documenting anellie/gamegirl against beta-2023-12-22 for beta-1.76-rustdoc-1
[INFO] running `Command { std: "git" "clone" "/workspace/cache/git-repos/https%3A%2F%2Fgithub.com%2Fanellie%2Fgamegirl" "/workspace/builds/worker-2-tc2/source", kill_on_drop: false }`
[INFO] [stderr] Cloning into '/workspace/builds/worker-2-tc2/source'...
[INFO] [stderr] done.
[INFO] validating manifest of git repo https://github.com/anellie/gamegirl on toolchain beta-2023-12-22
[INFO] running `Command { std: CARGO_HOME="/workspace/cargo-home" RUSTUP_HOME="/workspace/rustup-home" "/workspace/cargo-home/bin/cargo" "+beta-2023-12-22" "metadata" "--manifest-path" "Cargo.toml" "--no-deps", kill_on_drop: false }`
[INFO] removed /workspace/builds/worker-2-tc2/source/.cargo/config
[INFO] removed /workspace/builds/worker-2-tc2/source/rust-toolchain.toml
[INFO] started tweaking git repo https://github.com/anellie/gamegirl
[INFO] finished tweaking git repo https://github.com/anellie/gamegirl
[INFO] tweaked toml for git repo https://github.com/anellie/gamegirl written to /workspace/builds/worker-2-tc2/source/Cargo.toml
[INFO] crate git repo https://github.com/anellie/gamegirl already has a lockfile, it will not be regenerated
[INFO] running `Command { std: CARGO_HOME="/workspace/cargo-home" RUSTUP_HOME="/workspace/rustup-home" "/workspace/cargo-home/bin/cargo" "+beta-2023-12-22" "fetch" "--manifest-path" "Cargo.toml", kill_on_drop: false }`
[INFO] running `Command { std: "docker" "create" "-v" "/var/lib/crater-agent-workspace/builds/worker-2-tc2/target:/opt/rustwide/target:rw,Z" "-v" "/var/lib/crater-agent-workspace/builds/worker-2-tc2/source:/opt/rustwide/workdir:ro,Z" "-v" "/var/lib/crater-agent-workspace/cargo-home:/opt/rustwide/cargo-home:ro,Z" "-v" "/var/lib/crater-agent-workspace/rustup-home:/opt/rustwide/rustup-home:ro,Z" "-e" "SOURCE_DIR=/opt/rustwide/workdir" "-e" "CARGO_TARGET_DIR=/opt/rustwide/target" "-e" "CARGO_HOME=/opt/rustwide/cargo-home" "-e" "RUSTUP_HOME=/opt/rustwide/rustup-home" "-w" "/opt/rustwide/workdir" "-m" "1610612736" "--user" "0:0" "--network" "none" "ghcr.io/rust-lang/crates-build-env/linux@sha256:2788e3201cd34a07e3172128adcd8b3090168a8e3bcc40d7c032b9dda1df7d1c" "/opt/rustwide/cargo-home/bin/cargo" "+beta-2023-12-22" "metadata" "--no-deps" "--format-version=1", kill_on_drop: false }`
[INFO] [stdout] 3d78d99bb6d643deca1ff39c4d8357aeff3db9895c934e88040df89e747e9f84
[INFO] running `Command { std: "docker" "start" "-a" "3d78d99bb6d643deca1ff39c4d8357aeff3db9895c934e88040df89e747e9f84", kill_on_drop: false }`
[INFO] running `Command { std: "docker" "inspect" "3d78d99bb6d643deca1ff39c4d8357aeff3db9895c934e88040df89e747e9f84", kill_on_drop: false }`
[INFO] running `Command { std: "docker" "rm" "-f" "3d78d99bb6d643deca1ff39c4d8357aeff3db9895c934e88040df89e747e9f84", kill_on_drop: false }`
[INFO] [stdout] 3d78d99bb6d643deca1ff39c4d8357aeff3db9895c934e88040df89e747e9f84
[INFO] running `Command { std: "docker" "create" "-v" "/var/lib/crater-agent-workspace/builds/worker-2-tc2/target:/opt/rustwide/target:rw,Z" "-v" "/var/lib/crater-agent-workspace/builds/worker-2-tc2/source:/opt/rustwide/workdir:ro,Z" "-v" "/var/lib/crater-agent-workspace/cargo-home:/opt/rustwide/cargo-home:ro,Z" "-v" "/var/lib/crater-agent-workspace/rustup-home:/opt/rustwide/rustup-home:ro,Z" "-e" "SOURCE_DIR=/opt/rustwide/workdir" "-e" "CARGO_TARGET_DIR=/opt/rustwide/target" "-e" "CARGO_INCREMENTAL=0" "-e" "RUST_BACKTRACE=full" "-e" "RUSTFLAGS=--cap-lints=warn" "-e" "RUSTDOCFLAGS=--cap-lints=warn" "-e" "CARGO_HOME=/opt/rustwide/cargo-home" "-e" "RUSTUP_HOME=/opt/rustwide/rustup-home" "-w" "/opt/rustwide/workdir" "-m" "1610612736" "--user" "0:0" "--network" "none" "ghcr.io/rust-lang/crates-build-env/linux@sha256:2788e3201cd34a07e3172128adcd8b3090168a8e3bcc40d7c032b9dda1df7d1c" "/opt/rustwide/cargo-home/bin/cargo" "+beta-2023-12-22" "doc" "--frozen" "--no-deps" "--document-private-items" "--message-format=json", kill_on_drop: false }`
[INFO] [stdout] 6d6f67994a8290d4b514c313ab81f884a7f4f2d44659f3b57c0e9a1673aabb64
[INFO] running `Command { std: "docker" "start" "-a" "6d6f67994a8290d4b514c313ab81f884a7f4f2d44659f3b57c0e9a1673aabb64", kill_on_drop: false }`
[INFO] [stderr]    Compiling pkg-config v0.3.27
[INFO] [stderr]    Compiling proc-macro2 v1.0.69
[INFO] [stderr]    Compiling unicode-ident v1.0.12
[INFO] [stderr]    Compiling autocfg v1.1.0
[INFO] [stderr]    Compiling libc v0.2.150
[INFO] [stderr]    Compiling serde v1.0.193
[INFO] [stderr]     Checking cfg-if v1.0.0
[INFO] [stderr]    Compiling smallvec v1.11.2
[INFO] [stderr]     Checking log v0.4.20
[INFO] [stderr]    Compiling hashbrown v0.14.2
[INFO] [stderr]    Compiling equivalent v1.0.1
[INFO] [stderr]    Compiling target-lexicon v0.12.12
[INFO] [stderr]    Compiling winnow v0.5.19
[INFO] [stderr]    Compiling version-compare v0.1.1
[INFO] [stderr]    Compiling heck v0.4.1
[INFO] [stderr]    Compiling version_check v0.9.4
[INFO] [stderr]     Checking bitflags v1.3.2
[INFO] [stderr]    Compiling xml-rs v0.8.19
[INFO] [stderr]    Compiling zstd-safe v7.0.0
[INFO] [stderr]     Checking once_cell v1.18.0
[INFO] [stderr]    Compiling syn v1.0.109
[INFO] [stderr]     Checking libloading v0.8.1
[INFO] [stderr]    Compiling either v1.9.0
[INFO] [stderr]    Compiling num-traits v0.2.17
[INFO] [stderr]    Compiling memoffset v0.6.5
[INFO] [stderr]    Compiling num-integer v0.1.45
[INFO] [stderr]     Checking memchr v2.6.4
[INFO] [stderr]     Checking dlib v0.5.2
[INFO] [stderr]    Compiling itertools v0.9.0
[INFO] [stderr]     Checking lazy_static v1.4.0
[INFO] [stderr]    Compiling khronos_api v3.1.0
[INFO] [stderr]    Compiling wayland-sys v0.29.5
[INFO] [stderr]    Compiling indexmap v2.1.0
[INFO] [stderr]    Compiling quote v1.0.33
[INFO] [stderr]    Compiling lock_api v0.4.11
[INFO] [stderr]    Compiling parking_lot_core v0.9.9
[INFO] [stderr]    Compiling cfg_aliases v0.1.1
[INFO] [stderr]    Compiling syn v2.0.39
[INFO] [stderr]    Compiling cfg-expr v0.15.5
[INFO] [stderr]    Compiling wayland-scanner v0.29.5
[INFO] [stderr]    Compiling rustfft v6.1.0
[INFO] [stderr]     Checking strength_reduce v0.2.4
[INFO] [stderr]    Compiling jobserver v0.1.27
[INFO] [stderr]    Compiling boolean_expression v0.3.11
[INFO] [stderr]    Compiling thiserror v1.0.50
[INFO] [stderr]     Checking scopeguard v1.2.0
[INFO] [stderr]    Compiling gl_generator v0.14.0
[INFO] [stderr]    Compiling slotmap v1.0.6
[INFO] [stderr]    Compiling cc v1.0.83
[INFO] [stderr]    Compiling memoffset v0.7.1
[INFO] [stderr]     Checking scoped-tls v1.0.1
[INFO] [stderr]     Checking downcast-rs v1.2.0
[INFO] [stderr]     Checking minimal-lexical v0.2.1
[INFO] [stderr]     Checking vec_map v0.8.2
[INFO] [stderr]    Compiling x11-dl v2.21.0
[INFO] [stderr]     Checking nix v0.24.3
[INFO] [stderr]    Compiling ahash v0.8.6
[INFO] [stderr]     Checking ttf-parser v0.20.0
[INFO] [stderr]     Checking nom v7.1.3
[INFO] [stderr]     Checking static_assertions v1.1.0
[INFO] [stderr]     Checking parking_lot v0.12.1
[INFO] [stderr]     Checking nix v0.25.1
[INFO] [stderr]    Compiling smithay-client-toolkit v0.16.1
[INFO] [stderr]     Checking num-complex v0.4.4
[INFO] [stderr]     Checking zerocopy v0.7.26
[INFO] [stderr]     Checking percent-encoding v2.3.1
[INFO] [stderr]     Checking tinyvec_macros v0.1.1
[INFO] [stderr]     Checking simd-adler32 v0.3.7
[INFO] [stderr]     Checking ab_glyph_rasterizer v0.1.8
[INFO] [stderr]    Compiling paste v1.0.14
[INFO] [stderr]    Compiling crc32fast v1.3.2
[INFO] [stderr]     Checking transpose v0.2.2
[INFO] [stderr]     Checking primal-check v0.3.3
[INFO] [stderr]     Checking tinyvec v1.6.0
[INFO] [stderr]     Checking memmap2 v0.5.10
[INFO] [stderr]     Checking base64 v0.21.5
[INFO] [stderr]    Compiling wayland-client v0.29.5
[INFO] [stderr]    Compiling wayland-protocols v0.29.5
[INFO] [stderr]     Checking adler v1.0.2
[INFO] [stderr]     Checking glow v0.12.3
[INFO] [stderr]     Checking raw-window-handle v0.5.2
[INFO] [stderr]     Checking nohash-hasher v0.2.0
[INFO] [stderr]     Checking miniz_oxide v0.7.1
[INFO] [stderr]    Compiling zstd-sys v2.0.9+zstd.1.5.5
[INFO] [stderr]     Checking wayland-commons v0.29.5
[INFO] [stderr]     Checking unicode-normalization v0.1.22
[INFO] [stderr]     Checking xcursor v0.3.4
[INFO] [stderr]    Compiling winit v0.28.7
[INFO] [stderr]    Compiling glutin_egl_sys v0.5.1
[INFO] [stderr]    Compiling glutin_glx_sys v0.4.0
[INFO] [stderr]    Compiling serde_spanned v0.6.4
[INFO] [stderr]    Compiling toml_datetime v0.6.5
[INFO] [stderr]     Checking nix v0.26.4
[INFO] [stderr]    Compiling wayland-sys v0.30.1
[INFO] [stderr]    Compiling toml_edit v0.21.0
[INFO] [stderr]     Checking unicode-bidi v0.3.13
[INFO] [stderr]    Compiling x11rb v0.12.0
[INFO] [stderr]     Checking owned_ttf_parser v0.20.0
[INFO] [stderr]    Compiling rustix v0.38.25
[INFO] [stderr]     Checking ab_glyph v0.2.23
[INFO] [stderr]     Checking managed v0.8.0
[INFO] [stderr]    Compiling serde_derive v1.0.193
[INFO] [stderr]    Compiling bytemuck_derive v1.5.0
[INFO] [stderr]    Compiling thiserror-impl v1.0.50
[INFO] [stderr]     Checking idna v0.5.0
[INFO] [stderr]     Checking flate2 v1.0.28
[INFO] [stderr]     Checking fdeflate v0.3.1
[INFO] [stderr]     Checking form_urlencoded v1.2.1
[INFO] [stderr]     Checking mio v0.8.9
[INFO] [stderr]     Checking gethostname v0.3.0
[INFO] [stderr]     Checking aho-corasick v1.1.2
[INFO] [stderr]    Compiling glutin v0.30.10
[INFO] [stderr]    Compiling libudev-sys v0.1.4
[INFO] [stderr]    Compiling alsa-sys v0.3.1
[INFO] [stderr]     Checking x11rb-protocol v0.12.0
[INFO] [stderr]    Compiling slab v0.4.9
[INFO] [stderr]    Compiling num-rational v0.4.1
[INFO] [stderr]     Checking instant v0.1.12
[INFO] [stderr]    Compiling futures-core v0.3.29
[INFO] [stderr]    Compiling futures-task v0.3.29
[INFO] [stderr]     Checking linux-raw-sys v0.4.11
[INFO] [stderr]    Compiling toml v0.8.8
[INFO] [stderr]     Checking regex-syntax v0.8.2
[INFO] [stderr]     Checking png v0.17.10
[INFO] [stderr]     Checking bytemuck v1.14.0
[INFO] [stderr]     Checking url v2.5.0
[INFO] [stderr]    Compiling system-deps v6.2.0
[INFO] [stderr]     Checking inotify-sys v0.1.5
[INFO] [stderr]    Compiling glutin-winit v0.3.0
[INFO] [stderr]     Checking libloading v0.7.4
[INFO] [stderr]     Checking calloop v0.10.6
[INFO] [stderr]    Compiling futures-util v0.3.29
[INFO] [stderr]     Checking home v0.5.5
[INFO] [stderr]     Checking wayland-cursor v0.29.5
[INFO] [stderr]     Checking inotify v0.10.2
[INFO] [stderr]     Checking webbrowser v0.8.12
[INFO] [stderr]     Checking dirs-sys-next v0.1.2
[INFO] [stderr]     Checking pin-utils v0.1.0
[INFO] [stderr]     Checking regex-automata v0.4.3
[INFO] [stderr]     Checking color_quant v1.1.0
[INFO] [stderr]     Checking pin-project-lite v0.2.13
[INFO] [stderr]    Compiling cpal v0.15.2
[INFO] [stderr]     Checking uuid v1.6.1
[INFO] [stderr]     Checking termcolor v1.4.0
[INFO] [stderr]     Checking web-time v0.2.3
[INFO] [stderr]     Checking humantime v2.1.0
[INFO] [stderr]     Checking realfft v3.3.0
[INFO] [stderr]    Compiling rfd v0.12.1
[INFO] [stderr]     Checking byteorder v1.5.0
[INFO] [stderr]    Compiling gilrs v0.10.3
[INFO] [stderr]     Checking alsa v0.7.1
[INFO] [stderr]     Checking rubato v0.14.1
[INFO] [stderr]     Checking directories-next v2.0.0
[INFO] [stderr]     Checking dasp_sample v0.11.0
[INFO] [stderr]     Checking fnv v1.0.7
[INFO] [stderr]     Checking ansi_term v0.12.1
[INFO] [stderr]     Checking image v0.24.7
[INFO] [stderr]     Checking seahorse v2.1.0
[INFO] [stderr]    Compiling bitmatch v0.1.1
[INFO] [stderr]    Compiling modular-bitfield-impl v0.11.2
[INFO] [stderr]    Compiling glib-sys v0.18.1
[INFO] [stderr]    Compiling gobject-sys v0.18.0
[INFO] [stderr]    Compiling atk-sys v0.18.0
[INFO] [stderr]    Compiling gdk-sys v0.18.0
[INFO] [stderr]    Compiling gio-sys v0.18.1
[INFO] [stderr]    Compiling gdk-pixbuf-sys v0.18.0
[INFO] [stderr]    Compiling pango-sys v0.18.0
[INFO] [stderr]    Compiling cairo-sys-rs v0.18.2
[INFO] [stderr]    Compiling gtk-sys v0.18.0
[INFO] [stderr]     Checking regex v1.10.2
[INFO] [stderr]     Checking futures-executor v0.3.29
[INFO] [stderr]     Checking modular-bitfield v0.11.2
[INFO] [stderr]     Checking bitflags v2.4.1
[INFO] [stderr]     Checking serde_arrays v0.1.0
[INFO] [stderr]     Checking arrayvec v0.7.4
[INFO] [stderr]     Checking bincode v1.3.3
[INFO] [stderr]     Checking emath v0.24.1
[INFO] [stderr]     Checking ecolor v0.24.1
[INFO] [stderr]     Checking psg-apu v0.1.0 (/opt/rustwide/workdir/components/psg-apu)
[INFO] [stderr]     Checking elf_rs v0.3.1
[INFO] [stderr]     Checking ron v0.8.1
[INFO] [stderr]     Checking gdbstub v0.7.0
[INFO] [stderr]     Checking nix v0.27.1
[INFO] [stderr]  Documenting psg-apu v0.1.0 (/opt/rustwide/workdir/components/psg-apu)
[INFO] [stdout] error[E0554]: `#![feature]` may not be used on the beta release channel
[INFO] [stdout]   --> components/psg-apu/src/lib.rs:11:1
[INFO] [stdout]    |
[INFO] [stdout] 11 | #![feature(trait_alias)]
[INFO] [stdout]    | ^^^^^^^^^^^^^^^^^^^^^^^^
[INFO] [stdout] 
[INFO] [stdout] 
[INFO] [stderr]     Checking arboard v3.3.0
[INFO] [stdout] error[E0554]: `#![feature]` may not be used on the beta release channel
[INFO] [stdout]   --> components/psg-apu/src/lib.rs:11:1
[INFO] [stdout]    |
[INFO] [stdout] 11 | #![feature(trait_alias)]
[INFO] [stdout]    | ^^^^^^^^^^^^^^^^^^^^^^^^
[INFO] [stdout] 
[INFO] [stdout] 
[INFO] [stdout] error: aborting due to 1 previous error
[INFO] [stdout] 
[INFO] [stdout] 
[INFO] [stdout] For more information about this error, try `rustc --explain E0554`.
[INFO] [stdout] 
[INFO] [stderr] error: could not document `psg-apu`
[INFO] [stderr] 
[INFO] [stderr] Caused by:
[INFO] [stderr]   process didn't exit successfully: `/opt/rustwide/rustup-home/toolchains/beta-2023-12-22-x86_64-unknown-linux-gnu/bin/rustdoc --edition=2021 --crate-type lib --crate-name psg_apu components/psg-apu/src/lib.rs -o /opt/rustwide/target/doc --cfg 'feature="serde"' --error-format=json --json=diagnostic-rendered-ansi,artifacts,future-incompat --document-private-items -C metadata=da3110f7a7730dbb -L dependency=/opt/rustwide/target/debug/deps --extern bitflags=/opt/rustwide/target/debug/deps/libbitflags-0f16794fb8ea2df6.rmeta --extern serde=/opt/rustwide/target/debug/deps/libserde-99b1bf0d228905c7.rmeta --cap-lints=warn --crate-version 0.1.0` (exit status: 1)
[INFO] [stderr] warning: build failed, waiting for other jobs to finish...
[INFO] [stdout] error: aborting due to 1 previous error
[INFO] [stdout] 
[INFO] [stdout] 
[INFO] [stdout] For more information about this error, try `rustc --explain E0554`.
[INFO] [stdout] 
[INFO] [stderr] error: could not compile `psg-apu` (lib) due to 2 previous errors
[INFO] running `Command { std: "docker" "inspect" "6d6f67994a8290d4b514c313ab81f884a7f4f2d44659f3b57c0e9a1673aabb64", kill_on_drop: false }`
[INFO] running `Command { std: "docker" "rm" "-f" "6d6f67994a8290d4b514c313ab81f884a7f4f2d44659f3b57c0e9a1673aabb64", kill_on_drop: false }`
[INFO] [stdout] 6d6f67994a8290d4b514c313ab81f884a7f4f2d44659f3b57c0e9a1673aabb64
