[INFO] cloning repository https://github.com/andrewwhitehead/suspend-rs
[INFO] running `Command { std: "git" "-c" "credential.helper=" "-c" "credential.helper=/workspace/cargo-home/bin/git-credential-null" "clone" "--bare" "https://github.com/andrewwhitehead/suspend-rs" "/workspace/cache/git-repos/https%3A%2F%2Fgithub.com%2Fandrewwhitehead%2Fsuspend-rs", kill_on_drop: false }`
[INFO] [stderr] Cloning into bare repository '/workspace/cache/git-repos/https%3A%2F%2Fgithub.com%2Fandrewwhitehead%2Fsuspend-rs'...
[INFO] running `Command { std: "git" "rev-parse" "HEAD", kill_on_drop: false }`
[INFO] [stdout] 8acdf983e10f56746a5c232101b1969ac8a78ecf
[INFO] documenting andrewwhitehead/suspend-rs against 1.75.0 for beta-1.76-rustdoc-1
[INFO] running `Command { std: "git" "clone" "/workspace/cache/git-repos/https%3A%2F%2Fgithub.com%2Fandrewwhitehead%2Fsuspend-rs" "/workspace/builds/worker-5-tc1/source", kill_on_drop: false }`
[INFO] [stderr] Cloning into '/workspace/builds/worker-5-tc1/source'...
[INFO] [stderr] done.
[INFO] validating manifest of git repo https://github.com/andrewwhitehead/suspend-rs on toolchain 1.75.0
[INFO] running `Command { std: CARGO_HOME="/workspace/cargo-home" RUSTUP_HOME="/workspace/rustup-home" "/workspace/cargo-home/bin/cargo" "+1.75.0" "metadata" "--manifest-path" "Cargo.toml" "--no-deps", kill_on_drop: false }`
[INFO] started tweaking git repo https://github.com/andrewwhitehead/suspend-rs
[INFO] finished tweaking git repo https://github.com/andrewwhitehead/suspend-rs
[INFO] tweaked toml for git repo https://github.com/andrewwhitehead/suspend-rs written to /workspace/builds/worker-5-tc1/source/Cargo.toml
[INFO] running `Command { std: CARGO_HOME="/workspace/cargo-home" RUSTUP_HOME="/workspace/rustup-home" "/workspace/cargo-home/bin/cargo" "+1.75.0" "generate-lockfile" "--manifest-path" "Cargo.toml", kill_on_drop: false }`
[INFO] [stderr]     Updating crates.io index
[INFO] running `Command { std: CARGO_HOME="/workspace/cargo-home" RUSTUP_HOME="/workspace/rustup-home" "/workspace/cargo-home/bin/cargo" "+1.75.0" "fetch" "--manifest-path" "Cargo.toml", kill_on_drop: false }`
[INFO] running `Command { std: "docker" "create" "-v" "/var/lib/crater-agent-workspace/builds/worker-5-tc1/target:/opt/rustwide/target:rw,Z" "-v" "/var/lib/crater-agent-workspace/builds/worker-5-tc1/source:/opt/rustwide/workdir:ro,Z" "-v" "/var/lib/crater-agent-workspace/cargo-home:/opt/rustwide/cargo-home:ro,Z" "-v" "/var/lib/crater-agent-workspace/rustup-home:/opt/rustwide/rustup-home:ro,Z" "-e" "SOURCE_DIR=/opt/rustwide/workdir" "-e" "CARGO_TARGET_DIR=/opt/rustwide/target" "-e" "CARGO_HOME=/opt/rustwide/cargo-home" "-e" "RUSTUP_HOME=/opt/rustwide/rustup-home" "-w" "/opt/rustwide/workdir" "-m" "1610612736" "--user" "0:0" "--network" "none" "ghcr.io/rust-lang/crates-build-env/linux@sha256:2788e3201cd34a07e3172128adcd8b3090168a8e3bcc40d7c032b9dda1df7d1c" "/opt/rustwide/cargo-home/bin/cargo" "+1.75.0" "metadata" "--no-deps" "--format-version=1", kill_on_drop: false }`
[INFO] [stdout] 78df71f61a6e6612293366cb23c0f3be90d2afd6ba08a53c8325599d58b82c73
[INFO] running `Command { std: "docker" "start" "-a" "78df71f61a6e6612293366cb23c0f3be90d2afd6ba08a53c8325599d58b82c73", kill_on_drop: false }`
[INFO] running `Command { std: "docker" "inspect" "78df71f61a6e6612293366cb23c0f3be90d2afd6ba08a53c8325599d58b82c73", kill_on_drop: false }`
[INFO] running `Command { std: "docker" "rm" "-f" "78df71f61a6e6612293366cb23c0f3be90d2afd6ba08a53c8325599d58b82c73", kill_on_drop: false }`
[INFO] [stdout] 78df71f61a6e6612293366cb23c0f3be90d2afd6ba08a53c8325599d58b82c73
[INFO] running `Command { std: "docker" "create" "-v" "/var/lib/crater-agent-workspace/builds/worker-5-tc1/target:/opt/rustwide/target:rw,Z" "-v" "/var/lib/crater-agent-workspace/builds/worker-5-tc1/source:/opt/rustwide/workdir:ro,Z" "-v" "/var/lib/crater-agent-workspace/cargo-home:/opt/rustwide/cargo-home:ro,Z" "-v" "/var/lib/crater-agent-workspace/rustup-home:/opt/rustwide/rustup-home:ro,Z" "-e" "SOURCE_DIR=/opt/rustwide/workdir" "-e" "CARGO_TARGET_DIR=/opt/rustwide/target" "-e" "CARGO_INCREMENTAL=0" "-e" "RUST_BACKTRACE=full" "-e" "RUSTFLAGS=--cap-lints=warn" "-e" "RUSTDOCFLAGS=--cap-lints=warn" "-e" "CARGO_HOME=/opt/rustwide/cargo-home" "-e" "RUSTUP_HOME=/opt/rustwide/rustup-home" "-w" "/opt/rustwide/workdir" "-m" "1610612736" "--user" "0:0" "--network" "none" "ghcr.io/rust-lang/crates-build-env/linux@sha256:2788e3201cd34a07e3172128adcd8b3090168a8e3bcc40d7c032b9dda1df7d1c" "/opt/rustwide/cargo-home/bin/cargo" "+1.75.0" "doc" "--frozen" "--no-deps" "--document-private-items" "--message-format=json", kill_on_drop: false }`
[INFO] [stdout] bbbbeddc2f2080ba910a1bbc994e7bf13cbff2a0f92b87bc64a2d6025011eccb
[INFO] running `Command { std: "docker" "start" "-a" "bbbbeddc2f2080ba910a1bbc994e7bf13cbff2a0f92b87bc64a2d6025011eccb", kill_on_drop: false }`
[INFO] [stderr]    Compiling libc v0.2.152
[INFO] [stderr]     Checking once_cell v1.19.0
[INFO] [stderr]    Compiling proc-macro2 v1.0.76
[INFO] [stderr]     Checking maybe-cell v0.1.1 (/opt/rustwide/workdir/maybe-cell)
[INFO] [stderr]  Documenting maybe-cell v0.1.1 (/opt/rustwide/workdir/maybe-cell)
[INFO] [stderr]     Checking tracing-core v0.1.32
[INFO] [stderr]    Compiling quote v1.0.35
[INFO] [stderr]    Compiling syn v2.0.48
[INFO] [stderr]     Checking suspend-core v0.1.0 (/opt/rustwide/workdir/suspend-core)
[INFO] [stderr]     Checking num_cpus v1.16.0
[INFO] [stderr]  Documenting suspend-core v0.1.0 (/opt/rustwide/workdir/suspend-core)
[INFO] [stdout] warning: unused import: `ParkResult`
[INFO] [stdout]   --> suspend-core/src/raw_park/futex.rs:17:28
[INFO] [stdout]    |
[INFO] [stdout] 17 | use crate::types::{Expiry, ParkResult};
[INFO] [stdout]    |                            ^^^^^^^^^^
[INFO] [stdout]    |
[INFO] [stdout]    = note: `#[warn(unused_imports)]` on by default
[INFO] [stdout] 
[INFO] [stdout] 
[INFO] [stdout] error[E0053]: method `park` has an incompatible type for trait
[INFO] [stdout]   --> suspend-core/src/raw_park/futex.rs:71:40
[INFO] [stdout]    |
[INFO] [stdout] 71 |     fn park(&self, timeout: Expiry) -> Result<Option<bool>, LockError> {
[INFO] [stdout]    |                                        ^^^^^^^^^^^^^^^^^^^^^^^^^^^^^^^
[INFO] [stdout]    |                                        |
[INFO] [stdout]    |                                        expected `ParkResult`, found `Option<bool>`
[INFO] [stdout]    |                                        help: change the output type to match the trait: `Result<ParkResult, LockError>`
[INFO] [stdout]    |
[INFO] [stdout] note: type in trait
[INFO] [stdout]   --> suspend-core/src/raw_park/mod.rs:30:40
[INFO] [stdout]    |
[INFO] [stdout] 30 |     fn park(&self, timeout: Expiry) -> Result<ParkResult, LockError>;
[INFO] [stdout]    |                                        ^^^^^^^^^^^^^^^^^^^^^^^^^^^^^
[INFO] [stdout]    = note: expected signature `fn(&futex::ParkImpl, Expiry) -> Result<ParkResult, _>`
[INFO] [stdout]               found signature `fn(&futex::ParkImpl, Expiry) -> Result<Option<bool>, _>`
[INFO] [stdout] 
[INFO] [stdout] 
[INFO] [stdout] error[E0053]: method `park` has an incompatible type for trait
[INFO] [stdout]   --> suspend-core/src/raw_park/futex.rs:71:40
[INFO] [stdout]    |
[INFO] [stdout] 71 |     fn park(&self, timeout: Expiry) -> Result<Option<bool>, LockError> {
[INFO] [stdout]    |                                        ^^^^^^^^^^^^^^^^^^^^^^^^^^^^^^^
[INFO] [stdout]    |                                        |
[INFO] [stdout]    |                                        expected `types::ParkResult`, found `std::option::Option<bool>`
[INFO] [stdout]    |                                        help: change the output type to match the trait: `std::result::Result<types::ParkResult, error::LockError>`
[INFO] [stdout]    |
[INFO] [stdout] note: type in trait
[INFO] [stdout]   --> suspend-core/src/raw_park/mod.rs:30:40
[INFO] [stdout]    |
[INFO] [stdout] 30 |     fn park(&self, timeout: Expiry) -> Result<ParkResult, LockError>;
[INFO] [stdout]    |                                        ^^^^^^^^^^^^^^^^^^^^^^^^^^^^^
[INFO] [stdout]    = note: expected signature `fn(&raw_park::futex::ParkImpl, types::Expiry) -> std::result::Result<types::ParkResult, _>`
[INFO] [stdout]               found signature `fn(&raw_park::futex::ParkImpl, types::Expiry) -> std::result::Result<std::option::Option<bool>, _>`
[INFO] [stdout] 
[INFO] [stdout] 
[INFO] [stdout] error: aborting due to previous error
[INFO] [stdout] 
[INFO] [stdout] 
[INFO] [stdout] For more information about this error, try `rustc --explain E0053`.
[INFO] [stdout] 
[INFO] [stderr] error: could not document `suspend-core`
[INFO] [stderr] 
[INFO] [stderr] Caused by:
[INFO] [stderr]   process didn't exit successfully: `/opt/rustwide/rustup-home/toolchains/1.75.0-x86_64-unknown-linux-gnu/bin/rustdoc --edition=2018 --crate-type lib --crate-name suspend_core suspend-core/src/lib.rs -o /opt/rustwide/target/doc --cfg 'feature="default"' --cfg 'feature="std"' --error-format=json --json=diagnostic-rendered-ansi,artifacts,future-incompat --document-private-items -C metadata=c8884a5a39cad853 -L dependency=/opt/rustwide/target/debug/deps --extern cfg_if=/opt/rustwide/target/debug/deps/libcfg_if-1b06147f67f93fdc.rmeta --extern futures_core=/opt/rustwide/target/debug/deps/libfutures_core-1e079c21140862ee.rmeta --extern libc=/opt/rustwide/target/debug/deps/liblibc-f0a957ce84e68e06.rmeta --extern once_cell=/opt/rustwide/target/debug/deps/libonce_cell-94384e5ea6a973b7.rmeta --cap-lints=warn --crate-version 0.1.0` (exit status: 1)
[INFO] [stderr] warning: build failed, waiting for other jobs to finish...
[INFO] [stdout] error: aborting due to previous error; 1 warning emitted
[INFO] [stdout] 
[INFO] [stdout] 
[INFO] [stdout] For more information about this error, try `rustc --explain E0053`.
[INFO] [stdout] 
[INFO] [stderr] error: could not compile `suspend-core` (lib) due to 2 previous errors; 1 warning emitted
[INFO] running `Command { std: "docker" "inspect" "bbbbeddc2f2080ba910a1bbc994e7bf13cbff2a0f92b87bc64a2d6025011eccb", kill_on_drop: false }`
[INFO] running `Command { std: "docker" "rm" "-f" "bbbbeddc2f2080ba910a1bbc994e7bf13cbff2a0f92b87bc64a2d6025011eccb", kill_on_drop: false }`
[INFO] [stdout] bbbbeddc2f2080ba910a1bbc994e7bf13cbff2a0f92b87bc64a2d6025011eccb
[INFO] documenting andrewwhitehead/suspend-rs against beta-2023-12-22 for beta-1.76-rustdoc-1
[INFO] running `Command { std: "git" "clone" "/workspace/cache/git-repos/https%3A%2F%2Fgithub.com%2Fandrewwhitehead%2Fsuspend-rs" "/workspace/builds/worker-5-tc2/source", kill_on_drop: false }`
[INFO] [stderr] Cloning into '/workspace/builds/worker-5-tc2/source'...
[INFO] [stderr] done.
[INFO] validating manifest of git repo https://github.com/andrewwhitehead/suspend-rs on toolchain beta-2023-12-22
[INFO] running `Command { std: CARGO_HOME="/workspace/cargo-home" RUSTUP_HOME="/workspace/rustup-home" "/workspace/cargo-home/bin/cargo" "+beta-2023-12-22" "metadata" "--manifest-path" "Cargo.toml" "--no-deps", kill_on_drop: false }`
[INFO] started tweaking git repo https://github.com/andrewwhitehead/suspend-rs
[INFO] finished tweaking git repo https://github.com/andrewwhitehead/suspend-rs
[INFO] tweaked toml for git repo https://github.com/andrewwhitehead/suspend-rs written to /workspace/builds/worker-5-tc2/source/Cargo.toml
[INFO] running `Command { std: CARGO_HOME="/workspace/cargo-home" RUSTUP_HOME="/workspace/rustup-home" "/workspace/cargo-home/bin/cargo" "+beta-2023-12-22" "generate-lockfile" "--manifest-path" "Cargo.toml", kill_on_drop: false }`
[INFO] [stderr]     Updating crates.io index
[INFO] running `Command { std: CARGO_HOME="/workspace/cargo-home" RUSTUP_HOME="/workspace/rustup-home" "/workspace/cargo-home/bin/cargo" "+beta-2023-12-22" "fetch" "--manifest-path" "Cargo.toml", kill_on_drop: false }`
[INFO] running `Command { std: "docker" "create" "-v" "/var/lib/crater-agent-workspace/builds/worker-5-tc2/target:/opt/rustwide/target:rw,Z" "-v" "/var/lib/crater-agent-workspace/builds/worker-5-tc2/source:/opt/rustwide/workdir:ro,Z" "-v" "/var/lib/crater-agent-workspace/cargo-home:/opt/rustwide/cargo-home:ro,Z" "-v" "/var/lib/crater-agent-workspace/rustup-home:/opt/rustwide/rustup-home:ro,Z" "-e" "SOURCE_DIR=/opt/rustwide/workdir" "-e" "CARGO_TARGET_DIR=/opt/rustwide/target" "-e" "CARGO_HOME=/opt/rustwide/cargo-home" "-e" "RUSTUP_HOME=/opt/rustwide/rustup-home" "-w" "/opt/rustwide/workdir" "-m" "1610612736" "--user" "0:0" "--network" "none" "ghcr.io/rust-lang/crates-build-env/linux@sha256:2788e3201cd34a07e3172128adcd8b3090168a8e3bcc40d7c032b9dda1df7d1c" "/opt/rustwide/cargo-home/bin/cargo" "+beta-2023-12-22" "metadata" "--no-deps" "--format-version=1", kill_on_drop: false }`
[INFO] [stdout] 9269a2212dbc6d4a31759c7f2dd969a0f2551b57b54b42228521cbc31e3c4db6
[INFO] running `Command { std: "docker" "start" "-a" "9269a2212dbc6d4a31759c7f2dd969a0f2551b57b54b42228521cbc31e3c4db6", kill_on_drop: false }`
[INFO] running `Command { std: "docker" "inspect" "9269a2212dbc6d4a31759c7f2dd969a0f2551b57b54b42228521cbc31e3c4db6", kill_on_drop: false }`
[INFO] running `Command { std: "docker" "rm" "-f" "9269a2212dbc6d4a31759c7f2dd969a0f2551b57b54b42228521cbc31e3c4db6", kill_on_drop: false }`
[INFO] [stdout] 9269a2212dbc6d4a31759c7f2dd969a0f2551b57b54b42228521cbc31e3c4db6
[INFO] running `Command { std: "docker" "create" "-v" "/var/lib/crater-agent-workspace/builds/worker-5-tc2/target:/opt/rustwide/target:rw,Z" "-v" "/var/lib/crater-agent-workspace/builds/worker-5-tc2/source:/opt/rustwide/workdir:ro,Z" "-v" "/var/lib/crater-agent-workspace/cargo-home:/opt/rustwide/cargo-home:ro,Z" "-v" "/var/lib/crater-agent-workspace/rustup-home:/opt/rustwide/rustup-home:ro,Z" "-e" "SOURCE_DIR=/opt/rustwide/workdir" "-e" "CARGO_TARGET_DIR=/opt/rustwide/target" "-e" "CARGO_INCREMENTAL=0" "-e" "RUST_BACKTRACE=full" "-e" "RUSTFLAGS=--cap-lints=warn" "-e" "RUSTDOCFLAGS=--cap-lints=warn" "-e" "CARGO_HOME=/opt/rustwide/cargo-home" "-e" "RUSTUP_HOME=/opt/rustwide/rustup-home" "-w" "/opt/rustwide/workdir" "-m" "1610612736" "--user" "0:0" "--network" "none" "ghcr.io/rust-lang/crates-build-env/linux@sha256:2788e3201cd34a07e3172128adcd8b3090168a8e3bcc40d7c032b9dda1df7d1c" "/opt/rustwide/cargo-home/bin/cargo" "+beta-2023-12-22" "doc" "--frozen" "--no-deps" "--document-private-items" "--message-format=json", kill_on_drop: false }`
[INFO] [stdout] bf273edc3d5c6100836dd2380591750b133ef82580e2f604987e9b30b71d3a39
[INFO] running `Command { std: "docker" "start" "-a" "bf273edc3d5c6100836dd2380591750b133ef82580e2f604987e9b30b71d3a39", kill_on_drop: false }`
[INFO] [stderr]    Compiling libc v0.2.152
[INFO] [stderr]     Checking once_cell v1.19.0
[INFO] [stderr]    Compiling proc-macro2 v1.0.76
[INFO] [stderr]     Checking maybe-cell v0.1.1 (/opt/rustwide/workdir/maybe-cell)
[INFO] [stderr]  Documenting maybe-cell v0.1.1 (/opt/rustwide/workdir/maybe-cell)
[INFO] [stderr]     Checking tracing-core v0.1.32
[INFO] [stderr]    Compiling quote v1.0.35
[INFO] [stderr]     Checking suspend-core v0.1.0 (/opt/rustwide/workdir/suspend-core)
[INFO] [stderr]     Checking num_cpus v1.16.0
[INFO] [stderr]  Documenting suspend-core v0.1.0 (/opt/rustwide/workdir/suspend-core)
[INFO] [stderr]    Compiling syn v2.0.48
[INFO] [stdout] warning: unused import: `ParkResult`
[INFO] [stdout]   --> suspend-core/src/raw_park/futex.rs:17:28
[INFO] [stdout]    |
[INFO] [stdout] 17 | use crate::types::{Expiry, ParkResult};
[INFO] [stdout]    |                            ^^^^^^^^^^
[INFO] [stdout]    |
[INFO] [stdout]    = note: `#[warn(unused_imports)]` on by default
[INFO] [stdout] 
[INFO] [stdout] 
[INFO] [stdout] error[E0053]: method `park` has an incompatible type for trait
[INFO] [stdout]   --> suspend-core/src/raw_park/futex.rs:71:40
[INFO] [stdout]    |
[INFO] [stdout] 71 |     fn park(&self, timeout: Expiry) -> Result<Option<bool>, LockError> {
[INFO] [stdout]    |                                        ^^^^^^^^^^^^^^^^^^^^^^^^^^^^^^^
[INFO] [stdout]    |                                        |
[INFO] [stdout]    |                                        expected `ParkResult`, found `Option<bool>`
[INFO] [stdout]    |                                        help: change the output type to match the trait: `Result<ParkResult, LockError>`
[INFO] [stdout]    |
[INFO] [stdout] note: type in trait
[INFO] [stdout]   --> suspend-core/src/raw_park/mod.rs:30:40
[INFO] [stdout]    |
[INFO] [stdout] 30 |     fn park(&self, timeout: Expiry) -> Result<ParkResult, LockError>;
[INFO] [stdout]    |                                        ^^^^^^^^^^^^^^^^^^^^^^^^^^^^^
[INFO] [stdout]    = note: expected signature `fn(&futex::ParkImpl, Expiry) -> Result<ParkResult, _>`
[INFO] [stdout]               found signature `fn(&futex::ParkImpl, Expiry) -> Result<Option<bool>, _>`
[INFO] [stdout] 
[INFO] [stdout] 
[INFO] [stdout] error[E0053]: method `park` has an incompatible type for trait
[INFO] [stdout]   --> suspend-core/src/raw_park/futex.rs:71:40
[INFO] [stdout]    |
[INFO] [stdout] 71 |     fn park(&self, timeout: Expiry) -> Result<Option<bool>, LockError> {
[INFO] [stdout]    |                                        ^^^^^^^^^^^^^^^^^^^^^^^^^^^^^^^
[INFO] [stdout]    |                                        |
[INFO] [stdout]    |                                        expected `types::ParkResult`, found `std::option::Option<bool>`
[INFO] [stdout]    |                                        help: change the output type to match the trait: `std::result::Result<types::ParkResult, error::LockError>`
[INFO] [stdout]    |
[INFO] [stdout] note: type in trait
[INFO] [stdout]   --> suspend-core/src/raw_park/mod.rs:30:40
[INFO] [stdout]    |
[INFO] [stdout] 30 |     fn park(&self, timeout: Expiry) -> Result<ParkResult, LockError>;
[INFO] [stdout]    |                                        ^^^^^^^^^^^^^^^^^^^^^^^^^^^^^
[INFO] [stdout]    = note: expected signature `fn(&raw_park::futex::ParkImpl, types::Expiry) -> std::result::Result<types::ParkResult, _>`
[INFO] [stdout]               found signature `fn(&raw_park::futex::ParkImpl, types::Expiry) -> std::result::Result<std::option::Option<bool>, _>`
[INFO] [stdout] 
[INFO] [stdout] 
[INFO] [stdout] error: aborting due to 1 previous error
[INFO] [stdout] 
[INFO] [stdout] 
[INFO] [stdout] For more information about this error, try `rustc --explain E0053`.
[INFO] [stdout] 
[INFO] [stderr] error: could not document `suspend-core`
[INFO] [stderr] 
[INFO] [stderr] Caused by:
[INFO] [stderr]   process didn't exit successfully: `/opt/rustwide/rustup-home/toolchains/beta-2023-12-22-x86_64-unknown-linux-gnu/bin/rustdoc --edition=2018 --crate-type lib --crate-name suspend_core suspend-core/src/lib.rs -o /opt/rustwide/target/doc --cfg 'feature="default"' --cfg 'feature="std"' --error-format=json --json=diagnostic-rendered-ansi,artifacts,future-incompat --document-private-items -C metadata=17233d5cdea30f75 -L dependency=/opt/rustwide/target/debug/deps --extern cfg_if=/opt/rustwide/target/debug/deps/libcfg_if-102ae0f1eb56902b.rmeta --extern futures_core=/opt/rustwide/target/debug/deps/libfutures_core-e27ec613ffb2dca5.rmeta --extern libc=/opt/rustwide/target/debug/deps/liblibc-521f2d1ff1b96a0c.rmeta --extern once_cell=/opt/rustwide/target/debug/deps/libonce_cell-6fb0ab44501d538d.rmeta --cap-lints=warn --crate-version 0.1.0` (exit status: 1)
[INFO] [stderr] warning: build failed, waiting for other jobs to finish...
[INFO] [stdout] error: aborting due to 1 previous error; 1 warning emitted
[INFO] [stdout] 
[INFO] [stdout] 
[INFO] [stdout] For more information about this error, try `rustc --explain E0053`.
[INFO] [stdout] 
[INFO] [stderr] error: could not compile `suspend-core` (lib) due to 2 previous errors; 1 warning emitted
[INFO] running `Command { std: "docker" "inspect" "bf273edc3d5c6100836dd2380591750b133ef82580e2f604987e9b30b71d3a39", kill_on_drop: false }`
[INFO] running `Command { std: "docker" "rm" "-f" "bf273edc3d5c6100836dd2380591750b133ef82580e2f604987e9b30b71d3a39", kill_on_drop: false }`
[INFO] [stdout] bf273edc3d5c6100836dd2380591750b133ef82580e2f604987e9b30b71d3a39
