[INFO] cloning repository https://github.com/andrew-d/findcrypt
[INFO] running `Command { std: "git" "-c" "credential.helper=" "-c" "credential.helper=/workspace/cargo-home/bin/git-credential-null" "clone" "--bare" "https://github.com/andrew-d/findcrypt" "/workspace/cache/git-repos/https%3A%2F%2Fgithub.com%2Fandrew-d%2Ffindcrypt", kill_on_drop: false }`
[INFO] [stderr] Cloning into bare repository '/workspace/cache/git-repos/https%3A%2F%2Fgithub.com%2Fandrew-d%2Ffindcrypt'...
[INFO] running `Command { std: "git" "rev-parse" "HEAD", kill_on_drop: false }`
[INFO] [stdout] bfc5a23e34fc544e0dcebd0b4ec57a3ced291492
[INFO] documenting andrew-d/findcrypt against 1.75.0 for beta-1.76-rustdoc-1
[INFO] running `Command { std: "git" "clone" "/workspace/cache/git-repos/https%3A%2F%2Fgithub.com%2Fandrew-d%2Ffindcrypt" "/workspace/builds/worker-3-tc1/source", kill_on_drop: false }`
[INFO] [stderr] Cloning into '/workspace/builds/worker-3-tc1/source'...
[INFO] [stderr] done.
[INFO] validating manifest of git repo https://github.com/andrew-d/findcrypt on toolchain 1.75.0
[INFO] running `Command { std: CARGO_HOME="/workspace/cargo-home" RUSTUP_HOME="/workspace/rustup-home" "/workspace/cargo-home/bin/cargo" "+1.75.0" "metadata" "--manifest-path" "Cargo.toml" "--no-deps", kill_on_drop: false }`
[INFO] started tweaking git repo https://github.com/andrew-d/findcrypt
[INFO] finished tweaking git repo https://github.com/andrew-d/findcrypt
[INFO] tweaked toml for git repo https://github.com/andrew-d/findcrypt written to /workspace/builds/worker-3-tc1/source/Cargo.toml
[INFO] crate git repo https://github.com/andrew-d/findcrypt already has a lockfile, it will not be regenerated
[INFO] running `Command { std: CARGO_HOME="/workspace/cargo-home" RUSTUP_HOME="/workspace/rustup-home" "/workspace/cargo-home/bin/cargo" "+1.75.0" "fetch" "--manifest-path" "Cargo.toml", kill_on_drop: false }`
[INFO] [stderr]     Updating git repository `https://github.com/retep998/rust-mmap`
[INFO] [stderr]  Downloading crates ...
[INFO] [stderr]   Downloaded handlebars v0.12.1
[INFO] [stderr]   Downloaded lazy_static v0.1.15
[INFO] [stderr]   Downloaded itertools v0.3.25
[INFO] [stderr]   Downloaded memchr v0.1.7
[INFO] [stderr]   Downloaded kernel32-sys v0.2.1
[INFO] [stderr]   Downloaded time v0.1.34
[INFO] [stderr]   Downloaded quick-error v0.1.4
[INFO] [stderr]   Downloaded vec_map v0.4.0
[INFO] [stderr]   Downloaded aho-corasick v0.4.0
[INFO] [stderr]   Downloaded strsim v0.4.0
[INFO] [stderr]   Downloaded log v0.3.4
[INFO] [stderr]   Downloaded ansi_term v0.7.1
[INFO] [stderr]   Downloaded regex-syntax v0.2.2
[INFO] [stderr]   Downloaded clap v1.5.5
[INFO] [stderr]   Downloaded fern v0.3.5
[INFO] [stderr]   Downloaded regex v0.1.46
[INFO] [stderr]   Downloaded num v0.1.29
[INFO] [stderr]   Downloaded aho-corasick v0.3.4
[INFO] running `Command { std: "docker" "create" "-v" "/var/lib/crater-agent-workspace/builds/worker-3-tc1/target:/opt/rustwide/target:rw,Z" "-v" "/var/lib/crater-agent-workspace/builds/worker-3-tc1/source:/opt/rustwide/workdir:ro,Z" "-v" "/var/lib/crater-agent-workspace/cargo-home:/opt/rustwide/cargo-home:ro,Z" "-v" "/var/lib/crater-agent-workspace/rustup-home:/opt/rustwide/rustup-home:ro,Z" "-e" "SOURCE_DIR=/opt/rustwide/workdir" "-e" "CARGO_TARGET_DIR=/opt/rustwide/target" "-e" "CARGO_HOME=/opt/rustwide/cargo-home" "-e" "RUSTUP_HOME=/opt/rustwide/rustup-home" "-w" "/opt/rustwide/workdir" "-m" "1610612736" "--user" "0:0" "--network" "none" "ghcr.io/rust-lang/crates-build-env/linux@sha256:2788e3201cd34a07e3172128adcd8b3090168a8e3bcc40d7c032b9dda1df7d1c" "/opt/rustwide/cargo-home/bin/cargo" "+1.75.0" "metadata" "--no-deps" "--format-version=1", kill_on_drop: false }`
[INFO] [stdout] a17ecdfe251c5e261ae4119f34942764fe11244aa229c5878f4140a2c0c27c5f
[INFO] running `Command { std: "docker" "start" "-a" "a17ecdfe251c5e261ae4119f34942764fe11244aa229c5878f4140a2c0c27c5f", kill_on_drop: false }`
[INFO] running `Command { std: "docker" "inspect" "a17ecdfe251c5e261ae4119f34942764fe11244aa229c5878f4140a2c0c27c5f", kill_on_drop: false }`
[INFO] running `Command { std: "docker" "rm" "-f" "a17ecdfe251c5e261ae4119f34942764fe11244aa229c5878f4140a2c0c27c5f", kill_on_drop: false }`
[INFO] [stdout] a17ecdfe251c5e261ae4119f34942764fe11244aa229c5878f4140a2c0c27c5f
[INFO] running `Command { std: "docker" "create" "-v" "/var/lib/crater-agent-workspace/builds/worker-3-tc1/target:/opt/rustwide/target:rw,Z" "-v" "/var/lib/crater-agent-workspace/builds/worker-3-tc1/source:/opt/rustwide/workdir:ro,Z" "-v" "/var/lib/crater-agent-workspace/cargo-home:/opt/rustwide/cargo-home:ro,Z" "-v" "/var/lib/crater-agent-workspace/rustup-home:/opt/rustwide/rustup-home:ro,Z" "-e" "SOURCE_DIR=/opt/rustwide/workdir" "-e" "CARGO_TARGET_DIR=/opt/rustwide/target" "-e" "CARGO_INCREMENTAL=0" "-e" "RUST_BACKTRACE=full" "-e" "RUSTFLAGS=--cap-lints=warn" "-e" "RUSTDOCFLAGS=--cap-lints=warn" "-e" "CARGO_HOME=/opt/rustwide/cargo-home" "-e" "RUSTUP_HOME=/opt/rustwide/rustup-home" "-w" "/opt/rustwide/workdir" "-m" "1610612736" "--user" "0:0" "--network" "none" "ghcr.io/rust-lang/crates-build-env/linux@sha256:2788e3201cd34a07e3172128adcd8b3090168a8e3bcc40d7c032b9dda1df7d1c" "/opt/rustwide/cargo-home/bin/cargo" "+1.75.0" "doc" "--frozen" "--no-deps" "--document-private-items" "--message-format=json", kill_on_drop: false }`
[INFO] [stdout] 48a9011e3268c1e64dce10fa331806e0c9d2226cd55399396697b2e37b566fed
[INFO] running `Command { std: "docker" "start" "-a" "48a9011e3268c1e64dce10fa331806e0c9d2226cd55399396697b2e37b566fed", kill_on_drop: false }`
[INFO] [stderr]    Compiling winapi-build v0.1.1
[INFO] [stderr]     Checking libc v0.2.4
[INFO] [stderr]     Checking winapi v0.2.5
[INFO] [stderr]     Checking regex-syntax v0.2.2
[INFO] [stderr]     Checking rustc-serialize v0.3.16
[INFO] [stderr]     Checking vec_map v0.4.0
[INFO] [stderr]     Checking strsim v0.4.0
[INFO] [stderr]     Checking bitflags v0.3.3
[INFO] [stderr]     Checking ansi_term v0.7.1
[INFO] [stderr]     Checking lazy_static v0.1.15
[INFO] [stderr]     Checking quick-error v0.1.4
[INFO] [stderr]     Checking libc v0.1.12
[INFO] [stderr]    Compiling advapi32-sys v0.1.2
[INFO] [stdout] error[E0642]: patterns aren't allowed in functions without bodies
[INFO] [stdout]    --> /opt/rustwide/cargo-home/registry/src/index.crates.io-6f17d22bba15001f/rustc-serialize-0.3.16/src/serialize.rs:145:45
[INFO] [stdout]     |
[INFO] [stdout] 145 | ...                   &f_name: &str,
[INFO] [stdout]     |                       ^^^^^^^ pattern not allowed in function without body
[INFO] [stdout] 
[INFO] [stdout] 
[INFO] [stderr]    Compiling kernel32-sys v0.2.1
[INFO] [stderr]     Checking byteorder v0.4.2
[INFO] [stderr]     Checking clap v1.5.5
[INFO] [stderr]     Checking memchr v0.1.7
[INFO] [stderr]     Checking log v0.3.4
[INFO] [stderr]     Checking aho-corasick v0.4.0
[INFO] [stderr]     Checking aho-corasick v0.3.4
[INFO] [stderr]     Checking fern v0.3.5
[INFO] [stderr]     Checking rand v0.3.12
[INFO] [stderr]     Checking mmap v0.1.1 (https://github.com/retep998/rust-mmap?rev=4617dd0901d6899faebfbc427714b89fcb889880#4617dd09)
[INFO] [stderr]     Checking itertools v0.3.25
[INFO] [stderr]     Checking time v0.1.34
[INFO] [stderr]     Checking regex v0.1.46
[INFO] [stdout] error: aborting due to previous error
[INFO] [stdout] 
[INFO] [stdout] 
[INFO] [stdout] For more information about this error, try `rustc --explain E0642`.
[INFO] [stdout] 
[INFO] [stderr] error: could not compile `rustc-serialize` (lib) due to 2 previous errors; 1 warning emitted
[INFO] [stderr] warning: build failed, waiting for other jobs to finish...
[INFO] running `Command { std: "docker" "inspect" "48a9011e3268c1e64dce10fa331806e0c9d2226cd55399396697b2e37b566fed", kill_on_drop: false }`
[INFO] running `Command { std: "docker" "rm" "-f" "48a9011e3268c1e64dce10fa331806e0c9d2226cd55399396697b2e37b566fed", kill_on_drop: false }`
[INFO] [stdout] 48a9011e3268c1e64dce10fa331806e0c9d2226cd55399396697b2e37b566fed
[INFO] documenting andrew-d/findcrypt against beta-2023-12-22 for beta-1.76-rustdoc-1
[INFO] running `Command { std: "git" "clone" "/workspace/cache/git-repos/https%3A%2F%2Fgithub.com%2Fandrew-d%2Ffindcrypt" "/workspace/builds/worker-3-tc2/source", kill_on_drop: false }`
[INFO] [stderr] Cloning into '/workspace/builds/worker-3-tc2/source'...
[INFO] [stderr] done.
[INFO] validating manifest of git repo https://github.com/andrew-d/findcrypt on toolchain beta-2023-12-22
[INFO] running `Command { std: CARGO_HOME="/workspace/cargo-home" RUSTUP_HOME="/workspace/rustup-home" "/workspace/cargo-home/bin/cargo" "+beta-2023-12-22" "metadata" "--manifest-path" "Cargo.toml" "--no-deps", kill_on_drop: false }`
[INFO] started tweaking git repo https://github.com/andrew-d/findcrypt
[INFO] finished tweaking git repo https://github.com/andrew-d/findcrypt
[INFO] tweaked toml for git repo https://github.com/andrew-d/findcrypt written to /workspace/builds/worker-3-tc2/source/Cargo.toml
[INFO] crate git repo https://github.com/andrew-d/findcrypt already has a lockfile, it will not be regenerated
[INFO] running `Command { std: CARGO_HOME="/workspace/cargo-home" RUSTUP_HOME="/workspace/rustup-home" "/workspace/cargo-home/bin/cargo" "+beta-2023-12-22" "fetch" "--manifest-path" "Cargo.toml", kill_on_drop: false }`
[INFO] running `Command { std: "docker" "create" "-v" "/var/lib/crater-agent-workspace/builds/worker-3-tc2/target:/opt/rustwide/target:rw,Z" "-v" "/var/lib/crater-agent-workspace/builds/worker-3-tc2/source:/opt/rustwide/workdir:ro,Z" "-v" "/var/lib/crater-agent-workspace/cargo-home:/opt/rustwide/cargo-home:ro,Z" "-v" "/var/lib/crater-agent-workspace/rustup-home:/opt/rustwide/rustup-home:ro,Z" "-e" "SOURCE_DIR=/opt/rustwide/workdir" "-e" "CARGO_TARGET_DIR=/opt/rustwide/target" "-e" "CARGO_HOME=/opt/rustwide/cargo-home" "-e" "RUSTUP_HOME=/opt/rustwide/rustup-home" "-w" "/opt/rustwide/workdir" "-m" "1610612736" "--user" "0:0" "--network" "none" "ghcr.io/rust-lang/crates-build-env/linux@sha256:2788e3201cd34a07e3172128adcd8b3090168a8e3bcc40d7c032b9dda1df7d1c" "/opt/rustwide/cargo-home/bin/cargo" "+beta-2023-12-22" "metadata" "--no-deps" "--format-version=1", kill_on_drop: false }`
[INFO] [stdout] ee4bfe650c5c033000109f1fafe240bf513639932f4f7c7d6d61b294c752417c
[INFO] running `Command { std: "docker" "start" "-a" "ee4bfe650c5c033000109f1fafe240bf513639932f4f7c7d6d61b294c752417c", kill_on_drop: false }`
[INFO] running `Command { std: "docker" "inspect" "ee4bfe650c5c033000109f1fafe240bf513639932f4f7c7d6d61b294c752417c", kill_on_drop: false }`
[INFO] running `Command { std: "docker" "rm" "-f" "ee4bfe650c5c033000109f1fafe240bf513639932f4f7c7d6d61b294c752417c", kill_on_drop: false }`
[INFO] [stdout] ee4bfe650c5c033000109f1fafe240bf513639932f4f7c7d6d61b294c752417c
[INFO] running `Command { std: "docker" "create" "-v" "/var/lib/crater-agent-workspace/builds/worker-3-tc2/target:/opt/rustwide/target:rw,Z" "-v" "/var/lib/crater-agent-workspace/builds/worker-3-tc2/source:/opt/rustwide/workdir:ro,Z" "-v" "/var/lib/crater-agent-workspace/cargo-home:/opt/rustwide/cargo-home:ro,Z" "-v" "/var/lib/crater-agent-workspace/rustup-home:/opt/rustwide/rustup-home:ro,Z" "-e" "SOURCE_DIR=/opt/rustwide/workdir" "-e" "CARGO_TARGET_DIR=/opt/rustwide/target" "-e" "CARGO_INCREMENTAL=0" "-e" "RUST_BACKTRACE=full" "-e" "RUSTFLAGS=--cap-lints=warn" "-e" "RUSTDOCFLAGS=--cap-lints=warn" "-e" "CARGO_HOME=/opt/rustwide/cargo-home" "-e" "RUSTUP_HOME=/opt/rustwide/rustup-home" "-w" "/opt/rustwide/workdir" "-m" "1610612736" "--user" "0:0" "--network" "none" "ghcr.io/rust-lang/crates-build-env/linux@sha256:2788e3201cd34a07e3172128adcd8b3090168a8e3bcc40d7c032b9dda1df7d1c" "/opt/rustwide/cargo-home/bin/cargo" "+beta-2023-12-22" "doc" "--frozen" "--no-deps" "--document-private-items" "--message-format=json", kill_on_drop: false }`
[INFO] [stdout] 452c02286938fafda22a2af0c6605f350ca11f5d14e80b5cd11a0a19474c2ea5
[INFO] running `Command { std: "docker" "start" "-a" "452c02286938fafda22a2af0c6605f350ca11f5d14e80b5cd11a0a19474c2ea5", kill_on_drop: false }`
[INFO] [stderr]     Checking libc v0.2.4
[INFO] [stderr]    Compiling winapi-build v0.1.1
[INFO] [stderr]     Checking winapi v0.2.5
[INFO] [stderr]     Checking regex-syntax v0.2.2
[INFO] [stderr]     Checking rustc-serialize v0.3.16
[INFO] [stderr]     Checking ansi_term v0.7.1
[INFO] [stderr]     Checking lazy_static v0.1.15
[INFO] [stderr]     Checking bitflags v0.3.3
[INFO] [stderr]     Checking strsim v0.4.0
[INFO] [stderr]     Checking libc v0.1.12
[INFO] [stderr]     Checking quick-error v0.1.4
[INFO] [stderr]     Checking vec_map v0.4.0
[INFO] [stdout] error[E0642]: patterns aren't allowed in functions without bodies
[INFO] [stdout]    --> /opt/rustwide/cargo-home/registry/src/index.crates.io-6f17d22bba15001f/rustc-serialize-0.3.16/src/serialize.rs:145:45
[INFO] [stdout]     |
[INFO] [stdout] 145 | ...                   &f_name: &str,
[INFO] [stdout]     |                       ^^^^^^^ pattern not allowed in function without body
[INFO] [stdout] 
[INFO] [stdout] 
[INFO] [stderr]    Compiling advapi32-sys v0.1.2
[INFO] [stderr]    Compiling kernel32-sys v0.2.1
[INFO] [stderr]     Checking byteorder v0.4.2
[INFO] [stderr]     Checking memchr v0.1.7
[INFO] [stderr]     Checking log v0.3.4
[INFO] [stderr]     Checking aho-corasick v0.4.0
[INFO] [stderr]     Checking clap v1.5.5
[INFO] [stderr]     Checking aho-corasick v0.3.4
[INFO] [stdout] error[E0310]: the parameter type `T` may not live long enough
[INFO] [stdout]    --> /opt/rustwide/cargo-home/registry/src/index.crates.io-6f17d22bba15001f/rustc-serialize-0.3.16/src/serialize.rs:452:5
[INFO] [stdout]     |
[INFO] [stdout] 452 |     fn decode<D: Decoder>(d: &mut D) -> Result<Cow<'static, T>, D::Error> {
[INFO] [stdout]     |     ^^^^^^^^^^^^^^^^^^^^^^^^^^^^^^^^^^^^^^^^^^^^^^^^^^^^^^^^^^^^^^^^^^^^^
[INFO] [stdout]     |     |
[INFO] [stdout]     |     the parameter type `T` must be valid for the static lifetime...
[INFO] [stdout]     |     ...so that the type `T` will meet its required lifetime bounds...
[INFO] [stdout]     |
[INFO] [stdout] note: ...that is required by this bound
[INFO] [stdout]    --> /rustc/0e09125c6c3c2fd70d7de961bcf0e51575235fad/library/alloc/src/borrow.rs:180:30
[INFO] [stdout] help: consider adding an explicit lifetime bound
[INFO] [stdout]     |
[INFO] [stdout] 448 | impl<'a, T: ?Sized + 'static> Decodable for Cow<'a, T>
[INFO] [stdout]     |                    +++++++++
[INFO] [stdout] 
[INFO] [stdout] 
[INFO] [stderr]     Checking fern v0.3.5
[INFO] [stderr]     Checking mmap v0.1.1 (https://github.com/retep998/rust-mmap?rev=4617dd0901d6899faebfbc427714b89fcb889880#4617dd09)
[INFO] [stderr]     Checking itertools v0.3.25
[INFO] [stderr]     Checking rand v0.3.12
[INFO] [stderr]     Checking time v0.1.34
[INFO] [stderr]     Checking regex v0.1.46
[INFO] [stdout] error: aborting due to 2 previous errors
[INFO] [stdout] 
[INFO] [stdout] 
[INFO] [stdout] Some errors have detailed explanations: E0310, E0642.
[INFO] [stdout] 
[INFO] [stdout] For more information about an error, try `rustc --explain E0310`.
[INFO] [stdout] 
[INFO] [stderr] error: could not compile `rustc-serialize` (lib) due to 3 previous errors
[INFO] [stderr] warning: build failed, waiting for other jobs to finish...
[INFO] running `Command { std: "docker" "inspect" "452c02286938fafda22a2af0c6605f350ca11f5d14e80b5cd11a0a19474c2ea5", kill_on_drop: false }`
[INFO] running `Command { std: "docker" "rm" "-f" "452c02286938fafda22a2af0c6605f350ca11f5d14e80b5cd11a0a19474c2ea5", kill_on_drop: false }`
[INFO] [stdout] 452c02286938fafda22a2af0c6605f350ca11f5d14e80b5cd11a0a19474c2ea5
