[INFO] cloning repository https://github.com/andrcmdr/aurora-engine
[INFO] running `Command { std: "git" "-c" "credential.helper=" "-c" "credential.helper=/workspace/cargo-home/bin/git-credential-null" "clone" "--bare" "https://github.com/andrcmdr/aurora-engine" "/workspace/cache/git-repos/https%3A%2F%2Fgithub.com%2Fandrcmdr%2Faurora-engine", kill_on_drop: false }`
[INFO] [stderr] Cloning into bare repository '/workspace/cache/git-repos/https%3A%2F%2Fgithub.com%2Fandrcmdr%2Faurora-engine'...
[INFO] running `Command { std: "git" "rev-parse" "HEAD", kill_on_drop: false }`
[INFO] [stdout] eaaaf9305a73c01038b15afa715e1d40e193a617
[INFO] documenting andrcmdr/aurora-engine against 1.75.0 for beta-1.76-rustdoc-1
[INFO] running `Command { std: "git" "clone" "/workspace/cache/git-repos/https%3A%2F%2Fgithub.com%2Fandrcmdr%2Faurora-engine" "/workspace/builds/worker-7-tc1/source", kill_on_drop: false }`
[INFO] [stderr] Cloning into '/workspace/builds/worker-7-tc1/source'...
[INFO] [stderr] done.
[INFO] validating manifest of git repo https://github.com/andrcmdr/aurora-engine on toolchain 1.75.0
[INFO] running `Command { std: CARGO_HOME="/workspace/cargo-home" RUSTUP_HOME="/workspace/rustup-home" "/workspace/cargo-home/bin/cargo" "+1.75.0" "metadata" "--manifest-path" "Cargo.toml" "--no-deps", kill_on_drop: false }`
[INFO] removed /workspace/builds/worker-7-tc1/source/rust-toolchain
[INFO] started tweaking git repo https://github.com/andrcmdr/aurora-engine
[INFO] finished tweaking git repo https://github.com/andrcmdr/aurora-engine
[INFO] tweaked toml for git repo https://github.com/andrcmdr/aurora-engine written to /workspace/builds/worker-7-tc1/source/Cargo.toml
[INFO] crate git repo https://github.com/andrcmdr/aurora-engine already has a lockfile, it will not be regenerated
[INFO] running `Command { std: CARGO_HOME="/workspace/cargo-home" RUSTUP_HOME="/workspace/rustup-home" "/workspace/cargo-home/bin/cargo" "+1.75.0" "fetch" "--manifest-path" "Cargo.toml", kill_on_drop: false }`
[INFO] [stderr]     Updating git repository `https://github.com/near/near-blake2.git`
[INFO] [stderr]     Updating git repository `https://github.com/aurora-is-near/aurora-bn.git`
[INFO] [stderr]     Updating git repository `https://github.com/darwinia-network/ethabi`
[INFO] [stderr]     Updating git repository `https://github.com/aurora-is-near/sputnikvm.git`
[INFO] [stderr]     Updating git repository `https://github.com/aurora-is-near/rjson`
[INFO] [stderr]     Updating git repository `https://github.com/near/nearcore.git`
[INFO] [stderr]     Updating git repository `https://github.com/aurora-is-near/near-sdk-rs.git`
[INFO] [stderr]     Updating crates.io index
[INFO] [stderr]     Blocking waiting for file lock on package cache
[INFO] [stderr]  Downloading crates ...
[INFO] [stderr]   Downloaded wasmer-compiler v2.0.0
[INFO] [stderr]   Downloaded wasmtime-obj v0.25.0
[INFO] [stderr]   Downloaded wasmer-compiler-near v2.0.1
[INFO] [stderr]   Downloaded wasmer-runtime-core-near v0.18.2
[INFO] [stderr]   Downloaded manifest-dir-macros v0.1.11
[INFO] [stderr]   Downloaded lazy-static-include v3.1.1
[INFO] [stderr]   Downloaded logos v0.12.0
[INFO] [stderr]   Downloaded wasmer-object v2.0.0
[INFO] [stderr]   Downloaded wasmtime-cranelift v0.25.0
[INFO] [stderr]   Downloaded parity-scale-codec-derive v2.3.0
[INFO] [stderr]   Downloaded wasmer-engine v2.0.0
[INFO] [stderr]   Downloaded wasmtime-environ v0.25.0
[INFO] [stderr]   Downloaded dynasmrt v1.1.0
[INFO] [stderr]   Downloaded wasmer-types v2.0.0
[INFO] [stderr]   Downloaded wasmtime-debug v0.25.0
[INFO] [stderr]   Downloaded wasmtime v0.25.0
[INFO] [stderr]   Downloaded cranelift-codegen v0.72.0
[INFO] [stderr]   Downloaded protobuf v2.23.0
[INFO] [stderr]   Downloaded parity-secp256k1 v0.7.0
[INFO] [stderr]   Downloaded dynasm v1.1.0
[INFO] [stderr]   Downloaded wasmer-vm v2.0.0
[INFO] [stderr]   Downloaded wasmer-compiler-singlepass-near v2.0.1
[INFO] [stderr]   Downloaded rkyv v0.6.7
[INFO] [stderr]   Downloaded cranelift-bforest v0.72.0
[INFO] [stderr]   Downloaded logos-derive v0.12.0
[INFO] [stderr]   Downloaded cranelift-entity v0.72.0
[INFO] [stderr]   Downloaded wasmtime-runtime v0.25.0
[INFO] [stderr]   Downloaded parity-scale-codec v2.3.0
[INFO] [stderr]   Downloaded cranelift-wasm v0.72.0
[INFO] [stderr]   Downloaded cached v0.23.0
[INFO] [stderr]   Downloaded wasmer-engine-near v2.0.1
[INFO] [stderr]   Downloaded rkyv_derive v0.6.7
[INFO] [stderr]   Downloaded c2-chacha v0.3.0
[INFO] [stderr]   Downloaded cached_proc_macro v0.6.0
[INFO] [stderr]   Downloaded cranelift-frontend v0.72.0
[INFO] [stderr]   Downloaded ethereum v0.10.0
[INFO] [stderr]   Downloaded wasmtime-jit v0.25.0
[INFO] [stderr]   Downloaded wasmtime-profiling v0.25.0
[INFO] [stderr]   Downloaded cpufeatures v0.1.1
[INFO] [stderr]   Downloaded beef v0.5.0
[INFO] [stderr]   Downloaded cranelift-codegen-meta v0.72.0
[INFO] [stderr]   Downloaded wasmer-engine-dylib v2.0.0
[INFO] [stderr]   Downloaded cranelift-native v0.72.0
[INFO] [stderr]   Downloaded bytesize v1.0.1
[INFO] [stderr]   Downloaded cranelift-codegen-shared v0.72.0
[INFO] [stderr]   Downloaded wasmer-engine-universal-near v2.0.1
[INFO] [stderr]   Downloaded easy-ext v0.2.7
[INFO] [stderr]   Downloaded wasmer-derive-near v2.0.1
[INFO] [stderr]   Downloaded wasmer-types-near v2.0.1
[INFO] [stderr]   Downloaded wasmer-vm-near v2.0.1
[INFO] [stderr]   Downloaded wasmer-near v2.0.1
[INFO] running `Command { std: "docker" "create" "-v" "/var/lib/crater-agent-workspace/builds/worker-7-tc1/target:/opt/rustwide/target:rw,Z" "-v" "/var/lib/crater-agent-workspace/builds/worker-7-tc1/source:/opt/rustwide/workdir:ro,Z" "-v" "/var/lib/crater-agent-workspace/cargo-home:/opt/rustwide/cargo-home:ro,Z" "-v" "/var/lib/crater-agent-workspace/rustup-home:/opt/rustwide/rustup-home:ro,Z" "-e" "SOURCE_DIR=/opt/rustwide/workdir" "-e" "CARGO_TARGET_DIR=/opt/rustwide/target" "-e" "CARGO_HOME=/opt/rustwide/cargo-home" "-e" "RUSTUP_HOME=/opt/rustwide/rustup-home" "-w" "/opt/rustwide/workdir" "-m" "1610612736" "--user" "0:0" "--network" "none" "ghcr.io/rust-lang/crates-build-env/linux@sha256:2788e3201cd34a07e3172128adcd8b3090168a8e3bcc40d7c032b9dda1df7d1c" "/opt/rustwide/cargo-home/bin/cargo" "+1.75.0" "metadata" "--no-deps" "--format-version=1", kill_on_drop: false }`
[INFO] [stdout] 0ae70b0a400bc4d6bfee130757fba3c920582ed7e81578161ff96915a48c4264
[INFO] running `Command { std: "docker" "start" "-a" "0ae70b0a400bc4d6bfee130757fba3c920582ed7e81578161ff96915a48c4264", kill_on_drop: false }`
[INFO] running `Command { std: "docker" "inspect" "0ae70b0a400bc4d6bfee130757fba3c920582ed7e81578161ff96915a48c4264", kill_on_drop: false }`
[INFO] running `Command { std: "docker" "rm" "-f" "0ae70b0a400bc4d6bfee130757fba3c920582ed7e81578161ff96915a48c4264", kill_on_drop: false }`
[INFO] [stdout] 0ae70b0a400bc4d6bfee130757fba3c920582ed7e81578161ff96915a48c4264
[INFO] running `Command { std: "docker" "create" "-v" "/var/lib/crater-agent-workspace/builds/worker-7-tc1/target:/opt/rustwide/target:rw,Z" "-v" "/var/lib/crater-agent-workspace/builds/worker-7-tc1/source:/opt/rustwide/workdir:ro,Z" "-v" "/var/lib/crater-agent-workspace/cargo-home:/opt/rustwide/cargo-home:ro,Z" "-v" "/var/lib/crater-agent-workspace/rustup-home:/opt/rustwide/rustup-home:ro,Z" "-e" "SOURCE_DIR=/opt/rustwide/workdir" "-e" "CARGO_TARGET_DIR=/opt/rustwide/target" "-e" "CARGO_INCREMENTAL=0" "-e" "RUST_BACKTRACE=full" "-e" "RUSTFLAGS=--cap-lints=warn" "-e" "RUSTDOCFLAGS=--cap-lints=warn" "-e" "CARGO_HOME=/opt/rustwide/cargo-home" "-e" "RUSTUP_HOME=/opt/rustwide/rustup-home" "-w" "/opt/rustwide/workdir" "-m" "1610612736" "--user" "0:0" "--network" "none" "ghcr.io/rust-lang/crates-build-env/linux@sha256:2788e3201cd34a07e3172128adcd8b3090168a8e3bcc40d7c032b9dda1df7d1c" "/opt/rustwide/cargo-home/bin/cargo" "+1.75.0" "doc" "--frozen" "--no-deps" "--document-private-items" "--message-format=json", kill_on_drop: false }`
[INFO] [stdout] f7dc30993a588d41860a57c605ac715fb7ac315509071e79d40c37ed34328d08
[INFO] running `Command { std: "docker" "start" "-a" "f7dc30993a588d41860a57c605ac715fb7ac315509071e79d40c37ed34328d08", kill_on_drop: false }`
[INFO] [stderr]    Compiling proc-macro2 v1.0.26
[INFO] [stderr]    Compiling unicode-xid v0.2.2
[INFO] [stderr]    Compiling syn v1.0.76
[INFO] [stderr]    Compiling serde_derive v1.0.130
[INFO] [stderr]    Compiling serde v1.0.130
[INFO] [stderr]    Compiling typenum v1.13.0
[INFO] [stderr]     Checking cfg-if v1.0.0
[INFO] [stderr]    Compiling libc v0.2.94
[INFO] [stderr]    Compiling autocfg v1.0.1
[INFO] [stderr]     Checking ppv-lite86 v0.2.10
[INFO] [stderr]    Compiling getrandom v0.2.2
[INFO] [stderr]     Checking byteorder v1.4.3
[INFO] [stderr]    Compiling radium v0.6.2
[INFO] [stderr]    Compiling crunchy v0.2.2
[INFO] [stderr]     Checking rustc-hex v2.1.0
[INFO] [stderr]     Checking tap v1.0.1
[INFO] [stderr]     Checking wyz v0.2.0
[INFO] [stderr]     Checking funty v1.1.0
[INFO] [stderr]    Compiling version_check v0.9.3
[INFO] [stderr]     Checking arrayvec v0.7.0
[INFO] [stderr]     Checking byte-slice-cast v1.0.0
[INFO] [stderr]     Checking bytes v1.0.1
[INFO] [stderr]    Compiling quote v1.0.9
[INFO] [stderr]     Checking static_assertions v1.1.0
[INFO] [stderr]    Compiling generic-array v0.14.4
[INFO] [stderr]     Checking rlp v0.5.0
[INFO] [stderr]    Compiling convert_case v0.4.0
[INFO] [stderr]     Checking hex v0.4.3
[INFO] [stderr]     Checking bitvec v0.20.4
[INFO] [stderr]     Checking impl-rlp v0.3.0
[INFO] [stderr]     Checking block-padding v0.2.1
[INFO] [stderr]    Compiling tiny-keccak v2.0.2
[INFO] [stderr]     Checking keccak v0.1.0
[INFO] [stderr]     Checking uint v0.9.1
[INFO] [stderr]     Checking generic-array v0.12.4
[INFO] [stderr]     Checking opaque-debug v0.3.0
[INFO] [stderr]     Checking ahash v0.4.7
[INFO] [stderr]     Checking rand_core v0.6.2
[INFO] [stderr]    Compiling indexmap v1.6.2
[INFO] [stderr]     Checking rand_chacha v0.3.0
[INFO] [stderr]    Compiling num-traits v0.2.14
[INFO] [stderr]     Checking hashbrown v0.9.1
[INFO] [stderr]     Checking digest v0.8.1
[INFO] [stderr]    Compiling ryu v1.0.5
[INFO] [stderr]     Checking byte-tools v0.3.1
[INFO] [stderr]     Checking rand v0.8.3
[INFO] [stderr]     Checking digest v0.9.0
[INFO] [stderr]     Checking block-buffer v0.9.0
[INFO] [stderr]     Checking block-padding v0.1.5
[INFO] [stderr]     Checking sha3 v0.9.1
[INFO] [stderr]    Compiling serde_json v1.0.64
[INFO] [stderr]    Compiling anyhow v1.0.44
[INFO] [stderr]     Checking block-buffer v0.7.3
[INFO] [stderr]    Compiling num-integer v0.1.44
[INFO] [stderr]     Checking opaque-debug v0.2.3
[INFO] [stderr]     Checking fixed-hash v0.7.0
[INFO] [stderr]    Compiling getrandom v0.1.16
[INFO] [stderr]     Checking itoa v0.4.7
[INFO] [stderr]    Compiling num-bigint v0.4.0
[INFO] [stderr]     Checking subtle v1.0.0
[INFO] [stderr]     Checking crypto-mac v0.7.0
[INFO] [stderr]     Checking sha3 v0.8.2
[INFO] [stderr]    Compiling num-rational v0.4.0
[INFO] [stderr]    Compiling num-iter v0.1.42
[INFO] [stderr]    Compiling log v0.4.14
[INFO] [stderr]     Checking rand_core v0.5.1
[INFO] [stderr]     Checking hash-db v0.15.2
[INFO] [stderr]     Checking subtle v2.4.0
[INFO] [stderr]     Checking environmental v1.1.3
[INFO] [stderr]     Checking triehash v0.8.4
[INFO] [stderr]     Checking rand_chacha v0.2.2
[INFO] [stderr]     Checking hmac v0.7.1
[INFO] [stderr]     Checking hash256-std-hasher v0.15.2
[INFO] [stderr]     Checking fake-simd v0.1.2
[INFO] [stderr]    Compiling beef v0.5.0
[INFO] [stderr]    Compiling utf8-ranges v1.0.4
[INFO] [stderr]    Compiling fnv v1.0.7
[INFO] [stderr]    Compiling wee_alloc v0.4.5
[INFO] [stderr]    Compiling regex-syntax v0.6.25
[INFO] [stderr]     Checking sha2 v0.8.2
[INFO] [stderr]     Checking rand v0.7.3
[INFO] [stderr]     Checking hmac-drbg v0.2.0
[INFO] [stderr]     Checking num-complex v0.4.0
[INFO] [stderr]     Checking crypto-mac v0.8.0
[INFO] [stderr]     Checking memory_units v0.4.0
[INFO] [stderr]     Checking cfg-if v0.1.10
[INFO] [stderr]     Checking cpufeatures v0.1.1
[INFO] [stderr]     Checking arrayref v0.3.6
[INFO] [stderr]     Checking sha2 v0.9.5
[INFO] [stderr]     Checking blake2 v0.9.1 (https://github.com/near/near-blake2.git#736ff607)
[INFO] [stderr]     Checking ripemd160 v0.9.1
[INFO] [stderr]     Checking rjson v0.3.2 (https://github.com/aurora-is-near/rjson?rev=cc3da949#cc3da949)
[INFO] [stderr]     Checking base64 v0.13.0
[INFO] [stdout] error[E0554]: `#![feature]` may not be used on the stable release channel
[INFO] [stdout]  --> /opt/rustwide/cargo-home/git/checkouts/rjson-e394b183a5e21394/cc3da94/src/lib.rs:2:43
[INFO] [stdout]   |
[INFO] [stdout] 2 | #![cfg_attr(not(feature = "std"), feature(core_intrinsics))]
[INFO] [stdout]   |                                           ^^^^^^^^^^^^^^^
[INFO] [stdout] 
[INFO] [stdout] 
[INFO] [stdout] error: aborting due to previous error
[INFO] [stdout] 
[INFO] [stdout] 
[INFO] [stdout] For more information about this error, try `rustc --explain E0554`.
[INFO] [stdout] 
[INFO] [stderr] error: could not compile `rjson` (lib) due to 2 previous errors
[INFO] [stderr] warning: build failed, waiting for other jobs to finish...
[INFO] [stdout] error[E0308]: mismatched types
[INFO] [stdout]   --> /opt/rustwide/cargo-home/registry/src/index.crates.io-6f17d22bba15001f/num-bigint-0.4.0/src/biguint/convert.rs:70:19
[INFO] [stdout]    |
[INFO] [stdout] 70 |         .div_ceil(&big_digit::BITS.into())
[INFO] [stdout]    |          -------- ^^^^^^^^^^^^^^^^^^^^^^^ expected `u64`, found `&_`
[INFO] [stdout]    |          |
[INFO] [stdout]    |          arguments to this method are incorrect
[INFO] [stdout]    |
[INFO] [stdout]    = note:   expected type `u64`
[INFO] [stdout]            found reference `&_`
[INFO] [stdout] note: method defined here
[INFO] [stdout]   --> /rustc/82e1608dfa6e0b5569232559e3d385fea5a93112/library/core/src/num/mod.rs:1169:5
[INFO] [stdout]    = note: this error originates in the macro `uint_impl` (in Nightly builds, run with -Z macro-backtrace for more info)
[INFO] [stdout] help: consider removing the borrow
[INFO] [stdout]    |
[INFO] [stdout] 70 -         .div_ceil(&big_digit::BITS.into())
[INFO] [stdout] 70 +         .div_ceil(big_digit::BITS.into())
[INFO] [stdout]    |
[INFO] [stdout] 
[INFO] [stdout] 
[INFO] [stdout] error[E0308]: mismatched types
[INFO] [stdout]    --> /opt/rustwide/cargo-home/registry/src/index.crates.io-6f17d22bba15001f/num-bigint-0.4.0/src/biguint/convert.rs:585:19
[INFO] [stdout]     |
[INFO] [stdout] 585 |         .div_ceil(&u64::from(bits))
[INFO] [stdout]     |          -------- ^^^^^^^^^^^^^^^^ expected `u64`, found `&u64`
[INFO] [stdout]     |          |
[INFO] [stdout]     |          arguments to this method are incorrect
[INFO] [stdout]     |
[INFO] [stdout] note: method defined here
[INFO] [stdout]    --> /rustc/82e1608dfa6e0b5569232559e3d385fea5a93112/library/core/src/num/mod.rs:1169:5
[INFO] [stdout]     = note: this error originates in the macro `uint_impl` (in Nightly builds, run with -Z macro-backtrace for more info)
[INFO] [stdout] help: consider removing the borrow
[INFO] [stdout]     |
[INFO] [stdout] 585 -         .div_ceil(&u64::from(bits))
[INFO] [stdout] 585 +         .div_ceil(u64::from(bits))
[INFO] [stdout]     |
[INFO] [stdout] 
[INFO] [stdout] 
[INFO] [stdout] error[E0308]: mismatched types
[INFO] [stdout]    --> /opt/rustwide/cargo-home/registry/src/index.crates.io-6f17d22bba15001f/num-bigint-0.4.0/src/biguint/convert.rs:613:19
[INFO] [stdout]     |
[INFO] [stdout] 613 |         .div_ceil(&u64::from(bits))
[INFO] [stdout]     |          -------- ^^^^^^^^^^^^^^^^ expected `u64`, found `&u64`
[INFO] [stdout]     |          |
[INFO] [stdout]     |          arguments to this method are incorrect
[INFO] [stdout]     |
[INFO] [stdout] note: method defined here
[INFO] [stdout]    --> /rustc/82e1608dfa6e0b5569232559e3d385fea5a93112/library/core/src/num/mod.rs:1169:5
[INFO] [stdout]     = note: this error originates in the macro `uint_impl` (in Nightly builds, run with -Z macro-backtrace for more info)
[INFO] [stdout] help: consider removing the borrow
[INFO] [stdout]     |
[INFO] [stdout] 613 -         .div_ceil(&u64::from(bits))
[INFO] [stdout] 613 +         .div_ceil(u64::from(bits))
[INFO] [stdout]     |
[INFO] [stdout] 
[INFO] [stdout] 
[INFO] [stdout] error: aborting due to 3 previous errors
[INFO] [stdout] 
[INFO] [stdout] 
[INFO] [stdout] For more information about this error, try `rustc --explain E0308`.
[INFO] [stdout] 
[INFO] [stderr] error: could not compile `num-bigint` (lib) due to 4 previous errors
[INFO] running `Command { std: "docker" "inspect" "f7dc30993a588d41860a57c605ac715fb7ac315509071e79d40c37ed34328d08", kill_on_drop: false }`
[INFO] running `Command { std: "docker" "rm" "-f" "f7dc30993a588d41860a57c605ac715fb7ac315509071e79d40c37ed34328d08", kill_on_drop: false }`
[INFO] [stdout] f7dc30993a588d41860a57c605ac715fb7ac315509071e79d40c37ed34328d08
