[INFO] cloning repository https://github.com/anden3/schedule-poster
[INFO] running `Command { std: "git" "-c" "credential.helper=" "-c" "credential.helper=/workspace/cargo-home/bin/git-credential-null" "clone" "--bare" "https://github.com/anden3/schedule-poster" "/workspace/cache/git-repos/https%3A%2F%2Fgithub.com%2Fanden3%2Fschedule-poster", kill_on_drop: false }`
[INFO] [stderr] Cloning into bare repository '/workspace/cache/git-repos/https%3A%2F%2Fgithub.com%2Fanden3%2Fschedule-poster'...
[INFO] running `Command { std: "git" "rev-parse" "HEAD", kill_on_drop: false }`
[INFO] [stdout] cba54398e7bf26f17925db54157448f0f9d11929
[INFO] documenting anden3/schedule-poster against 1.75.0 for beta-1.76-rustdoc-1
[INFO] running `Command { std: "git" "clone" "/workspace/cache/git-repos/https%3A%2F%2Fgithub.com%2Fanden3%2Fschedule-poster" "/workspace/builds/worker-7-tc1/source", kill_on_drop: false }`
[INFO] [stderr] Cloning into '/workspace/builds/worker-7-tc1/source'...
[INFO] [stderr] done.
[INFO] validating manifest of git repo https://github.com/anden3/schedule-poster on toolchain 1.75.0
[INFO] running `Command { std: CARGO_HOME="/workspace/cargo-home" RUSTUP_HOME="/workspace/rustup-home" "/workspace/cargo-home/bin/cargo" "+1.75.0" "metadata" "--manifest-path" "Cargo.toml" "--no-deps", kill_on_drop: false }`
[INFO] removed /workspace/builds/worker-7-tc1/source/.cargo/config.toml
[INFO] removed /workspace/builds/worker-7-tc1/source/rust-toolchain.toml
[INFO] started tweaking git repo https://github.com/anden3/schedule-poster
[INFO] finished tweaking git repo https://github.com/anden3/schedule-poster
[INFO] tweaked toml for git repo https://github.com/anden3/schedule-poster written to /workspace/builds/worker-7-tc1/source/Cargo.toml
[INFO] crate git repo https://github.com/anden3/schedule-poster already has a lockfile, it will not be regenerated
[INFO] running `Command { std: CARGO_HOME="/workspace/cargo-home" RUSTUP_HOME="/workspace/rustup-home" "/workspace/cargo-home/bin/cargo" "+1.75.0" "fetch" "--manifest-path" "Cargo.toml", kill_on_drop: false }`
[INFO] [stderr] warning: virtual workspace defaulting to `resolver = "1"` despite one or more workspace members being on edition 2021 which implies `resolver = "2"`
[INFO] [stderr] note: to keep the current resolver, specify `workspace.resolver = "1"` in the workspace root's manifest
[INFO] [stderr] note: to use the edition 2021 resolver, specify `workspace.resolver = "2"` in the workspace root's manifest
[INFO] [stderr] note: for more details see https://doc.rust-lang.org/cargo/reference/resolver.html#resolver-versions
[INFO] [stderr]     Updating git repository `https://github.com/anden3/holodex-rs`
[INFO] [stderr]     Updating git repository `https://github.com/inflation/uwu`
[INFO] [stderr]     Updating crates.io index
[INFO] [stderr]  Downloading crates ...
[INFO] [stderr]   Downloaded fix-hidden-lifetime-bug v0.2.5
[INFO] [stderr]   Downloaded lru v0.10.0
[INFO] [stderr]   Downloaded poise_macros v0.5.2
[INFO] [stderr]   Downloaded smartstring v0.2.10
[INFO] [stderr]   Downloaded async-sse v5.1.0
[INFO] [stderr]   Downloaded fix-hidden-lifetime-bug-proc_macros v0.2.5
[INFO] [stderr]   Downloaded chrono-english v0.1.7
[INFO] [stderr]   Downloaded ureq v1.5.5
[INFO] [stderr]   Downloaded poise v0.5.2
[INFO] [stderr]   Downloaded chrono-tz v0.8.1
[INFO] [stderr]   Downloaded isolang v2.2.0
[INFO] [stderr]   Downloaded uwuifyy v0.3.0
[INFO] [stderr]   Downloaded miette v5.7.0
[INFO] [stderr]   Downloaded miette-derive v5.7.0
[INFO] [stderr]   Downloaded str-utils v0.1.6
[INFO] [stderr]   Downloaded bounded-integer v0.5.6
[INFO] [stderr]   Downloaded openai-api v0.1.4
[INFO] running `Command { std: "docker" "create" "-v" "/var/lib/crater-agent-workspace/builds/worker-7-tc1/target:/opt/rustwide/target:rw,Z" "-v" "/var/lib/crater-agent-workspace/builds/worker-7-tc1/source:/opt/rustwide/workdir:ro,Z" "-v" "/var/lib/crater-agent-workspace/cargo-home:/opt/rustwide/cargo-home:ro,Z" "-v" "/var/lib/crater-agent-workspace/rustup-home:/opt/rustwide/rustup-home:ro,Z" "-e" "SOURCE_DIR=/opt/rustwide/workdir" "-e" "CARGO_TARGET_DIR=/opt/rustwide/target" "-e" "CARGO_HOME=/opt/rustwide/cargo-home" "-e" "RUSTUP_HOME=/opt/rustwide/rustup-home" "-w" "/opt/rustwide/workdir" "-m" "1610612736" "--user" "0:0" "--network" "none" "ghcr.io/rust-lang/crates-build-env/linux@sha256:2788e3201cd34a07e3172128adcd8b3090168a8e3bcc40d7c032b9dda1df7d1c" "/opt/rustwide/cargo-home/bin/cargo" "+1.75.0" "metadata" "--no-deps" "--format-version=1", kill_on_drop: false }`
[INFO] [stdout] 7af5698d3126100b8fabd82be1db0fa382ed1843ca9ad9447c7fd8fdb7fa1d18
[INFO] running `Command { std: "docker" "start" "-a" "7af5698d3126100b8fabd82be1db0fa382ed1843ca9ad9447c7fd8fdb7fa1d18", kill_on_drop: false }`
[INFO] running `Command { std: "docker" "inspect" "7af5698d3126100b8fabd82be1db0fa382ed1843ca9ad9447c7fd8fdb7fa1d18", kill_on_drop: false }`
[INFO] running `Command { std: "docker" "rm" "-f" "7af5698d3126100b8fabd82be1db0fa382ed1843ca9ad9447c7fd8fdb7fa1d18", kill_on_drop: false }`
[INFO] [stdout] 7af5698d3126100b8fabd82be1db0fa382ed1843ca9ad9447c7fd8fdb7fa1d18
[INFO] running `Command { std: "docker" "create" "-v" "/var/lib/crater-agent-workspace/builds/worker-7-tc1/target:/opt/rustwide/target:rw,Z" "-v" "/var/lib/crater-agent-workspace/builds/worker-7-tc1/source:/opt/rustwide/workdir:ro,Z" "-v" "/var/lib/crater-agent-workspace/cargo-home:/opt/rustwide/cargo-home:ro,Z" "-v" "/var/lib/crater-agent-workspace/rustup-home:/opt/rustwide/rustup-home:ro,Z" "-e" "SOURCE_DIR=/opt/rustwide/workdir" "-e" "CARGO_TARGET_DIR=/opt/rustwide/target" "-e" "CARGO_INCREMENTAL=0" "-e" "RUST_BACKTRACE=full" "-e" "RUSTFLAGS=--cap-lints=warn" "-e" "RUSTDOCFLAGS=--cap-lints=warn" "-e" "CARGO_HOME=/opt/rustwide/cargo-home" "-e" "RUSTUP_HOME=/opt/rustwide/rustup-home" "-w" "/opt/rustwide/workdir" "-m" "1610612736" "--user" "0:0" "--network" "none" "ghcr.io/rust-lang/crates-build-env/linux@sha256:2788e3201cd34a07e3172128adcd8b3090168a8e3bcc40d7c032b9dda1df7d1c" "/opt/rustwide/cargo-home/bin/cargo" "+1.75.0" "doc" "--frozen" "--no-deps" "--document-private-items" "--message-format=json", kill_on_drop: false }`
[INFO] [stdout] 5328b4943d87b526c590a56e44bf2a65f2bfd248e91a08b2740e30fa035692a9
[INFO] running `Command { std: "docker" "start" "-a" "5328b4943d87b526c590a56e44bf2a65f2bfd248e91a08b2740e30fa035692a9", kill_on_drop: false }`
[INFO] [stderr] warning: virtual workspace defaulting to `resolver = "1"` despite one or more workspace members being on edition 2021 which implies `resolver = "2"`
[INFO] [stderr] note: to keep the current resolver, specify `workspace.resolver = "1"` in the workspace root's manifest
[INFO] [stderr] note: to use the edition 2021 resolver, specify `workspace.resolver = "2"` in the workspace root's manifest
[INFO] [stderr] note: for more details see https://doc.rust-lang.org/cargo/reference/resolver.html#resolver-versions
[INFO] [stderr] warning: profile package spec `backtrace` in profile `dev` did not match any packages
[INFO] [stderr]    Compiling proc-macro2 v1.0.54
[INFO] [stderr]    Compiling quote v1.0.26
[INFO] [stderr]    Compiling libc v0.2.140
[INFO] [stderr]     Checking once_cell v1.17.1
[INFO] [stderr]    Compiling serde_derive v1.0.159
[INFO] [stderr]    Compiling serde v1.0.159
[INFO] [stderr]    Compiling syn v1.0.109
[INFO] [stderr]     Checking pin-project-lite v0.2.9
[INFO] [stderr]     Checking itoa v1.0.6
[INFO] [stderr]    Compiling log v0.4.17
[INFO] [stderr]    Compiling futures-core v0.3.28
[INFO] [stderr]    Compiling num-traits v0.2.15
[INFO] [stderr]    Compiling ahash v0.7.6
[INFO] [stderr]     Checking untrusted v0.7.1
[INFO] [stderr]    Compiling ring v0.16.20
[INFO] [stderr]    Compiling memchr v2.5.0
[INFO] [stderr]     Checking spin v0.5.2
[INFO] [stderr]    Compiling num-integer v0.1.45
[INFO] [stderr]     Checking percent-encoding v2.2.0
[INFO] [stderr]     Checking bytes v1.4.0
[INFO] [stderr]    Compiling tokio v1.27.0
[INFO] [stderr]     Checking futures-sink v0.3.28
[INFO] [stderr]     Checking tinyvec_macros v0.1.1
[INFO] [stderr]     Checking form_urlencoded v1.1.0
[INFO] [stderr]     Checking futures-io v0.3.28
[INFO] [stderr]    Compiling rustls v0.20.8
[INFO] [stderr]     Checking tinyvec v1.6.0
[INFO] [stderr]    Compiling slab v0.4.8
[INFO] [stderr]     Checking ppv-lite86 v0.2.17
[INFO] [stderr]    Compiling futures-task v0.3.28
[INFO] [stderr]    Compiling futures-channel v0.3.28
[INFO] [stderr]     Checking tracing-core v0.1.30
[INFO] [stderr]    Compiling futures-util v0.3.28
[INFO] [stderr]     Checking unicode-bidi v0.3.13
[INFO] [stderr]    Compiling serde_json v1.0.95
[INFO] [stderr]     Checking ryu v1.0.13
[INFO] [stderr]    Compiling thiserror v1.0.40
[INFO] [stderr]     Checking pin-utils v0.1.0
[INFO] [stderr]    Compiling indexmap v1.9.3
[INFO] [stderr]     Checking iana-time-zone v0.1.54
[INFO] [stderr]     Checking fnv v1.0.7
[INFO] [stderr]     Checking base64 v0.13.1
[INFO] [stderr]     Checking smallvec v1.10.0
[INFO] [stderr]     Checking http v0.2.9
[INFO] [stderr]    Compiling httparse v1.8.0
[INFO] [stderr]    Compiling typenum v1.16.0
[INFO] [stderr]    Compiling unicase v2.6.0
[INFO] [stderr]     Checking regex-syntax v0.6.29
[INFO] [stderr]    Compiling strsim v0.10.0
[INFO] [stderr]    Compiling crc32fast v1.3.2
[INFO] [stderr]    Compiling generic-array v0.14.7
[INFO] [stderr]     Checking siphasher v0.3.10
[INFO] [stderr]     Checking adler v1.0.2
[INFO] [stderr]     Checking try-lock v0.2.4
[INFO] [stderr]     Checking miniz_oxide v0.6.2
[INFO] [stderr]     Checking base64 v0.21.0
[INFO] [stderr]    Compiling rustversion v1.0.12
[INFO] [stderr]    Compiling phf_shared v0.11.1
[INFO] [stderr]     Checking want v0.3.0
[INFO] [stderr]    Compiling syn v2.0.12
[INFO] [stderr]     Checking getrandom v0.2.8
[INFO] [stderr]     Checking socket2 v0.4.9
[INFO] [stderr]     Checking mio v0.8.6
[INFO] [stderr]     Checking signal-hook-registry v1.4.1
[INFO] [stderr]     Checking num_cpus v1.15.0
[INFO] [stderr]     Checking unicode-normalization v0.1.22
[INFO] [stderr]     Checking time v0.1.45
[INFO] [stderr]     Checking rand_core v0.6.4
[INFO] [stderr]     Checking http-body v0.4.5
[INFO] [stderr]     Checking flate2 v1.0.25
[INFO] [stderr]     Checking rustls-pemfile v1.0.2
[INFO] [stderr]    Compiling lock_api v0.4.9
[INFO] [stderr]     Checking openssl-probe v0.1.5
[INFO] [stderr]     Checking rand_chacha v0.3.1
[INFO] [stderr]     Checking hashbrown v0.12.3
[INFO] [stderr]     Checking tower-service v0.3.2
[INFO] [stderr]     Checking scopeguard v1.1.0
[INFO] [stderr]     Checking httpdate v1.0.2
[INFO] [stderr]     Checking rustls-native-certs v0.6.2
[INFO] [stderr]     Checking instant v0.1.12
[INFO] [stderr]     Checking rand v0.8.5
[INFO] [stderr]    Compiling parking_lot_core v0.9.7
[INFO] [stderr]     Checking static_assertions v1.1.0
[INFO] [stderr]    Compiling anyhow v1.0.70
[INFO] [stderr]    Compiling mime_guess v2.0.4
[INFO] [stderr]     Checking cpufeatures v0.2.6
[INFO] [stderr]    Compiling phf v0.11.1
[INFO] [stderr]    Compiling ahash v0.8.3
[INFO] [stderr]     Checking idna v0.3.0
[INFO] [stderr]    Compiling num-bigint v0.4.3
[INFO] [stderr]     Checking utf-8 v0.7.6
[INFO] [stderr]    Compiling vcpkg v0.2.15
[INFO] [stderr]     Checking crypto-common v0.1.6
[INFO] [stderr]     Checking block-buffer v0.10.4
[INFO] [stderr]     Checking waker-fn v1.1.0
[INFO] [stderr]     Checking parking v2.0.0
[INFO] [stderr]    Compiling pkg-config v0.3.26
[INFO] [stderr]     Checking time-core v0.1.0
[INFO] [stderr]     Checking byteorder v1.4.3
[INFO] [stderr]     Checking digest v0.10.6
[INFO] [stderr]    Compiling maybe-uninit v2.0.0
[INFO] [stderr]     Checking fastrand v1.9.0
[INFO] [stderr]     Checking regex v1.7.3
[INFO] [stderr]     Checking mime v0.3.17
[INFO] [stderr]     Checking sha-1 v0.10.1
[INFO] [stderr]     Checking futures-lite v1.12.0
[INFO] [stderr]     Checking ordered-float v2.10.0
[INFO] [stderr]     Checking phf_shared v0.10.0
[INFO] [stderr]    Compiling num-iter v0.1.43
[INFO] [stderr]     Checking encoding_rs v0.8.32
[INFO] [stderr]    Compiling num-rational v0.4.1
[INFO] [stderr]     Checking ipnet v2.7.2
[INFO] [stderr]    Compiling crossbeam-utils v0.8.15
[INFO] [stderr]    Compiling phf_generator v0.11.1
[INFO] [stderr]     Checking unicode-width v0.1.10
[INFO] [stderr]    Compiling serenity v0.11.5
[INFO] [stderr]     Checking lazy_static v1.4.0
[INFO] [stderr]    Compiling phf_codegen v0.11.1
[INFO] [stderr]     Checking phf v0.10.1
[INFO] [stderr]     Checking parking_lot v0.12.1
[INFO] [stderr]    Compiling smartstring v1.0.1
[INFO] [stderr]     Checking typemap_rev v0.1.5
[INFO] [stderr]     Checking nodrop v0.1.14
[INFO] [stderr]    Compiling libsqlite3-sys v0.26.0
[INFO] [stderr]     Checking array-init v0.0.4
[INFO] [stderr]     Checking smallvec v0.6.14
[INFO] [stderr]     Checking hashbrown v0.13.2
[INFO] [stderr]     Checking hashlink v0.8.1
[INFO] [stderr]     Checking num-complex v0.4.3
[INFO] [stderr]     Checking scanlex v0.1.4
[INFO] [stderr]     Checking either v1.8.1
[INFO] [stderr]     Checking bitflags v2.0.2
[INFO] [stderr]     Checking quick-error v2.0.1
[INFO] [stderr]     Checking fallible-iterator v0.2.0
[INFO] [stderr]     Checking fallible-streaming-iterator v0.1.9
[INFO] [stderr]     Checking cow-utils v0.1.2
[INFO] [stderr]     Checking itertools v0.10.5
[INFO] [stderr]    Compiling getrandom v0.1.16
[INFO] [stderr]     Checking str-utils v0.1.6
[INFO] [stderr]     Checking unicode-truncate v0.2.0
[INFO] [stderr]     Checking webpki v0.22.0
[INFO] [stderr]     Checking sct v0.7.0
[INFO] [stderr]    Compiling parking_lot_core v0.8.6
[INFO] [stderr]     Checking os_str_bytes v6.5.0
[INFO] [stderr]     Checking atty v0.2.14
[INFO] [stderr]     Checking lru v0.10.0
[INFO] [stderr]     Checking textwrap v0.16.0
[INFO] [stderr]     Checking console v0.15.5
[INFO] [stderr]     Checking number_prefix v0.4.0
[INFO] [stderr]     Checking webpki-roots v0.22.6
[INFO] [stderr]     Checking clap_lex v0.2.4
[INFO] [stderr]     Checking rand_core v0.5.1
[INFO] [stderr]     Checking concurrent-queue v2.1.0
[INFO] [stderr]     Checking regex-automata v0.1.10
[INFO] [stderr]     Checking rand_xoshiro v0.6.0
[INFO] [stderr]     Checking clap v3.2.23
[INFO] [stderr]     Checking memmap v0.7.0
[INFO] [stderr]     Checking rand_chacha v0.2.2
[INFO] [stderr]     Checking linkify v0.8.1
[INFO] [stderr]     Checking parking_lot v0.11.2
[INFO] [stderr]     Checking indicatif v0.16.2
[INFO] [stderr]    Compiling http-types v2.12.0
[INFO] [stderr]     Checking overload v0.1.1
[INFO] [stderr]     Checking owo-colors v3.5.0
[INFO] [stderr]     Checking unicode-ident v1.0.8
[INFO] [stderr]     Checking event-listener v2.5.3
[INFO] [stderr]     Checking nu-ansi-term v0.46.0
[INFO] [stderr]     Checking async-channel v1.8.0
[INFO] [stderr]     Checking rand v0.7.3
[INFO] [stderr]    Compiling parse-zoneinfo v0.3.0
[INFO] [stderr]     Checking tracing-log v0.1.3
[INFO] [stderr]     Checking sharded-slab v0.1.4
[INFO] [stderr]     Checking lru v0.7.8
[INFO] [stderr]     Checking thread_local v1.1.7
[INFO] [stderr]     Checking matchers v0.1.0
[INFO] [stderr]     Checking infer v0.2.3
[INFO] [stderr]     Checking nanorand v0.6.1
[INFO] [stderr]     Checking num v0.4.0
[INFO] [stderr]    Compiling chrono-tz-build v0.1.0
[INFO] [stderr]     Checking crossbeam-channel v0.5.7
[INFO] [stderr]    Compiling chrono-tz v0.8.1
[INFO] [stderr]    Compiling tokio-macros v2.0.0
[INFO] [stderr]    Compiling futures-macro v0.3.28
[INFO] [stderr]    Compiling thiserror-impl v1.0.40
[INFO] [stderr]    Compiling async-trait v0.1.68
[INFO] [stderr]    Compiling macros v0.1.0 (/opt/rustwide/workdir/crates/macros)
[INFO] [stderr]    Compiling miette-derive v5.7.0
[INFO] [stdout] warning: unused imports: `HashMap`, `HashSet`, `VecDeque`, `vec::IntoIter`
[INFO] [stdout]  --> crates/macros/src/structures/prelude.rs:2:19
[INFO] [stdout]   |
[INFO] [stdout] 2 |     collections::{HashMap, HashSet, VecDeque},
[INFO] [stdout]   |                   ^^^^^^^  ^^^^^^^  ^^^^^^^^
[INFO] [stdout] 3 |     vec::IntoIter,
[INFO] [stdout]   |     ^^^^^^^^^^^^^
[INFO] [stdout]   |
[INFO] [stdout]   = note: `#[warn(unused_imports)]` on by default
[INFO] [stdout] 
[INFO] [stdout] 
[INFO] [stdout] warning: unused imports: `Punct`, `Spacing`
[INFO] [stdout]  --> crates/macros/src/structures/prelude.rs:6:23
[INFO] [stdout]   |
[INFO] [stdout] 6 | pub use proc_macro2::{Punct, Spacing, TokenStream as TokenStream2};
[INFO] [stdout]   |                       ^^^^^  ^^^^^^^
[INFO] [stdout] 
[INFO] [stdout] 
[INFO] [stdout] warning: unused imports: `TokenStreamExt`, `format_ident`
[INFO] [stdout]  --> crates/macros/src/structures/prelude.rs:7:17
[INFO] [stdout]   |
[INFO] [stdout] 7 | pub use quote::{format_ident, quote, ToTokens, TokenStreamExt};
[INFO] [stdout]   |                 ^^^^^^^^^^^^                   ^^^^^^^^^^^^^^
[INFO] [stdout] 
[INFO] [stdout] 
[INFO] [stdout] warning: unused imports: `Attribute`, `Error`, `ExprBlock`, `ExprClosure`, `Expr`, `FnArg`, `LitInt`, `LitStr`, `Lit`, `Pat`, `ReturnType`, `Type`, `Visibility`, `braced`, `bracketed`, `spanned::Spanned`
[INFO] [stdout]   --> crates/macros/src/structures/prelude.rs:9:5
[INFO] [stdout]    |
[INFO] [stdout] 9  |     braced, bracketed,
[INFO] [stdout]    |     ^^^^^^  ^^^^^^^^^
[INFO] [stdout] ...
[INFO] [stdout] 12 |     spanned::Spanned,
[INFO] [stdout]    |     ^^^^^^^^^^^^^^^^
[INFO] [stdout] 13 |     token, Attribute, Block, Error, Expr, ExprBlock, ExprClosure, FnArg, Ident, Lit, LitInt,
[INFO] [stdout]    |            ^^^^^^^^^         ^^^^^  ^^^^  ^^^^^^^^^  ^^^^^^^^^^^  ^^^^^         ^^^  ^^^^^^
[INFO] [stdout] 14 |     LitStr, Pat, ReturnType, Stmt, Token, Type, Visibility,
[INFO] [stdout]    |     ^^^^^^  ^^^  ^^^^^^^^^^               ^^^^  ^^^^^^^^^^
[INFO] [stdout] 
[INFO] [stdout] 
[INFO] [stderr]     Checking uwuifyy v0.3.0
[INFO] [stderr]    Compiling darling_core v0.14.4
[INFO] [stdout] warning: 4 warnings emitted
[INFO] [stdout] 
[INFO] [stdout] 
[INFO] [stderr]     Checking uwuify v0.2.2 (https://github.com/inflation/uwu?branch=uwu#26077c91)
[INFO] [stdout] error[E0554]: `#![feature]` may not be used on the stable release channel
[INFO] [stdout]  --> /opt/rustwide/cargo-home/git/checkouts/uwu-24beea520a0bae39/26077c9/src/lib.rs:3:1
[INFO] [stdout]   |
[INFO] [stdout] 3 | #![feature(arm_target_feature)]
[INFO] [stdout]   | ^^^^^^^^^^^^^^^^^^^^^^^^^^^^^^^
[INFO] [stdout] 
[INFO] [stdout] 
[INFO] [stdout] error[E0554]: `#![feature]` may not be used on the stable release channel
[INFO] [stdout]  --> /opt/rustwide/cargo-home/git/checkouts/uwu-24beea520a0bae39/26077c9/src/lib.rs:4:1
[INFO] [stdout]   |
[INFO] [stdout] 4 | #![feature(aarch64_target_feature)]
[INFO] [stdout]   | ^^^^^^^^^^^^^^^^^^^^^^^^^^^^^^^^^^^ help: remove the attribute
[INFO] [stdout]   |
[INFO] [stdout]   = help: the feature `aarch64_target_feature` has been stable since `1.61.0` and no longer requires an attribute to enable
[INFO] [stdout] 
[INFO] [stdout] 
[INFO] [stdout] error[E0554]: `#![feature]` may not be used on the stable release channel
[INFO] [stdout]  --> /opt/rustwide/cargo-home/git/checkouts/uwu-24beea520a0bae39/26077c9/src/lib.rs:5:1
[INFO] [stdout]   |
[INFO] [stdout] 5 | #![feature(stdsimd)]
[INFO] [stdout]   | ^^^^^^^^^^^^^^^^^^^^
[INFO] [stdout] 
[INFO] [stdout] 
[INFO] [stdout] error[E0554]: `#![feature]` may not be used on the stable release channel
[INFO] [stdout]  --> /opt/rustwide/cargo-home/git/checkouts/uwu-24beea520a0bae39/26077c9/src/lib.rs:5:12
[INFO] [stdout]   |
[INFO] [stdout] 5 | #![feature(stdsimd)]
[INFO] [stdout]   |            ^^^^^^^
[INFO] [stdout] 
[INFO] [stdout] 
[INFO] [stdout] error: aborting due to 4 previous errors
[INFO] [stdout] 
[INFO] [stdout] 
[INFO] [stdout] For more information about this error, try `rustc --explain E0554`.
[INFO] [stdout] 
[INFO] [stderr] error: could not compile `uwuify` (lib) due to 5 previous errors
[INFO] [stderr] warning: build failed, waiting for other jobs to finish...
[INFO] running `Command { std: "docker" "inspect" "5328b4943d87b526c590a56e44bf2a65f2bfd248e91a08b2740e30fa035692a9", kill_on_drop: false }`
[INFO] running `Command { std: "docker" "rm" "-f" "5328b4943d87b526c590a56e44bf2a65f2bfd248e91a08b2740e30fa035692a9", kill_on_drop: false }`
[INFO] [stdout] 5328b4943d87b526c590a56e44bf2a65f2bfd248e91a08b2740e30fa035692a9
[INFO] documenting anden3/schedule-poster against beta-2023-12-22 for beta-1.76-rustdoc-1
[INFO] running `Command { std: "git" "clone" "/workspace/cache/git-repos/https%3A%2F%2Fgithub.com%2Fanden3%2Fschedule-poster" "/workspace/builds/worker-7-tc2/source", kill_on_drop: false }`
[INFO] [stderr] Cloning into '/workspace/builds/worker-7-tc2/source'...
[INFO] [stderr] done.
[INFO] validating manifest of git repo https://github.com/anden3/schedule-poster on toolchain beta-2023-12-22
[INFO] running `Command { std: CARGO_HOME="/workspace/cargo-home" RUSTUP_HOME="/workspace/rustup-home" "/workspace/cargo-home/bin/cargo" "+beta-2023-12-22" "metadata" "--manifest-path" "Cargo.toml" "--no-deps", kill_on_drop: false }`
[INFO] removed /workspace/builds/worker-7-tc2/source/.cargo/config.toml
[INFO] removed /workspace/builds/worker-7-tc2/source/rust-toolchain.toml
[INFO] started tweaking git repo https://github.com/anden3/schedule-poster
[INFO] finished tweaking git repo https://github.com/anden3/schedule-poster
[INFO] tweaked toml for git repo https://github.com/anden3/schedule-poster written to /workspace/builds/worker-7-tc2/source/Cargo.toml
[INFO] crate git repo https://github.com/anden3/schedule-poster already has a lockfile, it will not be regenerated
[INFO] running `Command { std: CARGO_HOME="/workspace/cargo-home" RUSTUP_HOME="/workspace/rustup-home" "/workspace/cargo-home/bin/cargo" "+beta-2023-12-22" "fetch" "--manifest-path" "Cargo.toml", kill_on_drop: false }`
[INFO] [stderr] warning: virtual workspace defaulting to `resolver = "1"` despite one or more workspace members being on edition 2021 which implies `resolver = "2"`
[INFO] [stderr] note: to keep the current resolver, specify `workspace.resolver = "1"` in the workspace root's manifest
[INFO] [stderr] note: to use the edition 2021 resolver, specify `workspace.resolver = "2"` in the workspace root's manifest
[INFO] [stderr] note: for more details see https://doc.rust-lang.org/cargo/reference/resolver.html#resolver-versions
[INFO] running `Command { std: "docker" "create" "-v" "/var/lib/crater-agent-workspace/builds/worker-7-tc2/target:/opt/rustwide/target:rw,Z" "-v" "/var/lib/crater-agent-workspace/builds/worker-7-tc2/source:/opt/rustwide/workdir:ro,Z" "-v" "/var/lib/crater-agent-workspace/cargo-home:/opt/rustwide/cargo-home:ro,Z" "-v" "/var/lib/crater-agent-workspace/rustup-home:/opt/rustwide/rustup-home:ro,Z" "-e" "SOURCE_DIR=/opt/rustwide/workdir" "-e" "CARGO_TARGET_DIR=/opt/rustwide/target" "-e" "CARGO_HOME=/opt/rustwide/cargo-home" "-e" "RUSTUP_HOME=/opt/rustwide/rustup-home" "-w" "/opt/rustwide/workdir" "-m" "1610612736" "--user" "0:0" "--network" "none" "ghcr.io/rust-lang/crates-build-env/linux@sha256:2788e3201cd34a07e3172128adcd8b3090168a8e3bcc40d7c032b9dda1df7d1c" "/opt/rustwide/cargo-home/bin/cargo" "+beta-2023-12-22" "metadata" "--no-deps" "--format-version=1", kill_on_drop: false }`
[INFO] [stdout] f6f5341a750fb0cfc10de20e6f8a861568ae7b9c3a963bdabea5613bfe4dfecd
[INFO] running `Command { std: "docker" "start" "-a" "f6f5341a750fb0cfc10de20e6f8a861568ae7b9c3a963bdabea5613bfe4dfecd", kill_on_drop: false }`
[INFO] running `Command { std: "docker" "inspect" "f6f5341a750fb0cfc10de20e6f8a861568ae7b9c3a963bdabea5613bfe4dfecd", kill_on_drop: false }`
[INFO] running `Command { std: "docker" "rm" "-f" "f6f5341a750fb0cfc10de20e6f8a861568ae7b9c3a963bdabea5613bfe4dfecd", kill_on_drop: false }`
[INFO] [stdout] f6f5341a750fb0cfc10de20e6f8a861568ae7b9c3a963bdabea5613bfe4dfecd
[INFO] running `Command { std: "docker" "create" "-v" "/var/lib/crater-agent-workspace/builds/worker-7-tc2/target:/opt/rustwide/target:rw,Z" "-v" "/var/lib/crater-agent-workspace/builds/worker-7-tc2/source:/opt/rustwide/workdir:ro,Z" "-v" "/var/lib/crater-agent-workspace/cargo-home:/opt/rustwide/cargo-home:ro,Z" "-v" "/var/lib/crater-agent-workspace/rustup-home:/opt/rustwide/rustup-home:ro,Z" "-e" "SOURCE_DIR=/opt/rustwide/workdir" "-e" "CARGO_TARGET_DIR=/opt/rustwide/target" "-e" "CARGO_INCREMENTAL=0" "-e" "RUST_BACKTRACE=full" "-e" "RUSTFLAGS=--cap-lints=warn" "-e" "RUSTDOCFLAGS=--cap-lints=warn" "-e" "CARGO_HOME=/opt/rustwide/cargo-home" "-e" "RUSTUP_HOME=/opt/rustwide/rustup-home" "-w" "/opt/rustwide/workdir" "-m" "1610612736" "--user" "0:0" "--network" "none" "ghcr.io/rust-lang/crates-build-env/linux@sha256:2788e3201cd34a07e3172128adcd8b3090168a8e3bcc40d7c032b9dda1df7d1c" "/opt/rustwide/cargo-home/bin/cargo" "+beta-2023-12-22" "doc" "--frozen" "--no-deps" "--document-private-items" "--message-format=json", kill_on_drop: false }`
[INFO] [stdout] 12daf17f6c630bd921b28304ad631410f7cf57af5425c0533454aed26f852b01
[INFO] running `Command { std: "docker" "start" "-a" "12daf17f6c630bd921b28304ad631410f7cf57af5425c0533454aed26f852b01", kill_on_drop: false }`
[INFO] [stderr] warning: virtual workspace defaulting to `resolver = "1"` despite one or more workspace members being on edition 2021 which implies `resolver = "2"`
[INFO] [stderr] note: to keep the current resolver, specify `workspace.resolver = "1"` in the workspace root's manifest
[INFO] [stderr] note: to use the edition 2021 resolver, specify `workspace.resolver = "2"` in the workspace root's manifest
[INFO] [stderr] note: for more details see https://doc.rust-lang.org/cargo/reference/resolver.html#resolver-versions
[INFO] [stderr] warning: profile package spec `backtrace` in profile `dev` did not match any packages
[INFO] [stderr]    Compiling proc-macro2 v1.0.54
[INFO] [stderr]    Compiling quote v1.0.26
[INFO] [stderr]    Compiling libc v0.2.140
[INFO] [stderr]     Checking once_cell v1.17.1
[INFO] [stderr]    Compiling serde_derive v1.0.159
[INFO] [stderr]    Compiling serde v1.0.159
[INFO] [stderr]    Compiling syn v1.0.109
[INFO] [stderr]     Checking pin-project-lite v0.2.9
[INFO] [stderr]     Checking itoa v1.0.6
[INFO] [stderr]    Compiling log v0.4.17
[INFO] [stderr]    Compiling futures-core v0.3.28
[INFO] [stderr]    Compiling num-traits v0.2.15
[INFO] [stderr]    Compiling ahash v0.7.6
[INFO] [stderr]     Checking untrusted v0.7.1
[INFO] [stderr]    Compiling ring v0.16.20
[INFO] [stderr]    Compiling memchr v2.5.0
[INFO] [stderr]     Checking spin v0.5.2
[INFO] [stderr]    Compiling num-integer v0.1.45
[INFO] [stderr]     Checking bytes v1.4.0
[INFO] [stderr]     Checking percent-encoding v2.2.0
[INFO] [stderr]    Compiling tokio v1.27.0
[INFO] [stderr]    Compiling rustls v0.20.8
[INFO] [stderr]     Checking tinyvec_macros v0.1.1
[INFO] [stderr]     Checking form_urlencoded v1.1.0
[INFO] [stderr]     Checking futures-sink v0.3.28
[INFO] [stderr]     Checking futures-io v0.3.28
[INFO] [stderr]     Checking tinyvec v1.6.0
[INFO] [stderr]    Compiling slab v0.4.8
[INFO] [stderr]     Checking ppv-lite86 v0.2.17
[INFO] [stderr]    Compiling futures-task v0.3.28
[INFO] [stderr]    Compiling futures-channel v0.3.28
[INFO] [stderr]     Checking tracing-core v0.1.30
[INFO] [stderr]    Compiling futures-util v0.3.28
[INFO] [stderr]    Compiling serde_json v1.0.95
[INFO] [stderr]     Checking ryu v1.0.13
[INFO] [stderr]     Checking unicode-bidi v0.3.13
[INFO] [stderr]    Compiling thiserror v1.0.40
[INFO] [stderr]     Checking pin-utils v0.1.0
[INFO] [stderr]    Compiling indexmap v1.9.3
[INFO] [stderr]     Checking iana-time-zone v0.1.54
[INFO] [stderr]     Checking fnv v1.0.7
[INFO] [stderr]     Checking smallvec v1.10.0
[INFO] [stderr]     Checking base64 v0.13.1
[INFO] [stderr]    Compiling typenum v1.16.0
[INFO] [stderr]    Compiling httparse v1.8.0
[INFO] [stderr]     Checking http v0.2.9
[INFO] [stderr]    Compiling unicase v2.6.0
[INFO] [stderr]    Compiling strsim v0.10.0
[INFO] [stderr]     Checking regex-syntax v0.6.29
[INFO] [stderr]    Compiling crc32fast v1.3.2
[INFO] [stderr]    Compiling generic-array v0.14.7
[INFO] [stderr]     Checking siphasher v0.3.10
[INFO] [stderr]     Checking adler v1.0.2
[INFO] [stderr]     Checking try-lock v0.2.4
[INFO] [stderr]     Checking miniz_oxide v0.6.2
[INFO] [stderr]    Compiling rustversion v1.0.12
[INFO] [stderr]     Checking base64 v0.21.0
[INFO] [stderr]    Compiling phf_shared v0.11.1
[INFO] [stderr]     Checking want v0.3.0
[INFO] [stderr]    Compiling lock_api v0.4.9
[INFO] [stderr]    Compiling syn v2.0.12
[INFO] [stderr]     Checking getrandom v0.2.8
[INFO] [stderr]     Checking signal-hook-registry v1.4.1
[INFO] [stderr]     Checking socket2 v0.4.9
[INFO] [stderr]     Checking mio v0.8.6
[INFO] [stderr]     Checking num_cpus v1.15.0
[INFO] [stderr]     Checking unicode-normalization v0.1.22
[INFO] [stderr]     Checking time v0.1.45
[INFO] [stderr]     Checking rand_core v0.6.4
[INFO] [stderr]     Checking http-body v0.4.5
[INFO] [stderr]     Checking flate2 v1.0.25
[INFO] [stderr]     Checking rustls-pemfile v1.0.2
[INFO] [stderr]     Checking tower-service v0.3.2
[INFO] [stderr]     Checking rand_chacha v0.3.1
[INFO] [stderr]     Checking scopeguard v1.1.0
[INFO] [stderr]     Checking hashbrown v0.12.3
[INFO] [stderr]     Checking httpdate v1.0.2
[INFO] [stderr]     Checking openssl-probe v0.1.5
[INFO] [stderr]     Checking rustls-native-certs v0.6.2
[INFO] [stderr]     Checking rand v0.8.5
[INFO] [stderr]     Checking instant v0.1.12
[INFO] [stderr]    Compiling parking_lot_core v0.9.7
[INFO] [stderr]    Compiling mime_guess v2.0.4
[INFO] [stderr]     Checking static_assertions v1.1.0
[INFO] [stderr]     Checking cpufeatures v0.2.6
[INFO] [stderr]    Compiling anyhow v1.0.70
[INFO] [stderr]     Checking idna v0.3.0
[INFO] [stderr]    Compiling phf v0.11.1
[INFO] [stderr]    Compiling num-bigint v0.4.3
[INFO] [stderr]    Compiling ahash v0.8.3
[INFO] [stderr]     Checking parking v2.0.0
[INFO] [stderr]     Checking block-buffer v0.10.4
[INFO] [stderr]     Checking crypto-common v0.1.6
[INFO] [stderr]     Checking fastrand v1.9.0
[INFO] [stderr]     Checking utf-8 v0.7.6
[INFO] [stderr]    Compiling maybe-uninit v2.0.0
[INFO] [stderr]     Checking mime v0.3.17
[INFO] [stderr]     Checking digest v0.10.6
[INFO] [stderr]     Checking waker-fn v1.1.0
[INFO] [stderr]     Checking byteorder v1.4.3
[INFO] [stderr]     Checking time-core v0.1.0
[INFO] [stderr]    Compiling vcpkg v0.2.15
[INFO] [stderr]    Compiling pkg-config v0.3.26
[INFO] [stderr]     Checking futures-lite v1.12.0
[INFO] [stderr]     Checking sha-1 v0.10.1
[INFO] [stderr]     Checking regex v1.7.3
[INFO] [stderr]     Checking ordered-float v2.10.0
[INFO] [stderr]     Checking phf_shared v0.10.0
[INFO] [stderr]    Compiling num-rational v0.4.1
[INFO] [stderr]     Checking encoding_rs v0.8.32
[INFO] [stderr]    Compiling num-iter v0.1.43
[INFO] [stderr]    Compiling crossbeam-utils v0.8.15
[INFO] [stderr]    Compiling phf_generator v0.11.1
[INFO] [stderr]    Compiling phf_codegen v0.11.1
[INFO] [stderr]     Checking unicode-width v0.1.10
[INFO] [stderr]     Checking lazy_static v1.4.0
[INFO] [stderr]    Compiling serenity v0.11.5
[INFO] [stderr]     Checking ipnet v2.7.2
[INFO] [stderr]     Checking phf v0.10.1
[INFO] [stderr]     Checking parking_lot v0.12.1
[INFO] [stderr]    Compiling smartstring v1.0.1
[INFO] [stderr]     Checking typemap_rev v0.1.5
[INFO] [stderr]     Checking nodrop v0.1.14
[INFO] [stderr]     Checking smallvec v0.6.14
[INFO] [stderr]     Checking hashbrown v0.13.2
[INFO] [stderr]     Checking array-init v0.0.4
[INFO] [stderr]     Checking hashlink v0.8.1
[INFO] [stderr]     Checking num-complex v0.4.3
[INFO] [stderr]     Checking bitflags v2.0.2
[INFO] [stderr]     Checking scanlex v0.1.4
[INFO] [stderr]     Checking fallible-iterator v0.2.0
[INFO] [stderr]    Compiling libsqlite3-sys v0.26.0
[INFO] [stderr]     Checking fallible-streaming-iterator v0.1.9
[INFO] [stderr]     Checking either v1.8.1
[INFO] [stderr]     Checking webpki v0.22.0
[INFO] [stderr]     Checking sct v0.7.0
[INFO] [stderr]     Checking quick-error v2.0.1
[INFO] [stderr]     Checking cow-utils v0.1.2
[INFO] [stderr]    Compiling getrandom v0.1.16
[INFO] [stderr]     Checking unicode-truncate v0.2.0
[INFO] [stderr]    Compiling parking_lot_core v0.8.6
[INFO] [stderr]     Checking os_str_bytes v6.5.0
[INFO] [stderr]     Checking itertools v0.10.5
[INFO] [stderr]     Checking str-utils v0.1.6
[INFO] [stderr]     Checking atty v0.2.14
[INFO] [stderr]     Checking webpki-roots v0.22.6
[INFO] [stderr]     Checking lru v0.10.0
[INFO] [stderr]     Checking clap_lex v0.2.4
[INFO] [stderr]     Checking textwrap v0.16.0
[INFO] [stderr]     Checking rand_core v0.5.1
[INFO] [stderr]     Checking console v0.15.5
[INFO] [stderr]     Checking number_prefix v0.4.0
[INFO] [stderr]     Checking concurrent-queue v2.1.0
[INFO] [stderr]     Checking regex-automata v0.1.10
[INFO] [stderr]     Checking rand_xoshiro v0.6.0
[INFO] [stderr]     Checking rand_chacha v0.2.2
[INFO] [stderr]     Checking clap v3.2.23
[INFO] [stderr]     Checking memmap v0.7.0
[INFO] [stderr]     Checking parking_lot v0.11.2
[INFO] [stderr]     Checking linkify v0.8.1
[INFO] [stderr]     Checking owo-colors v3.5.0
[INFO] [stderr]    Compiling http-types v2.12.0
[INFO] [stderr]     Checking indicatif v0.16.2
[INFO] [stderr]     Checking event-listener v2.5.3
[INFO] [stderr]     Checking unicode-ident v1.0.8
[INFO] [stderr]     Checking overload v0.1.1
[INFO] [stderr]     Checking async-channel v1.8.0
[INFO] [stderr]     Checking nu-ansi-term v0.46.0
[INFO] [stderr]     Checking rand v0.7.3
[INFO] [stderr]     Checking sharded-slab v0.1.4
[INFO] [stderr]     Checking num v0.4.0
[INFO] [stderr]    Compiling parse-zoneinfo v0.3.0
[INFO] [stderr]     Checking tracing-log v0.1.3
[INFO] [stderr]     Checking lru v0.7.8
[INFO] [stderr]     Checking matchers v0.1.0
[INFO] [stderr]     Checking thread_local v1.1.7
[INFO] [stderr]     Checking infer v0.2.3
[INFO] [stderr]     Checking nanorand v0.6.1
[INFO] [stderr]     Checking crossbeam-channel v0.5.7
[INFO] [stderr]    Compiling chrono-tz-build v0.1.0
[INFO] [stderr]    Compiling chrono-tz v0.8.1
[INFO] [stderr]    Compiling tokio-macros v2.0.0
[INFO] [stderr]    Compiling thiserror-impl v1.0.40
[INFO] [stderr]    Compiling futures-macro v0.3.28
[INFO] [stderr]    Compiling async-trait v0.1.68
[INFO] [stderr]    Compiling macros v0.1.0 (/opt/rustwide/workdir/crates/macros)
[INFO] [stderr]    Compiling miette-derive v5.7.0
[INFO] [stdout] warning: unused imports: `HashMap`, `HashSet`, `VecDeque`, `vec::IntoIter`
[INFO] [stdout]  --> crates/macros/src/structures/prelude.rs:2:19
[INFO] [stdout]   |
[INFO] [stdout] 2 |     collections::{HashMap, HashSet, VecDeque},
[INFO] [stdout]   |                   ^^^^^^^  ^^^^^^^  ^^^^^^^^
[INFO] [stdout] 3 |     vec::IntoIter,
[INFO] [stdout]   |     ^^^^^^^^^^^^^
[INFO] [stdout]   |
[INFO] [stdout]   = note: `#[warn(unused_imports)]` on by default
[INFO] [stdout] 
[INFO] [stdout] 
[INFO] [stdout] warning: unused imports: `Punct`, `Spacing`
[INFO] [stdout]  --> crates/macros/src/structures/prelude.rs:6:23
[INFO] [stdout]   |
[INFO] [stdout] 6 | pub use proc_macro2::{Punct, Spacing, TokenStream as TokenStream2};
[INFO] [stdout]   |                       ^^^^^  ^^^^^^^
[INFO] [stdout] 
[INFO] [stdout] 
[INFO] [stdout] warning: unused imports: `TokenStreamExt`, `format_ident`
[INFO] [stdout]  --> crates/macros/src/structures/prelude.rs:7:17
[INFO] [stdout]   |
[INFO] [stdout] 7 | pub use quote::{format_ident, quote, ToTokens, TokenStreamExt};
[INFO] [stdout]   |                 ^^^^^^^^^^^^                   ^^^^^^^^^^^^^^
[INFO] [stdout] 
[INFO] [stdout] 
[INFO] [stdout] warning: unused imports: `Attribute`, `Error`, `ExprBlock`, `ExprClosure`, `Expr`, `FnArg`, `LitInt`, `LitStr`, `Lit`, `Pat`, `ReturnType`, `Type`, `Visibility`, `braced`, `bracketed`, `spanned::Spanned`
[INFO] [stdout]   --> crates/macros/src/structures/prelude.rs:9:5
[INFO] [stdout]    |
[INFO] [stdout] 9  |     braced, bracketed,
[INFO] [stdout]    |     ^^^^^^  ^^^^^^^^^
[INFO] [stdout] ...
[INFO] [stdout] 12 |     spanned::Spanned,
[INFO] [stdout]    |     ^^^^^^^^^^^^^^^^
[INFO] [stdout] 13 |     token, Attribute, Block, Error, Expr, ExprBlock, ExprClosure, FnArg, Ident, Lit, LitInt,
[INFO] [stdout]    |            ^^^^^^^^^         ^^^^^  ^^^^  ^^^^^^^^^  ^^^^^^^^^^^  ^^^^^         ^^^  ^^^^^^
[INFO] [stdout] 14 |     LitStr, Pat, ReturnType, Stmt, Token, Type, Visibility,
[INFO] [stdout]    |     ^^^^^^  ^^^  ^^^^^^^^^^               ^^^^  ^^^^^^^^^^
[INFO] [stdout] 
[INFO] [stdout] 
[INFO] [stderr]    Compiling darling_core v0.14.4
[INFO] [stderr]     Checking uwuifyy v0.3.0
[INFO] [stdout] warning: 4 warnings emitted
[INFO] [stdout] 
[INFO] [stdout] 
[INFO] [stderr]    Compiling tracing-attributes v0.1.23
[INFO] [stderr]    Compiling strum_macros v0.24.3
[INFO] [stderr]    Compiling async-stream-impl v0.3.4
[INFO] [stderr]    Compiling derivative v2.2.0
[INFO] [stderr]    Compiling fix-hidden-lifetime-bug-proc_macros v0.2.5
[INFO] [stderr]     Checking uwuify v0.2.2 (https://github.com/inflation/uwu?branch=uwu#26077c91)
[INFO] [stderr]     Checking miette v5.7.0
[INFO] [stdout] error[E0554]: `#![feature]` may not be used on the beta release channel
[INFO] [stdout]  --> /opt/rustwide/cargo-home/git/checkouts/uwu-24beea520a0bae39/26077c9/src/lib.rs:3:1
[INFO] [stdout]   |
[INFO] [stdout] 3 | #![feature(arm_target_feature)]
[INFO] [stdout]   | ^^^^^^^^^^^^^^^^^^^^^^^^^^^^^^^
[INFO] [stdout] 
[INFO] [stdout] 
[INFO] [stdout] error[E0554]: `#![feature]` may not be used on the beta release channel
[INFO] [stdout]  --> /opt/rustwide/cargo-home/git/checkouts/uwu-24beea520a0bae39/26077c9/src/lib.rs:4:1
[INFO] [stdout]   |
[INFO] [stdout] 4 | #![feature(aarch64_target_feature)]
[INFO] [stdout]   | ^^^^^^^^^^^^^^^^^^^^^^^^^^^^^^^^^^^ help: remove the attribute
[INFO] [stdout]   |
[INFO] [stdout]   = help: the feature `aarch64_target_feature` has been stable since `1.61.0` and no longer requires an attribute to enable
[INFO] [stdout] 
[INFO] [stdout] 
[INFO] [stdout] error[E0554]: `#![feature]` may not be used on the beta release channel
[INFO] [stdout]  --> /opt/rustwide/cargo-home/git/checkouts/uwu-24beea520a0bae39/26077c9/src/lib.rs:5:1
[INFO] [stdout]   |
[INFO] [stdout] 5 | #![feature(stdsimd)]
[INFO] [stdout]   | ^^^^^^^^^^^^^^^^^^^^
[INFO] [stdout] 
[INFO] [stdout] 
[INFO] [stdout] error[E0554]: `#![feature]` may not be used on the beta release channel
[INFO] [stdout]  --> /opt/rustwide/cargo-home/git/checkouts/uwu-24beea520a0bae39/26077c9/src/lib.rs:5:12
[INFO] [stdout]   |
[INFO] [stdout] 5 | #![feature(stdsimd)]
[INFO] [stdout]   |            ^^^^^^^
[INFO] [stdout] 
[INFO] [stdout] 
[INFO] [stderr]  Documenting macros v0.1.0 (/opt/rustwide/workdir/crates/macros)
[INFO] [stdout] error: aborting due to 4 previous errors
[INFO] [stdout] 
[INFO] [stdout] 
[INFO] [stdout] For more information about this error, try `rustc --explain E0554`.
[INFO] [stdout] 
[INFO] [stderr] error: could not compile `uwuify` (lib) due to 5 previous errors
[INFO] [stderr] warning: build failed, waiting for other jobs to finish...
[INFO] running `Command { std: "docker" "inspect" "12daf17f6c630bd921b28304ad631410f7cf57af5425c0533454aed26f852b01", kill_on_drop: false }`
[INFO] running `Command { std: "docker" "rm" "-f" "12daf17f6c630bd921b28304ad631410f7cf57af5425c0533454aed26f852b01", kill_on_drop: false }`
[INFO] [stdout] 12daf17f6c630bd921b28304ad631410f7cf57af5425c0533454aed26f852b01
