[INFO] cloning repository https://github.com/amitayadav/s3-file-upload-rust
[INFO] running `Command { std: "git" "-c" "credential.helper=" "-c" "credential.helper=/workspace/cargo-home/bin/git-credential-null" "clone" "--bare" "https://github.com/amitayadav/s3-file-upload-rust" "/workspace/cache/git-repos/https%3A%2F%2Fgithub.com%2Famitayadav%2Fs3-file-upload-rust", kill_on_drop: false }`
[INFO] [stderr] Cloning into bare repository '/workspace/cache/git-repos/https%3A%2F%2Fgithub.com%2Famitayadav%2Fs3-file-upload-rust'...
[INFO] running `Command { std: "git" "rev-parse" "HEAD", kill_on_drop: false }`
[INFO] [stdout] b607858d58ee88a898a2300602549f5d548bd485
[INFO] documenting amitayadav/s3-file-upload-rust against 1.75.0 for beta-1.76-rustdoc-1
[INFO] running `Command { std: "git" "clone" "/workspace/cache/git-repos/https%3A%2F%2Fgithub.com%2Famitayadav%2Fs3-file-upload-rust" "/workspace/builds/worker-0-tc1/source", kill_on_drop: false }`
[INFO] [stderr] Cloning into '/workspace/builds/worker-0-tc1/source'...
[INFO] [stderr] done.
[INFO] validating manifest of git repo https://github.com/amitayadav/s3-file-upload-rust on toolchain 1.75.0
[INFO] running `Command { std: CARGO_HOME="/workspace/cargo-home" RUSTUP_HOME="/workspace/rustup-home" "/workspace/cargo-home/bin/cargo" "+1.75.0" "metadata" "--manifest-path" "Cargo.toml" "--no-deps", kill_on_drop: false }`
[INFO] started tweaking git repo https://github.com/amitayadav/s3-file-upload-rust
[INFO] finished tweaking git repo https://github.com/amitayadav/s3-file-upload-rust
[INFO] tweaked toml for git repo https://github.com/amitayadav/s3-file-upload-rust written to /workspace/builds/worker-0-tc1/source/Cargo.toml
[INFO] crate git repo https://github.com/amitayadav/s3-file-upload-rust already has a lockfile, it will not be regenerated
[INFO] running `Command { std: CARGO_HOME="/workspace/cargo-home" RUSTUP_HOME="/workspace/rustup-home" "/workspace/cargo-home/bin/cargo" "+1.75.0" "fetch" "--manifest-path" "Cargo.toml", kill_on_drop: false }`
[INFO] [stderr]     Updating crates.io index
[INFO] [stderr]  Downloading crates ...
[INFO] [stderr]   Downloaded time v0.1.36
[INFO] [stderr]   Downloaded deque v0.3.1
[INFO] [stderr]   Downloaded rustc-serialize v0.3.23
[INFO] [stderr]   Downloaded crypt32-sys v0.2.0
[INFO] [stderr]   Downloaded native-tls v0.1.2
[INFO] [stderr]   Downloaded redox_syscall v0.1.17
[INFO] [stderr]   Downloaded advapi32-sys v0.2.0
[INFO] [stderr]   Downloaded security-framework-sys v0.1.14
[INFO] [stderr]   Downloaded httparse v1.2.2
[INFO] [stderr]   Downloaded mime v0.2.3
[INFO] [stderr]   Downloaded serde_urlencoded v0.4.2
[INFO] [stderr]   Downloaded security-framework v0.1.14
[INFO] [stderr]   Downloaded hyper-native-tls v0.2.2
[INFO] [stderr]   Downloaded secur32-sys v0.2.0
[INFO] [stderr]   Downloaded openssl-sys v0.9.11
[INFO] [stderr]   Downloaded unicode-bidi v0.2.5
[INFO] [stderr]   Downloaded serde v0.9.14
[INFO] [stderr]   Downloaded rayon v0.6.0
[INFO] [stderr]   Downloaded idna v0.1.1
[INFO] [stderr]   Downloaded unicode-normalization v0.1.4
[INFO] [stderr]   Downloaded rayon v0.7.0
[INFO] [stderr]   Downloaded hyper v0.10.9
[INFO] [stderr]   Downloaded url v1.4.0
[INFO] [stderr]   Downloaded syn v0.11.10
[INFO] [stderr]   Downloaded rayon-core v1.0.0
[INFO] [stderr]   Downloaded term-painter v0.2.3
[INFO] [stderr]   Downloaded reqwest v0.4.0
[INFO] [stderr]   Downloaded foreign-types v0.2.0
[INFO] [stderr]   Downloaded retry v0.4.0
[INFO] [stderr]   Downloaded untrusted v0.3.2
[INFO] [stderr]   Downloaded serde_derive v0.9.14
[INFO] [stderr]   Downloaded num_cpus v1.3.0
[INFO] [stderr]   Downloaded schannel v0.1.4
[INFO] [stderr]   Downloaded md5 v0.3.4
[INFO] [stderr]   Downloaded term v0.4.5
[INFO] [stderr]   Downloaded openssl v0.9.11
[INFO] [stderr]   Downloaded rusoto_codegen v0.8.0
[INFO] [stderr]   Downloaded rusoto_credential v0.6.0
[INFO] [stderr]   Downloaded Inflector v0.7.0
[INFO] [stderr]   Downloaded rusoto v0.24.0
[INFO] [stderr]   Downloaded ring v0.7.5
[INFO] running `Command { std: "docker" "create" "-v" "/var/lib/crater-agent-workspace/builds/worker-0-tc1/target:/opt/rustwide/target:rw,Z" "-v" "/var/lib/crater-agent-workspace/builds/worker-0-tc1/source:/opt/rustwide/workdir:ro,Z" "-v" "/var/lib/crater-agent-workspace/cargo-home:/opt/rustwide/cargo-home:ro,Z" "-v" "/var/lib/crater-agent-workspace/rustup-home:/opt/rustwide/rustup-home:ro,Z" "-e" "SOURCE_DIR=/opt/rustwide/workdir" "-e" "CARGO_TARGET_DIR=/opt/rustwide/target" "-e" "CARGO_HOME=/opt/rustwide/cargo-home" "-e" "RUSTUP_HOME=/opt/rustwide/rustup-home" "-w" "/opt/rustwide/workdir" "-m" "1610612736" "--user" "0:0" "--network" "none" "ghcr.io/rust-lang/crates-build-env/linux@sha256:2788e3201cd34a07e3172128adcd8b3090168a8e3bcc40d7c032b9dda1df7d1c" "/opt/rustwide/cargo-home/bin/cargo" "+1.75.0" "metadata" "--no-deps" "--format-version=1", kill_on_drop: false }`
[INFO] [stdout] 3dbfb931cd06e6eac0500e0441cc0e40f87675908fa5817dcda3e6a3a8d6a767
[INFO] running `Command { std: "docker" "start" "-a" "3dbfb931cd06e6eac0500e0441cc0e40f87675908fa5817dcda3e6a3a8d6a767", kill_on_drop: false }`
[INFO] running `Command { std: "docker" "inspect" "3dbfb931cd06e6eac0500e0441cc0e40f87675908fa5817dcda3e6a3a8d6a767", kill_on_drop: false }`
[INFO] running `Command { std: "docker" "rm" "-f" "3dbfb931cd06e6eac0500e0441cc0e40f87675908fa5817dcda3e6a3a8d6a767", kill_on_drop: false }`
[INFO] [stdout] 3dbfb931cd06e6eac0500e0441cc0e40f87675908fa5817dcda3e6a3a8d6a767
[INFO] running `Command { std: "docker" "create" "-v" "/var/lib/crater-agent-workspace/builds/worker-0-tc1/target:/opt/rustwide/target:rw,Z" "-v" "/var/lib/crater-agent-workspace/builds/worker-0-tc1/source:/opt/rustwide/workdir:ro,Z" "-v" "/var/lib/crater-agent-workspace/cargo-home:/opt/rustwide/cargo-home:ro,Z" "-v" "/var/lib/crater-agent-workspace/rustup-home:/opt/rustwide/rustup-home:ro,Z" "-e" "SOURCE_DIR=/opt/rustwide/workdir" "-e" "CARGO_TARGET_DIR=/opt/rustwide/target" "-e" "CARGO_INCREMENTAL=0" "-e" "RUST_BACKTRACE=full" "-e" "RUSTFLAGS=--cap-lints=warn" "-e" "RUSTDOCFLAGS=--cap-lints=warn" "-e" "CARGO_HOME=/opt/rustwide/cargo-home" "-e" "RUSTUP_HOME=/opt/rustwide/rustup-home" "-w" "/opt/rustwide/workdir" "-m" "1610612736" "--user" "0:0" "--network" "none" "ghcr.io/rust-lang/crates-build-env/linux@sha256:2788e3201cd34a07e3172128adcd8b3090168a8e3bcc40d7c032b9dda1df7d1c" "/opt/rustwide/cargo-home/bin/cargo" "+1.75.0" "doc" "--frozen" "--no-deps" "--document-private-items" "--message-format=json", kill_on_drop: false }`
[INFO] [stdout] 3e6ab02529fd4b33554bc4b670f45d8c84f14153df0a78595eec36125cb24685
[INFO] running `Command { std: "docker" "start" "-a" "3e6ab02529fd4b33554bc4b670f45d8c84f14153df0a78595eec36125cb24685", kill_on_drop: false }`
[INFO] [stderr]    Compiling libc v0.2.21
[INFO] [stderr]    Compiling gcc v0.3.45
[INFO] [stderr]    Compiling semver v0.1.20
[INFO] [stderr]    Compiling lazy_static v0.2.8
[INFO] [stderr]    Compiling pkg-config v0.3.9
[INFO] [stderr]     Checking matches v0.1.4
[INFO] [stderr]     Checking unicode-normalization v0.1.4
[INFO] [stderr]    Compiling unicode-xid v0.0.4
[INFO] [stderr]    Compiling void v1.0.2
[INFO] [stderr]     Checking num-traits v0.1.37
[INFO] [stderr]    Compiling rayon-core v1.0.0
[INFO] [stderr]    Compiling openssl v0.9.11
[INFO] [stderr]     Checking unicode-bidi v0.2.5
[INFO] [stderr]    Compiling synom v0.11.3
[INFO] [stderr]    Compiling unreachable v0.1.1
[INFO] [stderr]    Compiling quote v0.3.15
[INFO] [stderr]     Checking foreign-types v0.2.0
[INFO] [stderr]    Compiling log v0.3.7
[INFO] [stderr]    Compiling utf8-ranges v1.0.0
[INFO] [stderr]    Compiling rustc_version v0.1.7
[INFO] [stderr]     Checking rustc-serialize v0.3.23
[INFO] [stderr]    Compiling syn v0.11.10
[INFO] [stderr]    Compiling regex-syntax v0.4.0
[INFO] [stderr]    Compiling num_cpus v1.3.0
[INFO] [stderr]    Compiling rand v0.3.15
[INFO] [stderr]     Checking time v0.1.36
[INFO] [stderr]    Compiling thread-id v3.0.0
[INFO] [stderr]    Compiling memchr v1.0.1
[INFO] [stderr]     Checking bitflags v0.8.2
[INFO] [stderr]    Compiling thread_local v0.3.3
[INFO] [stderr]    Compiling aho-corasick v0.6.3
[INFO] [stderr]     Checking num-integer v0.1.34
[INFO] [stderr]    Compiling unicase v1.4.0
[INFO] [stderr]    Compiling hyper v0.10.9
[INFO] [stderr]     Checking mime v0.2.3
[INFO] [stderr]    Compiling traitobject v0.1.0
[INFO] [stderr]    Compiling httparse v1.2.2
[INFO] [stderr]     Checking idna v0.1.1
[INFO] [stderr]    Compiling language-tags v0.2.2
[INFO] [stderr]     Checking dtoa v0.4.1
[INFO] [stderr]     Checking serde v0.9.14
[INFO] [stderr]    Compiling openssl-sys v0.9.11
[INFO] [stderr]     Checking typeable v0.1.2
[INFO] [stderr]     Checking itoa v0.3.1
[INFO] [stderr]    Compiling deque v0.3.1
[INFO] [stderr]     Checking num-iter v0.1.33
[INFO] [stderr]     Checking antidote v1.0.0
[INFO] [stderr]    Compiling regex v0.2.1
[INFO] [stderr]     Checking num v0.1.37
[INFO] [stderr]    Compiling rayon v0.6.0
[INFO] [stderr]    Compiling serde_codegen_internals v0.14.2
[INFO] [stderr]     Checking url v1.4.0
[INFO] [stderr]    Compiling rayon v0.7.0
[INFO] [stderr] error: failed to run custom build command for `openssl-sys v0.9.11`
[INFO] [stderr] note: To improve backtraces for build dependencies, set the CARGO_PROFILE_DEV_BUILD_OVERRIDE_DEBUG=true environment variable to enable debug information generation.
[INFO] [stderr] 
[INFO] [stderr] Caused by:
[INFO] [stderr]   process didn't exit successfully: `/opt/rustwide/target/debug/build/openssl-sys-3268c06e2b1d4a68/build-script-build` (exit status: 101)
[INFO] [stderr]   --- stdout
[INFO] [stderr]   cargo:rustc-link-lib=ssl
[INFO] [stderr]   cargo:rustc-link-lib=crypto
[INFO] [stderr]   OPT_LEVEL = Some("0")
[INFO] [stderr]   TARGET = Some("x86_64-unknown-linux-gnu")
[INFO] [stderr]   HOST = Some("x86_64-unknown-linux-gnu")
[INFO] [stderr]   TARGET = Some("x86_64-unknown-linux-gnu")
[INFO] [stderr]   TARGET = Some("x86_64-unknown-linux-gnu")
[INFO] [stderr]   HOST = Some("x86_64-unknown-linux-gnu")
[INFO] [stderr]   CC_x86_64-unknown-linux-gnu = None
[INFO] [stderr]   CC_x86_64_unknown_linux_gnu = None
[INFO] [stderr]   HOST_CC = None
[INFO] [stderr]   CC = None
[INFO] [stderr]   HOST = Some("x86_64-unknown-linux-gnu")
[INFO] [stderr]   TARGET = Some("x86_64-unknown-linux-gnu")
[INFO] [stderr]   HOST = Some("x86_64-unknown-linux-gnu")
[INFO] [stderr]   CFLAGS_x86_64-unknown-linux-gnu = None
[INFO] [stderr]   CFLAGS_x86_64_unknown_linux_gnu = None
[INFO] [stderr]   HOST_CFLAGS = None
[INFO] [stderr]   CFLAGS = None
[INFO] [stderr]   PROFILE = Some("debug")
[INFO] [stderr]   running: "cc" "-O0" "-ffunction-sections" "-fdata-sections" "-fPIC" "-g" "-m64" "-E" "/opt/rustwide/target/debug/build/openssl-sys-2c7920d1e5f23c79/out/expando.c"
[INFO] [stderr]   ExitStatus(unix_wait_status(0))
[INFO] [stderr]   cargo:rustc-cfg=osslconf="OPENSSL_NO_SSL3_METHOD"
[INFO] [stderr]   cargo:conf=OPENSSL_NO_SSL3_METHOD
[INFO] [stderr] 
[INFO] [stderr]   --- stderr
[INFO] [stderr]   thread 'main' panicked at /opt/rustwide/cargo-home/registry/src/index.crates.io-6f17d22bba15001f/openssl-sys-0.9.11/build.rs:326:9:
[INFO] [stderr] 
[INFO] [stderr] 
[INFO] [stderr]   This crate is only compatible with OpenSSL 1.0.1, 1.0.2, and 1.1.0, or LibreSSL,
[INFO] [stderr]   but a different version of OpenSSL was found. The build is now aborting due to
[INFO] [stderr]   this version mismatch.
[INFO] [stderr] 
[INFO] [stderr] 
[INFO] [stderr]   stack backtrace:
[INFO] [stderr]      0:     0x560a23031b1c - std::backtrace_rs::backtrace::libunwind::trace::ha637c64ce894333a
[INFO] [stderr]                                  at /rustc/82e1608dfa6e0b5569232559e3d385fea5a93112/library/std/src/../../backtrace/src/backtrace/libunwind.rs:104:5
[INFO] [stderr]      1:     0x560a23031b1c - std::backtrace_rs::backtrace::trace_unsynchronized::h47f62dea28e0c88d
[INFO] [stderr]                                  at /rustc/82e1608dfa6e0b5569232559e3d385fea5a93112/library/std/src/../../backtrace/src/backtrace/mod.rs:66:5
[INFO] [stderr]      2:     0x560a23031b1c - std::sys_common::backtrace::_print_fmt::h9eef0abe20ede486
[INFO] [stderr]                                  at /rustc/82e1608dfa6e0b5569232559e3d385fea5a93112/library/std/src/sys_common/backtrace.rs:67:5
[INFO] [stderr]      3:     0x560a23031b1c - <std::sys_common::backtrace::_print::DisplayBacktrace as core::fmt::Display>::fmt::hed7f999df88cc644
[INFO] [stderr]                                  at /rustc/82e1608dfa6e0b5569232559e3d385fea5a93112/library/std/src/sys_common/backtrace.rs:44:22
[INFO] [stderr]      4:     0x560a230576e0 - core::fmt::rt::Argument::fmt::h1539a9308b8d058d
[INFO] [stderr]                                  at /rustc/82e1608dfa6e0b5569232559e3d385fea5a93112/library/core/src/fmt/rt.rs:142:9
[INFO] [stderr]      5:     0x560a230576e0 - core::fmt::write::h3a39390d8560d9c9
[INFO] [stderr]                                  at /rustc/82e1608dfa6e0b5569232559e3d385fea5a93112/library/core/src/fmt/mod.rs:1120:17
[INFO] [stderr]      6:     0x560a2302f45f - std::io::Write::write_fmt::h5fc9997dfe05f882
[INFO] [stderr]                                  at /rustc/82e1608dfa6e0b5569232559e3d385fea5a93112/library/std/src/io/mod.rs:1762:15
[INFO] [stderr]      7:     0x560a23031904 - std::sys_common::backtrace::_print::h894006fb5c6f3d45
[INFO] [stderr]                                  at /rustc/82e1608dfa6e0b5569232559e3d385fea5a93112/library/std/src/sys_common/backtrace.rs:47:5
[INFO] [stderr]      8:     0x560a23031904 - std::sys_common::backtrace::print::h23a2d212c6fff936
[INFO] [stderr]                                  at /rustc/82e1608dfa6e0b5569232559e3d385fea5a93112/library/std/src/sys_common/backtrace.rs:34:9
[INFO] [stderr]      9:     0x560a23033117 - std::panicking::default_hook::{{closure}}::h8a1d2ee00185001a
[INFO] [stderr]     10:     0x560a23032e7f - std::panicking::default_hook::h6038f2eba384e475
[INFO] [stderr]                                  at /rustc/82e1608dfa6e0b5569232559e3d385fea5a93112/library/std/src/panicking.rs:292:9
[INFO] [stderr]     11:     0x560a23033598 - std::panicking::rust_panic_with_hook::h2b5517d590cab22e
[INFO] [stderr]                                  at /rustc/82e1608dfa6e0b5569232559e3d385fea5a93112/library/std/src/panicking.rs:779:13
[INFO] [stderr]     12:     0x560a22ffc26e - std::panicking::begin_panic::{{closure}}::h005693f6e15564e6
[INFO] [stderr]     13:     0x560a22ff599a - std::sys_common::backtrace::__rust_end_short_backtrace::h126d74144077a542
[INFO] [stderr]     14:     0x560a22ffc1eb - std::panicking::begin_panic::hc127d1c7d4c6000a
[INFO] [stderr]     15:     0x560a22fd6aa3 - build_script_build::validate_headers::h797d27c54943a32e
[INFO] [stderr]     16:     0x560a22fd5e6f - build_script_build::try_pkg_config::h288a81a95ff86979
[INFO] [stderr]     17:     0x560a22fd5063 - build_script_build::find_openssl_dir::hfe831aecbc2c3908
[INFO] [stderr]     18:     0x560a22fd4ec8 - build_script_build::main::{{closure}}::ha4a1b41db3879aac
[INFO] [stderr]     19:     0x560a22fdc219 - core::option::Option<T>::unwrap_or_else::h0eef6d43f559ffe8
[INFO] [stderr]     20:     0x560a22fd3f25 - build_script_build::main::hd6c06d056e6627d9
[INFO] [stderr]     21:     0x560a22fde1c3 - core::ops::function::FnOnce::call_once::hd4799cb96b11689a
[INFO] [stderr]     22:     0x560a22fd82a6 - std::sys_common::backtrace::__rust_begin_short_backtrace::h020d39ef580e5573
[INFO] [stderr]     23:     0x560a22fd88b9 - std::rt::lang_start::{{closure}}::h761ced5827f9b05c
[INFO] [stderr]     24:     0x560a2302b9a7 - core::ops::function::impls::<impl core::ops::function::FnOnce<A> for &F>::call_once::hd95060ecd5e1ca24
[INFO] [stderr]                                  at /rustc/82e1608dfa6e0b5569232559e3d385fea5a93112/library/core/src/ops/function.rs:284:13
[INFO] [stderr]     25:     0x560a2302b9a7 - std::panicking::try::do_call::h6e8cf51db32a6e4b
[INFO] [stderr]                                  at /rustc/82e1608dfa6e0b5569232559e3d385fea5a93112/library/std/src/panicking.rs:552:40
[INFO] [stderr]     26:     0x560a2302b9a7 - std::panicking::try::h3a52eefe24fe3c29
[INFO] [stderr]                                  at /rustc/82e1608dfa6e0b5569232559e3d385fea5a93112/library/std/src/panicking.rs:516:19
[INFO] [stderr]     27:     0x560a2302b9a7 - std::panic::catch_unwind::h24c28c23c02c3841
[INFO] [stderr]                                  at /rustc/82e1608dfa6e0b5569232559e3d385fea5a93112/library/std/src/panic.rs:142:14
[INFO] [stderr]     28:     0x560a2302b9a7 - std::rt::lang_start_internal::{{closure}}::h705d3c9cbc06ef47
[INFO] [stderr]                                  at /rustc/82e1608dfa6e0b5569232559e3d385fea5a93112/library/std/src/rt.rs:148:48
[INFO] [stderr]     29:     0x560a2302b9a7 - std::panicking::try::do_call::ha21f52ba13158470
[INFO] [stderr]                                  at /rustc/82e1608dfa6e0b5569232559e3d385fea5a93112/library/std/src/panicking.rs:552:40
[INFO] [stderr]     30:     0x560a2302b9a7 - std::panicking::try::h5581346bf6aeb1f8
[INFO] [stderr]                                  at /rustc/82e1608dfa6e0b5569232559e3d385fea5a93112/library/std/src/panicking.rs:516:19
[INFO] [stderr]     31:     0x560a2302b9a7 - std::panic::catch_unwind::h7919645a6b72e25b
[INFO] [stderr]                                  at /rustc/82e1608dfa6e0b5569232559e3d385fea5a93112/library/std/src/panic.rs:142:14
[INFO] [stderr]     32:     0x560a2302b9a7 - std::rt::lang_start_internal::h12de51168669836e
[INFO] [stderr]                                  at /rustc/82e1608dfa6e0b5569232559e3d385fea5a93112/library/std/src/rt.rs:148:20
[INFO] [stderr]     33:     0x560a22fd8897 - std::rt::lang_start::h1e422491d56e3e67
[INFO] [stderr]     34:     0x560a22fd7d05 - main
[INFO] [stderr]     35:     0x7f777fef0d90 - <unknown>
[INFO] [stderr]     36:     0x7f777fef0e40 - __libc_start_main
[INFO] [stderr]     37:     0x560a22fcee75 - _start
[INFO] [stderr]     38:                0x0 - <unknown>
[INFO] [stderr] warning: build failed, waiting for other jobs to finish...
[INFO] [stdout] error[E0713]: borrow may still be in use when destructor runs
[INFO] [stdout]    --> /opt/rustwide/cargo-home/registry/src/index.crates.io-6f17d22bba15001f/url-1.4.0/src/form_urlencoded.rs:246:40
[INFO] [stdout]     |
[INFO] [stdout] 244 | impl<'a> Target for ::UrlQuery<'a> {
[INFO] [stdout]     |      -- lifetime `'a` defined here
[INFO] [stdout] 245 |     fn as_mut_string(&mut self) -> &mut String { &mut self.url.serialization }
[INFO] [stdout] 246 |     fn finish(self) -> &'a mut ::Url { self.url }
[INFO] [stdout]     |                                        ^^^^^^^^ - here, drop of `self` needs exclusive access to `*self.url`, because the type `UrlQuery<'_>` implements the `Drop` trait
[INFO] [stdout]     |                                        |
[INFO] [stdout]     |                                        returning this value requires that `*self.url` is borrowed for `'a`
[INFO] [stdout] 
[INFO] [stdout] 
[INFO] [stdout] error: aborting due to previous error
[INFO] [stdout] 
[INFO] [stdout] 
[INFO] [stdout] For more information about this error, try `rustc --explain E0713`.
[INFO] [stdout] 
[INFO] [stderr] error: could not compile `url` (lib) due to 2 previous errors
[INFO] running `Command { std: "docker" "inspect" "3e6ab02529fd4b33554bc4b670f45d8c84f14153df0a78595eec36125cb24685", kill_on_drop: false }`
[INFO] running `Command { std: "docker" "rm" "-f" "3e6ab02529fd4b33554bc4b670f45d8c84f14153df0a78595eec36125cb24685", kill_on_drop: false }`
[INFO] [stdout] 3e6ab02529fd4b33554bc4b670f45d8c84f14153df0a78595eec36125cb24685
[INFO] documenting amitayadav/s3-file-upload-rust against beta-2023-12-22 for beta-1.76-rustdoc-1
[INFO] running `Command { std: "git" "clone" "/workspace/cache/git-repos/https%3A%2F%2Fgithub.com%2Famitayadav%2Fs3-file-upload-rust" "/workspace/builds/worker-0-tc2/source", kill_on_drop: false }`
[INFO] [stderr] Cloning into '/workspace/builds/worker-0-tc2/source'...
[INFO] [stderr] done.
[INFO] validating manifest of git repo https://github.com/amitayadav/s3-file-upload-rust on toolchain beta-2023-12-22
[INFO] running `Command { std: CARGO_HOME="/workspace/cargo-home" RUSTUP_HOME="/workspace/rustup-home" "/workspace/cargo-home/bin/cargo" "+beta-2023-12-22" "metadata" "--manifest-path" "Cargo.toml" "--no-deps", kill_on_drop: false }`
[INFO] started tweaking git repo https://github.com/amitayadav/s3-file-upload-rust
[INFO] finished tweaking git repo https://github.com/amitayadav/s3-file-upload-rust
[INFO] tweaked toml for git repo https://github.com/amitayadav/s3-file-upload-rust written to /workspace/builds/worker-0-tc2/source/Cargo.toml
[INFO] crate git repo https://github.com/amitayadav/s3-file-upload-rust already has a lockfile, it will not be regenerated
[INFO] running `Command { std: CARGO_HOME="/workspace/cargo-home" RUSTUP_HOME="/workspace/rustup-home" "/workspace/cargo-home/bin/cargo" "+beta-2023-12-22" "fetch" "--manifest-path" "Cargo.toml", kill_on_drop: false }`
[INFO] running `Command { std: "docker" "create" "-v" "/var/lib/crater-agent-workspace/builds/worker-0-tc2/target:/opt/rustwide/target:rw,Z" "-v" "/var/lib/crater-agent-workspace/builds/worker-0-tc2/source:/opt/rustwide/workdir:ro,Z" "-v" "/var/lib/crater-agent-workspace/cargo-home:/opt/rustwide/cargo-home:ro,Z" "-v" "/var/lib/crater-agent-workspace/rustup-home:/opt/rustwide/rustup-home:ro,Z" "-e" "SOURCE_DIR=/opt/rustwide/workdir" "-e" "CARGO_TARGET_DIR=/opt/rustwide/target" "-e" "CARGO_HOME=/opt/rustwide/cargo-home" "-e" "RUSTUP_HOME=/opt/rustwide/rustup-home" "-w" "/opt/rustwide/workdir" "-m" "1610612736" "--user" "0:0" "--network" "none" "ghcr.io/rust-lang/crates-build-env/linux@sha256:2788e3201cd34a07e3172128adcd8b3090168a8e3bcc40d7c032b9dda1df7d1c" "/opt/rustwide/cargo-home/bin/cargo" "+beta-2023-12-22" "metadata" "--no-deps" "--format-version=1", kill_on_drop: false }`
[INFO] [stdout] 6c2898a58df5f26ef5c5dce9419387a3df2ec0f7911253fee4f0dceb6ab4c93a
[INFO] running `Command { std: "docker" "start" "-a" "6c2898a58df5f26ef5c5dce9419387a3df2ec0f7911253fee4f0dceb6ab4c93a", kill_on_drop: false }`
[INFO] running `Command { std: "docker" "inspect" "6c2898a58df5f26ef5c5dce9419387a3df2ec0f7911253fee4f0dceb6ab4c93a", kill_on_drop: false }`
[INFO] running `Command { std: "docker" "rm" "-f" "6c2898a58df5f26ef5c5dce9419387a3df2ec0f7911253fee4f0dceb6ab4c93a", kill_on_drop: false }`
[INFO] [stdout] 6c2898a58df5f26ef5c5dce9419387a3df2ec0f7911253fee4f0dceb6ab4c93a
[INFO] running `Command { std: "docker" "create" "-v" "/var/lib/crater-agent-workspace/builds/worker-0-tc2/target:/opt/rustwide/target:rw,Z" "-v" "/var/lib/crater-agent-workspace/builds/worker-0-tc2/source:/opt/rustwide/workdir:ro,Z" "-v" "/var/lib/crater-agent-workspace/cargo-home:/opt/rustwide/cargo-home:ro,Z" "-v" "/var/lib/crater-agent-workspace/rustup-home:/opt/rustwide/rustup-home:ro,Z" "-e" "SOURCE_DIR=/opt/rustwide/workdir" "-e" "CARGO_TARGET_DIR=/opt/rustwide/target" "-e" "CARGO_INCREMENTAL=0" "-e" "RUST_BACKTRACE=full" "-e" "RUSTFLAGS=--cap-lints=warn" "-e" "RUSTDOCFLAGS=--cap-lints=warn" "-e" "CARGO_HOME=/opt/rustwide/cargo-home" "-e" "RUSTUP_HOME=/opt/rustwide/rustup-home" "-w" "/opt/rustwide/workdir" "-m" "1610612736" "--user" "0:0" "--network" "none" "ghcr.io/rust-lang/crates-build-env/linux@sha256:2788e3201cd34a07e3172128adcd8b3090168a8e3bcc40d7c032b9dda1df7d1c" "/opt/rustwide/cargo-home/bin/cargo" "+beta-2023-12-22" "doc" "--frozen" "--no-deps" "--document-private-items" "--message-format=json", kill_on_drop: false }`
[INFO] [stdout] f54a653bfefa85416b5187828b2be8187b0730225852c6d92b804deb20f04f6b
[INFO] running `Command { std: "docker" "start" "-a" "f54a653bfefa85416b5187828b2be8187b0730225852c6d92b804deb20f04f6b", kill_on_drop: false }`
[INFO] [stderr]    Compiling libc v0.2.21
[INFO] [stderr]    Compiling semver v0.1.20
[INFO] [stderr]    Compiling gcc v0.3.45
[INFO] [stderr]    Compiling pkg-config v0.3.9
[INFO] [stderr]    Compiling lazy_static v0.2.8
[INFO] [stderr]     Checking matches v0.1.4
[INFO] [stderr]    Compiling void v1.0.2
[INFO] [stderr]     Checking unicode-normalization v0.1.4
[INFO] [stderr]    Compiling unicode-xid v0.0.4
[INFO] [stderr]     Checking num-traits v0.1.37
[INFO] [stderr]    Compiling rayon-core v1.0.0
[INFO] [stderr]    Compiling quote v0.3.15
[INFO] [stderr]    Compiling openssl v0.9.11
[INFO] [stderr]     Checking unicode-bidi v0.2.5
[INFO] [stderr]    Compiling unreachable v0.1.1
[INFO] [stderr]    Compiling utf8-ranges v1.0.0
[INFO] [stderr]    Compiling synom v0.11.3
[INFO] [stderr]     Checking log v0.3.7
[INFO] [stderr]    Compiling rustc_version v0.1.7
[INFO] [stderr]    Compiling syn v0.11.10
[INFO] [stderr]    Compiling regex-syntax v0.4.0
[INFO] [stderr]     Checking bitflags v0.8.2
[INFO] [stderr]     Checking rustc-serialize v0.3.23
[INFO] [stderr]     Checking time v0.1.36
[INFO] [stderr]    Compiling num_cpus v1.3.0
[INFO] [stderr]    Compiling rand v0.3.15
[INFO] [stderr]    Compiling memchr v1.0.1
[INFO] [stderr]    Compiling thread-id v3.0.0
[INFO] [stderr]     Checking foreign-types v0.2.0
[INFO] [stderr]    Compiling thread_local v0.3.3
[INFO] [stderr]    Compiling aho-corasick v0.6.3
[INFO] [stderr]     Checking num-integer v0.1.34
[INFO] [stderr]    Compiling unicase v1.4.0
[INFO] [stderr]    Compiling hyper v0.10.9
[INFO] [stderr]    Compiling mime v0.2.3
[INFO] [stderr]    Compiling serde v0.9.14
[INFO] [stdout] error[E0310]: the parameter type `T` may not live long enough
[INFO] [stdout]     --> /opt/rustwide/cargo-home/registry/src/index.crates.io-6f17d22bba15001f/rustc-serialize-0.3.23/src/serialize.rs:1155:5
[INFO] [stdout]      |
[INFO] [stdout] 1155 |     fn decode<D: Decoder>(d: &mut D) -> Result<Cow<'static, T>, D::Error> {
[INFO] [stdout]      |     ^^^^^^^^^^^^^^^^^^^^^^^^^^^^^^^^^^^^^^^^^^^^^^^^^^^^^^^^^^^^^^^^^^^^^
[INFO] [stdout]      |     |
[INFO] [stdout]      |     the parameter type `T` must be valid for the static lifetime...
[INFO] [stdout]      |     ...so that the type `T` will meet its required lifetime bounds...
[INFO] [stdout]      |
[INFO] [stdout] note: ...that is required by this bound
[INFO] [stdout]     --> /rustc/0e09125c6c3c2fd70d7de961bcf0e51575235fad/library/alloc/src/borrow.rs:180:30
[INFO] [stdout] help: consider adding an explicit lifetime bound
[INFO] [stdout]      |
[INFO] [stdout] 1151 | impl<'a, T: ?Sized + 'static> Decodable for Cow<'a, T>
[INFO] [stdout]      |                    +++++++++
[INFO] [stdout] 
[INFO] [stdout] 
[INFO] [stderr]    Compiling httparse v1.2.2
[INFO] [stderr]     Checking idna v0.1.1
[INFO] [stderr]    Compiling typeable v0.1.2
[INFO] [stderr]     Checking traitobject v0.1.0
[INFO] [stderr]    Compiling itoa v0.3.1
[INFO] [stderr]    Compiling openssl-sys v0.9.11
[INFO] [stderr]    Compiling dtoa v0.4.1
[INFO] [stderr]    Compiling language-tags v0.2.2
[INFO] [stderr]    Compiling deque v0.3.1
[INFO] [stdout] error[E0310]: the parameter type `T` may not live long enough
[INFO] [stdout]     --> /opt/rustwide/cargo-home/registry/src/index.crates.io-6f17d22bba15001f/rustc-serialize-0.3.23/src/serialize.rs:1155:5
[INFO] [stdout]      |
[INFO] [stdout] 1155 |     fn decode<D: Decoder>(d: &mut D) -> Result<Cow<'static, T>, D::Error> {
[INFO] [stdout]      |     ^^^^^^^^^^^^^^^^^^^^^^^^^^^^^^^^^^^^^^^^^^^^^^^^^^^^^^^^^^^^^^^^^^^^^
[INFO] [stdout]      |     |
[INFO] [stdout]      |     the parameter type `T` must be valid for the static lifetime...
[INFO] [stdout]      |     ...so that the type `T` will meet its required lifetime bounds...
[INFO] [stdout]      |
[INFO] [stdout] note: ...that is required by this bound
[INFO] [stdout]     --> /rustc/0e09125c6c3c2fd70d7de961bcf0e51575235fad/library/alloc/src/borrow.rs:180:30
[INFO] [stdout] help: consider adding an explicit lifetime bound
[INFO] [stdout]      |
[INFO] [stdout] 1151 | impl<'a, T: ?Sized + 'static> Decodable for Cow<'a, T>
[INFO] [stdout]      |                    +++++++++
[INFO] [stdout] 
[INFO] [stdout] 
[INFO] [stderr]     Checking num-iter v0.1.33
[INFO] [stderr]     Checking antidote v1.0.0
[INFO] [stderr]    Compiling regex v0.2.1
[INFO] [stderr]    Compiling serde_codegen_internals v0.14.2
[INFO] [stderr]     Checking url v1.4.0
[INFO] [stdout] error: aborting due to 1 previous error
[INFO] [stdout] 
[INFO] [stdout] 
[INFO] [stdout] For more information about this error, try `rustc --explain E0310`.
[INFO] [stdout] 
[INFO] [stderr]    Compiling rayon v0.7.0
[INFO] [stderr] error: could not compile `rustc-serialize` (lib) due to 2 previous errors
[INFO] [stderr] warning: build failed, waiting for other jobs to finish...
[INFO] [stdout] error: aborting due to 1 previous error
[INFO] [stdout] 
[INFO] [stdout] 
[INFO] [stdout] For more information about this error, try `rustc --explain E0310`.
[INFO] [stdout] 
[INFO] [stderr] error: could not compile `rustc-serialize` (lib) due to 2 previous errors
[INFO] [stdout] error[E0713]: borrow may still be in use when destructor runs
[INFO] [stdout]    --> /opt/rustwide/cargo-home/registry/src/index.crates.io-6f17d22bba15001f/url-1.4.0/src/form_urlencoded.rs:246:40
[INFO] [stdout]     |
[INFO] [stdout] 244 | impl<'a> Target for ::UrlQuery<'a> {
[INFO] [stdout]     |      -- lifetime `'a` defined here
[INFO] [stdout] 245 |     fn as_mut_string(&mut self) -> &mut String { &mut self.url.serialization }
[INFO] [stdout] 246 |     fn finish(self) -> &'a mut ::Url { self.url }
[INFO] [stdout]     |                                        ^^^^^^^^ - here, drop of `self` needs exclusive access to `*self.url`, because the type `UrlQuery<'_>` implements the `Drop` trait
[INFO] [stdout]     |                                        |
[INFO] [stdout]     |                                        returning this value requires that `*self.url` is borrowed for `'a`
[INFO] [stdout] 
[INFO] [stdout] 
[INFO] [stdout] error: aborting due to 1 previous error
[INFO] [stdout] 
[INFO] [stdout] 
[INFO] [stdout] For more information about this error, try `rustc --explain E0713`.
[INFO] [stdout] 
[INFO] [stderr] error: could not compile `url` (lib) due to 2 previous errors
[INFO] running `Command { std: "docker" "inspect" "f54a653bfefa85416b5187828b2be8187b0730225852c6d92b804deb20f04f6b", kill_on_drop: false }`
[INFO] running `Command { std: "docker" "rm" "-f" "f54a653bfefa85416b5187828b2be8187b0730225852c6d92b804deb20f04f6b", kill_on_drop: false }`
[INFO] [stdout] f54a653bfefa85416b5187828b2be8187b0730225852c6d92b804deb20f04f6b
