[INFO] cloning repository https://github.com/amanjeev/stm32l433love
[INFO] running `Command { std: "git" "-c" "credential.helper=" "-c" "credential.helper=/workspace/cargo-home/bin/git-credential-null" "clone" "--bare" "https://github.com/amanjeev/stm32l433love" "/workspace/cache/git-repos/https%3A%2F%2Fgithub.com%2Famanjeev%2Fstm32l433love", kill_on_drop: false }`
[INFO] [stderr] Cloning into bare repository '/workspace/cache/git-repos/https%3A%2F%2Fgithub.com%2Famanjeev%2Fstm32l433love'...
[INFO] running `Command { std: "git" "rev-parse" "HEAD", kill_on_drop: false }`
[INFO] [stdout] d9352d62e13cd48ddde1d1cc440ed627a28839b9
[INFO] documenting amanjeev/stm32l433love against 1.75.0 for beta-1.76-rustdoc-1
[INFO] running `Command { std: "git" "clone" "/workspace/cache/git-repos/https%3A%2F%2Fgithub.com%2Famanjeev%2Fstm32l433love" "/workspace/builds/worker-6-tc1/source", kill_on_drop: false }`
[INFO] [stderr] Cloning into '/workspace/builds/worker-6-tc1/source'...
[INFO] [stderr] done.
[INFO] validating manifest of git repo https://github.com/amanjeev/stm32l433love on toolchain 1.75.0
[INFO] running `Command { std: CARGO_HOME="/workspace/cargo-home" RUSTUP_HOME="/workspace/rustup-home" "/workspace/cargo-home/bin/cargo" "+1.75.0" "metadata" "--manifest-path" "Cargo.toml" "--no-deps", kill_on_drop: false }`
[INFO] removed /workspace/builds/worker-6-tc1/source/.cargo/config.toml
[INFO] started tweaking git repo https://github.com/amanjeev/stm32l433love
[INFO] finished tweaking git repo https://github.com/amanjeev/stm32l433love
[INFO] tweaked toml for git repo https://github.com/amanjeev/stm32l433love written to /workspace/builds/worker-6-tc1/source/Cargo.toml
[INFO] crate git repo https://github.com/amanjeev/stm32l433love already has a lockfile, it will not be regenerated
[INFO] running `Command { std: CARGO_HOME="/workspace/cargo-home" RUSTUP_HOME="/workspace/rustup-home" "/workspace/cargo-home/bin/cargo" "+1.75.0" "fetch" "--manifest-path" "Cargo.toml", kill_on_drop: false }`
[INFO] [stderr]     Updating git submodule `https://github.com/embassy-rs/stm32-data.git`
[INFO] [stderr]     Updating git repository `https://github.com/embassy-rs/chiptool`
[INFO] [stderr]     Updating crates.io index
[INFO] [stderr]  Downloading crates ...
[INFO] [stderr]   Downloaded atomic-polyfill v1.0.1
[INFO] [stderr]   Downloaded seq-macro v0.3.1
[INFO] [stderr]   Downloaded embedded-storage-async v0.3.0
[INFO] [stderr]   Downloaded xmltree v0.8.0
[INFO] [stderr]   Downloaded cortex-m v0.7.6
[INFO] [stderr]   Downloaded cortex-m-rt v0.7.2
[INFO] [stderr]   Downloaded embedded-hal-nb v1.0.0-alpha.1
[INFO] [stderr]   Downloaded embedded-hal v1.0.0-alpha.9
[INFO] [stderr]   Downloaded embedded-hal-async v0.2.0-alpha.0
[INFO] [stderr]   Downloaded defmt-macros v0.3.3
[INFO] [stderr]   Downloaded svd-parser v0.10.2
[INFO] running `Command { std: "docker" "create" "-v" "/var/lib/crater-agent-workspace/builds/worker-6-tc1/target:/opt/rustwide/target:rw,Z" "-v" "/var/lib/crater-agent-workspace/builds/worker-6-tc1/source:/opt/rustwide/workdir:ro,Z" "-v" "/var/lib/crater-agent-workspace/cargo-home:/opt/rustwide/cargo-home:ro,Z" "-v" "/var/lib/crater-agent-workspace/rustup-home:/opt/rustwide/rustup-home:ro,Z" "-e" "SOURCE_DIR=/opt/rustwide/workdir" "-e" "CARGO_TARGET_DIR=/opt/rustwide/target" "-e" "CARGO_HOME=/opt/rustwide/cargo-home" "-e" "RUSTUP_HOME=/opt/rustwide/rustup-home" "-w" "/opt/rustwide/workdir" "-m" "1610612736" "--user" "0:0" "--network" "none" "ghcr.io/rust-lang/crates-build-env/linux@sha256:2788e3201cd34a07e3172128adcd8b3090168a8e3bcc40d7c032b9dda1df7d1c" "/opt/rustwide/cargo-home/bin/cargo" "+1.75.0" "metadata" "--no-deps" "--format-version=1", kill_on_drop: false }`
[INFO] [stdout] 2c90b2cd5f800a31310362a8d4b363adc522dce8d2d5da104df71a8dccab8928
[INFO] running `Command { std: "docker" "start" "-a" "2c90b2cd5f800a31310362a8d4b363adc522dce8d2d5da104df71a8dccab8928", kill_on_drop: false }`
[INFO] running `Command { std: "docker" "inspect" "2c90b2cd5f800a31310362a8d4b363adc522dce8d2d5da104df71a8dccab8928", kill_on_drop: false }`
[INFO] running `Command { std: "docker" "rm" "-f" "2c90b2cd5f800a31310362a8d4b363adc522dce8d2d5da104df71a8dccab8928", kill_on_drop: false }`
[INFO] [stdout] 2c90b2cd5f800a31310362a8d4b363adc522dce8d2d5da104df71a8dccab8928
[INFO] running `Command { std: "docker" "create" "-v" "/var/lib/crater-agent-workspace/builds/worker-6-tc1/target:/opt/rustwide/target:rw,Z" "-v" "/var/lib/crater-agent-workspace/builds/worker-6-tc1/source:/opt/rustwide/workdir:ro,Z" "-v" "/var/lib/crater-agent-workspace/cargo-home:/opt/rustwide/cargo-home:ro,Z" "-v" "/var/lib/crater-agent-workspace/rustup-home:/opt/rustwide/rustup-home:ro,Z" "-e" "SOURCE_DIR=/opt/rustwide/workdir" "-e" "CARGO_TARGET_DIR=/opt/rustwide/target" "-e" "CARGO_INCREMENTAL=0" "-e" "RUST_BACKTRACE=full" "-e" "RUSTFLAGS=--cap-lints=warn" "-e" "RUSTDOCFLAGS=--cap-lints=warn" "-e" "CARGO_HOME=/opt/rustwide/cargo-home" "-e" "RUSTUP_HOME=/opt/rustwide/rustup-home" "-w" "/opt/rustwide/workdir" "-m" "1610612736" "--user" "0:0" "--network" "none" "ghcr.io/rust-lang/crates-build-env/linux@sha256:2788e3201cd34a07e3172128adcd8b3090168a8e3bcc40d7c032b9dda1df7d1c" "/opt/rustwide/cargo-home/bin/cargo" "+1.75.0" "doc" "--frozen" "--no-deps" "--document-private-items" "--message-format=json", kill_on_drop: false }`
[INFO] [stdout] d64d6aa2196cda79357c15709668619bd40ec5fbe4e4cf2410bcccae7dca672e
[INFO] running `Command { std: "docker" "start" "-a" "d64d6aa2196cda79357c15709668619bd40ec5fbe4e4cf2410bcccae7dca672e", kill_on_drop: false }`
[INFO] [stderr]    Compiling syn v1.0.105
[INFO] [stderr]    Compiling libc v0.2.138
[INFO] [stderr]    Compiling cfg-if v1.0.0
[INFO] [stderr]    Compiling defmt v0.3.2
[INFO] [stderr]    Compiling crossbeam-utils v0.8.14
[INFO] [stderr]    Compiling memoffset v0.7.1
[INFO] [stderr]    Compiling strsim v0.10.0
[INFO] [stderr]    Compiling crossbeam-epoch v0.9.13
[INFO] [stderr]    Compiling memchr v2.5.0
[INFO] [stderr]    Compiling serde_derive v1.0.150
[INFO] [stderr]    Compiling scopeguard v1.1.0
[INFO] [stderr]    Compiling indexmap v1.9.2
[INFO] [stderr]    Compiling bitflags v1.3.2
[INFO] [stderr]    Compiling serde v1.0.150
[INFO] [stderr]    Compiling defmt-macros v0.3.3
[INFO] [stderr]    Compiling rayon-core v1.10.1
[INFO] [stderr]    Compiling log v0.4.17
[INFO] [stderr]    Compiling anyhow v1.0.66
[INFO] [stderr]    Compiling thiserror v1.0.37
[INFO] [stderr]     Checking nb v1.0.0
[INFO] [stderr]    Compiling aho-corasick v0.7.20
[INFO] [stderr]    Compiling num_cpus v1.14.0
[INFO] [stderr]    Compiling crossbeam-channel v0.5.6
[INFO] [stderr]    Compiling hashbrown v0.12.3
[INFO] [stderr]    Compiling defmt-parser v0.3.1
[INFO] [stderr]    Compiling crossbeam-deque v0.8.2
[INFO] [stderr]    Compiling regex-syntax v0.6.28
[INFO] [stderr]    Compiling atty v0.2.14
[INFO] [stderr]    Compiling xml-rs v0.7.0
[INFO] [stderr]    Compiling either v1.8.0
[INFO] [stderr]    Compiling linked-hash-map v0.5.6
[INFO] [stderr]    Compiling ryu v1.0.11
[INFO] [stderr]    Compiling termcolor v1.1.3
[INFO] [stderr]    Compiling os_str_bytes v6.4.1
[INFO] [stderr]    Compiling once_cell v1.16.0
[INFO] [stderr]    Compiling clap_lex v0.2.4
[INFO] [stderr]    Compiling xmltree v0.8.0
[INFO] [stderr]    Compiling yaml-rust v0.4.5
[INFO] [stderr]    Compiling rayon v1.6.1
[INFO] [stderr]    Compiling bare-metal v0.2.5
[INFO] [stderr]     Checking nb v0.1.3
[INFO] [stderr]    Compiling serde_json v1.0.89
[INFO] [stderr]     Checking critical-section v1.1.1
[INFO] [stderr]    Compiling textwrap v0.16.0
[INFO] [stderr]    Compiling humantime v2.1.0
[INFO] [stderr]    Compiling chiptool v0.1.0 (https://github.com/embassy-rs/chiptool?rev=28ffa8a19d84914089547f52900ffb5877a5dc23#28ffa8a1)
[INFO] [stderr]    Compiling semver v1.0.14
[INFO] [stderr]     Checking embedded-hal v0.2.7
[INFO] [stderr]    Compiling regex v1.7.0
[INFO] [stderr]    Compiling cortex-m v0.7.6
[INFO] [stderr]    Compiling itoa v1.0.4
[INFO] [stderr]    Compiling futures-core v0.3.25
[INFO] [stderr]    Compiling inflections v1.1.1
[INFO] [stderr]    Compiling lock_api v0.4.9
[INFO] [stderr]    Compiling futures-task v0.3.25
[INFO] [stderr]    Compiling proc-macro-error v1.0.4
[INFO] [stderr]    Compiling rustc_version v0.4.0
[INFO] [stderr]    Compiling atomic-polyfill v1.0.1
[INFO] [stderr]    Compiling futures-util v0.3.25
[INFO] [stderr]     Checking futures-sink v0.3.25
[INFO] [stderr]    Compiling env_logger v0.9.3
[INFO] [stderr]    Compiling heapless v0.7.16
[INFO] [stderr]     Checking byteorder v1.4.3
[INFO] [stderr]     Checking pin-project-lite v0.2.9
[INFO] [stderr]     Checking spin v0.9.4
[INFO] [stderr]    Compiling embassy-sync v0.1.0 (https://github.com/embassy-rs/embassy?rev=5b65b0e84377338b615ba3fc16d0a96d2db5c206#5b65b0e8)
[INFO] [stderr]     Checking hash32 v0.2.1
[INFO] [stderr]    Compiling ident_case v1.0.1
[INFO] [stderr]     Checking stable_deref_trait v1.2.0
[INFO] [stderr]    Compiling fnv v1.0.7
[INFO] [stderr]     Checking vcell v0.1.3
[INFO] [stderr]    Compiling cortex-m-rt v0.7.2
[INFO] [stderr]    Compiling darling_core v0.13.4
[INFO] [stderr]    Compiling void v1.0.2
[INFO] [stderr]    Compiling volatile-register v0.2.1
[INFO] [stderr]    Compiling num-traits v0.2.15
[INFO] [stderr]    Compiling bitfield v0.13.2
[INFO] [stderr]     Checking embedded-hal v1.0.0-alpha.9
[INFO] [stderr]    Compiling futures-channel v0.3.25
[INFO] [stderr]    Compiling embassy-executor v0.1.1 (https://github.com/embassy-rs/embassy?rev=5b65b0e84377338b615ba3fc16d0a96d2db5c206#5b65b0e8)
[INFO] [stderr]     Checking static_cell v1.0.0
[INFO] [stderr]    Compiling embassy-cortex-m v0.1.0 (https://github.com/embassy-rs/embassy?rev=5b65b0e84377338b615ba3fc16d0a96d2db5c206#5b65b0e8)
[INFO] [stderr]     Checking embedded-storage v0.3.0
[INFO] [stderr]     Checking embedded-hal-async v0.2.0-alpha.0
[INFO] [stderr]     Checking embedded-storage-async v0.3.0
[INFO] [stdout] error[E0554]: `#![feature]` may not be used on the stable release channel
[INFO] [stdout]   --> /opt/rustwide/cargo-home/registry/src/index.crates.io-6f17d22bba15001f/embedded-hal-async-0.2.0-alpha.0/src/lib.rs:13:1
[INFO] [stdout]    |
[INFO] [stdout] 13 | #![feature(async_fn_in_trait, impl_trait_projections)]
[INFO] [stdout]    | ^^^^^^^^^^^^^^^^^^^^^^^^^^^^^^^^^^^^^^^^^^^^^^^^^^^^^^ help: remove the attribute
[INFO] [stdout]    |
[INFO] [stdout]    = help: the feature `impl_trait_projections` has been stable since `1.74.0` and no longer requires an attribute to enable
[INFO] [stdout]    = help: the feature `impl_trait_projections` has been stable since `1.74.0` and no longer requires an attribute to enable
[INFO] [stdout] 
[INFO] [stdout] 
[INFO] [stderr]    Compiling panic-probe v0.3.0
[INFO] [stdout] error[E0554]: `#![feature]` may not be used on the stable release channel
[INFO] [stdout]  --> /opt/rustwide/cargo-home/registry/src/index.crates.io-6f17d22bba15001f/embedded-storage-async-0.3.0/src/lib.rs:7:1
[INFO] [stdout]   |
[INFO] [stdout] 7 | #![feature(generic_associated_types)]
[INFO] [stdout]   | ^^^^^^^^^^^^^^^^^^^^^^^^^^^^^^^^^^^^^ help: remove the attribute
[INFO] [stdout]   |
[INFO] [stdout]   = help: the feature `generic_associated_types` has been stable since `1.65.0` and no longer requires an attribute to enable
[INFO] [stdout] 
[INFO] [stdout] 
[INFO] [stdout] error: aborting due to previous error
[INFO] [stdout] 
[INFO] [stdout] 
[INFO] [stdout] For more information about this error, try `rustc --explain E0554`.
[INFO] [stdout] 
[INFO] [stderr] error: could not compile `embedded-storage-async` (lib) due to 2 previous errors
[INFO] [stderr] warning: build failed, waiting for other jobs to finish...
[INFO] [stdout] error: aborting due to previous error
[INFO] [stdout] 
[INFO] [stdout] 
[INFO] [stdout] For more information about this error, try `rustc --explain E0554`.
[INFO] [stdout] 
[INFO] [stderr] error: could not compile `embedded-hal-async` (lib) due to 2 previous errors
[INFO] running `Command { std: "docker" "inspect" "d64d6aa2196cda79357c15709668619bd40ec5fbe4e4cf2410bcccae7dca672e", kill_on_drop: false }`
[INFO] running `Command { std: "docker" "rm" "-f" "d64d6aa2196cda79357c15709668619bd40ec5fbe4e4cf2410bcccae7dca672e", kill_on_drop: false }`
[INFO] [stdout] d64d6aa2196cda79357c15709668619bd40ec5fbe4e4cf2410bcccae7dca672e
[INFO] documenting amanjeev/stm32l433love against beta-2023-12-22 for beta-1.76-rustdoc-1
[INFO] running `Command { std: "git" "clone" "/workspace/cache/git-repos/https%3A%2F%2Fgithub.com%2Famanjeev%2Fstm32l433love" "/workspace/builds/worker-6-tc2/source", kill_on_drop: false }`
[INFO] [stderr] Cloning into '/workspace/builds/worker-6-tc2/source'...
[INFO] [stderr] done.
[INFO] validating manifest of git repo https://github.com/amanjeev/stm32l433love on toolchain beta-2023-12-22
[INFO] running `Command { std: CARGO_HOME="/workspace/cargo-home" RUSTUP_HOME="/workspace/rustup-home" "/workspace/cargo-home/bin/cargo" "+beta-2023-12-22" "metadata" "--manifest-path" "Cargo.toml" "--no-deps", kill_on_drop: false }`
[INFO] removed /workspace/builds/worker-6-tc2/source/.cargo/config.toml
[INFO] started tweaking git repo https://github.com/amanjeev/stm32l433love
[INFO] finished tweaking git repo https://github.com/amanjeev/stm32l433love
[INFO] tweaked toml for git repo https://github.com/amanjeev/stm32l433love written to /workspace/builds/worker-6-tc2/source/Cargo.toml
[INFO] crate git repo https://github.com/amanjeev/stm32l433love already has a lockfile, it will not be regenerated
[INFO] running `Command { std: CARGO_HOME="/workspace/cargo-home" RUSTUP_HOME="/workspace/rustup-home" "/workspace/cargo-home/bin/cargo" "+beta-2023-12-22" "fetch" "--manifest-path" "Cargo.toml", kill_on_drop: false }`
[INFO] running `Command { std: "docker" "create" "-v" "/var/lib/crater-agent-workspace/builds/worker-6-tc2/target:/opt/rustwide/target:rw,Z" "-v" "/var/lib/crater-agent-workspace/builds/worker-6-tc2/source:/opt/rustwide/workdir:ro,Z" "-v" "/var/lib/crater-agent-workspace/cargo-home:/opt/rustwide/cargo-home:ro,Z" "-v" "/var/lib/crater-agent-workspace/rustup-home:/opt/rustwide/rustup-home:ro,Z" "-e" "SOURCE_DIR=/opt/rustwide/workdir" "-e" "CARGO_TARGET_DIR=/opt/rustwide/target" "-e" "CARGO_HOME=/opt/rustwide/cargo-home" "-e" "RUSTUP_HOME=/opt/rustwide/rustup-home" "-w" "/opt/rustwide/workdir" "-m" "1610612736" "--user" "0:0" "--network" "none" "ghcr.io/rust-lang/crates-build-env/linux@sha256:2788e3201cd34a07e3172128adcd8b3090168a8e3bcc40d7c032b9dda1df7d1c" "/opt/rustwide/cargo-home/bin/cargo" "+beta-2023-12-22" "metadata" "--no-deps" "--format-version=1", kill_on_drop: false }`
[INFO] [stdout] 41abf6369b30547d901d0637e1aab6df753f80d87343d0473318e8f4b8d87c2b
[INFO] running `Command { std: "docker" "start" "-a" "41abf6369b30547d901d0637e1aab6df753f80d87343d0473318e8f4b8d87c2b", kill_on_drop: false }`
[INFO] running `Command { std: "docker" "inspect" "41abf6369b30547d901d0637e1aab6df753f80d87343d0473318e8f4b8d87c2b", kill_on_drop: false }`
[INFO] running `Command { std: "docker" "rm" "-f" "41abf6369b30547d901d0637e1aab6df753f80d87343d0473318e8f4b8d87c2b", kill_on_drop: false }`
[INFO] [stdout] 41abf6369b30547d901d0637e1aab6df753f80d87343d0473318e8f4b8d87c2b
[INFO] running `Command { std: "docker" "create" "-v" "/var/lib/crater-agent-workspace/builds/worker-6-tc2/target:/opt/rustwide/target:rw,Z" "-v" "/var/lib/crater-agent-workspace/builds/worker-6-tc2/source:/opt/rustwide/workdir:ro,Z" "-v" "/var/lib/crater-agent-workspace/cargo-home:/opt/rustwide/cargo-home:ro,Z" "-v" "/var/lib/crater-agent-workspace/rustup-home:/opt/rustwide/rustup-home:ro,Z" "-e" "SOURCE_DIR=/opt/rustwide/workdir" "-e" "CARGO_TARGET_DIR=/opt/rustwide/target" "-e" "CARGO_INCREMENTAL=0" "-e" "RUST_BACKTRACE=full" "-e" "RUSTFLAGS=--cap-lints=warn" "-e" "RUSTDOCFLAGS=--cap-lints=warn" "-e" "CARGO_HOME=/opt/rustwide/cargo-home" "-e" "RUSTUP_HOME=/opt/rustwide/rustup-home" "-w" "/opt/rustwide/workdir" "-m" "1610612736" "--user" "0:0" "--network" "none" "ghcr.io/rust-lang/crates-build-env/linux@sha256:2788e3201cd34a07e3172128adcd8b3090168a8e3bcc40d7c032b9dda1df7d1c" "/opt/rustwide/cargo-home/bin/cargo" "+beta-2023-12-22" "doc" "--frozen" "--no-deps" "--document-private-items" "--message-format=json", kill_on_drop: false }`
[INFO] [stdout] b5cb346046689301a4b483db1656212b756c58ba2ca2cfced12f2e96e318bd4a
[INFO] running `Command { std: "docker" "start" "-a" "b5cb346046689301a4b483db1656212b756c58ba2ca2cfced12f2e96e318bd4a", kill_on_drop: false }`
[INFO] [stderr]    Compiling syn v1.0.105
[INFO] [stderr]    Compiling cfg-if v1.0.0
[INFO] [stderr]    Compiling libc v0.2.138
[INFO] [stderr]    Compiling defmt v0.3.2
[INFO] [stderr]    Compiling crossbeam-utils v0.8.14
[INFO] [stderr]    Compiling memoffset v0.7.1
[INFO] [stderr]    Compiling strsim v0.10.0
[INFO] [stderr]    Compiling crossbeam-epoch v0.9.13
[INFO] [stderr]    Compiling memchr v2.5.0
[INFO] [stderr]    Compiling serde_derive v1.0.150
[INFO] [stderr]    Compiling scopeguard v1.1.0
[INFO] [stderr]    Compiling indexmap v1.9.2
[INFO] [stderr]    Compiling rayon-core v1.10.1
[INFO] [stderr]    Compiling bitflags v1.3.2
[INFO] [stderr]    Compiling defmt-macros v0.3.3
[INFO] [stderr]    Compiling serde v1.0.150
[INFO] [stderr]    Compiling log v0.4.17
[INFO] [stderr]    Compiling defmt-parser v0.3.1
[INFO] [stderr]    Compiling regex-syntax v0.6.28
[INFO] [stderr]    Compiling aho-corasick v0.7.20
[INFO] [stderr]    Compiling crossbeam-channel v0.5.6
[INFO] [stderr]    Compiling num_cpus v1.14.0
[INFO] [stderr]    Compiling thiserror v1.0.37
[INFO] [stderr]    Compiling hashbrown v0.12.3
[INFO] [stderr]    Compiling crossbeam-deque v0.8.2
[INFO] [stderr]    Compiling anyhow v1.0.66
[INFO] [stderr]     Checking nb v1.0.0
[INFO] [stderr]    Compiling atty v0.2.14
[INFO] [stderr]    Compiling xml-rs v0.7.0
[INFO] [stderr]    Compiling either v1.8.0
[INFO] [stderr]    Compiling ryu v1.0.11
[INFO] [stderr]    Compiling termcolor v1.1.3
[INFO] [stderr]    Compiling os_str_bytes v6.4.1
[INFO] [stderr]    Compiling once_cell v1.16.0
[INFO] [stderr]    Compiling linked-hash-map v0.5.6
[INFO] [stderr]    Compiling clap_lex v0.2.4
[INFO] [stderr]    Compiling xmltree v0.8.0
[INFO] [stderr]    Compiling rayon v1.6.1
[INFO] [stderr]    Compiling yaml-rust v0.4.5
[INFO] [stderr]    Compiling regex v1.7.0
[INFO] [stderr]    Compiling bare-metal v0.2.5
[INFO] [stderr]     Checking nb v0.1.3
[INFO] [stderr]    Compiling textwrap v0.16.0
[INFO] [stderr]    Compiling semver v1.0.14
[INFO] [stderr]     Checking critical-section v1.1.1
[INFO] [stderr]    Compiling humantime v2.1.0
[INFO] [stderr]    Compiling chiptool v0.1.0 (https://github.com/embassy-rs/chiptool?rev=28ffa8a19d84914089547f52900ffb5877a5dc23#28ffa8a1)
[INFO] [stderr]    Compiling serde_json v1.0.89
[INFO] [stderr]     Checking embedded-hal v0.2.7
[INFO] [stderr]    Compiling itoa v1.0.4
[INFO] [stderr]    Compiling futures-core v0.3.25
[INFO] [stderr]    Compiling env_logger v0.9.3
[INFO] [stderr]    Compiling cortex-m v0.7.6
[INFO] [stderr]    Compiling inflections v1.1.1
[INFO] [stderr]    Compiling lock_api v0.4.9
[INFO] [stderr]    Compiling proc-macro-error v1.0.4
[INFO] [stderr]    Compiling futures-task v0.3.25
[INFO] [stderr]    Compiling rustc_version v0.4.0
[INFO] [stderr]     Checking futures-sink v0.3.25
[INFO] [stderr]    Compiling atomic-polyfill v1.0.1
[INFO] [stderr]    Compiling futures-util v0.3.25
[INFO] [stderr]     Checking pin-project-lite v0.2.9
[INFO] [stderr]     Checking byteorder v1.4.3
[INFO] [stderr]    Compiling heapless v0.7.16
[INFO] [stderr]     Checking spin v0.9.4
[INFO] [stderr]     Checking hash32 v0.2.1
[INFO] [stderr]    Compiling cortex-m-rt v0.7.2
[INFO] [stderr]     Checking stable_deref_trait v1.2.0
[INFO] [stderr]    Compiling ident_case v1.0.1
[INFO] [stderr]    Compiling embassy-sync v0.1.0 (https://github.com/embassy-rs/embassy?rev=5b65b0e84377338b615ba3fc16d0a96d2db5c206#5b65b0e8)
[INFO] [stderr]     Checking vcell v0.1.3
[INFO] [stderr]    Compiling fnv v1.0.7
[INFO] [stderr]    Compiling darling_core v0.13.4
[INFO] [stderr]    Compiling void v1.0.2
[INFO] [stderr]     Checking volatile-register v0.2.1
[INFO] [stderr]    Compiling num-traits v0.2.15
[INFO] [stderr]    Compiling bitfield v0.13.2
[INFO] [stderr]    Compiling embassy-executor v0.1.1 (https://github.com/embassy-rs/embassy?rev=5b65b0e84377338b615ba3fc16d0a96d2db5c206#5b65b0e8)
[INFO] [stderr]    Compiling futures-channel v0.3.25
[INFO] [stderr]     Checking embedded-hal v1.0.0-alpha.9
[INFO] [stderr]     Checking static_cell v1.0.0
[INFO] [stderr]    Compiling embassy-cortex-m v0.1.0 (https://github.com/embassy-rs/embassy?rev=5b65b0e84377338b615ba3fc16d0a96d2db5c206#5b65b0e8)
[INFO] [stderr]     Checking embedded-storage v0.3.0
[INFO] [stderr]     Checking embedded-hal-async v0.2.0-alpha.0
[INFO] [stderr]     Checking futures-io v0.3.25
[INFO] [stdout] error[E0554]: `#![feature]` may not be used on the beta release channel
[INFO] [stdout]   --> /opt/rustwide/cargo-home/registry/src/index.crates.io-6f17d22bba15001f/embedded-hal-async-0.2.0-alpha.0/src/lib.rs:13:1
[INFO] [stdout]    |
[INFO] [stdout] 13 | #![feature(async_fn_in_trait, impl_trait_projections)]
[INFO] [stdout]    | ^^^^^^^^^^^^^^^^^^^^^^^^^^^^^^^^^^^^^^^^^^^^^^^^^^^^^^ help: remove the attribute
[INFO] [stdout]    |
[INFO] [stdout]    = help: the feature `impl_trait_projections` has been stable since `1.74.0` and no longer requires an attribute to enable
[INFO] [stdout]    = help: the feature `impl_trait_projections` has been stable since `1.74.0` and no longer requires an attribute to enable
[INFO] [stdout] 
[INFO] [stdout] 
[INFO] [stderr]    Compiling defmt-rtt v0.4.0
[INFO] [stderr]     Checking embedded-storage-async v0.3.0
[INFO] [stdout] error[E0554]: `#![feature]` may not be used on the beta release channel
[INFO] [stdout]  --> /opt/rustwide/cargo-home/registry/src/index.crates.io-6f17d22bba15001f/embedded-storage-async-0.3.0/src/lib.rs:7:1
[INFO] [stdout]   |
[INFO] [stdout] 7 | #![feature(generic_associated_types)]
[INFO] [stdout]   | ^^^^^^^^^^^^^^^^^^^^^^^^^^^^^^^^^^^^^ help: remove the attribute
[INFO] [stdout]   |
[INFO] [stdout]   = help: the feature `generic_associated_types` has been stable since `1.65.0` and no longer requires an attribute to enable
[INFO] [stdout] 
[INFO] [stdout] 
[INFO] [stdout] error: aborting due to 1 previous error
[INFO] [stdout] 
[INFO] [stdout] 
[INFO] [stdout] For more information about this error, try `rustc --explain E0554`.
[INFO] [stdout] 
[INFO] [stderr] error: could not compile `embedded-storage-async` (lib) due to 2 previous errors
[INFO] [stderr] warning: build failed, waiting for other jobs to finish...
[INFO] [stdout] error: aborting due to 1 previous error
[INFO] [stdout] 
[INFO] [stdout] 
[INFO] [stdout] For more information about this error, try `rustc --explain E0554`.
[INFO] [stdout] 
[INFO] [stderr] error: could not compile `embedded-hal-async` (lib) due to 2 previous errors
[INFO] running `Command { std: "docker" "inspect" "b5cb346046689301a4b483db1656212b756c58ba2ca2cfced12f2e96e318bd4a", kill_on_drop: false }`
[INFO] running `Command { std: "docker" "rm" "-f" "b5cb346046689301a4b483db1656212b756c58ba2ca2cfced12f2e96e318bd4a", kill_on_drop: false }`
[INFO] [stdout] b5cb346046689301a4b483db1656212b756c58ba2ca2cfced12f2e96e318bd4a
