[INFO] cloning repository https://github.com/alperburakdgn/icp_project
[INFO] running `Command { std: "git" "-c" "credential.helper=" "-c" "credential.helper=/workspace/cargo-home/bin/git-credential-null" "clone" "--bare" "https://github.com/alperburakdgn/icp_project" "/workspace/cache/git-repos/https%3A%2F%2Fgithub.com%2Falperburakdgn%2Ficp_project", kill_on_drop: false }`
[INFO] [stderr] Cloning into bare repository '/workspace/cache/git-repos/https%3A%2F%2Fgithub.com%2Falperburakdgn%2Ficp_project'...
[INFO] running `Command { std: "git" "rev-parse" "HEAD", kill_on_drop: false }`
[INFO] [stdout] 16c79e529465dcc8c696d7f9eac5fba79f94e584
[INFO] documenting alperburakdgn/icp_project against 1.75.0 for beta-1.76-rustdoc-1
[INFO] running `Command { std: "git" "clone" "/workspace/cache/git-repos/https%3A%2F%2Fgithub.com%2Falperburakdgn%2Ficp_project" "/workspace/builds/worker-2-tc1/source", kill_on_drop: false }`
[INFO] [stderr] Cloning into '/workspace/builds/worker-2-tc1/source'...
[INFO] [stderr] done.
[INFO] validating manifest of git repo https://github.com/alperburakdgn/icp_project on toolchain 1.75.0
[INFO] running `Command { std: CARGO_HOME="/workspace/cargo-home" RUSTUP_HOME="/workspace/rustup-home" "/workspace/cargo-home/bin/cargo" "+1.75.0" "metadata" "--manifest-path" "Cargo.toml" "--no-deps", kill_on_drop: false }`
[INFO] started tweaking git repo https://github.com/alperburakdgn/icp_project
[INFO] finished tweaking git repo https://github.com/alperburakdgn/icp_project
[INFO] tweaked toml for git repo https://github.com/alperburakdgn/icp_project written to /workspace/builds/worker-2-tc1/source/Cargo.toml
[INFO] crate git repo https://github.com/alperburakdgn/icp_project already has a lockfile, it will not be regenerated
[INFO] running `Command { std: CARGO_HOME="/workspace/cargo-home" RUSTUP_HOME="/workspace/rustup-home" "/workspace/cargo-home/bin/cargo" "+1.75.0" "fetch" "--manifest-path" "Cargo.toml", kill_on_drop: false }`
[INFO] [stderr] warning: virtual workspace defaulting to `resolver = "1"` despite one or more workspace members being on edition 2021 which implies `resolver = "2"`
[INFO] [stderr] note: to keep the current resolver, specify `workspace.resolver = "1"` in the workspace root's manifest
[INFO] [stderr] note: to use the edition 2021 resolver, specify `workspace.resolver = "2"` in the workspace root's manifest
[INFO] [stderr] note: for more details see https://doc.rust-lang.org/cargo/reference/resolver.html#resolver-versions
[INFO] [stderr]  Downloading crates ...
[INFO] [stderr]   Downloaded candid_derive v0.5.0
[INFO] [stderr]   Downloaded candid v0.8.4
[INFO] [stderr]   Downloaded ic-cdk-macros v0.6.10
[INFO] [stderr]   Downloaded ic-cdk-timers v0.1.2
[INFO] [stderr]   Downloaded ic-cdk v0.7.4
[INFO] [stderr]   Downloaded ic-stable-structures v0.5.6
[INFO] running `Command { std: "docker" "create" "-v" "/var/lib/crater-agent-workspace/builds/worker-2-tc1/target:/opt/rustwide/target:rw,Z" "-v" "/var/lib/crater-agent-workspace/builds/worker-2-tc1/source:/opt/rustwide/workdir:ro,Z" "-v" "/var/lib/crater-agent-workspace/cargo-home:/opt/rustwide/cargo-home:ro,Z" "-v" "/var/lib/crater-agent-workspace/rustup-home:/opt/rustwide/rustup-home:ro,Z" "-e" "SOURCE_DIR=/opt/rustwide/workdir" "-e" "CARGO_TARGET_DIR=/opt/rustwide/target" "-e" "CARGO_HOME=/opt/rustwide/cargo-home" "-e" "RUSTUP_HOME=/opt/rustwide/rustup-home" "-w" "/opt/rustwide/workdir" "-m" "1610612736" "--user" "0:0" "--network" "none" "ghcr.io/rust-lang/crates-build-env/linux@sha256:2788e3201cd34a07e3172128adcd8b3090168a8e3bcc40d7c032b9dda1df7d1c" "/opt/rustwide/cargo-home/bin/cargo" "+1.75.0" "metadata" "--no-deps" "--format-version=1", kill_on_drop: false }`
[INFO] [stdout] 6336770083b12d551de043b9b3e11d3698a8653c3e2979f4f796c80d3ee2f34f
[INFO] running `Command { std: "docker" "start" "-a" "6336770083b12d551de043b9b3e11d3698a8653c3e2979f4f796c80d3ee2f34f", kill_on_drop: false }`
[INFO] running `Command { std: "docker" "inspect" "6336770083b12d551de043b9b3e11d3698a8653c3e2979f4f796c80d3ee2f34f", kill_on_drop: false }`
[INFO] running `Command { std: "docker" "rm" "-f" "6336770083b12d551de043b9b3e11d3698a8653c3e2979f4f796c80d3ee2f34f", kill_on_drop: false }`
[INFO] [stdout] 6336770083b12d551de043b9b3e11d3698a8653c3e2979f4f796c80d3ee2f34f
[INFO] running `Command { std: "docker" "create" "-v" "/var/lib/crater-agent-workspace/builds/worker-2-tc1/target:/opt/rustwide/target:rw,Z" "-v" "/var/lib/crater-agent-workspace/builds/worker-2-tc1/source:/opt/rustwide/workdir:ro,Z" "-v" "/var/lib/crater-agent-workspace/cargo-home:/opt/rustwide/cargo-home:ro,Z" "-v" "/var/lib/crater-agent-workspace/rustup-home:/opt/rustwide/rustup-home:ro,Z" "-e" "SOURCE_DIR=/opt/rustwide/workdir" "-e" "CARGO_TARGET_DIR=/opt/rustwide/target" "-e" "CARGO_INCREMENTAL=0" "-e" "RUST_BACKTRACE=full" "-e" "RUSTFLAGS=--cap-lints=warn" "-e" "RUSTDOCFLAGS=--cap-lints=warn" "-e" "CARGO_HOME=/opt/rustwide/cargo-home" "-e" "RUSTUP_HOME=/opt/rustwide/rustup-home" "-w" "/opt/rustwide/workdir" "-m" "1610612736" "--user" "0:0" "--network" "none" "ghcr.io/rust-lang/crates-build-env/linux@sha256:2788e3201cd34a07e3172128adcd8b3090168a8e3bcc40d7c032b9dda1df7d1c" "/opt/rustwide/cargo-home/bin/cargo" "+1.75.0" "doc" "--frozen" "--no-deps" "--document-private-items" "--message-format=json", kill_on_drop: false }`
[INFO] [stdout] 01f60108014ed93f8361e322dc3d9c97f4141631a44c539f6a154629a1963cd4
[INFO] running `Command { std: "docker" "start" "-a" "01f60108014ed93f8361e322dc3d9c97f4141631a44c539f6a154629a1963cd4", kill_on_drop: false }`
[INFO] [stderr] warning: virtual workspace defaulting to `resolver = "1"` despite one or more workspace members being on edition 2021 which implies `resolver = "2"`
[INFO] [stderr] note: to keep the current resolver, specify `workspace.resolver = "1"` in the workspace root's manifest
[INFO] [stderr] note: to use the edition 2021 resolver, specify `workspace.resolver = "2"` in the workspace root's manifest
[INFO] [stderr] note: for more details see https://doc.rust-lang.org/cargo/reference/resolver.html#resolver-versions
[INFO] [stderr]    Compiling syn v1.0.109
[INFO] [stderr]    Compiling libc v0.2.147
[INFO] [stderr]    Compiling generic-array v0.14.7
[INFO] [stderr]    Compiling once_cell v1.18.0
[INFO] [stderr]    Compiling serde v1.0.173
[INFO] [stderr]    Compiling quote v1.0.31
[INFO] [stderr]    Compiling num-traits v0.2.16
[INFO] [stderr]    Compiling serde_derive v1.0.173
[INFO] [stderr]    Compiling either v1.8.1
[INFO] [stderr]    Compiling syn v2.0.27
[INFO] [stderr]    Compiling parking_lot_core v0.9.8
[INFO] [stderr]    Compiling lock_api v0.4.10
[INFO] [stderr]    Compiling aho-corasick v1.0.2
[INFO] [stderr]    Compiling smallvec v1.11.0
[INFO] [stderr]    Compiling scopeguard v1.2.0
[INFO] [stderr]    Compiling rustix v0.38.4
[INFO] [stderr]    Compiling regex-syntax v0.7.4
[INFO] [stderr]    Compiling regex-syntax v0.6.29
[INFO] [stderr]    Compiling indexmap v1.9.3
[INFO] [stderr]    Compiling num-integer v0.1.45
[INFO] [stderr]    Compiling bitflags v2.3.3
[INFO] [stderr]    Compiling linux-raw-sys v0.4.3
[INFO] [stderr]    Compiling winnow v0.5.0
[INFO] [stderr]    Compiling dirs-sys-next v0.1.2
[INFO] [stderr]    Compiling dirs-next v2.0.0
[INFO] [stderr]    Compiling term v0.7.0
[INFO] [stderr]    Compiling parking_lot v0.12.1
[INFO] [stderr]    Compiling typenum v1.16.0
[INFO] [stderr]    Compiling regex-automata v0.3.3
[INFO] [stderr]    Compiling toml_edit v0.19.14
[INFO] [stderr]    Compiling rustversion v1.0.14
[INFO] [stderr]    Compiling log v0.4.19
[INFO] [stderr]    Compiling string_cache v0.8.7
[INFO] [stderr]    Compiling ena v0.14.2
[INFO] [stderr]    Compiling petgraph v0.6.3
[INFO] [stderr]    Compiling is-terminal v0.4.9
[INFO] [stderr]    Compiling ascii-canvas v3.0.0
[INFO] [stderr]    Compiling itertools v0.10.5
[INFO] [stderr]    Compiling num-bigint v0.4.3
[INFO] [stderr]    Compiling beef v0.5.2
[INFO] [stderr]    Compiling thiserror v1.0.43
[INFO] [stderr]    Compiling anyhow v1.0.72
[INFO] [stderr]    Compiling proc-macro-crate v1.3.1
[INFO] [stderr]    Compiling regex v1.9.1
[INFO] [stderr]    Compiling thiserror-impl v1.0.43
[INFO] [stderr]    Compiling futures-core v0.3.28
[INFO] [stderr]    Compiling lalrpop-util v0.19.12
[INFO] [stderr]    Compiling lazy_static v1.4.0
[INFO] [stderr]    Compiling crypto-common v0.1.6
[INFO] [stderr]    Compiling block-buffer v0.10.4
[INFO] [stderr]    Compiling lalrpop v0.19.12
[INFO] [stderr]    Compiling slab v0.4.8
[INFO] [stderr]    Compiling futures-channel v0.3.28
[INFO] [stderr]    Compiling futures-task v0.3.28
[INFO] [stderr]    Compiling digest v0.10.7
[INFO] [stderr]    Compiling logos-derive v0.12.1
[INFO] [stderr]    Compiling num_enum_derive v0.5.11
[INFO] [stderr]    Compiling binread_derive v2.1.0
[INFO] [stderr]    Compiling candid_derive v0.5.0
[INFO] [stderr]    Compiling arrayvec v0.5.2
[INFO] [stderr]     Checking futures-sink v0.3.28
[INFO] [stderr]    Compiling cpufeatures v0.2.9
[INFO] [stderr]    Compiling typed-arena v2.0.2
[INFO] [stderr]    Compiling futures-util v0.3.28
[INFO] [stderr]    Compiling unicode-width v0.1.10
[INFO] [stderr]    Compiling termcolor v1.2.0
[INFO] [stderr]    Compiling num_enum v0.5.11
[INFO] [stderr]    Compiling codespan-reporting v0.11.1
[INFO] [stderr]    Compiling pretty v0.10.0
[INFO] [stderr]    Compiling sha2 v0.10.7
[INFO] [stderr]    Compiling serde_bytes v0.11.12
[INFO] [stderr]    Compiling futures-macro v0.3.28
[INFO] [stderr]    Compiling crc32fast v1.3.2
[INFO] [stderr]    Compiling logos v0.12.1
[INFO] [stderr]    Compiling binread v2.2.0
[INFO] [stderr]    Compiling byteorder v1.4.3
[INFO] [stderr]    Compiling leb128 v0.2.5
[INFO] [stderr]     Checking pin-project-lite v0.2.10
[INFO] [stderr]     Checking futures-io v0.3.28
[INFO] [stderr]    Compiling data-encoding v2.4.0
[INFO] [stderr]    Compiling hex v0.4.3
[INFO] [stderr]    Compiling serde_tokenstream v0.1.7
[INFO] [stderr]     Checking ic0 v0.18.11
[INFO] [stderr]     Checking ic-stable-structures v0.5.6
[INFO] [stderr]    Compiling candid v0.8.4
[INFO] [stderr]     Checking futures-executor v0.3.28
[INFO] [stderr]     Checking futures v0.3.28
[INFO] [stderr]    Compiling ic-cdk-macros v0.6.10
[INFO] [stderr]     Checking ic-cdk v0.7.4
[INFO] [stderr]     Checking ic-cdk-timers v0.1.2
[INFO] [stderr]  Documenting final_project_backend v0.1.0 (/opt/rustwide/workdir/src/final_project_backend)
[INFO] [stdout] error: expected `:`, found `candid`
[INFO] [stdout]   --> src/final_project_backend/src/lib.rs:34:11
[INFO] [stdout]    |
[INFO] [stdout] 27 | struct Proposal{
[INFO] [stdout]    |        -------- while parsing this struct
[INFO] [stdout] ...
[INFO] [stdout] 34 |     owner candid::Principal,
[INFO] [stdout]    |           ^^^^^^ expected `:`
[INFO] [stdout] 
[INFO] [stdout] 
[INFO] [stdout] error: unexpected token: `...`
[INFO] [stdout]   --> src/final_project_backend/src/lib.rs:63:60
[INFO] [stdout]    |
[INFO] [stdout] 63 |     PROPOSAL_MAP.with(|p: &RefCell<BTreeMap<u64, Proposal, ...>>|p.borrow().get(key))
[INFO] [stdout]    |                                                            ^^^
[INFO] [stdout]    |
[INFO] [stdout] help: use `..` for an exclusive range
[INFO] [stdout]    |
[INFO] [stdout] 63 |     PROPOSAL_MAP.with(|p: &RefCell<BTreeMap<u64, Proposal, ..>>|p.borrow().get(key))
[INFO] [stdout]    |                                                            ~~
[INFO] [stdout] help: or `..=` for an inclusive range
[INFO] [stdout]    |
[INFO] [stdout] 63 |     PROPOSAL_MAP.with(|p: &RefCell<BTreeMap<u64, Proposal, ..=>>|p.borrow().get(key))
[INFO] [stdout]    |                                                            ~~~
[INFO] [stdout] 
[INFO] [stdout] 
[INFO] [stdout] error[E0586]: inclusive range with no end
[INFO] [stdout]   --> src/final_project_backend/src/lib.rs:63:60
[INFO] [stdout]    |
[INFO] [stdout] 63 |     PROPOSAL_MAP.with(|p: &RefCell<BTreeMap<u64, Proposal, ...>>|p.borrow().get(key))
[INFO] [stdout]    |                                                            ^^^ help: use `..` instead
[INFO] [stdout]    |
[INFO] [stdout]    = note: inclusive ranges must be bounded at the end (`..=b` or `a..=b`)
[INFO] [stdout] 
[INFO] [stdout] 
[INFO] [stdout] error: invalid const generic expression
[INFO] [stdout]   --> src/final_project_backend/src/lib.rs:63:60
[INFO] [stdout]    |
[INFO] [stdout] 63 |     PROPOSAL_MAP.with(|p: &RefCell<BTreeMap<u64, Proposal, ...>>|p.borrow().get(key))
[INFO] [stdout]    |                                                            ^^^
[INFO] [stdout]    |
[INFO] [stdout] help: expressions must be enclosed in braces to be used as const generic arguments
[INFO] [stdout]    |
[INFO] [stdout] 63 |     PROPOSAL_MAP.with(|p: &RefCell<BTreeMap<u64, Proposal, { ... }>>|p.borrow().get(key))
[INFO] [stdout]    |                                                            +     +
[INFO] [stdout] 
[INFO] [stdout] 
[INFO] [stdout] error: unexpected token: `...`
[INFO] [stdout]   --> src/final_project_backend/src/lib.rs:67:60
[INFO] [stdout]    |
[INFO] [stdout] 67 |     PROPOSAL_MAP.with(|p: &RefCell<BTreeMap<u64, Proposal, ...>>|p.borrow().len())
[INFO] [stdout]    |                                                            ^^^
[INFO] [stdout]    |
[INFO] [stdout] help: use `..` for an exclusive range
[INFO] [stdout]    |
[INFO] [stdout] 67 |     PROPOSAL_MAP.with(|p: &RefCell<BTreeMap<u64, Proposal, ..>>|p.borrow().len())
[INFO] [stdout]    |                                                            ~~
[INFO] [stdout] help: or `..=` for an inclusive range
[INFO] [stdout]    |
[INFO] [stdout] 67 |     PROPOSAL_MAP.with(|p: &RefCell<BTreeMap<u64, Proposal, ..=>>|p.borrow().len())
[INFO] [stdout]    |                                                            ~~~
[INFO] [stdout] 
[INFO] [stdout] 
[INFO] [stdout] error[E0586]: inclusive range with no end
[INFO] [stdout]   --> src/final_project_backend/src/lib.rs:67:60
[INFO] [stdout]    |
[INFO] [stdout] 67 |     PROPOSAL_MAP.with(|p: &RefCell<BTreeMap<u64, Proposal, ...>>|p.borrow().len())
[INFO] [stdout]    |                                                            ^^^ help: use `..` instead
[INFO] [stdout]    |
[INFO] [stdout]    = note: inclusive ranges must be bounded at the end (`..=b` or `a..=b`)
[INFO] [stdout] 
[INFO] [stdout] 
[INFO] [stdout] error: invalid const generic expression
[INFO] [stdout]   --> src/final_project_backend/src/lib.rs:67:60
[INFO] [stdout]    |
[INFO] [stdout] 67 |     PROPOSAL_MAP.with(|p: &RefCell<BTreeMap<u64, Proposal, ...>>|p.borrow().len())
[INFO] [stdout]    |                                                            ^^^
[INFO] [stdout]    |
[INFO] [stdout] help: expressions must be enclosed in braces to be used as const generic arguments
[INFO] [stdout]    |
[INFO] [stdout] 67 |     PROPOSAL_MAP.with(|p: &RefCell<BTreeMap<u64, Proposal, { ... }>>|p.borrow().len())
[INFO] [stdout]    |                                                            +     +
[INFO] [stdout] 
[INFO] [stdout] 
[INFO] [stdout] error: unexpected token: `...`
[INFO] [stdout]   --> src/final_project_backend/src/lib.rs:82:60
[INFO] [stdout]    |
[INFO] [stdout] 82 |     PROPOSAL_MAP.with(|p: &RefCell<BTreeMap<u64, Proposal, ...>>|p.borrow_mut().insert(key,value))
[INFO] [stdout]    |                                                            ^^^
[INFO] [stdout]    |
[INFO] [stdout] help: use `..` for an exclusive range
[INFO] [stdout]    |
[INFO] [stdout] 82 |     PROPOSAL_MAP.with(|p: &RefCell<BTreeMap<u64, Proposal, ..>>|p.borrow_mut().insert(key,value))
[INFO] [stdout]    |                                                            ~~
[INFO] [stdout] help: or `..=` for an inclusive range
[INFO] [stdout]    |
[INFO] [stdout] 82 |     PROPOSAL_MAP.with(|p: &RefCell<BTreeMap<u64, Proposal, ..=>>|p.borrow_mut().insert(key,value))
[INFO] [stdout]    |                                                            ~~~
[INFO] [stdout] 
[INFO] [stdout] 
[INFO] [stdout] error[E0586]: inclusive range with no end
[INFO] [stdout]   --> src/final_project_backend/src/lib.rs:82:60
[INFO] [stdout]    |
[INFO] [stdout] 82 |     PROPOSAL_MAP.with(|p: &RefCell<BTreeMap<u64, Proposal, ...>>|p.borrow_mut().insert(key,value))
[INFO] [stdout]    |                                                            ^^^ help: use `..` instead
[INFO] [stdout]    |
[INFO] [stdout]    = note: inclusive ranges must be bounded at the end (`..=b` or `a..=b`)
[INFO] [stdout] 
[INFO] [stdout] 
[INFO] [stdout] error: invalid const generic expression
[INFO] [stdout]   --> src/final_project_backend/src/lib.rs:82:60
[INFO] [stdout]    |
[INFO] [stdout] 82 |     PROPOSAL_MAP.with(|p: &RefCell<BTreeMap<u64, Proposal, ...>>|p.borrow_mut().insert(key,value))
[INFO] [stdout]    |                                                            ^^^
[INFO] [stdout]    |
[INFO] [stdout] help: expressions must be enclosed in braces to be used as const generic arguments
[INFO] [stdout]    |
[INFO] [stdout] 82 |     PROPOSAL_MAP.with(|p: &RefCell<BTreeMap<u64, Proposal, { ... }>>|p.borrow_mut().insert(key,value))
[INFO] [stdout]    |                                                            +     +
[INFO] [stdout] 
[INFO] [stdout] 
[INFO] [stdout] error: unexpected token: `...`
[INFO] [stdout]   --> src/final_project_backend/src/lib.rs:88:60
[INFO] [stdout]    |
[INFO] [stdout] 88 |     PROPOSAL_MAP.with(|p: &RefCell<BTreeMap<u64, Proposal, ...>>| {
[INFO] [stdout]    |                                                            ^^^
[INFO] [stdout]    |
[INFO] [stdout] help: use `..` for an exclusive range
[INFO] [stdout]    |
[INFO] [stdout] 88 |     PROPOSAL_MAP.with(|p: &RefCell<BTreeMap<u64, Proposal, ..>>| {
[INFO] [stdout]    |                                                            ~~
[INFO] [stdout] help: or `..=` for an inclusive range
[INFO] [stdout]    |
[INFO] [stdout] 88 |     PROPOSAL_MAP.with(|p: &RefCell<BTreeMap<u64, Proposal, ..=>>| {
[INFO] [stdout]    |                                                            ~~~
[INFO] [stdout] 
[INFO] [stdout] 
[INFO] [stdout] error[E0586]: inclusive range with no end
[INFO] [stdout]   --> src/final_project_backend/src/lib.rs:88:60
[INFO] [stdout]    |
[INFO] [stdout] 88 |     PROPOSAL_MAP.with(|p: &RefCell<BTreeMap<u64, Proposal, ...>>| {
[INFO] [stdout]    |                                                            ^^^ help: use `..` instead
[INFO] [stdout]    |
[INFO] [stdout]    = note: inclusive ranges must be bounded at the end (`..=b` or `a..=b`)
[INFO] [stdout] 
[INFO] [stdout] 
[INFO] [stdout] error: invalid const generic expression
[INFO] [stdout]   --> src/final_project_backend/src/lib.rs:88:60
[INFO] [stdout]    |
[INFO] [stdout] 88 |     PROPOSAL_MAP.with(|p: &RefCell<BTreeMap<u64, Proposal, ...>>| {
[INFO] [stdout]    |                                                            ^^^
[INFO] [stdout]    |
[INFO] [stdout] help: expressions must be enclosed in braces to be used as const generic arguments
[INFO] [stdout]    |
[INFO] [stdout] 88 |     PROPOSAL_MAP.with(|p: &RefCell<BTreeMap<u64, Proposal, { ... }>>| {
[INFO] [stdout]    |                                                            +     +
[INFO] [stdout] 
[INFO] [stdout] 
[INFO] [stdout] error: expected one of `)`, `,`, `@`, or `|`, found `:`
[INFO] [stdout]   --> src/final_project_backend/src/lib.rs:93:23
[INFO] [stdout]    |
[INFO] [stdout] 93 |             Some(value: Proposal) => old_proposal = value,
[INFO] [stdout]    |                       ^ expected one of `)`, `,`, `@`, or `|`
[INFO] [stdout] 
[INFO] [stdout] 
[INFO] [stdout] error: unexpected token: `...`
[INFO] [stdout]    --> src/final_project_backend/src/lib.rs:122:60
[INFO] [stdout]     |
[INFO] [stdout] 122 |     PROPOSAL_MAP.with(|p: &RefCell<BTreeMap<u64, Proposal, ...>>| {
[INFO] [stdout]     |                                                            ^^^
[INFO] [stdout]     |
[INFO] [stdout] help: use `..` for an exclusive range
[INFO] [stdout]     |
[INFO] [stdout] 122 |     PROPOSAL_MAP.with(|p: &RefCell<BTreeMap<u64, Proposal, ..>>| {
[INFO] [stdout]     |                                                            ~~
[INFO] [stdout] help: or `..=` for an inclusive range
[INFO] [stdout]     |
[INFO] [stdout] 122 |     PROPOSAL_MAP.with(|p: &RefCell<BTreeMap<u64, Proposal, ..=>>| {
[INFO] [stdout]     |                                                            ~~~
[INFO] [stdout] 
[INFO] [stdout] 
[INFO] [stdout] error[E0586]: inclusive range with no end
[INFO] [stdout]    --> src/final_project_backend/src/lib.rs:122:60
[INFO] [stdout]     |
[INFO] [stdout] 122 |     PROPOSAL_MAP.with(|p: &RefCell<BTreeMap<u64, Proposal, ...>>| {
[INFO] [stdout]     |                                                            ^^^ help: use `..` instead
[INFO] [stdout]     |
[INFO] [stdout]     = note: inclusive ranges must be bounded at the end (`..=b` or `a..=b`)
[INFO] [stdout] 
[INFO] [stdout] 
[INFO] [stdout] error: invalid const generic expression
[INFO] [stdout]    --> src/final_project_backend/src/lib.rs:122:60
[INFO] [stdout]     |
[INFO] [stdout] 122 |     PROPOSAL_MAP.with(|p: &RefCell<BTreeMap<u64, Proposal, ...>>| {
[INFO] [stdout]     |                                                            ^^^
[INFO] [stdout]     |
[INFO] [stdout] help: expressions must be enclosed in braces to be used as const generic arguments
[INFO] [stdout]     |
[INFO] [stdout] 122 |     PROPOSAL_MAP.with(|p: &RefCell<BTreeMap<u64, Proposal, { ... }>>| {
[INFO] [stdout]     |                                                            +     +
[INFO] [stdout] 
[INFO] [stdout] 
[INFO] [stdout] error: expected one of `)`, `,`, `@`, or `|`, found `:`
[INFO] [stdout]    --> src/final_project_backend/src/lib.rs:127:23
[INFO] [stdout]     |
[INFO] [stdout] 127 |             Some(value: Proposal) => old_proposal = value,
[INFO] [stdout]     |                       ^ expected one of `)`, `,`, `@`, or `|`
[INFO] [stdout] 
[INFO] [stdout] 
[INFO] [stdout] error: path separator must be a double colon
[INFO] [stdout]    --> src/final_project_backend/src/lib.rs:137:69
[INFO] [stdout]     |
[INFO] [stdout] 137 |         let res: Option<Proposal> = p.borrow_mut().insert(key, value:old_proposal);
[INFO] [stdout]     |                                                                     ^ help: use a double colon instead: `::`
[INFO] [stdout] 
[INFO] [stdout] 
[INFO] [stdout] error: unexpected token: `...`
[INFO] [stdout]    --> src/final_project_backend/src/lib.rs:147:60
[INFO] [stdout]     |
[INFO] [stdout] 147 |     PROPOSAL_MAP.with(|p: &RefCell<BTreeMap<u64, Proposal, ...>>| {
[INFO] [stdout]     |                                                            ^^^
[INFO] [stdout]     |
[INFO] [stdout] help: use `..` for an exclusive range
[INFO] [stdout]     |
[INFO] [stdout] 147 |     PROPOSAL_MAP.with(|p: &RefCell<BTreeMap<u64, Proposal, ..>>| {
[INFO] [stdout]     |                                                            ~~
[INFO] [stdout] help: or `..=` for an inclusive range
[INFO] [stdout]     |
[INFO] [stdout] 147 |     PROPOSAL_MAP.with(|p: &RefCell<BTreeMap<u64, Proposal, ..=>>| {
[INFO] [stdout]     |                                                            ~~~
[INFO] [stdout] 
[INFO] [stdout] 
[INFO] [stdout] error[E0586]: inclusive range with no end
[INFO] [stdout]    --> src/final_project_backend/src/lib.rs:147:60
[INFO] [stdout]     |
[INFO] [stdout] 147 |     PROPOSAL_MAP.with(|p: &RefCell<BTreeMap<u64, Proposal, ...>>| {
[INFO] [stdout]     |                                                            ^^^ help: use `..` instead
[INFO] [stdout]     |
[INFO] [stdout]     = note: inclusive ranges must be bounded at the end (`..=b` or `a..=b`)
[INFO] [stdout] 
[INFO] [stdout] 
[INFO] [stdout] error: invalid const generic expression
[INFO] [stdout]    --> src/final_project_backend/src/lib.rs:147:60
[INFO] [stdout]     |
[INFO] [stdout] 147 |     PROPOSAL_MAP.with(|p: &RefCell<BTreeMap<u64, Proposal, ...>>| {
[INFO] [stdout]     |                                                            ^^^
[INFO] [stdout]     |
[INFO] [stdout] help: expressions must be enclosed in braces to be used as const generic arguments
[INFO] [stdout]     |
[INFO] [stdout] 147 |     PROPOSAL_MAP.with(|p: &RefCell<BTreeMap<u64, Proposal, { ... }>>| {
[INFO] [stdout]     |                                                            +     +
[INFO] [stdout] 
[INFO] [stdout] 
[INFO] [stdout] error: expected one of `)`, `,`, `@`, or `|`, found `:`
[INFO] [stdout]    --> src/final_project_backend/src/lib.rs:152:23
[INFO] [stdout]     |
[INFO] [stdout] 152 |             Some(value: Proposal) => proposal = value,
[INFO] [stdout]     |                       ^ expected one of `)`, `,`, `@`, or `|`
[INFO] [stdout] 
[INFO] [stdout] 
[INFO] [stdout] error: path separator must be a double colon
[INFO] [stdout]    --> src/final_project_backend/src/lib.rs:171:69
[INFO] [stdout]     |
[INFO] [stdout] 171 |         let res: Option<Proposal> = p.borrow_mut().insert(key, value:proposal);
[INFO] [stdout]     |                                                                     ^ help: use a double colon instead: `::`
[INFO] [stdout] 
[INFO] [stdout] 
[INFO] [stdout] error: Compilation failed, aborting rustdoc
[INFO] [stdout] 
[INFO] [stdout] 
[INFO] [stdout] error: aborting due to 25 previous errors
[INFO] [stdout] 
[INFO] [stdout] 
[INFO] [stdout] For more information about this error, try `rustc --explain E0586`.
[INFO] [stdout] 
[INFO] [stderr] error: could not document `final_project_backend`
[INFO] [stderr] 
[INFO] [stderr] Caused by:
[INFO] [stderr]   process didn't exit successfully: `/opt/rustwide/rustup-home/toolchains/1.75.0-x86_64-unknown-linux-gnu/bin/rustdoc --edition=2021 --crate-type cdylib --crate-name final_project_backend src/final_project_backend/src/lib.rs -o /opt/rustwide/target/doc --error-format=json --json=diagnostic-rendered-ansi,artifacts,future-incompat --document-private-items -C metadata=a6e798cdf9e653b3 -L dependency=/opt/rustwide/target/debug/deps --extern candid=/opt/rustwide/target/debug/deps/libcandid-c151b15eaf42474f.rmeta --extern ic_cdk=/opt/rustwide/target/debug/deps/libic_cdk-8267b10f201dee48.rmeta --extern ic_cdk_timers=/opt/rustwide/target/debug/deps/libic_cdk_timers-0ec4d914dd06c290.rmeta --extern ic_stable_structures=/opt/rustwide/target/debug/deps/libic_stable_structures-aa6ef5c59f93b91f.rmeta --extern serde=/opt/rustwide/target/debug/deps/libserde-c6e8aad1c71442d1.rmeta --cap-lints=warn --crate-version 0.1.0` (exit status: 1)
[INFO] running `Command { std: "docker" "inspect" "01f60108014ed93f8361e322dc3d9c97f4141631a44c539f6a154629a1963cd4", kill_on_drop: false }`
[INFO] running `Command { std: "docker" "rm" "-f" "01f60108014ed93f8361e322dc3d9c97f4141631a44c539f6a154629a1963cd4", kill_on_drop: false }`
[INFO] [stdout] 01f60108014ed93f8361e322dc3d9c97f4141631a44c539f6a154629a1963cd4
[INFO] documenting alperburakdgn/icp_project against beta-2023-12-22 for beta-1.76-rustdoc-1
[INFO] running `Command { std: "git" "clone" "/workspace/cache/git-repos/https%3A%2F%2Fgithub.com%2Falperburakdgn%2Ficp_project" "/workspace/builds/worker-2-tc2/source", kill_on_drop: false }`
[INFO] [stderr] Cloning into '/workspace/builds/worker-2-tc2/source'...
[INFO] [stderr] done.
[INFO] validating manifest of git repo https://github.com/alperburakdgn/icp_project on toolchain beta-2023-12-22
[INFO] running `Command { std: CARGO_HOME="/workspace/cargo-home" RUSTUP_HOME="/workspace/rustup-home" "/workspace/cargo-home/bin/cargo" "+beta-2023-12-22" "metadata" "--manifest-path" "Cargo.toml" "--no-deps", kill_on_drop: false }`
[INFO] started tweaking git repo https://github.com/alperburakdgn/icp_project
[INFO] finished tweaking git repo https://github.com/alperburakdgn/icp_project
[INFO] tweaked toml for git repo https://github.com/alperburakdgn/icp_project written to /workspace/builds/worker-2-tc2/source/Cargo.toml
[INFO] crate git repo https://github.com/alperburakdgn/icp_project already has a lockfile, it will not be regenerated
[INFO] running `Command { std: CARGO_HOME="/workspace/cargo-home" RUSTUP_HOME="/workspace/rustup-home" "/workspace/cargo-home/bin/cargo" "+beta-2023-12-22" "fetch" "--manifest-path" "Cargo.toml", kill_on_drop: false }`
[INFO] [stderr] warning: virtual workspace defaulting to `resolver = "1"` despite one or more workspace members being on edition 2021 which implies `resolver = "2"`
[INFO] [stderr] note: to keep the current resolver, specify `workspace.resolver = "1"` in the workspace root's manifest
[INFO] [stderr] note: to use the edition 2021 resolver, specify `workspace.resolver = "2"` in the workspace root's manifest
[INFO] [stderr] note: for more details see https://doc.rust-lang.org/cargo/reference/resolver.html#resolver-versions
[INFO] running `Command { std: "docker" "create" "-v" "/var/lib/crater-agent-workspace/builds/worker-2-tc2/target:/opt/rustwide/target:rw,Z" "-v" "/var/lib/crater-agent-workspace/builds/worker-2-tc2/source:/opt/rustwide/workdir:ro,Z" "-v" "/var/lib/crater-agent-workspace/cargo-home:/opt/rustwide/cargo-home:ro,Z" "-v" "/var/lib/crater-agent-workspace/rustup-home:/opt/rustwide/rustup-home:ro,Z" "-e" "SOURCE_DIR=/opt/rustwide/workdir" "-e" "CARGO_TARGET_DIR=/opt/rustwide/target" "-e" "CARGO_HOME=/opt/rustwide/cargo-home" "-e" "RUSTUP_HOME=/opt/rustwide/rustup-home" "-w" "/opt/rustwide/workdir" "-m" "1610612736" "--user" "0:0" "--network" "none" "ghcr.io/rust-lang/crates-build-env/linux@sha256:2788e3201cd34a07e3172128adcd8b3090168a8e3bcc40d7c032b9dda1df7d1c" "/opt/rustwide/cargo-home/bin/cargo" "+beta-2023-12-22" "metadata" "--no-deps" "--format-version=1", kill_on_drop: false }`
[INFO] [stdout] a61216d49c18023086f4954794c73416842b59a439c206b6b0880aa4c71041b1
[INFO] running `Command { std: "docker" "start" "-a" "a61216d49c18023086f4954794c73416842b59a439c206b6b0880aa4c71041b1", kill_on_drop: false }`
[INFO] running `Command { std: "docker" "inspect" "a61216d49c18023086f4954794c73416842b59a439c206b6b0880aa4c71041b1", kill_on_drop: false }`
[INFO] running `Command { std: "docker" "rm" "-f" "a61216d49c18023086f4954794c73416842b59a439c206b6b0880aa4c71041b1", kill_on_drop: false }`
[INFO] [stdout] a61216d49c18023086f4954794c73416842b59a439c206b6b0880aa4c71041b1
[INFO] running `Command { std: "docker" "create" "-v" "/var/lib/crater-agent-workspace/builds/worker-2-tc2/target:/opt/rustwide/target:rw,Z" "-v" "/var/lib/crater-agent-workspace/builds/worker-2-tc2/source:/opt/rustwide/workdir:ro,Z" "-v" "/var/lib/crater-agent-workspace/cargo-home:/opt/rustwide/cargo-home:ro,Z" "-v" "/var/lib/crater-agent-workspace/rustup-home:/opt/rustwide/rustup-home:ro,Z" "-e" "SOURCE_DIR=/opt/rustwide/workdir" "-e" "CARGO_TARGET_DIR=/opt/rustwide/target" "-e" "CARGO_INCREMENTAL=0" "-e" "RUST_BACKTRACE=full" "-e" "RUSTFLAGS=--cap-lints=warn" "-e" "RUSTDOCFLAGS=--cap-lints=warn" "-e" "CARGO_HOME=/opt/rustwide/cargo-home" "-e" "RUSTUP_HOME=/opt/rustwide/rustup-home" "-w" "/opt/rustwide/workdir" "-m" "1610612736" "--user" "0:0" "--network" "none" "ghcr.io/rust-lang/crates-build-env/linux@sha256:2788e3201cd34a07e3172128adcd8b3090168a8e3bcc40d7c032b9dda1df7d1c" "/opt/rustwide/cargo-home/bin/cargo" "+beta-2023-12-22" "doc" "--frozen" "--no-deps" "--document-private-items" "--message-format=json", kill_on_drop: false }`
[INFO] [stdout] e5b601316ff6ced9f462c6bfcb6bc2bfb1fc6c0818d68878c590d1a239cfa506
[INFO] running `Command { std: "docker" "start" "-a" "e5b601316ff6ced9f462c6bfcb6bc2bfb1fc6c0818d68878c590d1a239cfa506", kill_on_drop: false }`
[INFO] [stderr] warning: virtual workspace defaulting to `resolver = "1"` despite one or more workspace members being on edition 2021 which implies `resolver = "2"`
[INFO] [stderr] note: to keep the current resolver, specify `workspace.resolver = "1"` in the workspace root's manifest
[INFO] [stderr] note: to use the edition 2021 resolver, specify `workspace.resolver = "2"` in the workspace root's manifest
[INFO] [stderr] note: for more details see https://doc.rust-lang.org/cargo/reference/resolver.html#resolver-versions
[INFO] [stderr]    Compiling syn v1.0.109
[INFO] [stderr]    Compiling libc v0.2.147
[INFO] [stderr]    Compiling generic-array v0.14.7
[INFO] [stderr]    Compiling serde v1.0.173
[INFO] [stderr]    Compiling once_cell v1.18.0
[INFO] [stderr]    Compiling num-traits v0.2.16
[INFO] [stderr]    Compiling quote v1.0.31
[INFO] [stderr]    Compiling serde_derive v1.0.173
[INFO] [stderr]    Compiling syn v2.0.27
[INFO] [stderr]    Compiling either v1.8.1
[INFO] [stderr]    Compiling parking_lot_core v0.9.8
[INFO] [stderr]    Compiling lock_api v0.4.10
[INFO] [stderr]    Compiling aho-corasick v1.0.2
[INFO] [stderr]    Compiling scopeguard v1.2.0
[INFO] [stderr]    Compiling smallvec v1.11.0
[INFO] [stderr]    Compiling regex-syntax v0.7.4
[INFO] [stderr]    Compiling rustix v0.38.4
[INFO] [stderr]    Compiling regex-syntax v0.6.29
[INFO] [stderr]    Compiling indexmap v1.9.3
[INFO] [stderr]    Compiling num-integer v0.1.45
[INFO] [stderr]    Compiling winnow v0.5.0
[INFO] [stderr]    Compiling linux-raw-sys v0.4.3
[INFO] [stderr]    Compiling dirs-sys-next v0.1.2
[INFO] [stderr]    Compiling dirs-next v2.0.0
[INFO] [stderr]    Compiling bitflags v2.3.3
[INFO] [stderr]    Compiling term v0.7.0
[INFO] [stderr]    Compiling parking_lot v0.12.1
[INFO] [stderr]    Compiling regex-automata v0.3.3
[INFO] [stderr]    Compiling typenum v1.16.0
[INFO] [stderr]    Compiling toml_edit v0.19.14
[INFO] [stderr]    Compiling log v0.4.19
[INFO] [stderr]    Compiling rustversion v1.0.14
[INFO] [stderr]    Compiling string_cache v0.8.7
[INFO] [stderr]    Compiling petgraph v0.6.3
[INFO] [stderr]    Compiling ena v0.14.2
[INFO] [stderr]    Compiling is-terminal v0.4.9
[INFO] [stderr]    Compiling ascii-canvas v3.0.0
[INFO] [stderr]    Compiling itertools v0.10.5
[INFO] [stderr]    Compiling num-bigint v0.4.3
[INFO] [stderr]    Compiling anyhow v1.0.72
[INFO] [stderr]    Compiling beef v0.5.2
[INFO] [stderr]    Compiling proc-macro-crate v1.3.1
[INFO] [stderr]    Compiling thiserror v1.0.43
[INFO] [stderr]    Compiling regex v1.9.1
[INFO] [stderr]    Compiling thiserror-impl v1.0.43
[INFO] [stderr]    Compiling lalrpop-util v0.19.12
[INFO] [stderr]    Compiling lalrpop v0.19.12
[INFO] [stderr]    Compiling lazy_static v1.4.0
[INFO] [stderr]    Compiling futures-core v0.3.28
[INFO] [stderr]    Compiling crypto-common v0.1.6
[INFO] [stderr]    Compiling block-buffer v0.10.4
[INFO] [stderr]    Compiling slab v0.4.8
[INFO] [stderr]    Compiling futures-task v0.3.28
[INFO] [stderr]    Compiling futures-channel v0.3.28
[INFO] [stderr]    Compiling digest v0.10.7
[INFO] [stderr]    Compiling typed-arena v2.0.2
[INFO] [stderr]     Checking futures-sink v0.3.28
[INFO] [stderr]    Compiling logos-derive v0.12.1
[INFO] [stderr]    Compiling num_enum_derive v0.5.11
[INFO] [stderr]    Compiling binread_derive v2.1.0
[INFO] [stderr]    Compiling candid_derive v0.5.0
[INFO] [stderr]    Compiling futures-util v0.3.28
[INFO] [stderr]    Compiling arrayvec v0.5.2
[INFO] [stderr]    Compiling cpufeatures v0.2.9
[INFO] [stderr]    Compiling termcolor v1.2.0
[INFO] [stderr]    Compiling unicode-width v0.1.10
[INFO] [stderr]    Compiling pretty v0.10.0
[INFO] [stderr]    Compiling codespan-reporting v0.11.1
[INFO] [stderr]    Compiling sha2 v0.10.7
[INFO] [stderr]    Compiling num_enum v0.5.11
[INFO] [stderr]    Compiling serde_bytes v0.11.12
[INFO] [stderr]    Compiling binread v2.2.0
[INFO] [stderr]    Compiling logos v0.12.1
[INFO] [stderr]    Compiling futures-macro v0.3.28
[INFO] [stderr]    Compiling crc32fast v1.3.2
[INFO] [stderr]    Compiling data-encoding v2.4.0
[INFO] [stderr]    Compiling byteorder v1.4.3
[INFO] [stderr]     Checking pin-project-lite v0.2.10
[INFO] [stderr]    Compiling leb128 v0.2.5
[INFO] [stderr]    Compiling hex v0.4.3
[INFO] [stderr]     Checking futures-io v0.3.28
[INFO] [stderr]    Compiling serde_tokenstream v0.1.7
[INFO] [stderr]     Checking ic0 v0.18.11
[INFO] [stderr]     Checking ic-stable-structures v0.5.6
[INFO] [stderr]    Compiling candid v0.8.4
[INFO] [stderr]     Checking futures-executor v0.3.28
[INFO] [stderr]     Checking futures v0.3.28
[INFO] [stderr]    Compiling ic-cdk-macros v0.6.10
[INFO] [stderr]     Checking ic-cdk v0.7.4
[INFO] [stderr]     Checking ic-cdk-timers v0.1.2
[INFO] [stderr]  Documenting final_project_backend v0.1.0 (/opt/rustwide/workdir/src/final_project_backend)
[INFO] [stdout] error: expected `:`, found `candid`
[INFO] [stdout]   --> src/final_project_backend/src/lib.rs:34:11
[INFO] [stdout]    |
[INFO] [stdout] 27 | struct Proposal{
[INFO] [stdout]    |        -------- while parsing this struct
[INFO] [stdout] ...
[INFO] [stdout] 34 |     owner candid::Principal,
[INFO] [stdout]    |           ^^^^^^ expected `:`
[INFO] [stdout] 
[INFO] [stdout] 
[INFO] [stdout] error: unexpected token: `...`
[INFO] [stdout]   --> src/final_project_backend/src/lib.rs:63:60
[INFO] [stdout]    |
[INFO] [stdout] 63 |     PROPOSAL_MAP.with(|p: &RefCell<BTreeMap<u64, Proposal, ...>>|p.borrow().get(key))
[INFO] [stdout]    |                                                            ^^^
[INFO] [stdout]    |
[INFO] [stdout] help: use `..` for an exclusive range
[INFO] [stdout]    |
[INFO] [stdout] 63 |     PROPOSAL_MAP.with(|p: &RefCell<BTreeMap<u64, Proposal, ..>>|p.borrow().get(key))
[INFO] [stdout]    |                                                            ~~
[INFO] [stdout] help: or `..=` for an inclusive range
[INFO] [stdout]    |
[INFO] [stdout] 63 |     PROPOSAL_MAP.with(|p: &RefCell<BTreeMap<u64, Proposal, ..=>>|p.borrow().get(key))
[INFO] [stdout]    |                                                            ~~~
[INFO] [stdout] 
[INFO] [stdout] 
[INFO] [stdout] error[E0586]: inclusive range with no end
[INFO] [stdout]   --> src/final_project_backend/src/lib.rs:63:60
[INFO] [stdout]    |
[INFO] [stdout] 63 |     PROPOSAL_MAP.with(|p: &RefCell<BTreeMap<u64, Proposal, ...>>|p.borrow().get(key))
[INFO] [stdout]    |                                                            ^^^ help: use `..` instead
[INFO] [stdout]    |
[INFO] [stdout]    = note: inclusive ranges must be bounded at the end (`..=b` or `a..=b`)
[INFO] [stdout] 
[INFO] [stdout] 
[INFO] [stdout] error: invalid const generic expression
[INFO] [stdout]   --> src/final_project_backend/src/lib.rs:63:60
[INFO] [stdout]    |
[INFO] [stdout] 63 |     PROPOSAL_MAP.with(|p: &RefCell<BTreeMap<u64, Proposal, ...>>|p.borrow().get(key))
[INFO] [stdout]    |                                                            ^^^
[INFO] [stdout]    |
[INFO] [stdout] help: expressions must be enclosed in braces to be used as const generic arguments
[INFO] [stdout]    |
[INFO] [stdout] 63 |     PROPOSAL_MAP.with(|p: &RefCell<BTreeMap<u64, Proposal, { ... }>>|p.borrow().get(key))
[INFO] [stdout]    |                                                            +     +
[INFO] [stdout] 
[INFO] [stdout] 
[INFO] [stdout] error: unexpected token: `...`
[INFO] [stdout]   --> src/final_project_backend/src/lib.rs:67:60
[INFO] [stdout]    |
[INFO] [stdout] 67 |     PROPOSAL_MAP.with(|p: &RefCell<BTreeMap<u64, Proposal, ...>>|p.borrow().len())
[INFO] [stdout]    |                                                            ^^^
[INFO] [stdout]    |
[INFO] [stdout] help: use `..` for an exclusive range
[INFO] [stdout]    |
[INFO] [stdout] 67 |     PROPOSAL_MAP.with(|p: &RefCell<BTreeMap<u64, Proposal, ..>>|p.borrow().len())
[INFO] [stdout]    |                                                            ~~
[INFO] [stdout] help: or `..=` for an inclusive range
[INFO] [stdout]    |
[INFO] [stdout] 67 |     PROPOSAL_MAP.with(|p: &RefCell<BTreeMap<u64, Proposal, ..=>>|p.borrow().len())
[INFO] [stdout]    |                                                            ~~~
[INFO] [stdout] 
[INFO] [stdout] 
[INFO] [stdout] error[E0586]: inclusive range with no end
[INFO] [stdout]   --> src/final_project_backend/src/lib.rs:67:60
[INFO] [stdout]    |
[INFO] [stdout] 67 |     PROPOSAL_MAP.with(|p: &RefCell<BTreeMap<u64, Proposal, ...>>|p.borrow().len())
[INFO] [stdout]    |                                                            ^^^ help: use `..` instead
[INFO] [stdout]    |
[INFO] [stdout]    = note: inclusive ranges must be bounded at the end (`..=b` or `a..=b`)
[INFO] [stdout] 
[INFO] [stdout] 
[INFO] [stdout] error: invalid const generic expression
[INFO] [stdout]   --> src/final_project_backend/src/lib.rs:67:60
[INFO] [stdout]    |
[INFO] [stdout] 67 |     PROPOSAL_MAP.with(|p: &RefCell<BTreeMap<u64, Proposal, ...>>|p.borrow().len())
[INFO] [stdout]    |                                                            ^^^
[INFO] [stdout]    |
[INFO] [stdout] help: expressions must be enclosed in braces to be used as const generic arguments
[INFO] [stdout]    |
[INFO] [stdout] 67 |     PROPOSAL_MAP.with(|p: &RefCell<BTreeMap<u64, Proposal, { ... }>>|p.borrow().len())
[INFO] [stdout]    |                                                            +     +
[INFO] [stdout] 
[INFO] [stdout] 
[INFO] [stdout] error: unexpected token: `...`
[INFO] [stdout]   --> src/final_project_backend/src/lib.rs:82:60
[INFO] [stdout]    |
[INFO] [stdout] 82 |     PROPOSAL_MAP.with(|p: &RefCell<BTreeMap<u64, Proposal, ...>>|p.borrow_mut().insert(key,value))
[INFO] [stdout]    |                                                            ^^^
[INFO] [stdout]    |
[INFO] [stdout] help: use `..` for an exclusive range
[INFO] [stdout]    |
[INFO] [stdout] 82 |     PROPOSAL_MAP.with(|p: &RefCell<BTreeMap<u64, Proposal, ..>>|p.borrow_mut().insert(key,value))
[INFO] [stdout]    |                                                            ~~
[INFO] [stdout] help: or `..=` for an inclusive range
[INFO] [stdout]    |
[INFO] [stdout] 82 |     PROPOSAL_MAP.with(|p: &RefCell<BTreeMap<u64, Proposal, ..=>>|p.borrow_mut().insert(key,value))
[INFO] [stdout]    |                                                            ~~~
[INFO] [stdout] 
[INFO] [stdout] 
[INFO] [stdout] error[E0586]: inclusive range with no end
[INFO] [stdout]   --> src/final_project_backend/src/lib.rs:82:60
[INFO] [stdout]    |
[INFO] [stdout] 82 |     PROPOSAL_MAP.with(|p: &RefCell<BTreeMap<u64, Proposal, ...>>|p.borrow_mut().insert(key,value))
[INFO] [stdout]    |                                                            ^^^ help: use `..` instead
[INFO] [stdout]    |
[INFO] [stdout]    = note: inclusive ranges must be bounded at the end (`..=b` or `a..=b`)
[INFO] [stdout] 
[INFO] [stdout] 
[INFO] [stdout] error: invalid const generic expression
[INFO] [stdout]   --> src/final_project_backend/src/lib.rs:82:60
[INFO] [stdout]    |
[INFO] [stdout] 82 |     PROPOSAL_MAP.with(|p: &RefCell<BTreeMap<u64, Proposal, ...>>|p.borrow_mut().insert(key,value))
[INFO] [stdout]    |                                                            ^^^
[INFO] [stdout]    |
[INFO] [stdout] help: expressions must be enclosed in braces to be used as const generic arguments
[INFO] [stdout]    |
[INFO] [stdout] 82 |     PROPOSAL_MAP.with(|p: &RefCell<BTreeMap<u64, Proposal, { ... }>>|p.borrow_mut().insert(key,value))
[INFO] [stdout]    |                                                            +     +
[INFO] [stdout] 
[INFO] [stdout] 
[INFO] [stdout] error: unexpected token: `...`
[INFO] [stdout]   --> src/final_project_backend/src/lib.rs:88:60
[INFO] [stdout]    |
[INFO] [stdout] 88 |     PROPOSAL_MAP.with(|p: &RefCell<BTreeMap<u64, Proposal, ...>>| {
[INFO] [stdout]    |                                                            ^^^
[INFO] [stdout]    |
[INFO] [stdout] help: use `..` for an exclusive range
[INFO] [stdout]    |
[INFO] [stdout] 88 |     PROPOSAL_MAP.with(|p: &RefCell<BTreeMap<u64, Proposal, ..>>| {
[INFO] [stdout]    |                                                            ~~
[INFO] [stdout] help: or `..=` for an inclusive range
[INFO] [stdout]    |
[INFO] [stdout] 88 |     PROPOSAL_MAP.with(|p: &RefCell<BTreeMap<u64, Proposal, ..=>>| {
[INFO] [stdout]    |                                                            ~~~
[INFO] [stdout] 
[INFO] [stdout] 
[INFO] [stdout] error[E0586]: inclusive range with no end
[INFO] [stdout]   --> src/final_project_backend/src/lib.rs:88:60
[INFO] [stdout]    |
[INFO] [stdout] 88 |     PROPOSAL_MAP.with(|p: &RefCell<BTreeMap<u64, Proposal, ...>>| {
[INFO] [stdout]    |                                                            ^^^ help: use `..` instead
[INFO] [stdout]    |
[INFO] [stdout]    = note: inclusive ranges must be bounded at the end (`..=b` or `a..=b`)
[INFO] [stdout] 
[INFO] [stdout] 
[INFO] [stdout] error: invalid const generic expression
[INFO] [stdout]   --> src/final_project_backend/src/lib.rs:88:60
[INFO] [stdout]    |
[INFO] [stdout] 88 |     PROPOSAL_MAP.with(|p: &RefCell<BTreeMap<u64, Proposal, ...>>| {
[INFO] [stdout]    |                                                            ^^^
[INFO] [stdout]    |
[INFO] [stdout] help: expressions must be enclosed in braces to be used as const generic arguments
[INFO] [stdout]    |
[INFO] [stdout] 88 |     PROPOSAL_MAP.with(|p: &RefCell<BTreeMap<u64, Proposal, { ... }>>| {
[INFO] [stdout]    |                                                            +     +
[INFO] [stdout] 
[INFO] [stdout] 
[INFO] [stdout] error: expected one of `)`, `,`, `@`, or `|`, found `:`
[INFO] [stdout]   --> src/final_project_backend/src/lib.rs:93:23
[INFO] [stdout]    |
[INFO] [stdout] 93 |             Some(value: Proposal) => old_proposal = value,
[INFO] [stdout]    |                       ^ expected one of `)`, `,`, `@`, or `|`
[INFO] [stdout] 
[INFO] [stdout] 
[INFO] [stdout] error: unexpected token: `...`
[INFO] [stdout]    --> src/final_project_backend/src/lib.rs:122:60
[INFO] [stdout]     |
[INFO] [stdout] 122 |     PROPOSAL_MAP.with(|p: &RefCell<BTreeMap<u64, Proposal, ...>>| {
[INFO] [stdout]     |                                                            ^^^
[INFO] [stdout]     |
[INFO] [stdout] help: use `..` for an exclusive range
[INFO] [stdout]     |
[INFO] [stdout] 122 |     PROPOSAL_MAP.with(|p: &RefCell<BTreeMap<u64, Proposal, ..>>| {
[INFO] [stdout]     |                                                            ~~
[INFO] [stdout] help: or `..=` for an inclusive range
[INFO] [stdout]     |
[INFO] [stdout] 122 |     PROPOSAL_MAP.with(|p: &RefCell<BTreeMap<u64, Proposal, ..=>>| {
[INFO] [stdout]     |                                                            ~~~
[INFO] [stdout] 
[INFO] [stdout] 
[INFO] [stdout] error[E0586]: inclusive range with no end
[INFO] [stdout]    --> src/final_project_backend/src/lib.rs:122:60
[INFO] [stdout]     |
[INFO] [stdout] 122 |     PROPOSAL_MAP.with(|p: &RefCell<BTreeMap<u64, Proposal, ...>>| {
[INFO] [stdout]     |                                                            ^^^ help: use `..` instead
[INFO] [stdout]     |
[INFO] [stdout]     = note: inclusive ranges must be bounded at the end (`..=b` or `a..=b`)
[INFO] [stdout] 
[INFO] [stdout] 
[INFO] [stdout] error: invalid const generic expression
[INFO] [stdout]    --> src/final_project_backend/src/lib.rs:122:60
[INFO] [stdout]     |
[INFO] [stdout] 122 |     PROPOSAL_MAP.with(|p: &RefCell<BTreeMap<u64, Proposal, ...>>| {
[INFO] [stdout]     |                                                            ^^^
[INFO] [stdout]     |
[INFO] [stdout] help: expressions must be enclosed in braces to be used as const generic arguments
[INFO] [stdout]     |
[INFO] [stdout] 122 |     PROPOSAL_MAP.with(|p: &RefCell<BTreeMap<u64, Proposal, { ... }>>| {
[INFO] [stdout]     |                                                            +     +
[INFO] [stdout] 
[INFO] [stdout] 
[INFO] [stdout] error: expected one of `)`, `,`, `@`, or `|`, found `:`
[INFO] [stdout]    --> src/final_project_backend/src/lib.rs:127:23
[INFO] [stdout]     |
[INFO] [stdout] 127 |             Some(value: Proposal) => old_proposal = value,
[INFO] [stdout]     |                       ^ expected one of `)`, `,`, `@`, or `|`
[INFO] [stdout] 
[INFO] [stdout] 
[INFO] [stdout] error: path separator must be a double colon
[INFO] [stdout]    --> src/final_project_backend/src/lib.rs:137:69
[INFO] [stdout]     |
[INFO] [stdout] 137 |         let res: Option<Proposal> = p.borrow_mut().insert(key, value:old_proposal);
[INFO] [stdout]     |                                                                     ^ help: use a double colon instead: `::`
[INFO] [stdout] 
[INFO] [stdout] 
[INFO] [stdout] error: unexpected token: `...`
[INFO] [stdout]    --> src/final_project_backend/src/lib.rs:147:60
[INFO] [stdout]     |
[INFO] [stdout] 147 |     PROPOSAL_MAP.with(|p: &RefCell<BTreeMap<u64, Proposal, ...>>| {
[INFO] [stdout]     |                                                            ^^^
[INFO] [stdout]     |
[INFO] [stdout] help: use `..` for an exclusive range
[INFO] [stdout]     |
[INFO] [stdout] 147 |     PROPOSAL_MAP.with(|p: &RefCell<BTreeMap<u64, Proposal, ..>>| {
[INFO] [stdout]     |                                                            ~~
[INFO] [stdout] help: or `..=` for an inclusive range
[INFO] [stdout]     |
[INFO] [stdout] 147 |     PROPOSAL_MAP.with(|p: &RefCell<BTreeMap<u64, Proposal, ..=>>| {
[INFO] [stdout]     |                                                            ~~~
[INFO] [stdout] 
[INFO] [stdout] 
[INFO] [stdout] error[E0586]: inclusive range with no end
[INFO] [stdout]    --> src/final_project_backend/src/lib.rs:147:60
[INFO] [stdout]     |
[INFO] [stdout] 147 |     PROPOSAL_MAP.with(|p: &RefCell<BTreeMap<u64, Proposal, ...>>| {
[INFO] [stdout]     |                                                            ^^^ help: use `..` instead
[INFO] [stdout]     |
[INFO] [stdout]     = note: inclusive ranges must be bounded at the end (`..=b` or `a..=b`)
[INFO] [stdout] 
[INFO] [stdout] 
[INFO] [stdout] error: invalid const generic expression
[INFO] [stdout]    --> src/final_project_backend/src/lib.rs:147:60
[INFO] [stdout]     |
[INFO] [stdout] 147 |     PROPOSAL_MAP.with(|p: &RefCell<BTreeMap<u64, Proposal, ...>>| {
[INFO] [stdout]     |                                                            ^^^
[INFO] [stdout]     |
[INFO] [stdout] help: expressions must be enclosed in braces to be used as const generic arguments
[INFO] [stdout]     |
[INFO] [stdout] 147 |     PROPOSAL_MAP.with(|p: &RefCell<BTreeMap<u64, Proposal, { ... }>>| {
[INFO] [stdout]     |                                                            +     +
[INFO] [stdout] 
[INFO] [stdout] 
[INFO] [stdout] error: expected one of `)`, `,`, `@`, or `|`, found `:`
[INFO] [stdout]    --> src/final_project_backend/src/lib.rs:152:23
[INFO] [stdout]     |
[INFO] [stdout] 152 |             Some(value: Proposal) => proposal = value,
[INFO] [stdout]     |                       ^ expected one of `)`, `,`, `@`, or `|`
[INFO] [stdout] 
[INFO] [stdout] 
[INFO] [stdout] error: path separator must be a double colon
[INFO] [stdout]    --> src/final_project_backend/src/lib.rs:171:69
[INFO] [stdout]     |
[INFO] [stdout] 171 |         let res: Option<Proposal> = p.borrow_mut().insert(key, value:proposal);
[INFO] [stdout]     |                                                                     ^ help: use a double colon instead: `::`
[INFO] [stdout] 
[INFO] [stdout] 
[INFO] [stdout] error: Compilation failed, aborting rustdoc
[INFO] [stdout] 
[INFO] [stdout] 
[INFO] [stdout] error: aborting due to 25 previous errors
[INFO] [stdout] 
[INFO] [stdout] 
[INFO] [stdout] For more information about this error, try `rustc --explain E0586`.
[INFO] [stdout] 
[INFO] [stderr] error: could not document `final_project_backend`
[INFO] [stderr] 
[INFO] [stderr] Caused by:
[INFO] [stderr]   process didn't exit successfully: `/opt/rustwide/rustup-home/toolchains/beta-2023-12-22-x86_64-unknown-linux-gnu/bin/rustdoc --edition=2021 --crate-type cdylib --crate-name final_project_backend src/final_project_backend/src/lib.rs -o /opt/rustwide/target/doc --error-format=json --json=diagnostic-rendered-ansi,artifacts,future-incompat --document-private-items -C metadata=160fc503f5d85e38 -L dependency=/opt/rustwide/target/debug/deps --extern candid=/opt/rustwide/target/debug/deps/libcandid-3910b37c8a9aa542.rmeta --extern ic_cdk=/opt/rustwide/target/debug/deps/libic_cdk-1d96fa1927de5b65.rmeta --extern ic_cdk_timers=/opt/rustwide/target/debug/deps/libic_cdk_timers-2ecd68a59027109d.rmeta --extern ic_stable_structures=/opt/rustwide/target/debug/deps/libic_stable_structures-45b5a597fc197782.rmeta --extern serde=/opt/rustwide/target/debug/deps/libserde-10a2de8cd5eea88b.rmeta --cap-lints=warn --crate-version 0.1.0` (exit status: 1)
[INFO] running `Command { std: "docker" "inspect" "e5b601316ff6ced9f462c6bfcb6bc2bfb1fc6c0818d68878c590d1a239cfa506", kill_on_drop: false }`
[INFO] running `Command { std: "docker" "rm" "-f" "e5b601316ff6ced9f462c6bfcb6bc2bfb1fc6c0818d68878c590d1a239cfa506", kill_on_drop: false }`
[INFO] [stdout] e5b601316ff6ced9f462c6bfcb6bc2bfb1fc6c0818d68878c590d1a239cfa506
