[INFO] cloning repository https://github.com/allenoooo/pong
[INFO] running `Command { std: "git" "-c" "credential.helper=" "-c" "credential.helper=/workspace/cargo-home/bin/git-credential-null" "clone" "--bare" "https://github.com/allenoooo/pong" "/workspace/cache/git-repos/https%3A%2F%2Fgithub.com%2Fallenoooo%2Fpong", kill_on_drop: false }`
[INFO] [stderr] Cloning into bare repository '/workspace/cache/git-repos/https%3A%2F%2Fgithub.com%2Fallenoooo%2Fpong'...
[INFO] running `Command { std: "git" "rev-parse" "HEAD", kill_on_drop: false }`
[INFO] [stdout] c5bb6bf3b9e8dc3f04ca67bca6995077278aff67
[INFO] documenting allenoooo/pong against 1.75.0 for beta-1.76-rustdoc-1
[INFO] running `Command { std: "git" "clone" "/workspace/cache/git-repos/https%3A%2F%2Fgithub.com%2Fallenoooo%2Fpong" "/workspace/builds/worker-4-tc1/source", kill_on_drop: false }`
[INFO] [stderr] Cloning into '/workspace/builds/worker-4-tc1/source'...
[INFO] [stderr] done.
[INFO] validating manifest of git repo https://github.com/allenoooo/pong on toolchain 1.75.0
[INFO] running `Command { std: CARGO_HOME="/workspace/cargo-home" RUSTUP_HOME="/workspace/rustup-home" "/workspace/cargo-home/bin/cargo" "+1.75.0" "metadata" "--manifest-path" "Cargo.toml" "--no-deps", kill_on_drop: false }`
[INFO] started tweaking git repo https://github.com/allenoooo/pong
[INFO] finished tweaking git repo https://github.com/allenoooo/pong
[INFO] tweaked toml for git repo https://github.com/allenoooo/pong written to /workspace/builds/worker-4-tc1/source/Cargo.toml
[INFO] crate git repo https://github.com/allenoooo/pong already has a lockfile, it will not be regenerated
[INFO] running `Command { std: CARGO_HOME="/workspace/cargo-home" RUSTUP_HOME="/workspace/rustup-home" "/workspace/cargo-home/bin/cargo" "+1.75.0" "fetch" "--manifest-path" "Cargo.toml", kill_on_drop: false }`
[INFO] running `Command { std: "docker" "create" "-v" "/var/lib/crater-agent-workspace/builds/worker-4-tc1/target:/opt/rustwide/target:rw,Z" "-v" "/var/lib/crater-agent-workspace/builds/worker-4-tc1/source:/opt/rustwide/workdir:ro,Z" "-v" "/var/lib/crater-agent-workspace/cargo-home:/opt/rustwide/cargo-home:ro,Z" "-v" "/var/lib/crater-agent-workspace/rustup-home:/opt/rustwide/rustup-home:ro,Z" "-e" "SOURCE_DIR=/opt/rustwide/workdir" "-e" "CARGO_TARGET_DIR=/opt/rustwide/target" "-e" "CARGO_HOME=/opt/rustwide/cargo-home" "-e" "RUSTUP_HOME=/opt/rustwide/rustup-home" "-w" "/opt/rustwide/workdir" "-m" "1610612736" "--user" "0:0" "--network" "none" "ghcr.io/rust-lang/crates-build-env/linux@sha256:2788e3201cd34a07e3172128adcd8b3090168a8e3bcc40d7c032b9dda1df7d1c" "/opt/rustwide/cargo-home/bin/cargo" "+1.75.0" "metadata" "--no-deps" "--format-version=1", kill_on_drop: false }`
[INFO] [stdout] ddd6dbcdffb1553c93e3fd363c542791386affe58a654bc5197215050fa15cfa
[INFO] running `Command { std: "docker" "start" "-a" "ddd6dbcdffb1553c93e3fd363c542791386affe58a654bc5197215050fa15cfa", kill_on_drop: false }`
[INFO] running `Command { std: "docker" "inspect" "ddd6dbcdffb1553c93e3fd363c542791386affe58a654bc5197215050fa15cfa", kill_on_drop: false }`
[INFO] running `Command { std: "docker" "rm" "-f" "ddd6dbcdffb1553c93e3fd363c542791386affe58a654bc5197215050fa15cfa", kill_on_drop: false }`
[INFO] [stdout] ddd6dbcdffb1553c93e3fd363c542791386affe58a654bc5197215050fa15cfa
[INFO] running `Command { std: "docker" "create" "-v" "/var/lib/crater-agent-workspace/builds/worker-4-tc1/target:/opt/rustwide/target:rw,Z" "-v" "/var/lib/crater-agent-workspace/builds/worker-4-tc1/source:/opt/rustwide/workdir:ro,Z" "-v" "/var/lib/crater-agent-workspace/cargo-home:/opt/rustwide/cargo-home:ro,Z" "-v" "/var/lib/crater-agent-workspace/rustup-home:/opt/rustwide/rustup-home:ro,Z" "-e" "SOURCE_DIR=/opt/rustwide/workdir" "-e" "CARGO_TARGET_DIR=/opt/rustwide/target" "-e" "CARGO_INCREMENTAL=0" "-e" "RUST_BACKTRACE=full" "-e" "RUSTFLAGS=--cap-lints=warn" "-e" "RUSTDOCFLAGS=--cap-lints=warn" "-e" "CARGO_HOME=/opt/rustwide/cargo-home" "-e" "RUSTUP_HOME=/opt/rustwide/rustup-home" "-w" "/opt/rustwide/workdir" "-m" "1610612736" "--user" "0:0" "--network" "none" "ghcr.io/rust-lang/crates-build-env/linux@sha256:2788e3201cd34a07e3172128adcd8b3090168a8e3bcc40d7c032b9dda1df7d1c" "/opt/rustwide/cargo-home/bin/cargo" "+1.75.0" "doc" "--frozen" "--no-deps" "--document-private-items" "--message-format=json", kill_on_drop: false }`
[INFO] [stdout] 08942aeed106561658c391ef980d862a5c8c4765e70005cb71398febf17e5326
[INFO] running `Command { std: "docker" "start" "-a" "08942aeed106561658c391ef980d862a5c8c4765e70005cb71398febf17e5326", kill_on_drop: false }`
[INFO] [stderr]    Compiling autocfg v1.0.1
[INFO] [stderr]    Compiling libc v0.2.94
[INFO] [stderr]    Compiling proc-macro2 v1.0.26
[INFO] [stderr]    Compiling unicode-xid v0.2.2
[INFO] [stderr]    Compiling syn v1.0.72
[INFO] [stderr]    Compiling libm v0.2.1
[INFO] [stderr]     Checking cfg-if v1.0.0
[INFO] [stderr]    Compiling serde_derive v1.0.126
[INFO] [stderr]    Compiling serde v1.0.126
[INFO] [stderr]     Checking lazy_static v1.4.0
[INFO] [stderr]     Checking byteorder v1.4.3
[INFO] [stderr]     Checking cfg-if v0.1.10
[INFO] [stderr]    Compiling cc v1.0.67
[INFO] [stderr]     Checking scopeguard v1.1.0
[INFO] [stderr]    Compiling bitflags v1.2.1
[INFO] [stderr]    Compiling maybe-uninit v2.0.0
[INFO] [stderr]    Compiling pkg-config v0.3.19
[INFO] [stderr]    Compiling log v0.4.14
[INFO] [stderr]    Compiling proc-macro2 v0.4.30
[INFO] [stderr]    Compiling unicode-xid v0.1.0
[INFO] [stderr]    Compiling rayon-core v1.9.0
[INFO] [stderr]    Compiling semver-parser v0.7.0
[INFO] [stderr]     Checking either v1.6.1
[INFO] [stderr]     Checking gimli v0.24.0
[INFO] [stderr]    Compiling num-traits v0.2.14
[INFO] [stderr]    Compiling num-integer v0.1.44
[INFO] [stderr]    Compiling crossbeam-utils v0.8.4
[INFO] [stderr]    Compiling memoffset v0.6.3
[INFO] [stderr]    Compiling crossbeam-utils v0.7.2
[INFO] [stderr]    Compiling semver v0.9.0
[INFO] [stderr]    Compiling rayon v1.5.0
[INFO] [stderr]    Compiling miniz_oxide v0.4.4
[INFO] [stderr]     Checking adler v1.0.2
[INFO] [stderr]    Compiling rustc_version v0.2.3
[INFO] [stderr]     Checking object v0.24.0
[INFO] [stderr]     Checking rustc-demangle v0.1.19
[INFO] [stderr]     Checking adler32 v1.2.0
[INFO] [stderr]    Compiling num-rational v0.2.4
[INFO] [stderr]    Compiling memoffset v0.5.6
[INFO] [stderr]    Compiling syn v0.15.44
[INFO] [stderr]    Compiling num-iter v0.1.42
[INFO] [stderr]    Compiling quote v1.0.9
[INFO] [stderr]     Checking num_cpus v1.13.0
[INFO] [stderr]    Compiling crossbeam-epoch v0.8.2
[INFO] [stderr]    Compiling quote v0.6.13
[INFO] [stderr]    Compiling getrandom v0.1.16
[INFO] [stderr]     Checking crossbeam-epoch v0.9.4
[INFO] [stderr]     Checking crossbeam-channel v0.5.1
[INFO] [stderr]    Compiling xml-rs v0.8.3
[INFO] [stderr]     Checking stb_truetype v0.3.1
[INFO] [stderr]     Checking libloading v0.6.7
[INFO] [stderr]    Compiling nix v0.14.1
[INFO] [stderr]    Compiling backtrace v0.3.59
[INFO] [stderr]     Checking rustc-hash v1.1.0
[INFO] [stderr]    Compiling version_check v0.9.3
[INFO] [stderr]     Checking linked-hash-map v0.5.4
[INFO] [stderr]    Compiling num-derive v0.2.5
[INFO] [stderr]     Checking crossbeam-deque v0.8.0
[INFO] [stderr]     Checking dlib v0.4.2
[INFO] [stderr]     Checking approx v0.3.2
[INFO] [stderr]     Checking ordered-float v1.1.1
[INFO] [stderr]     Checking crossbeam-deque v0.7.3
[INFO] [stderr]     Checking fxhash v0.2.1
[INFO] [stderr]     Checking lock_api v0.3.4
[INFO] [stderr]     Checking atom v0.3.6
[INFO] [stderr]     Checking void v1.0.2
[INFO] [stderr]    Compiling memchr v2.4.0
[INFO] [stderr]     Checking color_quant v1.1.0
[INFO] [stderr]    Compiling ryu v1.0.5
[INFO] [stderr]     Checking rusttype v0.8.3
[INFO] [stderr]     Checking lzw v0.10.0
[INFO] [stderr]    Compiling wayland-scanner v0.21.13
[INFO] [stderr]     Checking wayland-sys v0.21.13
[INFO] [stderr]     Checking deflate v0.7.20
[INFO] [stderr]     Checking inflate v0.4.5
[INFO] [stderr]     Checking same-file v1.0.6
[INFO] [stderr]    Compiling parking_lot_core v0.6.2
[INFO] [stderr]    Compiling failure_derive v0.1.8
[INFO] [stderr]     Checking downcast-rs v1.2.0
[INFO] [stderr]     Checking walkdir v2.3.2
[INFO] [stderr]     Checking rusttype v0.7.9
[INFO] [stderr]     Checking gif v0.10.3
[INFO] [stderr]     Checking line_drawing v0.7.0
[INFO] [stderr]    Compiling parking_lot v0.9.0
[INFO] [stderr]    Compiling x11-dl v2.18.5
[INFO] [stderr]     Checking scoped_threadpool v0.1.9
[INFO] [stderr]     Checking xdg v2.2.0
[INFO] [stderr]     Checking addr2line v0.15.1
[INFO] [stderr]     Checking png v0.14.1
[INFO] [stderr]     Checking memmap v0.7.0
[INFO] [stderr]     Checking crossbeam-utils v0.6.6
[INFO] [stderr]    Compiling serde_json v1.0.64
[INFO] [stderr]     Checking rand_core v0.5.1
[INFO] [stderr]     Checking raw-window-handle v0.3.3
[INFO] [stderr]    Compiling rand_core v0.4.2
[INFO] [stderr]     Checking itoa v0.4.7
[INFO] [stderr]     Checking percent-encoding v2.1.0
[INFO] [stderr]    Compiling autocfg v0.1.7
[INFO] [stderr]     Checking ppv-lite86 v0.2.10
[INFO] [stderr]    Compiling nom v5.1.2
[INFO] [stderr]    Compiling x11 v2.18.2
[INFO] [stderr]     Checking andrew v0.2.1
[INFO] [stderr]     Checking time v0.1.43
[INFO] [stderr]     Checking shared_library v0.1.9
[INFO] [stderr]    Compiling hashbrown v0.7.2
[INFO] [stderr]    Compiling rand_core v0.3.1
[INFO] [stderr]     Checking ash v0.29.0
[INFO] [stderr]     Checking rand_chacha v0.2.2
[INFO] [stderr]     Checking raw-window-handle v0.1.2
[INFO] [stderr]    Compiling num-complex v0.2.4
[INFO] [stderr]     Checking rand v0.7.3
[INFO] [stderr]    Compiling aho-corasick v0.7.18
[INFO] [stderr]     Checking mint v0.5.6
[INFO] [stderr]     Checking ahash v0.3.8
[INFO] [stderr]    Compiling wayland-client v0.21.13
[INFO] [stderr]    Compiling wayland-protocols v0.21.13
[INFO] [stderr]    Compiling typenum v1.13.0
[INFO] [stderr]    Compiling regex-syntax v0.6.25
[INFO] [stderr]     Checking crossbeam-channel v0.3.9
[INFO] [stderr]     Checking mopa v0.2.2
[INFO] [stderr]     Checking jpeg-decoder v0.1.22
[INFO] [stderr]     Checking hibitset v0.6.3
[INFO] [stderr]     Checking arrayvec v0.5.2
[INFO] [stderr]    Compiling proc-macro-hack v0.5.19
[INFO] [stderr]     Checking wayland-commons v0.21.13
[INFO] [stderr]    Compiling rand_pcg v0.1.2
[INFO] [stderr]    Compiling rand_chacha v0.1.1
[INFO] [stderr]     Checking crossbeam-queue v0.2.3
[INFO] [stderr]     Checking colorful v0.2.1
[INFO] [stderr]     Checking slab v0.4.3
[INFO] [stderr]     Checking tuple_utils v0.3.0
[INFO] [stderr]    Compiling arrayvec v0.4.12
[INFO] [stderr]     Checking rawpointer v0.2.1
[INFO] [stderr]     Checking tynm v0.1.6
[INFO] [stderr]     Checking shrev v1.1.1
[INFO] [stderr]     Checking matrixmultiply v0.2.4
[INFO] [stderr]     Checking rand_distr v0.2.2
[INFO] [stderr]    Compiling rand v0.6.5
[INFO] [stderr]    Compiling cmake v0.1.45
[INFO] [stderr]    Compiling crc32fast v1.2.1
[INFO] [stderr]    Compiling edit-distance v2.1.0
[INFO] [stderr]    Compiling rustversion v1.0.5
[INFO] [stderr]     Checking nodrop v0.1.14
[INFO] [stderr]     Checking generic-array v0.13.3
[INFO] [stderr]     Checking amethyst_error v0.15.3
[INFO] [stderr]    Compiling rand_hc v0.1.0
[INFO] [stderr]    Compiling rand_isaac v0.1.1
[INFO] [stderr]    Compiling rand_xorshift v0.1.1
[INFO] [stderr]    Compiling rand_jitter v0.1.4
[INFO] [stderr]    Compiling rand_os v0.1.3
[INFO] [stderr]    Compiling proc-macro-error-attr v1.0.4
[INFO] [stderr]     Checking base64 v0.10.1
[INFO] [stderr]    Compiling derivative v1.0.4
[INFO] [stderr]    Compiling regex v1.5.4
[INFO] [stderr]    Compiling siphasher v0.2.3
[INFO] [stderr]     Checking fnv v1.0.7
[INFO] [stderr]    Compiling proc-macro-error v1.0.4
[INFO] [stderr]    Compiling lexical-core v0.4.8
[INFO] [stderr]    Compiling phf_shared v0.7.24
[INFO] [stderr]    Compiling unicode-segmentation v1.7.1
[INFO] [stderr]    Compiling inventory v0.1.10
[INFO] [stderr]    Compiling tinystr v0.3.4
[INFO] [stderr]    Compiling synstructure v0.12.4
[INFO] [stderr]    Compiling heck v0.3.2
[INFO] [stderr]    Compiling unic-langid-impl v0.8.0
[INFO] [stderr]    Compiling proc_macro_roids v0.7.0
[INFO] [stderr]    Compiling servo-freetype-sys v4.0.5
[INFO] [stderr]    Compiling lexical v2.2.4
[INFO] [stderr]     Checking static_assertions v0.3.4
[INFO] [stderr]    Compiling err-derive v0.2.4
[INFO] [stderr]    Compiling phf_generator v0.7.24
[INFO] [stderr]    Compiling phf_codegen v0.7.24
[INFO] [stderr]     Checking approx v0.1.1
[INFO] [stderr]    Compiling palette v0.4.1
[INFO] [stderr]    Compiling expat-sys v2.1.6
[INFO] [stderr]     Checking crossbeam-queue v0.1.2
[INFO] [stderr]    Compiling syn v0.14.9
[INFO] [stderr]    Compiling alsa-sys v0.1.2
[INFO] [stderr]    Compiling num-rational v0.3.2
[INFO] [stderr]     Checking objekt v0.1.2
[INFO] [stderr]     Checking phf v0.7.24
[INFO] [stderr]     Checking png v0.15.3
[INFO] [stderr]    Compiling minimp3-sys v0.3.2
[INFO] [stderr]     Checking miniz_oxide v0.3.7
[INFO] [stderr]     Checking deflate v0.8.6
[INFO] [stderr]    Compiling inflections v1.1.1
[INFO] [stderr]    Compiling cgmath v0.16.1
[INFO] [stderr]     Checking tinyvec_macros v0.1.0
[INFO] [stderr]    Compiling ucd-trie v0.1.3
[INFO] [stderr]     Checking tiff v0.2.2
[INFO] [stderr]     Checking tiff v0.3.1
[INFO] [stderr]     Checking tinyvec v1.2.0
[INFO] [stderr]     Checking png v0.16.8
[INFO] [stderr]    Compiling pest v2.1.3
[INFO] [stderr]     Checking image v0.21.3
[INFO] [stderr]     Checking image v0.22.5
[INFO] [stderr]     Checking num-traits v0.1.43
[INFO] [stderr]    Compiling xcb v0.8.2
[INFO] [stderr]     Checking rand v0.4.6
[INFO] [stderr]    Compiling servo-fontconfig-sys v4.0.9
[INFO] [stderr]     Checking wavefront_obj v6.0.0
[INFO] [stderr]    Compiling num-bigint v0.4.0
[INFO] [stderr]     Checking static_assertions v1.1.0
[INFO] [stderr]    Compiling cpal v0.11.0
[INFO] [stderr]     Checking bytemuck v1.5.1
[INFO] [stderr]     Checking image v0.23.14
[INFO] [stderr]    Compiling semver-parser v0.10.2
[INFO] [stderr]     Checking euclid v0.20.14
[INFO] [stderr]    Compiling chrono v0.4.19
[INFO] [stderr]     Checking slice-deque v0.3.0
[INFO] [stderr]    Compiling num-rational v0.4.0
[INFO] [stderr] error: failed to run custom build command for `xcb v0.8.2`
[INFO] [stderr] note: To improve backtraces for build dependencies, set the CARGO_PROFILE_DEV_BUILD_OVERRIDE_DEBUG=true environment variable to enable debug information generation.
[INFO] [stderr] 
[INFO] [stderr] Caused by:
[INFO] [stderr]   process didn't exit successfully: `/opt/rustwide/target/debug/build/xcb-6e283a81bbdbe1ea/build-script-build` (exit status: 101)
[INFO] [stderr]   --- stderr
[INFO] [stderr]   error occured in handler:  ('request: ', ('xcb', 'SELinux', 'GetClientContext'))
[INFO] [stderr]   Traceback (most recent call last):
[INFO] [stderr]     File "/opt/rustwide/cargo-home/registry/src/index.crates.io-6f17d22bba15001f/xcb-0.8.2/rs_client.py", line 2448, in <module>
[INFO] [stderr]       module.generate()
[INFO] [stderr]     File "/opt/rustwide/cargo-home/registry/src/index.crates.io-6f17d22bba15001f/xcb-0.8.2/xcbgen/state.py", line 108, in generate
[INFO] [stderr]       self.close()
[INFO] [stderr]     File "/opt/rustwide/cargo-home/registry/src/index.crates.io-6f17d22bba15001f/xcb-0.8.2/rs_client.py", line 296, in rs_close
[INFO] [stderr]       _f.writeout(os.path.join(module.rs_srcdir, "ffi", "%s.rs" % _module_name(_ns.ext_name)))
[INFO] [stderr]     File "/opt/rustwide/cargo-home/registry/src/index.crates.io-6f17d22bba15001f/xcb-0.8.2/rs_client.py", line 114, in writeout
[INFO] [stderr]       with open(path, 'w') as f:
[INFO] [stderr]   OSError: [Errno 30] Read-only file system: '/opt/rustwide/cargo-home/registry/src/index.crates.io-6f17d22bba15001f/xcb-0.8.2/src/ffi/selinux.rs'
[INFO] [stderr]   thread 'main' panicked at /opt/rustwide/cargo-home/registry/src/index.crates.io-6f17d22bba15001f/xcb-0.8.2/build.rs:75:17:
[INFO] [stderr]   processing of /opt/rustwide/cargo-home/registry/src/index.crates.io-6f17d22bba15001f/xcb-0.8.2/xml/xselinux.xml returned non-zero (1)
[INFO] [stderr]   stack backtrace:
[INFO] [stderr]      0:     0x564339daa2cc - std::backtrace_rs::backtrace::libunwind::trace::ha637c64ce894333a
[INFO] [stderr]                                  at /rustc/82e1608dfa6e0b5569232559e3d385fea5a93112/library/std/src/../../backtrace/src/backtrace/libunwind.rs:104:5
[INFO] [stderr]      1:     0x564339daa2cc - std::backtrace_rs::backtrace::trace_unsynchronized::h47f62dea28e0c88d
[INFO] [stderr]                                  at /rustc/82e1608dfa6e0b5569232559e3d385fea5a93112/library/std/src/../../backtrace/src/backtrace/mod.rs:66:5
[INFO] [stderr]      2:     0x564339daa2cc - std::sys_common::backtrace::_print_fmt::h9eef0abe20ede486
[INFO] [stderr]                                  at /rustc/82e1608dfa6e0b5569232559e3d385fea5a93112/library/std/src/sys_common/backtrace.rs:67:5
[INFO] [stderr]      3:     0x564339daa2cc - <std::sys_common::backtrace::_print::DisplayBacktrace as core::fmt::Display>::fmt::hed7f999df88cc644
[INFO] [stderr]                                  at /rustc/82e1608dfa6e0b5569232559e3d385fea5a93112/library/std/src/sys_common/backtrace.rs:44:22
[INFO] [stderr]      4:     0x564339dcd6c0 - core::fmt::rt::Argument::fmt::h1539a9308b8d058d
[INFO] [stderr]                                  at /rustc/82e1608dfa6e0b5569232559e3d385fea5a93112/library/core/src/fmt/rt.rs:142:9
[INFO] [stderr]      5:     0x564339dcd6c0 - core::fmt::write::h3a39390d8560d9c9
[INFO] [stderr]                                  at /rustc/82e1608dfa6e0b5569232559e3d385fea5a93112/library/core/src/fmt/mod.rs:1120:17
[INFO] [stderr]      6:     0x564339da829f - std::io::Write::write_fmt::h5fc9997dfe05f882
[INFO] [stderr]                                  at /rustc/82e1608dfa6e0b5569232559e3d385fea5a93112/library/std/src/io/mod.rs:1762:15
[INFO] [stderr]      7:     0x564339daa0b4 - std::sys_common::backtrace::_print::h894006fb5c6f3d45
[INFO] [stderr]                                  at /rustc/82e1608dfa6e0b5569232559e3d385fea5a93112/library/std/src/sys_common/backtrace.rs:47:5
[INFO] [stderr]      8:     0x564339daa0b4 - std::sys_common::backtrace::print::h23a2d212c6fff936
[INFO] [stderr]                                  at /rustc/82e1608dfa6e0b5569232559e3d385fea5a93112/library/std/src/sys_common/backtrace.rs:34:9
[INFO] [stderr]      9:     0x564339dab757 - std::panicking::default_hook::{{closure}}::h8a1d2ee00185001a
[INFO] [stderr]     10:     0x564339dab4bf - std::panicking::default_hook::h6038f2eba384e475
[INFO] [stderr]                                  at /rustc/82e1608dfa6e0b5569232559e3d385fea5a93112/library/std/src/panicking.rs:292:9
[INFO] [stderr]     11:     0x564339dabbd8 - std::panicking::rust_panic_with_hook::h2b5517d590cab22e
[INFO] [stderr]                                  at /rustc/82e1608dfa6e0b5569232559e3d385fea5a93112/library/std/src/panicking.rs:779:13
[INFO] [stderr]     12:     0x564339dababe - std::panicking::begin_panic_handler::{{closure}}::h233112c06e0ef43e
[INFO] [stderr]                                  at /rustc/82e1608dfa6e0b5569232559e3d385fea5a93112/library/std/src/panicking.rs:657:13
[INFO] [stderr]     13:     0x564339daa796 - std::sys_common::backtrace::__rust_end_short_backtrace::h6e893f24d7ebbff8
[INFO] [stderr]                                  at /rustc/82e1608dfa6e0b5569232559e3d385fea5a93112/library/std/src/sys_common/backtrace.rs:170:18
[INFO] [stderr]     14:     0x564339dab822 - rust_begin_unwind
[INFO] [stderr]                                  at /rustc/82e1608dfa6e0b5569232559e3d385fea5a93112/library/std/src/panicking.rs:645:5
[INFO] [stderr]     15:     0x564339d84285 - core::panicking::panic_fmt::hbf0e066aabfa482c
[INFO] [stderr]                                  at /rustc/82e1608dfa6e0b5569232559e3d385fea5a93112/library/core/src/panicking.rs:72:14
[INFO] [stderr]     16:     0x564339d8a1e1 - build_script_build::main::{{closure}}::hd5afe527b30e5c59
[INFO] [stderr]     17:     0x564339d890d5 - build_script_build::visit_xml::hee06e8e621943261
[INFO] [stderr]     18:     0x564339d89773 - build_script_build::main::h13d08e5d0eb9cdde
[INFO] [stderr]     19:     0x564339d85d93 - core::ops::function::FnOnce::call_once::hbe20ebaf2012529c
[INFO] [stderr]     20:     0x564339d84dc6 - std::sys_common::backtrace::__rust_begin_short_backtrace::h041429a2048fef85
[INFO] [stderr]     21:     0x564339d85509 - std::rt::lang_start::{{closure}}::h6ce5666c587aada4
[INFO] [stderr]     22:     0x564339da4fa7 - core::ops::function::impls::<impl core::ops::function::FnOnce<A> for &F>::call_once::hd95060ecd5e1ca24
[INFO] [stderr]                                  at /rustc/82e1608dfa6e0b5569232559e3d385fea5a93112/library/core/src/ops/function.rs:284:13
[INFO] [stderr]     23:     0x564339da4fa7 - std::panicking::try::do_call::h6e8cf51db32a6e4b
[INFO] [stderr]                                  at /rustc/82e1608dfa6e0b5569232559e3d385fea5a93112/library/std/src/panicking.rs:552:40
[INFO] [stderr]     24:     0x564339da4fa7 - std::panicking::try::h3a52eefe24fe3c29
[INFO] [stderr]                                  at /rustc/82e1608dfa6e0b5569232559e3d385fea5a93112/library/std/src/panicking.rs:516:19
[INFO] [stderr]     25:     0x564339da4fa7 - std::panic::catch_unwind::h24c28c23c02c3841
[INFO] [stderr]                                  at /rustc/82e1608dfa6e0b5569232559e3d385fea5a93112/library/std/src/panic.rs:142:14
[INFO] [stderr]     26:     0x564339da4fa7 - std::rt::lang_start_internal::{{closure}}::h705d3c9cbc06ef47
[INFO] [stderr]                                  at /rustc/82e1608dfa6e0b5569232559e3d385fea5a93112/library/std/src/rt.rs:148:48
[INFO] [stderr]     27:     0x564339da4fa7 - std::panicking::try::do_call::ha21f52ba13158470
[INFO] [stderr]                                  at /rustc/82e1608dfa6e0b5569232559e3d385fea5a93112/library/std/src/panicking.rs:552:40
[INFO] [stderr]     28:     0x564339da4fa7 - std::panicking::try::h5581346bf6aeb1f8
[INFO] [stderr]                                  at /rustc/82e1608dfa6e0b5569232559e3d385fea5a93112/library/std/src/panicking.rs:516:19
[INFO] [stderr]     29:     0x564339da4fa7 - std::panic::catch_unwind::h7919645a6b72e25b
[INFO] [stderr]                                  at /rustc/82e1608dfa6e0b5569232559e3d385fea5a93112/library/std/src/panic.rs:142:14
[INFO] [stderr]     30:     0x564339da4fa7 - std::rt::lang_start_internal::h12de51168669836e
[INFO] [stderr]                                  at /rustc/82e1608dfa6e0b5569232559e3d385fea5a93112/library/std/src/rt.rs:148:20
[INFO] [stderr]     31:     0x564339d854e7 - std::rt::lang_start::hfd4610fd2dfd1a0c
[INFO] [stderr]     32:     0x564339d8a265 - main
[INFO] [stderr]     33:     0x7f51f6294d90 - <unknown>
[INFO] [stderr]     34:     0x7f51f6294e40 - __libc_start_main
[INFO] [stderr]     35:     0x564339d849a5 - _start
[INFO] [stderr]     36:                0x0 - <unknown>
[INFO] [stderr] warning: build failed, waiting for other jobs to finish...
[INFO] running `Command { std: "docker" "inspect" "08942aeed106561658c391ef980d862a5c8c4765e70005cb71398febf17e5326", kill_on_drop: false }`
[INFO] running `Command { std: "docker" "rm" "-f" "08942aeed106561658c391ef980d862a5c8c4765e70005cb71398febf17e5326", kill_on_drop: false }`
[INFO] [stdout] 08942aeed106561658c391ef980d862a5c8c4765e70005cb71398febf17e5326
[INFO] documenting allenoooo/pong against beta-2023-12-22 for beta-1.76-rustdoc-1
[INFO] running `Command { std: "git" "clone" "/workspace/cache/git-repos/https%3A%2F%2Fgithub.com%2Fallenoooo%2Fpong" "/workspace/builds/worker-4-tc2/source", kill_on_drop: false }`
[INFO] [stderr] Cloning into '/workspace/builds/worker-4-tc2/source'...
[INFO] [stderr] done.
[INFO] validating manifest of git repo https://github.com/allenoooo/pong on toolchain beta-2023-12-22
[INFO] running `Command { std: CARGO_HOME="/workspace/cargo-home" RUSTUP_HOME="/workspace/rustup-home" "/workspace/cargo-home/bin/cargo" "+beta-2023-12-22" "metadata" "--manifest-path" "Cargo.toml" "--no-deps", kill_on_drop: false }`
[INFO] started tweaking git repo https://github.com/allenoooo/pong
[INFO] finished tweaking git repo https://github.com/allenoooo/pong
[INFO] tweaked toml for git repo https://github.com/allenoooo/pong written to /workspace/builds/worker-4-tc2/source/Cargo.toml
[INFO] crate git repo https://github.com/allenoooo/pong already has a lockfile, it will not be regenerated
[INFO] running `Command { std: CARGO_HOME="/workspace/cargo-home" RUSTUP_HOME="/workspace/rustup-home" "/workspace/cargo-home/bin/cargo" "+beta-2023-12-22" "fetch" "--manifest-path" "Cargo.toml", kill_on_drop: false }`
[INFO] running `Command { std: "docker" "create" "-v" "/var/lib/crater-agent-workspace/builds/worker-4-tc2/target:/opt/rustwide/target:rw,Z" "-v" "/var/lib/crater-agent-workspace/builds/worker-4-tc2/source:/opt/rustwide/workdir:ro,Z" "-v" "/var/lib/crater-agent-workspace/cargo-home:/opt/rustwide/cargo-home:ro,Z" "-v" "/var/lib/crater-agent-workspace/rustup-home:/opt/rustwide/rustup-home:ro,Z" "-e" "SOURCE_DIR=/opt/rustwide/workdir" "-e" "CARGO_TARGET_DIR=/opt/rustwide/target" "-e" "CARGO_HOME=/opt/rustwide/cargo-home" "-e" "RUSTUP_HOME=/opt/rustwide/rustup-home" "-w" "/opt/rustwide/workdir" "-m" "1610612736" "--user" "0:0" "--network" "none" "ghcr.io/rust-lang/crates-build-env/linux@sha256:2788e3201cd34a07e3172128adcd8b3090168a8e3bcc40d7c032b9dda1df7d1c" "/opt/rustwide/cargo-home/bin/cargo" "+beta-2023-12-22" "metadata" "--no-deps" "--format-version=1", kill_on_drop: false }`
[INFO] [stdout] e82213db90839eacaacfbfa0346505f4d84b85c5ba06dbf22195eaec4ea4c269
[INFO] running `Command { std: "docker" "start" "-a" "e82213db90839eacaacfbfa0346505f4d84b85c5ba06dbf22195eaec4ea4c269", kill_on_drop: false }`
[INFO] running `Command { std: "docker" "inspect" "e82213db90839eacaacfbfa0346505f4d84b85c5ba06dbf22195eaec4ea4c269", kill_on_drop: false }`
[INFO] running `Command { std: "docker" "rm" "-f" "e82213db90839eacaacfbfa0346505f4d84b85c5ba06dbf22195eaec4ea4c269", kill_on_drop: false }`
[INFO] [stdout] e82213db90839eacaacfbfa0346505f4d84b85c5ba06dbf22195eaec4ea4c269
[INFO] running `Command { std: "docker" "create" "-v" "/var/lib/crater-agent-workspace/builds/worker-4-tc2/target:/opt/rustwide/target:rw,Z" "-v" "/var/lib/crater-agent-workspace/builds/worker-4-tc2/source:/opt/rustwide/workdir:ro,Z" "-v" "/var/lib/crater-agent-workspace/cargo-home:/opt/rustwide/cargo-home:ro,Z" "-v" "/var/lib/crater-agent-workspace/rustup-home:/opt/rustwide/rustup-home:ro,Z" "-e" "SOURCE_DIR=/opt/rustwide/workdir" "-e" "CARGO_TARGET_DIR=/opt/rustwide/target" "-e" "CARGO_INCREMENTAL=0" "-e" "RUST_BACKTRACE=full" "-e" "RUSTFLAGS=--cap-lints=warn" "-e" "RUSTDOCFLAGS=--cap-lints=warn" "-e" "CARGO_HOME=/opt/rustwide/cargo-home" "-e" "RUSTUP_HOME=/opt/rustwide/rustup-home" "-w" "/opt/rustwide/workdir" "-m" "1610612736" "--user" "0:0" "--network" "none" "ghcr.io/rust-lang/crates-build-env/linux@sha256:2788e3201cd34a07e3172128adcd8b3090168a8e3bcc40d7c032b9dda1df7d1c" "/opt/rustwide/cargo-home/bin/cargo" "+beta-2023-12-22" "doc" "--frozen" "--no-deps" "--document-private-items" "--message-format=json", kill_on_drop: false }`
[INFO] [stdout] 87f197202665a175d3c467ee53332d8951d2ecff1575ad07611810edead72641
[INFO] running `Command { std: "docker" "start" "-a" "87f197202665a175d3c467ee53332d8951d2ecff1575ad07611810edead72641", kill_on_drop: false }`
[INFO] [stderr]    Compiling autocfg v1.0.1
[INFO] [stderr]    Compiling libc v0.2.94
[INFO] [stderr]    Compiling proc-macro2 v1.0.26
[INFO] [stderr]    Compiling unicode-xid v0.2.2
[INFO] [stderr]    Compiling syn v1.0.72
[INFO] [stderr]    Compiling libm v0.2.1
[INFO] [stderr]     Checking cfg-if v1.0.0
[INFO] [stderr]    Compiling serde_derive v1.0.126
[INFO] [stderr]    Compiling serde v1.0.126
[INFO] [stderr]     Checking lazy_static v1.4.0
[INFO] [stderr]     Checking cfg-if v0.1.10
[INFO] [stderr]     Checking byteorder v1.4.3
[INFO] [stderr]    Compiling cc v1.0.67
[INFO] [stderr]     Checking scopeguard v1.1.0
[INFO] [stderr]    Compiling bitflags v1.2.1
[INFO] [stderr]    Compiling maybe-uninit v2.0.0
[INFO] [stderr]    Compiling pkg-config v0.3.19
[INFO] [stderr]    Compiling log v0.4.14
[INFO] [stderr]    Compiling proc-macro2 v0.4.30
[INFO] [stderr]    Compiling unicode-xid v0.1.0
[INFO] [stderr]    Compiling rayon-core v1.9.0
[INFO] [stderr]    Compiling semver-parser v0.7.0
[INFO] [stderr]     Checking either v1.6.1
[INFO] [stderr]    Compiling semver v0.9.0
[INFO] [stderr]     Checking gimli v0.24.0
[INFO] [stderr]     Checking adler v1.0.2
[INFO] [stderr]     Checking rustc-demangle v0.1.19
[INFO] [stderr]     Checking object v0.24.0
[INFO] [stderr]     Checking adler32 v1.2.0
[INFO] [stderr]    Compiling syn v0.15.44
[INFO] [stderr]    Compiling getrandom v0.1.16
[INFO] [stderr]    Compiling xml-rs v0.8.3
[INFO] [stderr]    Compiling num-traits v0.2.14
[INFO] [stderr]    Compiling num-integer v0.1.44
[INFO] [stderr]    Compiling crossbeam-utils v0.8.4
[INFO] [stderr]    Compiling memoffset v0.6.3
[INFO] [stderr]    Compiling crossbeam-utils v0.7.2
[INFO] [stderr]    Compiling rayon v1.5.0
[INFO] [stderr]    Compiling rustc_version v0.2.3
[INFO] [stderr]    Compiling miniz_oxide v0.4.4
[INFO] [stderr]    Compiling num-rational v0.2.4
[INFO] [stderr]    Compiling quote v1.0.9
[INFO] [stderr]    Compiling quote v0.6.13
[INFO] [stderr]     Checking num_cpus v1.13.0
[INFO] [stderr]    Compiling memoffset v0.5.6
[INFO] [stderr]    Compiling backtrace v0.3.59
[INFO] [stderr]    Compiling crossbeam-epoch v0.8.2
[INFO] [stderr]    Compiling num-iter v0.1.42
[INFO] [stderr]    Compiling wayland-scanner v0.21.13
[INFO] [stderr]     Checking stb_truetype v0.3.1
[INFO] [stderr]     Checking libloading v0.6.7
[INFO] [stderr]     Checking crossbeam-epoch v0.9.4
[INFO] [stderr]     Checking crossbeam-channel v0.5.1
[INFO] [stderr]     Checking rustc-hash v1.1.0
[INFO] [stderr]    Compiling nix v0.14.1
[INFO] [stderr]    Compiling num-derive v0.2.5
[INFO] [stderr]    Compiling version_check v0.9.3
[INFO] [stderr]     Checking linked-hash-map v0.5.4
[INFO] [stderr]     Checking dlib v0.4.2
[INFO] [stderr]     Checking crossbeam-deque v0.8.0
[INFO] [stderr]     Checking fxhash v0.2.1
[INFO] [stderr]     Checking lock_api v0.3.4
[INFO] [stderr]     Checking void v1.0.2
[INFO] [stderr]     Checking atom v0.3.6
[INFO] [stderr]     Checking approx v0.3.2
[INFO] [stderr]     Checking crossbeam-deque v0.7.3
[INFO] [stderr]     Checking ordered-float v1.1.1
[INFO] [stderr]     Checking color_quant v1.1.0
[INFO] [stderr]     Checking lzw v0.10.0
[INFO] [stderr]    Compiling ryu v1.0.5
[INFO] [stderr]    Compiling memchr v2.4.0
[INFO] [stderr]     Checking wayland-sys v0.21.13
[INFO] [stderr]     Checking inflate v0.4.5
[INFO] [stderr]     Checking rusttype v0.8.3
[INFO] [stderr]     Checking deflate v0.7.20
[INFO] [stderr]     Checking same-file v1.0.6
[INFO] [stderr]    Compiling parking_lot_core v0.6.2
[INFO] [stderr]     Checking walkdir v2.3.2
[INFO] [stderr]     Checking downcast-rs v1.2.0
[INFO] [stderr]    Compiling failure_derive v0.1.8
[INFO] [stderr]     Checking gif v0.10.3
[INFO] [stderr]     Checking line_drawing v0.7.0
[INFO] [stderr]    Compiling parking_lot v0.9.0
[INFO] [stderr]    Compiling x11-dl v2.18.5
[INFO] [stderr]     Checking rusttype v0.7.9
[INFO] [stderr]     Checking addr2line v0.15.1
[INFO] [stderr]     Checking xdg v2.2.0
[INFO] [stderr]     Checking scoped_threadpool v0.1.9
[INFO] [stderr]     Checking png v0.14.1
[INFO] [stderr]     Checking memmap v0.7.0
[INFO] [stderr]     Checking crossbeam-utils v0.6.6
[INFO] [stderr]    Compiling serde_json v1.0.64
[INFO] [stderr]     Checking rand_core v0.5.1
[INFO] [stderr]     Checking raw-window-handle v0.3.3
[INFO] [stderr]    Compiling autocfg v0.1.7
[INFO] [stderr]    Compiling rand_core v0.4.2
[INFO] [stderr]     Checking itoa v0.4.7
[INFO] [stderr]     Checking percent-encoding v2.1.0
[INFO] [stderr]     Checking ppv-lite86 v0.2.10
[INFO] [stderr]    Compiling nom v5.1.2
[INFO] [stderr]    Compiling x11 v2.18.2
[INFO] [stderr]     Checking andrew v0.2.1
[INFO] [stderr]     Checking time v0.1.43
[INFO] [stderr]     Checking shared_library v0.1.9
[INFO] [stderr]    Compiling hashbrown v0.7.2
[INFO] [stderr]     Checking ash v0.29.0
[INFO] [stderr]     Checking rand_chacha v0.2.2
[INFO] [stderr]    Compiling wayland-client v0.21.13
[INFO] [stderr]    Compiling wayland-protocols v0.21.13
[INFO] [stderr]    Compiling rand_core v0.3.1
[INFO] [stderr]     Checking raw-window-handle v0.1.2
[INFO] [stderr]    Compiling aho-corasick v0.7.18
[INFO] [stderr]    Compiling num-complex v0.2.4
[INFO] [stderr]     Checking rand v0.7.3
[INFO] [stderr]     Checking mint v0.5.6
[INFO] [stderr]     Checking ahash v0.3.8
[INFO] [stderr]    Compiling regex-syntax v0.6.25
[INFO] [stderr]    Compiling typenum v1.13.0
[INFO] [stderr]     Checking crossbeam-channel v0.3.9
[INFO] [stderr]     Checking mopa v0.2.2
[INFO] [stderr]    Compiling proc-macro-hack v0.5.19
[INFO] [stderr]     Checking hibitset v0.6.3
[INFO] [stderr]     Checking jpeg-decoder v0.1.22
[INFO] [stderr]     Checking arrayvec v0.5.2
[INFO] [stderr]     Checking wayland-commons v0.21.13
[INFO] [stderr]    Compiling rand_pcg v0.1.2
[INFO] [stderr]    Compiling rand_chacha v0.1.1
[INFO] [stderr]     Checking crossbeam-queue v0.2.3
[INFO] [stderr]     Checking rawpointer v0.2.1
[INFO] [stderr]     Checking slab v0.4.3
[INFO] [stderr]     Checking tuple_utils v0.3.0
[INFO] [stderr]    Compiling arrayvec v0.4.12
[INFO] [stderr]     Checking colorful v0.2.1
[INFO] [stderr]     Checking shrev v1.1.1
[INFO] [stderr]     Checking matrixmultiply v0.2.4
[INFO] [stderr]     Checking tynm v0.1.6
[INFO] [stderr]     Checking rand_distr v0.2.2
[INFO] [stderr]    Compiling rand v0.6.5
[INFO] [stderr]    Compiling cmake v0.1.45
[INFO] [stderr]    Compiling edit-distance v2.1.0
[INFO] [stderr]    Compiling crc32fast v1.2.1
[INFO] [stderr]     Checking nodrop v0.1.14
[INFO] [stderr]    Compiling rustversion v1.0.5
[INFO] [stderr]    Compiling derivative v1.0.4
[INFO] [stderr]     Checking amethyst_error v0.15.3
[INFO] [stderr]     Checking generic-array v0.13.3
[INFO] [stderr]    Compiling rand_xorshift v0.1.1
[INFO] [stderr]    Compiling rand_hc v0.1.0
[INFO] [stderr]    Compiling rand_isaac v0.1.1
[INFO] [stderr]    Compiling rand_os v0.1.3
[INFO] [stderr]    Compiling rand_jitter v0.1.4
[INFO] [stderr]    Compiling proc-macro-error-attr v1.0.4
[INFO] [stderr]     Checking base64 v0.10.1
[INFO] [stderr]     Checking fnv v1.0.7
[INFO] [stderr]    Compiling siphasher v0.2.3
[INFO] [stderr]    Compiling proc-macro-error v1.0.4
[INFO] [stderr]    Compiling lexical-core v0.4.8
[INFO] [stderr]    Compiling regex v1.5.4
[INFO] [stderr]    Compiling phf_shared v0.7.24
[INFO] [stderr]    Compiling unicode-segmentation v1.7.1
[INFO] [stderr]    Compiling synstructure v0.12.4
[INFO] [stderr]    Compiling inventory v0.1.10
[INFO] [stderr]    Compiling tinystr v0.3.4
[INFO] [stderr]    Compiling heck v0.3.2
[INFO] [stderr]    Compiling unic-langid-impl v0.8.0
[INFO] [stderr]    Compiling proc_macro_roids v0.7.0
[INFO] [stderr]    Compiling servo-freetype-sys v4.0.5
[INFO] [stderr]    Compiling lexical v2.2.4
[INFO] [stderr]    Compiling phf_generator v0.7.24
[INFO] [stderr]    Compiling err-derive v0.2.4
[INFO] [stderr]    Compiling phf_codegen v0.7.24
[INFO] [stderr]     Checking static_assertions v0.3.4
[INFO] [stderr]     Checking approx v0.1.1
[INFO] [stderr]    Compiling palette v0.4.1
[INFO] [stderr]    Compiling expat-sys v2.1.6
[INFO] [stderr]     Checking crossbeam-queue v0.1.2
[INFO] [stderr]    Compiling syn v0.14.9
[INFO] [stderr]    Compiling alsa-sys v0.1.2
[INFO] [stderr]    Compiling num-rational v0.3.2
[INFO] [stderr]     Checking objekt v0.1.2
[INFO] [stderr]     Checking phf v0.7.24
[INFO] [stderr]     Checking png v0.15.3
[INFO] [stderr]    Compiling minimp3-sys v0.3.2
[INFO] [stderr]     Checking tiff v0.2.2
[INFO] [stderr]     Checking tiff v0.3.1
[INFO] [stderr]     Checking deflate v0.8.6
[INFO] [stderr]     Checking miniz_oxide v0.3.7
[INFO] [stderr]    Compiling inflections v1.1.1
[INFO] [stderr]    Compiling cgmath v0.16.1
[INFO] [stderr]     Checking image v0.21.3
[INFO] [stderr]     Checking tinyvec_macros v0.1.0
[INFO] [stderr]    Compiling ucd-trie v0.1.3
[INFO] [stderr]     Checking image v0.22.5
[INFO] [stderr]    Compiling pest v2.1.3
[INFO] [stderr]     Checking tinyvec v1.2.0
[INFO] [stderr]     Checking png v0.16.8
[INFO] [stderr]     Checking num-traits v0.1.43
[INFO] [stderr]     Checking wavefront_obj v6.0.0
[INFO] [stderr]    Compiling xcb v0.8.2
[INFO] [stderr]     Checking rand v0.4.6
[INFO] [stderr]    Compiling servo-fontconfig-sys v4.0.9
[INFO] [stderr]    Compiling num-bigint v0.4.0
[INFO] [stderr]     Checking bytemuck v1.5.1
[INFO] [stderr]     Checking static_assertions v1.1.0
[INFO] [stderr]    Compiling cpal v0.11.0
[INFO] [stderr]    Compiling semver-parser v0.10.2
[INFO] [stderr]     Checking image v0.23.14
[INFO] [stderr]     Checking euclid v0.20.14
[INFO] [stderr]     Checking slice-deque v0.3.0
[INFO] [stderr]    Compiling chrono v0.4.19
[INFO] [stderr]    Compiling num-rational v0.4.0
[INFO] [stderr] error: failed to run custom build command for `xcb v0.8.2`
[INFO] [stderr] note: To improve backtraces for build dependencies, set the CARGO_PROFILE_DEV_BUILD_OVERRIDE_DEBUG=true environment variable to enable debug information generation.
[INFO] [stderr] 
[INFO] [stderr] Caused by:
[INFO] [stderr]   process didn't exit successfully: `/opt/rustwide/target/debug/build/xcb-86174914a71972fa/build-script-build` (exit status: 101)
[INFO] [stderr]   --- stderr
[INFO] [stderr]   error occured in handler:  ('request: ', ('xcb', 'SELinux', 'GetClientContext'))
[INFO] [stderr]   Traceback (most recent call last):
[INFO] [stderr]     File "/opt/rustwide/cargo-home/registry/src/index.crates.io-6f17d22bba15001f/xcb-0.8.2/rs_client.py", line 2448, in <module>
[INFO] [stderr]       module.generate()
[INFO] [stderr]     File "/opt/rustwide/cargo-home/registry/src/index.crates.io-6f17d22bba15001f/xcb-0.8.2/xcbgen/state.py", line 108, in generate
[INFO] [stderr]       self.close()
[INFO] [stderr]     File "/opt/rustwide/cargo-home/registry/src/index.crates.io-6f17d22bba15001f/xcb-0.8.2/rs_client.py", line 296, in rs_close
[INFO] [stderr]       _f.writeout(os.path.join(module.rs_srcdir, "ffi", "%s.rs" % _module_name(_ns.ext_name)))
[INFO] [stderr]     File "/opt/rustwide/cargo-home/registry/src/index.crates.io-6f17d22bba15001f/xcb-0.8.2/rs_client.py", line 114, in writeout
[INFO] [stderr]       with open(path, 'w') as f:
[INFO] [stderr]   OSError: [Errno 30] Read-only file system: '/opt/rustwide/cargo-home/registry/src/index.crates.io-6f17d22bba15001f/xcb-0.8.2/src/ffi/selinux.rs'
[INFO] [stderr]   thread 'main' panicked at /opt/rustwide/cargo-home/registry/src/index.crates.io-6f17d22bba15001f/xcb-0.8.2/build.rs:75:17:
[INFO] [stderr]   processing of /opt/rustwide/cargo-home/registry/src/index.crates.io-6f17d22bba15001f/xcb-0.8.2/xml/xselinux.xml returned non-zero (1)
[INFO] [stderr]   stack backtrace:
[INFO] [stderr]      0:     0x55fce4ff3376 - std::backtrace_rs::backtrace::libunwind::trace::h261606ad26a499c1
[INFO] [stderr]                                  at /rustc/0e09125c6c3c2fd70d7de961bcf0e51575235fad/library/std/src/../../backtrace/src/backtrace/libunwind.rs:104:5
[INFO] [stderr]      1:     0x55fce4ff3376 - std::backtrace_rs::backtrace::trace_unsynchronized::hd183f0625477fb28
[INFO] [stderr]                                  at /rustc/0e09125c6c3c2fd70d7de961bcf0e51575235fad/library/std/src/../../backtrace/src/backtrace/mod.rs:66:5
[INFO] [stderr]      2:     0x55fce4ff3376 - std::sys_common::backtrace::_print_fmt::hd7f8fef21b4eda67
[INFO] [stderr]                                  at /rustc/0e09125c6c3c2fd70d7de961bcf0e51575235fad/library/std/src/sys_common/backtrace.rs:68:5
[INFO] [stderr]      3:     0x55fce4ff3376 - <std::sys_common::backtrace::_print::DisplayBacktrace as core::fmt::Display>::fmt::h623d9b51f2f453f1
[INFO] [stderr]                                  at /rustc/0e09125c6c3c2fd70d7de961bcf0e51575235fad/library/std/src/sys_common/backtrace.rs:44:22
[INFO] [stderr]      4:     0x55fce5015aa0 - core::fmt::rt::Argument::fmt::h9f417ac76a86f368
[INFO] [stderr]                                  at /rustc/0e09125c6c3c2fd70d7de961bcf0e51575235fad/library/core/src/fmt/rt.rs:142:9
[INFO] [stderr]      5:     0x55fce5015aa0 - core::fmt::write::hc9b6faf4ac2aeff7
[INFO] [stderr]                                  at /rustc/0e09125c6c3c2fd70d7de961bcf0e51575235fad/library/core/src/fmt/mod.rs:1120:17
[INFO] [stderr]      6:     0x55fce4ff13ef - std::io::Write::write_fmt::hfead1eee52c2e65e
[INFO] [stderr]                                  at /rustc/0e09125c6c3c2fd70d7de961bcf0e51575235fad/library/std/src/io/mod.rs:1810:15
[INFO] [stderr]      7:     0x55fce4ff3154 - std::sys_common::backtrace::_print::hd5d66399c7df88a2
[INFO] [stderr]                                  at /rustc/0e09125c6c3c2fd70d7de961bcf0e51575235fad/library/std/src/sys_common/backtrace.rs:47:5
[INFO] [stderr]      8:     0x55fce4ff3154 - std::sys_common::backtrace::print::he81ed2da642d37e5
[INFO] [stderr]                                  at /rustc/0e09125c6c3c2fd70d7de961bcf0e51575235fad/library/std/src/sys_common/backtrace.rs:34:9
[INFO] [stderr]      9:     0x55fce4ff4847 - std::panicking::default_hook::{{closure}}::h85773f4fa117163d
[INFO] [stderr]     10:     0x55fce4ff45a9 - std::panicking::default_hook::h6a1694a91d09b278
[INFO] [stderr]                                  at /rustc/0e09125c6c3c2fd70d7de961bcf0e51575235fad/library/std/src/panicking.rs:292:9
[INFO] [stderr]     11:     0x55fce4ff4cd8 - std::panicking::rust_panic_with_hook::h0a7ad96e90f7145b
[INFO] [stderr]                                  at /rustc/0e09125c6c3c2fd70d7de961bcf0e51575235fad/library/std/src/panicking.rs:779:13
[INFO] [stderr]     12:     0x55fce4ff4bb2 - std::panicking::begin_panic_handler::{{closure}}::h7919090525c6485e
[INFO] [stderr]                                  at /rustc/0e09125c6c3c2fd70d7de961bcf0e51575235fad/library/std/src/panicking.rs:657:13
[INFO] [stderr]     13:     0x55fce4ff3876 - std::sys_common::backtrace::__rust_end_short_backtrace::hf3289479464f7dfe
[INFO] [stderr]                                  at /rustc/0e09125c6c3c2fd70d7de961bcf0e51575235fad/library/std/src/sys_common/backtrace.rs:171:18
[INFO] [stderr]     14:     0x55fce4ff4910 - rust_begin_unwind
[INFO] [stderr]                                  at /rustc/0e09125c6c3c2fd70d7de961bcf0e51575235fad/library/std/src/panicking.rs:645:5
[INFO] [stderr]     15:     0x55fce4fcd285 - core::panicking::panic_fmt::hcc9f77c5c132af55
[INFO] [stderr]                                  at /rustc/0e09125c6c3c2fd70d7de961bcf0e51575235fad/library/core/src/panicking.rs:72:14
[INFO] [stderr]     16:     0x55fce4fd31b1 - build_script_build::main::{{closure}}::hbb24a1811cc58a2d
[INFO] [stderr]     17:     0x55fce4fd20a3 - build_script_build::visit_xml::h4f7a85876b0392b8
[INFO] [stderr]     18:     0x55fce4fd2743 - build_script_build::main::h15162fdb36abfca2
[INFO] [stderr]     19:     0x55fce4fced83 - core::ops::function::FnOnce::call_once::hc9c84c6589be7dbb
[INFO] [stderr]     20:     0x55fce4fcddd6 - std::sys_common::backtrace::__rust_begin_short_backtrace::hb301453655fbbc65
[INFO] [stderr]     21:     0x55fce4fce509 - std::rt::lang_start::{{closure}}::h1cfbd225387079da
[INFO] [stderr]     22:     0x55fce4fedfd1 - core::ops::function::impls::<impl core::ops::function::FnOnce<A> for &F>::call_once::h4eb4c5e1620f29b0
[INFO] [stderr]                                  at /rustc/0e09125c6c3c2fd70d7de961bcf0e51575235fad/library/core/src/ops/function.rs:284:13
[INFO] [stderr]     23:     0x55fce4fedfd1 - std::panicking::try::do_call::h73fd26535faffcdf
[INFO] [stderr]                                  at /rustc/0e09125c6c3c2fd70d7de961bcf0e51575235fad/library/std/src/panicking.rs:552:40
[INFO] [stderr]     24:     0x55fce4fedfd1 - std::panicking::try::h77ff1d98f0fb9f39
[INFO] [stderr]                                  at /rustc/0e09125c6c3c2fd70d7de961bcf0e51575235fad/library/std/src/panicking.rs:516:19
[INFO] [stderr]     25:     0x55fce4fedfd1 - std::panic::catch_unwind::hab3caf2448b95e37
[INFO] [stderr]                                  at /rustc/0e09125c6c3c2fd70d7de961bcf0e51575235fad/library/std/src/panic.rs:142:14
[INFO] [stderr]     26:     0x55fce4fedfd1 - std::rt::lang_start_internal::{{closure}}::h8086711f9c783f78
[INFO] [stderr]                                  at /rustc/0e09125c6c3c2fd70d7de961bcf0e51575235fad/library/std/src/rt.rs:148:48
[INFO] [stderr]     27:     0x55fce4fedfd1 - std::panicking::try::do_call::hf920d4dc291cd6ca
[INFO] [stderr]                                  at /rustc/0e09125c6c3c2fd70d7de961bcf0e51575235fad/library/std/src/panicking.rs:552:40
[INFO] [stderr]     28:     0x55fce4fedfd1 - std::panicking::try::h2b806ccc0a85db74
[INFO] [stderr]                                  at /rustc/0e09125c6c3c2fd70d7de961bcf0e51575235fad/library/std/src/panicking.rs:516:19
[INFO] [stderr]     29:     0x55fce4fedfd1 - std::panic::catch_unwind::h038489539c507df2
[INFO] [stderr]                                  at /rustc/0e09125c6c3c2fd70d7de961bcf0e51575235fad/library/std/src/panic.rs:142:14
[INFO] [stderr]     30:     0x55fce4fedfd1 - std::rt::lang_start_internal::h28503b88912e8a5c
[INFO] [stderr]                                  at /rustc/0e09125c6c3c2fd70d7de961bcf0e51575235fad/library/std/src/rt.rs:148:20
[INFO] [stderr]     31:     0x55fce4fce4e7 - std::rt::lang_start::hb2bbf5053a6b7da4
[INFO] [stderr]     32:     0x55fce4fd3235 - main
[INFO] [stderr]     33:     0x7f1af6a90d90 - <unknown>
[INFO] [stderr]     34:     0x7f1af6a90e40 - __libc_start_main
[INFO] [stderr]     35:     0x55fce4fcd9b5 - _start
[INFO] [stderr]     36:                0x0 - <unknown>
[INFO] [stderr] warning: build failed, waiting for other jobs to finish...
[INFO] running `Command { std: "docker" "inspect" "87f197202665a175d3c467ee53332d8951d2ecff1575ad07611810edead72641", kill_on_drop: false }`
[INFO] running `Command { std: "docker" "rm" "-f" "87f197202665a175d3c467ee53332d8951d2ecff1575ad07611810edead72641", kill_on_drop: false }`
[INFO] [stdout] 87f197202665a175d3c467ee53332d8951d2ecff1575ad07611810edead72641
