[INFO] cloning repository https://github.com/aljen/world_renderer
[INFO] running `Command { std: "git" "-c" "credential.helper=" "-c" "credential.helper=/workspace/cargo-home/bin/git-credential-null" "clone" "--bare" "https://github.com/aljen/world_renderer" "/workspace/cache/git-repos/https%3A%2F%2Fgithub.com%2Faljen%2Fworld_renderer", kill_on_drop: false }`
[INFO] [stderr] Cloning into bare repository '/workspace/cache/git-repos/https%3A%2F%2Fgithub.com%2Faljen%2Fworld_renderer'...
[INFO] running `Command { std: "git" "rev-parse" "HEAD", kill_on_drop: false }`
[INFO] [stdout] 053320712b6540762f47d26932f07154175faaf8
[INFO] documenting aljen/world_renderer against 1.75.0 for beta-1.76-rustdoc-1
[INFO] running `Command { std: "git" "clone" "/workspace/cache/git-repos/https%3A%2F%2Fgithub.com%2Faljen%2Fworld_renderer" "/workspace/builds/worker-2-tc1/source", kill_on_drop: false }`
[INFO] [stderr] Cloning into '/workspace/builds/worker-2-tc1/source'...
[INFO] [stderr] done.
[INFO] validating manifest of git repo https://github.com/aljen/world_renderer on toolchain 1.75.0
[INFO] running `Command { std: CARGO_HOME="/workspace/cargo-home" RUSTUP_HOME="/workspace/rustup-home" "/workspace/cargo-home/bin/cargo" "+1.75.0" "metadata" "--manifest-path" "Cargo.toml" "--no-deps", kill_on_drop: false }`
[INFO] started tweaking git repo https://github.com/aljen/world_renderer
[INFO] finished tweaking git repo https://github.com/aljen/world_renderer
[INFO] tweaked toml for git repo https://github.com/aljen/world_renderer written to /workspace/builds/worker-2-tc1/source/Cargo.toml
[INFO] crate git repo https://github.com/aljen/world_renderer already has a lockfile, it will not be regenerated
[INFO] running `Command { std: CARGO_HOME="/workspace/cargo-home" RUSTUP_HOME="/workspace/rustup-home" "/workspace/cargo-home/bin/cargo" "+1.75.0" "fetch" "--manifest-path" "Cargo.toml", kill_on_drop: false }`
[INFO] [stderr]     Updating crates.io index
[INFO] [stderr]  Downloading crates ...
[INFO] [stderr]   Downloaded bevy-inspector-egui-derive v0.17.0
[INFO] [stderr]   Downloaded bevy-inspector-egui v0.17.0
[INFO] [stderr]   Downloaded bevy_egui v0.19.0
[INFO] [stderr]   Downloaded geotiff v0.0.2
[INFO] running `Command { std: "docker" "create" "-v" "/var/lib/crater-agent-workspace/builds/worker-2-tc1/target:/opt/rustwide/target:rw,Z" "-v" "/var/lib/crater-agent-workspace/builds/worker-2-tc1/source:/opt/rustwide/workdir:ro,Z" "-v" "/var/lib/crater-agent-workspace/cargo-home:/opt/rustwide/cargo-home:ro,Z" "-v" "/var/lib/crater-agent-workspace/rustup-home:/opt/rustwide/rustup-home:ro,Z" "-e" "SOURCE_DIR=/opt/rustwide/workdir" "-e" "CARGO_TARGET_DIR=/opt/rustwide/target" "-e" "CARGO_HOME=/opt/rustwide/cargo-home" "-e" "RUSTUP_HOME=/opt/rustwide/rustup-home" "-w" "/opt/rustwide/workdir" "-m" "1610612736" "--user" "0:0" "--network" "none" "ghcr.io/rust-lang/crates-build-env/linux@sha256:2788e3201cd34a07e3172128adcd8b3090168a8e3bcc40d7c032b9dda1df7d1c" "/opt/rustwide/cargo-home/bin/cargo" "+1.75.0" "metadata" "--no-deps" "--format-version=1", kill_on_drop: false }`
[INFO] [stdout] 0deebe6d45b622078e160be3d184f56ff5c14ed8014bc93a9e0e2d6da25e1eb2
[INFO] running `Command { std: "docker" "start" "-a" "0deebe6d45b622078e160be3d184f56ff5c14ed8014bc93a9e0e2d6da25e1eb2", kill_on_drop: false }`
[INFO] running `Command { std: "docker" "inspect" "0deebe6d45b622078e160be3d184f56ff5c14ed8014bc93a9e0e2d6da25e1eb2", kill_on_drop: false }`
[INFO] running `Command { std: "docker" "rm" "-f" "0deebe6d45b622078e160be3d184f56ff5c14ed8014bc93a9e0e2d6da25e1eb2", kill_on_drop: false }`
[INFO] [stdout] 0deebe6d45b622078e160be3d184f56ff5c14ed8014bc93a9e0e2d6da25e1eb2
[INFO] running `Command { std: "docker" "create" "-v" "/var/lib/crater-agent-workspace/builds/worker-2-tc1/target:/opt/rustwide/target:rw,Z" "-v" "/var/lib/crater-agent-workspace/builds/worker-2-tc1/source:/opt/rustwide/workdir:ro,Z" "-v" "/var/lib/crater-agent-workspace/cargo-home:/opt/rustwide/cargo-home:ro,Z" "-v" "/var/lib/crater-agent-workspace/rustup-home:/opt/rustwide/rustup-home:ro,Z" "-e" "SOURCE_DIR=/opt/rustwide/workdir" "-e" "CARGO_TARGET_DIR=/opt/rustwide/target" "-e" "CARGO_INCREMENTAL=0" "-e" "RUST_BACKTRACE=full" "-e" "RUSTFLAGS=--cap-lints=warn" "-e" "RUSTDOCFLAGS=--cap-lints=warn" "-e" "CARGO_HOME=/opt/rustwide/cargo-home" "-e" "RUSTUP_HOME=/opt/rustwide/rustup-home" "-w" "/opt/rustwide/workdir" "-m" "1610612736" "--user" "0:0" "--network" "none" "ghcr.io/rust-lang/crates-build-env/linux@sha256:2788e3201cd34a07e3172128adcd8b3090168a8e3bcc40d7c032b9dda1df7d1c" "/opt/rustwide/cargo-home/bin/cargo" "+1.75.0" "doc" "--frozen" "--no-deps" "--document-private-items" "--message-format=json", kill_on_drop: false }`
[INFO] [stdout] 38d85ad0a2ca4b7ad1a8364815160bf1a65e69a9a88e0540e6eae1f0da9a6e1a
[INFO] running `Command { std: "docker" "start" "-a" "38d85ad0a2ca4b7ad1a8364815160bf1a65e69a9a88e0540e6eae1f0da9a6e1a", kill_on_drop: false }`
[INFO] [stderr]    Compiling autocfg v1.1.0
[INFO] [stderr]    Compiling proc-macro2 v1.0.50
[INFO] [stderr]    Compiling unicode-ident v1.0.6
[INFO] [stderr]    Compiling quote v1.0.23
[INFO] [stderr]    Compiling syn v1.0.107
[INFO] [stderr]     Checking cfg-if v1.0.0
[INFO] [stderr]    Compiling libc v0.2.139
[INFO] [stderr]    Compiling serde_derive v1.0.152
[INFO] [stderr]    Compiling serde v1.0.152
[INFO] [stderr]     Checking once_cell v1.17.0
[INFO] [stderr]    Compiling version_check v0.9.4
[INFO] [stderr]     Checking bitflags v1.3.2
[INFO] [stderr]    Compiling parking_lot_core v0.9.7
[INFO] [stderr]     Checking byteorder v1.4.3
[INFO] [stderr]    Compiling thiserror v1.0.38
[INFO] [stderr]     Checking scopeguard v1.1.0
[INFO] [stderr]    Compiling memchr v2.5.0
[INFO] [stderr]    Compiling log v0.4.17
[INFO] [stderr]    Compiling num-traits v0.2.15
[INFO] [stderr]    Compiling lock_api v0.4.9
[INFO] [stderr]    Compiling ahash v0.7.6
[INFO] [stderr]     Checking getrandom v0.2.8
[INFO] [stderr]     Checking pin-project-lite v0.2.9
[INFO] [stderr]    Compiling crossbeam-utils v0.8.14
[INFO] [stderr]    Compiling futures-core v0.3.26
[INFO] [stderr]     Checking tracing-core v0.1.30
[INFO] [stderr]     Checking fixedbitset v0.4.2
[INFO] [stderr]    Compiling slab v0.4.7
[INFO] [stderr]     Checking waker-fn v1.1.0
[INFO] [stderr]     Checking parking v2.0.0
[INFO] [stderr]     Checking event-listener v2.5.3
[INFO] [stderr]     Checking fastrand v1.8.0
[INFO] [stderr]     Checking futures-io v0.3.26
[INFO] [stderr]     Checking concurrent-queue v2.1.0
[INFO] [stderr]     Checking futures-lite v1.12.0
[INFO] [stderr]     Checking tracing v0.1.37
[INFO] [stderr]     Checking fxhash v0.2.1
[INFO] [stderr]     Checking instant v0.1.12
[INFO] [stderr]    Compiling bit-vec v0.6.3
[INFO] [stderr]    Compiling erased-serde v0.3.24
[INFO] [stderr]    Compiling uuid v1.3.0
[INFO] [stderr]    Compiling pkg-config v0.3.26
[INFO] [stderr]    Compiling bit-set v0.5.3
[INFO] [stderr]     Checking cache-padded v1.2.0
[INFO] [stderr]     Checking async-task v4.3.0
[INFO] [stderr]     Checking concurrent-queue v1.2.4
[INFO] [stderr]     Checking async-channel v1.8.0
[INFO] [stderr]     Checking thread_local v1.1.4
[INFO] [stderr]     Checking async-lock v2.6.0
[INFO] [stderr]     Checking downcast-rs v1.2.0
[INFO] [stderr]     Checking bevy_ptr v0.9.1
[INFO] [stderr]    Compiling num-integer v0.1.45
[INFO] [stderr]     Checking lazy_static v1.4.0
[INFO] [stderr]     Checking regex-syntax v0.6.28
[INFO] [stderr]     Checking aho-corasick v0.7.20
[INFO] [stderr]     Checking async-executor v1.5.0
[INFO] [stderr]     Checking overload v0.1.1
[INFO] [stderr]     Checking bevy_tasks v0.9.1
[INFO] [stderr]     Checking nu-ansi-term v0.46.0
[INFO] [stderr]     Checking tracing-log v0.1.3
[INFO] [stderr]     Checking sharded-slab v0.1.4
[INFO] [stderr]     Checking cty v0.2.2
[INFO] [stderr]    Compiling indexmap v1.9.2
[INFO] [stderr]     Checking raw-window-handle v0.5.0
[INFO] [stderr]     Checking crossbeam-channel v0.5.6
[INFO] [stderr]     Checking mio v0.8.5
[INFO] [stderr]    Compiling crc32fast v1.3.2
[INFO] [stderr]     Checking inotify-sys v0.1.5
[INFO] [stderr]     Checking libloading v0.7.4
[INFO] [stderr]     Checking unicode-width v0.1.10
[INFO] [stderr]     Checking unicode-xid v0.2.4
[INFO] [stderr]    Compiling ash v0.37.2+1.3.238
[INFO] [stderr]    Compiling khronos-egl v4.1.0
[INFO] [stderr]     Checking adler v1.0.2
[INFO] [stderr]     Checking same-file v1.0.6
[INFO] [stderr]    Compiling anyhow v1.0.68
[INFO] [stderr]     Checking termcolor v1.2.0
[INFO] [stderr]     Checking walkdir v2.3.2
[INFO] [stderr]     Checking miniz_oxide v0.6.2
[INFO] [stderr]     Checking pp-rs v0.2.1
[INFO] [stderr]    Compiling toml v0.5.11
[INFO] [stderr]     Checking codespan-reporting v0.11.1
[INFO] [stderr]     Checking inotify v0.9.6
[INFO] [stderr]     Checking regex-automata v0.1.10
[INFO] [stderr]     Checking regex v1.7.1
[INFO] [stderr]     Checking spirv v0.2.0+1.5.4
[INFO] [stderr]     Checking filetime v0.2.19
[INFO] [stderr]    Compiling num-rational v0.4.1
[INFO] [stderr]     Checking gpu-descriptor-types v0.1.1
[INFO] [stderr]     Checking gpu-alloc-types v0.2.0
[INFO] [stderr]     Checking hexf-parse v0.2.1
[INFO] [stderr]    Compiling cfg_aliases v0.1.1
[INFO] [stderr]     Checking arrayvec v0.7.2
[INFO] [stderr]     Checking rustc-hash v1.1.0
[INFO] [stderr]    Compiling wgpu-core v0.14.2
[INFO] [stderr]     Checking gpu-alloc v0.5.3
[INFO] [stderr]    Compiling encase_derive_impl v0.4.1
[INFO] [stderr]     Checking matchers v0.1.0
[INFO] [stderr]     Checking notify v5.1.0
[INFO] [stderr]    Compiling bevy_macro_utils v0.9.1
[INFO] [stderr]     Checking flate2 v1.0.25
[INFO] [stderr]    Compiling memoffset v0.6.5
[INFO] [stderr]     Checking wgpu-types v0.14.1
[INFO] [stderr]     Checking profiling v1.0.7
[INFO] [stderr]     Checking glow v0.11.2
[INFO] [stderr]     Checking renderdoc-sys v0.7.1
[INFO] [stderr]     Checking png v0.17.7
[INFO] [stderr]     Checking color_quant v1.1.0
[INFO] [stderr]     Checking scoped_threadpool v0.1.9
[INFO] [stderr]     Checking const_panic v0.2.7
[INFO] [stderr]     Checking static_assertions v1.1.0
[INFO] [stderr]     Checking hex v0.4.3
[INFO] [stderr]     Checking tinyvec_macros v0.1.1
[INFO] [stderr]     Checking tinyvec v1.6.0
[INFO] [stderr]    Compiling glob v0.3.1
[INFO] [stderr]     Checking ttf-parser v0.18.1
[INFO] [stderr]    Compiling clang-sys v1.4.0
[INFO] [stderr]    Compiling alsa-sys v0.3.1
[INFO] [stderr]     Checking ab_glyph_rasterizer v0.1.8
[INFO] [stderr]     Checking radsort v0.1.0
[INFO] [stderr]     Checking percent-encoding v2.2.0
[INFO] [stderr]     Checking owned_ttf_parser v0.18.1
[INFO] [stderr]    Compiling libudev-sys v0.1.4
[INFO] [stderr]     Checking ab_glyph v0.2.20
[INFO] [stderr]    Compiling serde_json v1.0.91
[INFO] [stderr]    Compiling minimal-lexical v0.2.1
[INFO] [stderr]    Compiling nom v7.1.3
[INFO] [stderr]     Checking nix v0.23.2
[INFO] [stderr]    Compiling x11-dl v2.21.0
[INFO] [stderr]     Checking approx v0.5.1
[INFO] [stderr]     Checking euclid v0.22.7
[INFO] [stderr]    Compiling either v1.8.1
[INFO] [stderr]    Compiling inflections v1.1.1
[INFO] [stderr]    Compiling typenum v1.16.0
[INFO] [stderr]     Checking ryu v1.0.12
[INFO] [stderr]    Compiling cpal v0.14.2
[INFO] [stderr]    Compiling semver v1.0.16
[INFO] [stderr]     Checking svg_fmt v0.4.1
[INFO] [stderr]     Checking itoa v1.0.5
[INFO] [stderr]    Compiling bindgen v0.61.0
[INFO] [stderr]     Checking guillotiere v0.6.2
[INFO] [stderr]    Compiling cexpr v0.6.0
[INFO] [stderr]    Compiling which v4.4.0
[INFO] [stderr]     Checking alsa v0.6.0
[INFO] [stderr]     Checking nix v0.25.1
[INFO] [stderr]     Checking ogg v0.8.0
[INFO] [stderr]     Checking rectangle-pack v0.4.2
[INFO] [stderr]    Compiling peeking_take_while v0.1.2
[INFO] [stderr]    Compiling lazycell v1.3.0
[INFO] [stderr]     Checking xi-unicode v0.3.0
[INFO] [stderr]    Compiling shlex v1.1.0
[INFO] [stderr]     Checking base64 v0.13.1
[INFO] [stderr]     Checking vec_map v0.8.2
[INFO] [stderr]    Compiling gilrs v0.10.1
[INFO] [stderr]     Checking glyph_brush_layout v0.2.3
[INFO] [stderr]     Checking lewton v0.10.2
[INFO] [stderr]     Checking raw-window-handle v0.4.3
[INFO] [stderr]     Checking hash32 v0.2.1
[INFO] [stderr]     Checking fnv v1.0.7
[INFO] [stderr]    Compiling getrandom v0.1.16
[INFO] [stderr]     Checking urlencoding v2.1.2
[INFO] [stderr]    Compiling ahash v0.8.3
[INFO] [stderr]     Checking unicode-normalization v0.1.22
[INFO] [stderr]     Checking nix v0.24.3
[INFO] [stderr]    Compiling num-bigint v0.3.3
[INFO] [stderr]     Checking ppv-lite86 v0.2.17
[INFO] [stderr]     Checking unicode-bidi v0.3.10
[INFO] [stderr]     Checking idna v0.3.0
[INFO] [stderr]     Checking rand_core v0.5.1
[INFO] [stderr]     Checking form_urlencoded v1.1.0
[INFO] [stderr]     Checking gethostname v0.2.3
[INFO] [stderr]     Checking dirs-sys v0.3.7
[INFO] [stderr]    Compiling num-rational v0.3.2
[INFO] [stderr]    Compiling num-iter v0.1.43
[INFO] [stderr]     Checking nohash-hasher v0.2.0
[INFO] [stderr]     Checking url v2.3.1
[INFO] [stderr]     Checking dirs v4.0.0
[INFO] [stderr]     Checking rand_chacha v0.2.2
[INFO] [stderr]     Checking num-traits v0.1.43
[INFO] [stderr]     Checking num-complex v0.3.1
[INFO] [stderr]     Checking webbrowser v0.8.7
[INFO] [stderr]     Checking rand_core v0.6.4
[INFO] [stderr]     Checking time v0.1.45
[INFO] [stderr]     Checking iana-time-zone v0.1.53
[INFO] [stderr]     Checking rand_chacha v0.3.1
[INFO] [stderr]     Checking enum_primitive v0.1.1
[INFO] [stderr]     Checking rand v0.7.3
[INFO] [stderr]     Checking chrono v0.4.23
[INFO] [stderr]     Checking rand_xorshift v0.2.0
[INFO] [stderr]     Checking geo-types v0.7.8
[INFO] [stderr]     Checking num v0.3.1
[INFO] [stderr]     Checking pretty-type-name v1.0.1
[INFO] [stderr]     Checking x11rb-protocol v0.10.0
[INFO] [stderr]     Checking geotiff v0.0.2
[INFO] [stderr]     Checking rand v0.8.5
[INFO] [stderr]     Checking noise v0.8.2
[INFO] [stderr]     Checking x11rb v0.10.1
[INFO] [stderr]    Compiling bytemuck_derive v1.4.0
[INFO] [stderr]    Compiling thiserror-impl v1.0.38
[INFO] [stderr]    Compiling bevy_reflect_derive v0.9.1
[INFO] [stderr]    Compiling bevy_ecs_macros v0.9.1
[INFO] [stderr]    Compiling bevy_derive v0.9.1
[INFO] [stderr]    Compiling encase_derive v0.4.1
[INFO] [stderr]     Checking bytemuck v1.13.0
[INFO] [stderr]     Checking image v0.24.5
[INFO] [stderr]    Compiling bevy_render_macros v0.9.1
[INFO] [stderr]    Compiling bevy_encase_derive v0.9.1
[INFO] [stderr]    Compiling gltf-derive v1.1.0
[INFO] [stderr]    Compiling hash32-derive v0.1.1
[INFO] [stderr]    Compiling gdal-sys v0.8.0
[INFO] [stderr]     Checking ecolor v0.20.0
[INFO] [stderr]     Checking emath v0.20.0
[INFO] [stderr]    Compiling bevy-inspector-egui-derive v0.17.0
[INFO] [stderr] error: failed to run custom build command for `gdal-sys v0.8.0`
[INFO] [stderr] note: To improve backtraces for build dependencies, set the CARGO_PROFILE_DEV_BUILD_OVERRIDE_DEBUG=true environment variable to enable debug information generation.
[INFO] [stderr] 
[INFO] [stderr] Caused by:
[INFO] [stderr]   process didn't exit successfully: `/opt/rustwide/target/debug/build/gdal-sys-8e1f5a19a71045b0/build-script-build` (exit status: 101)
[INFO] [stderr]   --- stdout
[INFO] [stderr]   cargo:rerun-if-env-changed=GDAL_STATIC
[INFO] [stderr]   cargo:rerun-if-env-changed=GDAL_DYNAMIC
[INFO] [stderr]   cargo:rerun-if-env-changed=GDAL_INCLUDE_DIR
[INFO] [stderr]   cargo:rerun-if-env-changed=GDAL_LIB_DIR
[INFO] [stderr]   cargo:rerun-if-env-changed=GDAL_HOME
[INFO] [stderr]   cargo:rerun-if-env-changed=GDAL_VERSION
[INFO] [stderr]   cargo:rerun-if-env-changed=GDAL_NO_PKG_CONFIG
[INFO] [stderr]   cargo:rerun-if-env-changed=PKG_CONFIG_x86_64-unknown-linux-gnu
[INFO] [stderr]   cargo:rerun-if-env-changed=PKG_CONFIG_x86_64_unknown_linux_gnu
[INFO] [stderr]   cargo:rerun-if-env-changed=HOST_PKG_CONFIG
[INFO] [stderr]   cargo:rerun-if-env-changed=PKG_CONFIG
[INFO] [stderr]   cargo:rerun-if-env-changed=PKG_CONFIG_PATH_x86_64-unknown-linux-gnu
[INFO] [stderr]   cargo:rerun-if-env-changed=PKG_CONFIG_PATH_x86_64_unknown_linux_gnu
[INFO] [stderr]   cargo:rerun-if-env-changed=HOST_PKG_CONFIG_PATH
[INFO] [stderr]   cargo:rerun-if-env-changed=PKG_CONFIG_PATH
[INFO] [stderr]   cargo:rerun-if-env-changed=PKG_CONFIG_LIBDIR_x86_64-unknown-linux-gnu
[INFO] [stderr]   cargo:rerun-if-env-changed=PKG_CONFIG_LIBDIR_x86_64_unknown_linux_gnu
[INFO] [stderr]   cargo:rerun-if-env-changed=HOST_PKG_CONFIG_LIBDIR
[INFO] [stderr]   cargo:rerun-if-env-changed=PKG_CONFIG_LIBDIR
[INFO] [stderr]   cargo:rerun-if-env-changed=PKG_CONFIG_SYSROOT_DIR_x86_64-unknown-linux-gnu
[INFO] [stderr]   cargo:rerun-if-env-changed=PKG_CONFIG_SYSROOT_DIR_x86_64_unknown_linux_gnu
[INFO] [stderr]   cargo:rerun-if-env-changed=HOST_PKG_CONFIG_SYSROOT_DIR
[INFO] [stderr]   cargo:rerun-if-env-changed=PKG_CONFIG_SYSROOT_DIR
[INFO] [stderr] 
[INFO] [stderr]   --- stderr
[INFO] [stderr]   wrapper.h:5:10: fatal error: 'cpl_atomic_ops.h' file not found
[INFO] [stderr]   thread 'main' panicked at /opt/rustwide/cargo-home/registry/src/index.crates.io-6f17d22bba15001f/gdal-sys-0.8.0/build.rs:31:10:
[INFO] [stderr]   Unable to generate bindings: ClangDiagnostic("wrapper.h:5:10: fatal error: 'cpl_atomic_ops.h' file not found\n")
[INFO] [stderr]   stack backtrace:
[INFO] [stderr]      0:     0x55660e87edcc - std::backtrace_rs::backtrace::libunwind::trace::ha637c64ce894333a
[INFO] [stderr]                                  at /rustc/82e1608dfa6e0b5569232559e3d385fea5a93112/library/std/src/../../backtrace/src/backtrace/libunwind.rs:104:5
[INFO] [stderr]      1:     0x55660e87edcc - std::backtrace_rs::backtrace::trace_unsynchronized::h47f62dea28e0c88d
[INFO] [stderr]                                  at /rustc/82e1608dfa6e0b5569232559e3d385fea5a93112/library/std/src/../../backtrace/src/backtrace/mod.rs:66:5
[INFO] [stderr]      2:     0x55660e87edcc - std::sys_common::backtrace::_print_fmt::h9eef0abe20ede486
[INFO] [stderr]                                  at /rustc/82e1608dfa6e0b5569232559e3d385fea5a93112/library/std/src/sys_common/backtrace.rs:67:5
[INFO] [stderr]      3:     0x55660e87edcc - <std::sys_common::backtrace::_print::DisplayBacktrace as core::fmt::Display>::fmt::hed7f999df88cc644
[INFO] [stderr]                                  at /rustc/82e1608dfa6e0b5569232559e3d385fea5a93112/library/std/src/sys_common/backtrace.rs:44:22
[INFO] [stderr]      4:     0x55660e8aa8e0 - core::fmt::rt::Argument::fmt::h1539a9308b8d058d
[INFO] [stderr]                                  at /rustc/82e1608dfa6e0b5569232559e3d385fea5a93112/library/core/src/fmt/rt.rs:142:9
[INFO] [stderr]      5:     0x55660e8aa8e0 - core::fmt::write::h3a39390d8560d9c9
[INFO] [stderr]                                  at /rustc/82e1608dfa6e0b5569232559e3d385fea5a93112/library/core/src/fmt/mod.rs:1120:17
[INFO] [stderr]      6:     0x55660e87c4bf - std::io::Write::write_fmt::h5fc9997dfe05f882
[INFO] [stderr]                                  at /rustc/82e1608dfa6e0b5569232559e3d385fea5a93112/library/std/src/io/mod.rs:1762:15
[INFO] [stderr]      7:     0x55660e87ebb4 - std::sys_common::backtrace::_print::h894006fb5c6f3d45
[INFO] [stderr]                                  at /rustc/82e1608dfa6e0b5569232559e3d385fea5a93112/library/std/src/sys_common/backtrace.rs:47:5
[INFO] [stderr]      8:     0x55660e87ebb4 - std::sys_common::backtrace::print::h23a2d212c6fff936
[INFO] [stderr]                                  at /rustc/82e1608dfa6e0b5569232559e3d385fea5a93112/library/std/src/sys_common/backtrace.rs:34:9
[INFO] [stderr]      9:     0x55660e8803c7 - std::panicking::default_hook::{{closure}}::h8a1d2ee00185001a
[INFO] [stderr]     10:     0x55660e88012f - std::panicking::default_hook::h6038f2eba384e475
[INFO] [stderr]                                  at /rustc/82e1608dfa6e0b5569232559e3d385fea5a93112/library/std/src/panicking.rs:292:9
[INFO] [stderr]     11:     0x55660e880848 - std::panicking::rust_panic_with_hook::h2b5517d590cab22e
[INFO] [stderr]                                  at /rustc/82e1608dfa6e0b5569232559e3d385fea5a93112/library/std/src/panicking.rs:779:13
[INFO] [stderr]     12:     0x55660e88072e - std::panicking::begin_panic_handler::{{closure}}::h233112c06e0ef43e
[INFO] [stderr]                                  at /rustc/82e1608dfa6e0b5569232559e3d385fea5a93112/library/std/src/panicking.rs:657:13
[INFO] [stderr]     13:     0x55660e87f296 - std::sys_common::backtrace::__rust_end_short_backtrace::h6e893f24d7ebbff8
[INFO] [stderr]                                  at /rustc/82e1608dfa6e0b5569232559e3d385fea5a93112/library/std/src/sys_common/backtrace.rs:170:18
[INFO] [stderr]     14:     0x55660e880492 - rust_begin_unwind
[INFO] [stderr]                                  at /rustc/82e1608dfa6e0b5569232559e3d385fea5a93112/library/std/src/panicking.rs:645:5
[INFO] [stderr]     15:     0x55660e5d6615 - core::panicking::panic_fmt::hbf0e066aabfa482c
[INFO] [stderr]                                  at /rustc/82e1608dfa6e0b5569232559e3d385fea5a93112/library/core/src/panicking.rs:72:14
[INFO] [stderr]     16:     0x55660e5d6be3 - core::result::unwrap_failed::hddb4fea594200c52
[INFO] [stderr]                                  at /rustc/82e1608dfa6e0b5569232559e3d385fea5a93112/library/core/src/result.rs:1653:5
[INFO] [stderr]     17:     0x55660e5da005 - build_script_build::main::h59249c8a7e896369
[INFO] [stderr]     18:     0x55660e5dccc3 - std::sys_common::backtrace::__rust_begin_short_backtrace::h5e6c7d119339e3b7
[INFO] [stderr]     19:     0x55660e5dccf9 - std::rt::lang_start::{{closure}}::hca2e6271ae25d0ca
[INFO] [stderr]     20:     0x55660e878557 - core::ops::function::impls::<impl core::ops::function::FnOnce<A> for &F>::call_once::hd95060ecd5e1ca24
[INFO] [stderr]                                  at /rustc/82e1608dfa6e0b5569232559e3d385fea5a93112/library/core/src/ops/function.rs:284:13
[INFO] [stderr]     21:     0x55660e878557 - std::panicking::try::do_call::h6e8cf51db32a6e4b
[INFO] [stderr]                                  at /rustc/82e1608dfa6e0b5569232559e3d385fea5a93112/library/std/src/panicking.rs:552:40
[INFO] [stderr]     22:     0x55660e878557 - std::panicking::try::h3a52eefe24fe3c29
[INFO] [stderr]                                  at /rustc/82e1608dfa6e0b5569232559e3d385fea5a93112/library/std/src/panicking.rs:516:19
[INFO] [stderr]     23:     0x55660e878557 - std::panic::catch_unwind::h24c28c23c02c3841
[INFO] [stderr]                                  at /rustc/82e1608dfa6e0b5569232559e3d385fea5a93112/library/std/src/panic.rs:142:14
[INFO] [stderr]     24:     0x55660e878557 - std::rt::lang_start_internal::{{closure}}::h705d3c9cbc06ef47
[INFO] [stderr]                                  at /rustc/82e1608dfa6e0b5569232559e3d385fea5a93112/library/std/src/rt.rs:148:48
[INFO] [stderr]     25:     0x55660e878557 - std::panicking::try::do_call::ha21f52ba13158470
[INFO] [stderr]                                  at /rustc/82e1608dfa6e0b5569232559e3d385fea5a93112/library/std/src/panicking.rs:552:40
[INFO] [stderr]     26:     0x55660e878557 - std::panicking::try::h5581346bf6aeb1f8
[INFO] [stderr]                                  at /rustc/82e1608dfa6e0b5569232559e3d385fea5a93112/library/std/src/panicking.rs:516:19
[INFO] [stderr]     27:     0x55660e878557 - std::panic::catch_unwind::h7919645a6b72e25b
[INFO] [stderr]                                  at /rustc/82e1608dfa6e0b5569232559e3d385fea5a93112/library/std/src/panic.rs:142:14
[INFO] [stderr]     28:     0x55660e878557 - std::rt::lang_start_internal::h12de51168669836e
[INFO] [stderr]                                  at /rustc/82e1608dfa6e0b5569232559e3d385fea5a93112/library/std/src/rt.rs:148:20
[INFO] [stderr]     29:     0x55660e5dccee - std::rt::lang_start::h92656e8fe09794e7
[INFO] [stderr]     30:     0x7f6c1f447d90 - <unknown>
[INFO] [stderr]     31:     0x7f6c1f447e40 - __libc_start_main
[INFO] [stderr]     32:     0x55660e5d6ea5 - _start
[INFO] [stderr]     33:                0x0 - <unknown>
[INFO] [stderr] warning: build failed, waiting for other jobs to finish...
[INFO] running `Command { std: "docker" "inspect" "38d85ad0a2ca4b7ad1a8364815160bf1a65e69a9a88e0540e6eae1f0da9a6e1a", kill_on_drop: false }`
[INFO] running `Command { std: "docker" "rm" "-f" "38d85ad0a2ca4b7ad1a8364815160bf1a65e69a9a88e0540e6eae1f0da9a6e1a", kill_on_drop: false }`
[INFO] [stdout] 38d85ad0a2ca4b7ad1a8364815160bf1a65e69a9a88e0540e6eae1f0da9a6e1a
