[INFO] cloning repository https://github.com/ali0322533/vault-warden
[INFO] running `Command { std: "git" "-c" "credential.helper=" "-c" "credential.helper=/workspace/cargo-home/bin/git-credential-null" "clone" "--bare" "https://github.com/ali0322533/vault-warden" "/workspace/cache/git-repos/https%3A%2F%2Fgithub.com%2Fali0322533%2Fvault-warden", kill_on_drop: false }`
[INFO] [stderr] Cloning into bare repository '/workspace/cache/git-repos/https%3A%2F%2Fgithub.com%2Fali0322533%2Fvault-warden'...
[INFO] running `Command { std: "git" "rev-parse" "HEAD", kill_on_drop: false }`
[INFO] [stdout] f3beaea9e95ff7fff679289916232c95621b517c
[INFO] documenting ali0322533/vault-warden against 1.75.0 for beta-1.76-rustdoc-1
[INFO] running `Command { std: "git" "clone" "/workspace/cache/git-repos/https%3A%2F%2Fgithub.com%2Fali0322533%2Fvault-warden" "/workspace/builds/worker-2-tc1/source", kill_on_drop: false }`
[INFO] [stderr] Cloning into '/workspace/builds/worker-2-tc1/source'...
[INFO] [stderr] done.
[INFO] validating manifest of git repo https://github.com/ali0322533/vault-warden on toolchain 1.75.0
[INFO] running `Command { std: CARGO_HOME="/workspace/cargo-home" RUSTUP_HOME="/workspace/rustup-home" "/workspace/cargo-home/bin/cargo" "+1.75.0" "metadata" "--manifest-path" "Cargo.toml" "--no-deps", kill_on_drop: false }`
[INFO] removed /workspace/builds/worker-2-tc1/source/rust-toolchain
[INFO] started tweaking git repo https://github.com/ali0322533/vault-warden
[INFO] finished tweaking git repo https://github.com/ali0322533/vault-warden
[INFO] tweaked toml for git repo https://github.com/ali0322533/vault-warden written to /workspace/builds/worker-2-tc1/source/Cargo.toml
[INFO] crate git repo https://github.com/ali0322533/vault-warden already has a lockfile, it will not be regenerated
[INFO] running `Command { std: CARGO_HOME="/workspace/cargo-home" RUSTUP_HOME="/workspace/rustup-home" "/workspace/cargo-home/bin/cargo" "+1.75.0" "fetch" "--manifest-path" "Cargo.toml", kill_on_drop: false }`
[INFO] [stderr]     Blocking waiting for file lock on package cache
[ERROR] error running command: no output for 300 seconds
[ERROR] this task or one of its parent failed!
[ERROR] no output for 300 seconds
[ERROR] note: run with `RUST_BACKTRACE=1` to display a backtrace.
[INFO] documenting ali0322533/vault-warden against beta-2023-12-22 for beta-1.76-rustdoc-1
[INFO] running `Command { std: "git" "clone" "/workspace/cache/git-repos/https%3A%2F%2Fgithub.com%2Fali0322533%2Fvault-warden" "/workspace/builds/worker-2-tc2/source", kill_on_drop: false }`
[INFO] [stderr] Cloning into '/workspace/builds/worker-2-tc2/source'...
[INFO] [stderr] done.
[INFO] validating manifest of git repo https://github.com/ali0322533/vault-warden on toolchain beta-2023-12-22
[INFO] running `Command { std: CARGO_HOME="/workspace/cargo-home" RUSTUP_HOME="/workspace/rustup-home" "/workspace/cargo-home/bin/cargo" "+beta-2023-12-22" "metadata" "--manifest-path" "Cargo.toml" "--no-deps", kill_on_drop: false }`
[INFO] removed /workspace/builds/worker-2-tc2/source/rust-toolchain
[INFO] started tweaking git repo https://github.com/ali0322533/vault-warden
[INFO] finished tweaking git repo https://github.com/ali0322533/vault-warden
[INFO] tweaked toml for git repo https://github.com/ali0322533/vault-warden written to /workspace/builds/worker-2-tc2/source/Cargo.toml
[INFO] crate git repo https://github.com/ali0322533/vault-warden already has a lockfile, it will not be regenerated
[INFO] running `Command { std: CARGO_HOME="/workspace/cargo-home" RUSTUP_HOME="/workspace/rustup-home" "/workspace/cargo-home/bin/cargo" "+beta-2023-12-22" "fetch" "--manifest-path" "Cargo.toml", kill_on_drop: false }`
[INFO] [stderr]     Blocking waiting for file lock on package cache
[INFO] [stderr]     Updating git repository `https://github.com/BlackDex/multer-rs`
[INFO] [stderr]     Updating crates.io index
[INFO] [stderr]     Blocking waiting for file lock on package cache
[ERROR] error running command: no output for 300 seconds
[INFO] documenting ali0322533/vault-warden against beta-2023-12-22 for beta-1.76-rustdoc-1
[INFO] running `Command { std: "git" "clone" "/workspace/cache/git-repos/https%3A%2F%2Fgithub.com%2Fali0322533%2Fvault-warden" "/workspace/builds/worker-2-tc2/source", kill_on_drop: false }`
[INFO] [stderr] Cloning into '/workspace/builds/worker-2-tc2/source'...
[INFO] [stderr] done.
[INFO] validating manifest of git repo https://github.com/ali0322533/vault-warden on toolchain beta-2023-12-22
[INFO] running `Command { std: CARGO_HOME="/workspace/cargo-home" RUSTUP_HOME="/workspace/rustup-home" "/workspace/cargo-home/bin/cargo" "+beta-2023-12-22" "metadata" "--manifest-path" "Cargo.toml" "--no-deps", kill_on_drop: false }`
[INFO] removed /workspace/builds/worker-2-tc2/source/rust-toolchain
[INFO] started tweaking git repo https://github.com/ali0322533/vault-warden
[INFO] finished tweaking git repo https://github.com/ali0322533/vault-warden
[INFO] tweaked toml for git repo https://github.com/ali0322533/vault-warden written to /workspace/builds/worker-2-tc2/source/Cargo.toml
[INFO] crate git repo https://github.com/ali0322533/vault-warden already has a lockfile, it will not be regenerated
[INFO] running `Command { std: CARGO_HOME="/workspace/cargo-home" RUSTUP_HOME="/workspace/rustup-home" "/workspace/cargo-home/bin/cargo" "+beta-2023-12-22" "fetch" "--manifest-path" "Cargo.toml", kill_on_drop: false }`
[INFO] [stderr]     Blocking waiting for file lock on package cache
[INFO] [stderr]     Blocking waiting for file lock on package cache
[ERROR] error running command: no output for 300 seconds
[INFO] documenting ali0322533/vault-warden against beta-2023-12-22 for beta-1.76-rustdoc-1
[INFO] running `Command { std: "git" "clone" "/workspace/cache/git-repos/https%3A%2F%2Fgithub.com%2Fali0322533%2Fvault-warden" "/workspace/builds/worker-2-tc2/source", kill_on_drop: false }`
[INFO] [stderr] Cloning into '/workspace/builds/worker-2-tc2/source'...
[INFO] [stderr] done.
[INFO] validating manifest of git repo https://github.com/ali0322533/vault-warden on toolchain beta-2023-12-22
[INFO] running `Command { std: CARGO_HOME="/workspace/cargo-home" RUSTUP_HOME="/workspace/rustup-home" "/workspace/cargo-home/bin/cargo" "+beta-2023-12-22" "metadata" "--manifest-path" "Cargo.toml" "--no-deps", kill_on_drop: false }`
[INFO] removed /workspace/builds/worker-2-tc2/source/rust-toolchain
[INFO] started tweaking git repo https://github.com/ali0322533/vault-warden
[INFO] finished tweaking git repo https://github.com/ali0322533/vault-warden
[INFO] tweaked toml for git repo https://github.com/ali0322533/vault-warden written to /workspace/builds/worker-2-tc2/source/Cargo.toml
[INFO] crate git repo https://github.com/ali0322533/vault-warden already has a lockfile, it will not be regenerated
[INFO] running `Command { std: CARGO_HOME="/workspace/cargo-home" RUSTUP_HOME="/workspace/rustup-home" "/workspace/cargo-home/bin/cargo" "+beta-2023-12-22" "fetch" "--manifest-path" "Cargo.toml", kill_on_drop: false }`
[INFO] [stderr]     Blocking waiting for file lock on package cache
[INFO] [stderr]     Blocking waiting for file lock on package cache
[ERROR] error running command: no output for 300 seconds
[INFO] documenting ali0322533/vault-warden against beta-2023-12-22 for beta-1.76-rustdoc-1
[INFO] running `Command { std: "git" "clone" "/workspace/cache/git-repos/https%3A%2F%2Fgithub.com%2Fali0322533%2Fvault-warden" "/workspace/builds/worker-2-tc2/source", kill_on_drop: false }`
[INFO] [stderr] Cloning into '/workspace/builds/worker-2-tc2/source'...
[INFO] [stderr] done.
[INFO] validating manifest of git repo https://github.com/ali0322533/vault-warden on toolchain beta-2023-12-22
[INFO] running `Command { std: CARGO_HOME="/workspace/cargo-home" RUSTUP_HOME="/workspace/rustup-home" "/workspace/cargo-home/bin/cargo" "+beta-2023-12-22" "metadata" "--manifest-path" "Cargo.toml" "--no-deps", kill_on_drop: false }`
[INFO] removed /workspace/builds/worker-2-tc2/source/rust-toolchain
[INFO] started tweaking git repo https://github.com/ali0322533/vault-warden
[INFO] finished tweaking git repo https://github.com/ali0322533/vault-warden
[INFO] tweaked toml for git repo https://github.com/ali0322533/vault-warden written to /workspace/builds/worker-2-tc2/source/Cargo.toml
[INFO] crate git repo https://github.com/ali0322533/vault-warden already has a lockfile, it will not be regenerated
[INFO] running `Command { std: CARGO_HOME="/workspace/cargo-home" RUSTUP_HOME="/workspace/rustup-home" "/workspace/cargo-home/bin/cargo" "+beta-2023-12-22" "fetch" "--manifest-path" "Cargo.toml", kill_on_drop: false }`
[INFO] [stderr]     Blocking waiting for file lock on package cache
[INFO] [stderr]     Blocking waiting for file lock on package cache
[INFO] [stderr]  Downloading crates ...
[INFO] [stderr]   Downloaded job_scheduler_ng v2.0.2
[INFO] [stderr]   Downloaded pest v2.4.1
[INFO] [stderr]   Downloaded mimalloc v0.1.31
[INFO] [stderr]   Downloaded totp-lite v2.0.0
[INFO] [stderr]   Downloaded ref-cast-impl v1.0.13
[INFO] [stderr]   Downloaded pest_derive v2.4.1
[INFO] [stderr]   Downloaded yubico v0.11.0
[INFO] [stderr]   Downloaded ref-cast v1.0.13
[INFO] [stderr]   Downloaded pest_meta v2.4.1
[INFO] [stderr]   Downloaded cached v0.40.0
[INFO] [stderr]   Downloaded html5gum v0.5.2
[INFO] [stderr]   Downloaded governor v0.5.0
[INFO] [stderr]   Downloaded fern v0.6.1
[INFO] [stderr]   Downloaded chrono-tz v0.8.0
[INFO] [stderr]   Downloaded libmimalloc-sys v0.1.27
[INFO] [stderr]   Downloaded webauthn-rs v0.3.2
[INFO] [stderr]   Downloaded handlebars v4.3.5
[INFO] [stderr]   Downloaded cc v1.0.75
[INFO] [stderr]   Downloaded cookie_store v0.19.0
[INFO] [stderr]   Downloaded pest_generator v2.4.1
[INFO] [stderr]   Downloaded ctrlc v3.2.3
[INFO] running `Command { std: "docker" "create" "-v" "/var/lib/crater-agent-workspace/builds/worker-2-tc2/target:/opt/rustwide/target:rw,Z" "-v" "/var/lib/crater-agent-workspace/builds/worker-2-tc2/source:/opt/rustwide/workdir:ro,Z" "-v" "/var/lib/crater-agent-workspace/cargo-home:/opt/rustwide/cargo-home:ro,Z" "-v" "/var/lib/crater-agent-workspace/rustup-home:/opt/rustwide/rustup-home:ro,Z" "-e" "SOURCE_DIR=/opt/rustwide/workdir" "-e" "CARGO_TARGET_DIR=/opt/rustwide/target" "-e" "CARGO_HOME=/opt/rustwide/cargo-home" "-e" "RUSTUP_HOME=/opt/rustwide/rustup-home" "-w" "/opt/rustwide/workdir" "-m" "1610612736" "--user" "0:0" "--network" "none" "ghcr.io/rust-lang/crates-build-env/linux@sha256:2788e3201cd34a07e3172128adcd8b3090168a8e3bcc40d7c032b9dda1df7d1c" "/opt/rustwide/cargo-home/bin/cargo" "+beta-2023-12-22" "metadata" "--no-deps" "--format-version=1", kill_on_drop: false }`
[INFO] [stdout] a26805ae3a064b45ea0ac5046fa491929183c0473f626372942054c8cc539184
[INFO] running `Command { std: "docker" "start" "-a" "a26805ae3a064b45ea0ac5046fa491929183c0473f626372942054c8cc539184", kill_on_drop: false }`
[INFO] running `Command { std: "docker" "inspect" "a26805ae3a064b45ea0ac5046fa491929183c0473f626372942054c8cc539184", kill_on_drop: false }`
[INFO] running `Command { std: "docker" "rm" "-f" "a26805ae3a064b45ea0ac5046fa491929183c0473f626372942054c8cc539184", kill_on_drop: false }`
[INFO] [stdout] a26805ae3a064b45ea0ac5046fa491929183c0473f626372942054c8cc539184
[INFO] running `Command { std: "docker" "create" "-v" "/var/lib/crater-agent-workspace/builds/worker-2-tc2/target:/opt/rustwide/target:rw,Z" "-v" "/var/lib/crater-agent-workspace/builds/worker-2-tc2/source:/opt/rustwide/workdir:ro,Z" "-v" "/var/lib/crater-agent-workspace/cargo-home:/opt/rustwide/cargo-home:ro,Z" "-v" "/var/lib/crater-agent-workspace/rustup-home:/opt/rustwide/rustup-home:ro,Z" "-e" "SOURCE_DIR=/opt/rustwide/workdir" "-e" "CARGO_TARGET_DIR=/opt/rustwide/target" "-e" "CARGO_INCREMENTAL=0" "-e" "RUST_BACKTRACE=full" "-e" "RUSTFLAGS=--cap-lints=warn" "-e" "RUSTDOCFLAGS=--cap-lints=warn" "-e" "CARGO_HOME=/opt/rustwide/cargo-home" "-e" "RUSTUP_HOME=/opt/rustwide/rustup-home" "-w" "/opt/rustwide/workdir" "-m" "1610612736" "--user" "0:0" "--network" "none" "ghcr.io/rust-lang/crates-build-env/linux@sha256:2788e3201cd34a07e3172128adcd8b3090168a8e3bcc40d7c032b9dda1df7d1c" "/opt/rustwide/cargo-home/bin/cargo" "+beta-2023-12-22" "doc" "--frozen" "--no-deps" "--document-private-items" "--message-format=json", kill_on_drop: false }`
[INFO] [stdout] c50f519d754ec3dd2f167a440e146173fe6d5a0f7250612480f8dc81a9de029e
[INFO] running `Command { std: "docker" "start" "-a" "c50f519d754ec3dd2f167a440e146173fe6d5a0f7250612480f8dc81a9de029e", kill_on_drop: false }`
[INFO] [stderr]    Compiling proc-macro2 v1.0.47
[INFO] [stderr]    Compiling unicode-ident v1.0.5
[INFO] [stderr]    Compiling quote v1.0.21
[INFO] [stderr]    Compiling syn v1.0.103
[INFO] [stderr]    Compiling libc v0.2.137
[INFO] [stderr]    Compiling typenum v1.15.0
[INFO] [stderr]    Compiling serde_derive v1.0.147
[INFO] [stderr]    Compiling memchr v2.5.0
[INFO] [stderr]    Compiling log v0.4.17
[INFO] [stderr]    Compiling serde v1.0.147
[INFO] [stderr]    Compiling cfg-if v1.0.0
[INFO] [stderr]    Compiling parking_lot_core v0.9.4
[INFO] [stderr]    Compiling generic-array v0.14.6
[INFO] [stderr]    Compiling lock_api v0.4.9
[INFO] [stderr]    Compiling cc v1.0.75
[INFO] [stderr]     Checking once_cell v1.16.0
[INFO] [stderr]     Checking smallvec v1.10.0
[INFO] [stderr]     Checking pin-project-lite v0.2.9
[INFO] [stderr]    Compiling futures-channel v0.3.25
[INFO] [stderr]    Compiling futures-core v0.3.25
[INFO] [stderr]     Checking itoa v1.0.4
[INFO] [stderr]     Checking bytes v1.2.1
[INFO] [stderr]    Compiling tokio v1.21.2
[INFO] [stderr]    Compiling slab v0.4.7
[INFO] [stderr]     Checking futures-sink v0.3.25
[INFO] [stderr]     Checking subtle v2.4.1
[INFO] [stderr]    Compiling thiserror v1.0.37
[INFO] [stderr]    Compiling futures-task v0.3.25
[INFO] [stderr]    Compiling futures-util v0.3.25
[INFO] [stderr]     Checking futures-io v0.3.25
[INFO] [stderr]     Checking cpufeatures v0.2.5
[INFO] [stderr]    Compiling time-core v0.1.0
[INFO] [stderr]     Checking tinyvec_macros v0.1.0
[INFO] [stderr]    Compiling httparse v1.8.0
[INFO] [stderr]    Compiling time-macros v0.2.6
[INFO] [stderr]     Checking tinyvec v1.6.0
[INFO] [stderr]     Checking base64 v0.13.1
[INFO] [stderr]     Checking ppv-lite86 v0.2.17
[INFO] [stderr]     Checking percent-encoding v2.2.0
[INFO] [stderr]    Compiling num-traits v0.2.15
[INFO] [stderr]     Checking unicode-bidi v0.3.8
[INFO] [stderr]    Compiling proc-macro2-diagnostics v0.9.1
[INFO] [stderr]    Compiling pkg-config v0.3.26
[INFO] [stderr]    Compiling getrandom v0.2.8
[INFO] [stderr]     Checking tracing-core v0.1.30
[INFO] [stderr]     Checking fnv v1.0.7
[INFO] [stderr]     Checking num_threads v0.1.6
[INFO] [stderr]    Compiling yansi v0.5.1
[INFO] [stderr]    Compiling rand_core v0.6.4
[INFO] [stderr]     Checking http v0.2.8
[INFO] [stderr]     Checking form_urlencoded v1.1.0
[INFO] [stderr]    Compiling num-integer v0.1.45
[INFO] [stderr]    Compiling cookie v0.16.1
[INFO] [stderr]    Compiling ring v0.16.20
[INFO] [stderr]    Compiling rand_chacha v0.3.1
[INFO] [stderr]     Checking hashbrown v0.12.3
[INFO] [stderr]     Checking ryu v1.0.11
[INFO] [stderr]    Compiling serde_json v1.0.87
[INFO] [stderr]    Compiling rand v0.8.5
[INFO] [stderr]     Checking opaque-debug v0.3.0
[INFO] [stderr]     Checking unicode-normalization v0.1.22
[INFO] [stderr]    Compiling openssl-sys v0.9.77
[INFO] [stderr]     Checking num_cpus v1.14.0
[INFO] [stderr]     Checking signal-hook-registry v1.4.0
[INFO] [stderr]     Checking mio v0.8.5
[INFO] [stderr]     Checking socket2 v0.4.7
[INFO] [stderr]     Checking idna v0.3.0
[INFO] [stderr]    Compiling indexmap v1.9.1
[INFO] [stderr]     Checking parking_lot v0.12.1
[INFO] [stderr]     Checking foreign-types-shared v0.1.1
[INFO] [stderr]    Compiling openssl v0.10.42
[INFO] [stderr]     Checking time v0.3.17
[INFO] [stderr]    Compiling async-trait v0.1.58
[INFO] [stderr]     Checking foreign-types v0.3.2
[INFO] [stderr]     Checking spin v0.5.2
[INFO] [stderr]     Checking untrusted v0.7.1
[INFO] [stderr]    Compiling siphasher v0.3.10
[INFO] [stderr]     Checking match_cfg v0.1.0
[INFO] [stderr]     Checking crypto-common v0.1.6
[INFO] [stderr]     Checking block-buffer v0.10.3
[INFO] [stderr]     Checking inout v0.1.3
[INFO] [stderr]     Checking universal-hash v0.5.0
[INFO] [stderr]     Checking aead v0.5.1
[INFO] [stderr]    Compiling phf_shared v0.11.1
[INFO] [stderr]     Checking cipher v0.4.3
[INFO] [stderr]     Checking digest v0.10.5
[INFO] [stderr]     Checking polyval v0.6.0
[INFO] [stderr]     Checking hostname v0.3.1
[INFO] [stderr]    Compiling ref-cast v1.0.13
[INFO] [stderr]     Checking try-lock v0.2.3
[INFO] [stderr]    Compiling native-tls v0.2.11
[INFO] [stderr]     Checking ghash v0.5.0
[INFO] [stderr]     Checking httpdate v1.0.2
[INFO] [stderr]     Checking matches v0.1.9
[INFO] [stderr]     Checking ctr v0.9.2
[INFO] [stderr]     Checking hmac v0.12.1
[INFO] [stderr]     Checking sha2 v0.10.6
[INFO] [stderr]     Checking aes v0.8.2
[INFO] [stderr]     Checking idna v0.2.3
[INFO] [stderr]     Checking hkdf v0.12.3
[INFO] [stderr]     Checking want v0.3.0
[INFO] [stderr]     Checking http-body v0.4.5
[INFO] [stderr]    Compiling pin-utils v0.1.0
[INFO] [stderr]    Compiling encoding_rs v0.8.31
[INFO] [stderr]     Checking tower-service v0.3.2
[INFO] [stderr]     Checking adler v1.0.2
[INFO] [stderr]     Checking openssl-probe v0.1.5
[INFO] [stderr]    Compiling regex-syntax v0.6.28
[INFO] [stderr]    Compiling crc32fast v1.3.2
[INFO] [stderr]     Checking iana-time-zone v0.1.53
[INFO] [stderr]     Checking alloc-no-stdlib v2.0.4
[INFO] [stderr]     Checking miniz_oxide v0.5.4
[INFO] [stderr]     Checking alloc-stdlib v0.2.2
[INFO] [stderr]     Checking aes-gcm v0.10.1
[INFO] [stderr]    Compiling phf_generator v0.11.1
[INFO] [stderr]    Compiling uncased v0.9.7
[INFO] [stderr]     Checking mime v0.3.16
[INFO] [stderr]    Compiling heck v0.4.0
[INFO] [stderr]    Compiling ucd-trie v0.1.5
[INFO] [stderr]     Checking minimal-lexical v0.2.1
[INFO] [stderr]    Compiling bitflags v1.3.2
[INFO] [stderr]    Compiling rustls v0.20.7
[INFO] [stderr]     Checking either v1.8.0
[INFO] [stderr]     Checking psl-types v2.0.11
[INFO] [stderr]     Checking publicsuffix v2.2.3
[INFO] [stderr]    Compiling tracing v0.1.37
[INFO] [stderr]     Checking nom v7.1.1
[INFO] [stderr]    Compiling regex v1.7.0
[INFO] [stderr]    Compiling phf_codegen v0.11.1
[INFO] [stderr]     Checking brotli-decompressor v2.3.2
[INFO] [stderr]    Compiling proc-macro-error-attr v1.0.4
[INFO] [stderr]    Compiling phf v0.11.1
[INFO] [stderr]    Compiling error-chain v0.12.4
[INFO] [stderr]    Compiling num-bigint v0.4.3
[INFO] [stderr]    Compiling crossbeam-utils v0.8.12
[INFO] [stderr]    Compiling proc-macro-hack v0.5.19
[INFO] [stderr]     Checking quick-error v1.2.3
[INFO] [stderr]     Checking ipnet v2.5.1
[INFO] [stderr]     Checking data-encoding v2.3.2
[INFO] [stderr]     Checking inlinable_string v0.1.15
[INFO] [stderr]    Compiling parse-zoneinfo v0.3.0
[INFO] [stderr]     Checking linked-hash-map v0.5.6
[INFO] [stderr]     Checking byteorder v1.4.3
[INFO] [stderr]     Checking lru-cache v0.1.2
[INFO] [stderr]     Checking brotli v3.3.4
[INFO] [stderr]     Checking resolv-conf v0.7.0
[INFO] [stderr]    Compiling stable-pattern v0.1.0
[INFO] [stderr]    Compiling chrono-tz-build v0.1.0
[INFO] [stderr]    Compiling futures v0.3.25
[INFO] [stderr]     Checking flate2 v1.0.24
[INFO] [stderr]     Checking sha-1 v0.10.0
[INFO] [stderr]     Checking scheduled-thread-pool v0.2.6
[INFO] [stderr]    Compiling darling_core v0.13.4
[INFO] [stderr]    Compiling proc-macro-error v1.0.4
[INFO] [stderr]    Compiling multer v2.0.4 (https://github.com/BlackDex/multer-rs?rev=477d16b7fa0f361b5c2a5ba18a5b28bec6d26a8a#477d16b7)
[INFO] [stderr]    Compiling atomic v0.5.1
[INFO] [stderr]    Compiling figment v0.10.8
[INFO] [stderr]    Compiling jetscii v0.5.3
[INFO] [stderr]    Compiling devise_core v0.3.1
[INFO] [stderr]     Checking fastrand v1.8.0
[INFO] [stderr]    Compiling state v0.5.3
[INFO] [stderr]    Compiling chrono-tz v0.8.0
[INFO] [stderr]     Checking r2d2 v0.8.10
[INFO] [stderr]     Checking webpki v0.22.0
[INFO] [stderr]     Checking sct v0.7.0
[INFO] [stderr]    Compiling backtrace v0.3.66
[INFO] [stderr]     Checking rustls-pemfile v1.0.1
[INFO] [stderr]     Checking raw-cpuid v10.6.0
[INFO] [stderr]    Compiling rocket v0.5.0-rc.2
[INFO] [stderr]    Compiling semver v1.0.14
[INFO] [stderr]     Checking utf-8 v0.7.6
[INFO] [stderr]    Compiling webauthn-rs v0.3.2
[INFO] [stderr]     Checking spin v0.9.4
[INFO] [stderr]    Compiling unicode-xid v0.2.4
[INFO] [stderr]    Compiling hyper v0.14.23
[INFO] [stderr]    Compiling glob v0.3.0
[INFO] [stderr]    Compiling paste v1.0.9
[INFO] [stderr]     Checking remove_dir_all v0.5.3
[INFO] [stderr]    Compiling cached_proc_macro_types v0.1.0
[INFO] [stderr]     Checking gimli v0.26.2
[INFO] [stderr]     Checking half v1.8.2
[INFO] [stderr]     Checking tempfile v3.3.0
[INFO] [stderr]     Checking walkdir v2.3.2
[INFO] [stderr]     Checking syslog v6.0.1
[INFO] [stderr]     Checking sha1 v0.10.5
[INFO] [stderr]     Checking threadpool v1.8.1
[INFO] [stderr]     Checking dashmap v5.4.0
[INFO] [stderr]     Checking uuid v1.2.1
[INFO] [stderr]     Checking nix v0.25.0
[INFO] [stderr]     Checking atty v0.2.14
[INFO] [stderr]     Checking pem v1.1.0
[INFO] [stderr]     Checking quanta v0.9.3
[INFO] [stderr]     Checking email-encoding v0.1.3
[INFO] [stderr]     Checking object v0.29.0
[INFO] [stderr]     Checking aho-corasick v0.7.19
[INFO] [stderr]     Checking rmp v0.8.11
[INFO] [stderr]     Checking instant v0.1.12
[INFO] [stderr]     Checking nonzero_ext v0.3.0
[INFO] [stderr]     Checking no-std-compat v0.4.1
[INFO] [stderr]     Checking binascii v0.1.4
[INFO] [stderr]     Checking async_once v0.2.6
[INFO] [stderr]     Checking rustc-demangle v0.1.21
[INFO] [stderr]     Checking quoted_printable v0.4.5
[INFO] [stderr]     Checking futures-timer v3.0.2
[INFO] [stderr]    Compiling vaultwarden v1.0.0 (/opt/rustwide/workdir)
[INFO] [stdout] error: You need to enable one DB backend. To build with previous defaults do: cargo build --features sqlite
[INFO] [stdout]   --> build.rs:14:5
[INFO] [stdout]    |
[INFO] [stdout] 14 | /     compile_error!(
[INFO] [stdout] 15 | |         "You need to enable one DB backend. To build with previous defaults do: cargo build --features sqlite"
[INFO] [stdout] 16 | |     );
[INFO] [stdout]    | |_____^
[INFO] [stdout] 
[INFO] [stdout] 
[INFO] [stderr]     Checking rmpv v1.0.0
[INFO] [stderr]     Checking fern v0.6.1
[INFO] [stdout] error: aborting due to 1 previous error
[INFO] [stdout] 
[INFO] [stdout] 
[INFO] [stderr] error: could not compile `vaultwarden` (build script) due to 2 previous errors
[INFO] [stderr] warning: build failed, waiting for other jobs to finish...
[INFO] running `Command { std: "docker" "inspect" "c50f519d754ec3dd2f167a440e146173fe6d5a0f7250612480f8dc81a9de029e", kill_on_drop: false }`
[INFO] running `Command { std: "docker" "rm" "-f" "c50f519d754ec3dd2f167a440e146173fe6d5a0f7250612480f8dc81a9de029e", kill_on_drop: false }`
[INFO] [stdout] c50f519d754ec3dd2f167a440e146173fe6d5a0f7250612480f8dc81a9de029e
