[INFO] cloning repository https://github.com/algebraicdb/algebraicdb-postgres-wrapper
[INFO] running `Command { std: "git" "-c" "credential.helper=" "-c" "credential.helper=/workspace/cargo-home/bin/git-credential-null" "clone" "--bare" "https://github.com/algebraicdb/algebraicdb-postgres-wrapper" "/workspace/cache/git-repos/https%3A%2F%2Fgithub.com%2Falgebraicdb%2Falgebraicdb-postgres-wrapper", kill_on_drop: false }`
[INFO] [stderr] Cloning into bare repository '/workspace/cache/git-repos/https%3A%2F%2Fgithub.com%2Falgebraicdb%2Falgebraicdb-postgres-wrapper'...
[INFO] running `Command { std: "git" "rev-parse" "HEAD", kill_on_drop: false }`
[INFO] [stdout] c0e1f8b67f5fbdd6b583f51e03356995572dec62
[INFO] documenting algebraicdb/algebraicdb-postgres-wrapper against 1.75.0 for beta-1.76-rustdoc-1
[INFO] running `Command { std: "git" "clone" "/workspace/cache/git-repos/https%3A%2F%2Fgithub.com%2Falgebraicdb%2Falgebraicdb-postgres-wrapper" "/workspace/builds/worker-0-tc1/source", kill_on_drop: false }`
[INFO] [stderr] Cloning into '/workspace/builds/worker-0-tc1/source'...
[INFO] [stderr] done.
[INFO] validating manifest of git repo https://github.com/algebraicdb/algebraicdb-postgres-wrapper on toolchain 1.75.0
[INFO] running `Command { std: CARGO_HOME="/workspace/cargo-home" RUSTUP_HOME="/workspace/rustup-home" "/workspace/cargo-home/bin/cargo" "+1.75.0" "metadata" "--manifest-path" "Cargo.toml" "--no-deps", kill_on_drop: false }`
[INFO] started tweaking git repo https://github.com/algebraicdb/algebraicdb-postgres-wrapper
[INFO] finished tweaking git repo https://github.com/algebraicdb/algebraicdb-postgres-wrapper
[INFO] tweaked toml for git repo https://github.com/algebraicdb/algebraicdb-postgres-wrapper written to /workspace/builds/worker-0-tc1/source/Cargo.toml
[INFO] crate git repo https://github.com/algebraicdb/algebraicdb-postgres-wrapper already has a lockfile, it will not be regenerated
[INFO] running `Command { std: CARGO_HOME="/workspace/cargo-home" RUSTUP_HOME="/workspace/rustup-home" "/workspace/cargo-home/bin/cargo" "+1.75.0" "fetch" "--manifest-path" "Cargo.toml", kill_on_drop: false }`
[INFO] [stderr]  Downloading crates ...
[INFO] [stderr]   Downloaded postgres-types v0.1.1
[INFO] [stderr]   Downloaded siphasher v0.3.2
[INFO] [stderr]   Downloaded prettydiff v0.3.1
[INFO] [stderr]   Downloaded tinytemplate v1.0.3
[INFO] [stderr]   Downloaded postgres-protocol v0.5.1
[INFO] [stderr]   Downloaded tokio-postgres v0.5.3
[INFO] running `Command { std: "docker" "create" "-v" "/var/lib/crater-agent-workspace/builds/worker-0-tc1/target:/opt/rustwide/target:rw,Z" "-v" "/var/lib/crater-agent-workspace/builds/worker-0-tc1/source:/opt/rustwide/workdir:ro,Z" "-v" "/var/lib/crater-agent-workspace/cargo-home:/opt/rustwide/cargo-home:ro,Z" "-v" "/var/lib/crater-agent-workspace/rustup-home:/opt/rustwide/rustup-home:ro,Z" "-e" "SOURCE_DIR=/opt/rustwide/workdir" "-e" "CARGO_TARGET_DIR=/opt/rustwide/target" "-e" "CARGO_HOME=/opt/rustwide/cargo-home" "-e" "RUSTUP_HOME=/opt/rustwide/rustup-home" "-w" "/opt/rustwide/workdir" "-m" "1610612736" "--user" "0:0" "--network" "none" "ghcr.io/rust-lang/crates-build-env/linux@sha256:2788e3201cd34a07e3172128adcd8b3090168a8e3bcc40d7c032b9dda1df7d1c" "/opt/rustwide/cargo-home/bin/cargo" "+1.75.0" "metadata" "--no-deps" "--format-version=1", kill_on_drop: false }`
[INFO] [stdout] ad2780b148455eb78208eab90d31e9fddbe7983a0b78d370c50653e382045b06
[INFO] running `Command { std: "docker" "start" "-a" "ad2780b148455eb78208eab90d31e9fddbe7983a0b78d370c50653e382045b06", kill_on_drop: false }`
[INFO] running `Command { std: "docker" "inspect" "ad2780b148455eb78208eab90d31e9fddbe7983a0b78d370c50653e382045b06", kill_on_drop: false }`
[INFO] running `Command { std: "docker" "rm" "-f" "ad2780b148455eb78208eab90d31e9fddbe7983a0b78d370c50653e382045b06", kill_on_drop: false }`
[INFO] [stdout] ad2780b148455eb78208eab90d31e9fddbe7983a0b78d370c50653e382045b06
[INFO] running `Command { std: "docker" "create" "-v" "/var/lib/crater-agent-workspace/builds/worker-0-tc1/target:/opt/rustwide/target:rw,Z" "-v" "/var/lib/crater-agent-workspace/builds/worker-0-tc1/source:/opt/rustwide/workdir:ro,Z" "-v" "/var/lib/crater-agent-workspace/cargo-home:/opt/rustwide/cargo-home:ro,Z" "-v" "/var/lib/crater-agent-workspace/rustup-home:/opt/rustwide/rustup-home:ro,Z" "-e" "SOURCE_DIR=/opt/rustwide/workdir" "-e" "CARGO_TARGET_DIR=/opt/rustwide/target" "-e" "CARGO_INCREMENTAL=0" "-e" "RUST_BACKTRACE=full" "-e" "RUSTFLAGS=--cap-lints=warn" "-e" "RUSTDOCFLAGS=--cap-lints=warn" "-e" "CARGO_HOME=/opt/rustwide/cargo-home" "-e" "RUSTUP_HOME=/opt/rustwide/rustup-home" "-w" "/opt/rustwide/workdir" "-m" "1610612736" "--user" "0:0" "--network" "none" "ghcr.io/rust-lang/crates-build-env/linux@sha256:2788e3201cd34a07e3172128adcd8b3090168a8e3bcc40d7c032b9dda1df7d1c" "/opt/rustwide/cargo-home/bin/cargo" "+1.75.0" "doc" "--frozen" "--no-deps" "--document-private-items" "--message-format=json", kill_on_drop: false }`
[INFO] [stdout] a897e62c6261a0d4e0b2e2c628b158492d8b8a9c2e87c755477873a67ec6d564
[INFO] running `Command { std: "docker" "start" "-a" "a897e62c6261a0d4e0b2e2c628b158492d8b8a9c2e87c755477873a67ec6d564", kill_on_drop: false }`
[INFO] [stderr]    Compiling libc v0.2.69
[INFO] [stderr]    Compiling proc-macro2 v1.0.10
[INFO] [stderr]    Compiling syn v1.0.17
[INFO] [stderr]    Compiling serde v1.0.106
[INFO] [stderr]    Compiling log v0.4.8
[INFO] [stderr]    Compiling rand_pcg v0.1.2
[INFO] [stderr]    Compiling rand_chacha v0.1.1
[INFO] [stderr]    Compiling rand v0.6.5
[INFO] [stderr]    Compiling rand_xorshift v0.1.1
[INFO] [stderr]    Compiling rand_isaac v0.1.1
[INFO] [stderr]    Compiling rand_hc v0.1.0
[INFO] [stderr]    Compiling rand_jitter v0.1.4
[INFO] [stderr]    Compiling phf_shared v0.7.24
[INFO] [stderr]     Checking futures-core v0.3.4
[INFO] [stderr]    Compiling ryu v1.0.3
[INFO] [stderr]    Compiling typenum v1.12.0
[INFO] [stderr]    Compiling byteorder v1.3.4
[INFO] [stderr]     Checking smallvec v1.3.0
[INFO] [stderr]    Compiling string_cache_shared v0.3.0
[INFO] [stderr]     Checking futures-sink v0.3.4
[INFO] [stderr]    Compiling crossbeam-utils v0.7.2
[INFO] [stderr]    Compiling memchr v2.3.3
[INFO] [stderr]    Compiling proc-macro-nested v0.1.4
[INFO] [stderr]    Compiling byte-tools v0.3.1
[INFO] [stderr]    Compiling quote v1.0.3
[INFO] [stderr]    Compiling block-padding v0.1.5
[INFO] [stderr]    Compiling rand_os v0.1.3
[INFO] [stderr]     Checking num_cpus v1.12.0
[INFO] [stderr]     Checking net2 v0.2.33
[INFO] [stderr]     Checking getrandom v0.1.14
[INFO] [stderr]     Checking iovec v0.1.4
[INFO] [stderr]    Compiling generic-array v0.12.3
[INFO] [stderr]     Checking rand_core v0.5.1
[INFO] [stderr]    Compiling dirs v1.0.5
[INFO] [stderr]    Compiling aho-corasick v0.7.10
[INFO] [stderr]     Checking mio v0.6.21
[INFO] [stderr]    Compiling thread_local v1.0.1
[INFO] [stderr]    Compiling memoffset v0.5.4
[INFO] [stderr]    Compiling regex-syntax v0.6.17
[INFO] [stderr]     Checking subtle v1.0.0
[INFO] [stderr]     Checking ppv-lite86 v0.2.6
[INFO] [stderr]    Compiling proc-macro-hack v0.5.15
[INFO] [stderr]     Checking arc-swap v0.4.5
[INFO] [stderr]    Compiling maybe-uninit v2.0.0
[INFO] [stderr]    Compiling semver v0.9.0
[INFO] [stderr]     Checking rand_chacha v0.2.2
[INFO] [stderr]    Compiling phf_generator v0.7.24
[INFO] [stderr]    Compiling string_cache_codegen v0.4.4
[INFO] [stderr]     Checking signal-hook-registry v1.2.0
[INFO] [stderr]     Checking mio-uds v0.6.7
[INFO] [stderr]     Checking crypto-mac v0.7.0
[INFO] [stderr]    Compiling block-buffer v0.7.3
[INFO] [stderr]    Compiling digest v0.8.1
[INFO] [stderr]    Compiling term v0.5.2
[INFO] [stderr]     Checking futures-channel v0.3.4
[INFO] [stderr]     Checking unicode-normalization v0.1.12
[INFO] [stderr]    Compiling crossbeam-epoch v0.8.2
[INFO] [stderr]     Checking fnv v1.0.6
[INFO] [stderr]    Compiling string_cache v0.7.5
[INFO] [stderr]    Compiling bit-vec v0.5.1
[INFO] [stderr]    Compiling precomputed-hash v0.1.1
[INFO] [stderr]    Compiling opaque-debug v0.2.3
[INFO] [stderr]     Checking pin-utils v0.1.0-alpha.4
[INFO] [stderr]     Checking futures-task v0.3.4
[INFO] [stderr]     Checking futures-io v0.3.4
[INFO] [stderr]    Compiling new_debug_unreachable v1.0.4
[INFO] [stderr]     Checking pin-project-lite v0.1.4
[INFO] [stderr]    Compiling ordermap v0.3.5
[INFO] [stderr]    Compiling fake-simd v0.1.2
[INFO] [stderr]    Compiling strsim v0.9.3
[INFO] [stderr]    Compiling either v1.5.3
[INFO] [stderr]    Compiling fixedbitset v0.1.9
[INFO] [stderr]    Compiling itertools v0.8.2
[INFO] [stderr]    Compiling sha2 v0.8.1
[INFO] [stderr]     Checking stringprep v0.1.2
[INFO] [stderr]    Compiling petgraph v0.4.13
[INFO] [stderr]    Compiling bit-set v0.5.1
[INFO] [stderr]    Compiling regex v1.3.6
[INFO] [stderr]    Compiling ascii-canvas v2.0.0
[INFO] [stderr]     Checking hmac v0.7.1
[INFO] [stderr]    Compiling ena v0.13.1
[INFO] [stderr]     Checking rand v0.7.3
[INFO] [stderr]    Compiling rustc_version v0.2.3
[INFO] [stderr]    Compiling atty v0.2.14
[INFO] [stderr]     Checking md5 v0.7.0
[INFO] [stderr]     Checking fallible-iterator v0.2.0
[INFO] [stderr]    Compiling diff v0.1.12
[INFO] [stderr]    Compiling unicode-xid v0.1.0
[INFO] [stderr]    Compiling lalrpop-util v0.17.2
[INFO] [stderr]     Checking siphasher v0.3.2
[INFO] [stderr]     Checking base64 v0.12.0
[INFO] [stderr]    Compiling cast v0.2.3
[INFO] [stderr]     Checking phf_shared v0.8.0
[INFO] [stderr]     Checking postgres-protocol v0.5.1
[INFO] [stderr]     Checking parking_lot_core v0.7.1
[INFO] [stderr]     Checking lock_api v0.3.4
[INFO] [stderr]    Compiling num-traits v0.2.11
[INFO] [stderr]    Compiling rayon-core v1.7.0
[INFO] [stderr]     Checking parking_lot v0.10.2
[INFO] [stderr]     Checking crossbeam-deque v0.7.3
[INFO] [stderr]     Checking phf v0.8.0
[INFO] [stderr]     Checking crossbeam-queue v0.2.1
[INFO] [stderr]     Checking regex-automata v0.1.9
[INFO] [stderr]     Checking unicode-width v0.1.7
[INFO] [stderr]     Checking textwrap v0.11.0
[INFO] [stderr]     Checking csv-core v0.1.10
[INFO] [stderr]     Checking vec_map v0.8.1
[INFO] [stderr]     Checking same-file v1.0.6
[INFO] [stderr]     Checking ansi_term v0.11.0
[INFO] [stderr]     Checking walkdir v2.3.1
[INFO] [stderr]     Checking rayon v1.3.0
[INFO] [stderr]     Checking clap v2.33.0
[INFO] [stderr]     Checking oorandom v11.1.0
[INFO] [stderr]     Checking plotters v0.2.12
[INFO] [stderr]     Checking criterion-plot v0.4.1
[INFO] [stderr]    Compiling serde_derive v1.0.106
[INFO] [stderr]    Compiling futures-macro v0.3.4
[INFO] [stderr]    Compiling tokio-macros v0.2.5
[INFO] [stderr]    Compiling async-trait v0.1.30
[INFO] [stderr]     Checking tokio v0.2.18
[INFO] [stderr]     Checking futures-util v0.3.4
[INFO] [stderr]     Checking futures-executor v0.3.4
[INFO] [stderr]     Checking futures v0.3.4
[INFO] [stderr]     Checking tokio-util v0.3.1
[INFO] [stderr]     Checking tokio-util v0.2.0
[INFO] [stderr]     Checking serde_json v1.0.51
[INFO] [stderr]     Checking bstr v0.2.12
[INFO] [stderr]     Checking bincode v1.2.1
[INFO] [stderr]    Compiling docopt v1.1.0
[INFO] [stderr]     Checking csv v1.1.3
[INFO] [stderr]     Checking postgres-types v0.1.1
[INFO] [stderr]     Checking tinytemplate v1.0.3
[INFO] [stderr]    Compiling lalrpop v0.17.2
[INFO] [stderr]     Checking criterion v0.3.1
[INFO] [stderr]     Checking tokio-postgres v0.5.3
[INFO] [stderr]    Compiling algebraicdb v0.1.0 (/opt/rustwide/workdir/algebraicdb)
[INFO] [stderr]  Documenting algebraicdb v0.1.0 (/opt/rustwide/workdir/algebraicdb)
[INFO] [stdout] error[E0557]: feature has been removed
[INFO] [stdout]  --> algebraicdb/src/lib.rs:3:12
[INFO] [stdout]   |
[INFO] [stdout] 3 | #![feature(box_syntax)]
[INFO] [stdout]   |            ^^^^^^^^^^ feature has been removed
[INFO] [stdout]   |
[INFO] [stdout]   = note: replaced with `#[rustc_box]`
[INFO] [stdout] 
[INFO] [stdout] 
[INFO] [stdout] error[E0557]: feature has been removed
[INFO] [stdout]  --> algebraicdb/src/lib.rs:3:12
[INFO] [stdout]   |
[INFO] [stdout] 3 | #![feature(box_syntax)]
[INFO] [stdout]   |            ^^^^^^^^^^ feature has been removed
[INFO] [stdout]   |
[INFO] [stdout]   = note: replaced with `#[rustc_box]`
[INFO] [stdout] 
[INFO] [stdout] 
[INFO] [stdout] error: Compilation failed, aborting rustdoc
[INFO] [stdout] 
[INFO] [stdout] 
[INFO] [stdout] error: aborting due to 2 previous errors
[INFO] [stdout] 
[INFO] [stdout] 
[INFO] [stdout] For more information about this error, try `rustc --explain E0557`.
[INFO] [stdout] 
[INFO] [stderr] error: could not document `algebraicdb`
[INFO] [stderr] 
[INFO] [stderr] Caused by:
[INFO] [stderr]   process didn't exit successfully: `/opt/rustwide/rustup-home/toolchains/1.75.0-x86_64-unknown-linux-gnu/bin/rustdoc --edition=2018 --crate-type lib --crate-name algebraicdb algebraicdb/src/lib.rs -o /opt/rustwide/target/doc --cfg 'feature="default"' --cfg 'feature="wrapper"' --error-format=json --json=diagnostic-rendered-ansi,artifacts,future-incompat --document-private-items -C metadata=6a401b1b6bcb2c9d -L dependency=/opt/rustwide/target/debug/deps --extern async_trait=/opt/rustwide/target/debug/deps/libasync_trait-9ca7c3b182065ba3.so --extern bincode=/opt/rustwide/target/debug/deps/libbincode-58bdf55ac515d249.rmeta --extern futures=/opt/rustwide/target/debug/deps/libfutures-2d77dc69d49d50b2.rmeta --extern lalrpop_util=/opt/rustwide/target/debug/deps/liblalrpop_util-234c2f3e7cfa7513.rmeta --extern lazy_static=/opt/rustwide/target/debug/deps/liblazy_static-e7445b4e8703c20b.rmeta --extern rand=/opt/rustwide/target/debug/deps/librand-d1505a6e4ac744cf.rmeta --extern regex=/opt/rustwide/target/debug/deps/libregex-89057d0426502695.rmeta --extern serde_json=/opt/rustwide/target/debug/deps/libserde_json-fd91f0e98a282a14.rmeta --extern smallvec=/opt/rustwide/target/debug/deps/libsmallvec-64e5fc905e69f51e.rmeta --extern tokio=/opt/rustwide/target/debug/deps/libtokio-0e8a15409d0bdb11.rmeta --extern tokio_postgres=/opt/rustwide/target/debug/deps/libtokio_postgres-eca9ffa704aee642.rmeta --extern tokio_util=/opt/rustwide/target/debug/deps/libtokio_util-d3453f976d2285e2.rmeta --cap-lints=warn --crate-version 0.1.0` (exit status: 1)
[INFO] [stderr] warning: build failed, waiting for other jobs to finish...
[INFO] [stdout] error: `box_syntax` has been removed
[INFO] [stdout]    --> algebraicdb/src/table/mod.rs:332:49
[INFO] [stdout]     |
[INFO] [stdout] 332 |         test_pattern("SELECT WHERE x: Int(1);", box |i| assert_eq!(i.count(), 2));
[INFO] [stdout]     |                                                 ^^^^^^^^^^^^^^^^^^^^^^^^^^^^^^^^
[INFO] [stdout]     |
[INFO] [stdout] help: use `Box::new()` instead
[INFO] [stdout]     |
[INFO] [stdout] 332 |         test_pattern("SELECT WHERE x: Int(1);", Box::new(|i| assert_eq!(i.count(), 2)));
[INFO] [stdout]     |                                                 ~~~~~~~~~~~~~~~~~~~~~~~~~~~~~~~~~~~~~~
[INFO] [stdout] 
[INFO] [stdout] 
[INFO] [stdout] error: `box_syntax` has been removed
[INFO] [stdout]    --> algebraicdb/src/table/mod.rs:333:49
[INFO] [stdout]     |
[INFO] [stdout] 333 |         test_pattern("SELECT WHERE x: Int(2);", box |i| assert_eq!(i.count(), 4));
[INFO] [stdout]     |                                                 ^^^^^^^^^^^^^^^^^^^^^^^^^^^^^^^^
[INFO] [stdout]     |
[INFO] [stdout] help: use `Box::new()` instead
[INFO] [stdout]     |
[INFO] [stdout] 333 |         test_pattern("SELECT WHERE x: Int(2);", Box::new(|i| assert_eq!(i.count(), 4)));
[INFO] [stdout]     |                                                 ~~~~~~~~~~~~~~~~~~~~~~~~~~~~~~~~~~~~~~
[INFO] [stdout] 
[INFO] [stdout] 
[INFO] [stdout] error: `box_syntax` has been removed
[INFO] [stdout]    --> algebraicdb/src/table/mod.rs:334:49
[INFO] [stdout]     |
[INFO] [stdout] 334 |         test_pattern("SELECT WHERE x: Int(3);", box |i| assert_eq!(i.count(), 1));
[INFO] [stdout]     |                                                 ^^^^^^^^^^^^^^^^^^^^^^^^^^^^^^^^
[INFO] [stdout]     |
[INFO] [stdout] help: use `Box::new()` instead
[INFO] [stdout]     |
[INFO] [stdout] 334 |         test_pattern("SELECT WHERE x: Int(3);", Box::new(|i| assert_eq!(i.count(), 1)));
[INFO] [stdout]     |                                                 ~~~~~~~~~~~~~~~~~~~~~~~~~~~~~~~~~~~~~~
[INFO] [stdout] 
[INFO] [stdout] 
[INFO] [stdout] error: `box_syntax` has been removed
[INFO] [stdout]    --> algebraicdb/src/table/mod.rs:335:50
[INFO] [stdout]     |
[INFO] [stdout] 335 |         test_pattern("SELECT WHERE x: Int(42);", box |i| assert_eq!(i.count(), 0));
[INFO] [stdout]     |                                                  ^^^^^^^^^^^^^^^^^^^^^^^^^^^^^^^^
[INFO] [stdout]     |
[INFO] [stdout] help: use `Box::new()` instead
[INFO] [stdout]     |
[INFO] [stdout] 335 |         test_pattern("SELECT WHERE x: Int(42);", Box::new(|i| assert_eq!(i.count(), 0)));
[INFO] [stdout]     |                                                  ~~~~~~~~~~~~~~~~~~~~~~~~~~~~~~~~~~~~~~
[INFO] [stdout] 
[INFO] [stdout] 
[INFO] [stdout] error: `box_syntax` has been removed
[INFO] [stdout]    --> algebraicdb/src/table/mod.rs:336:48
[INFO] [stdout]     |
[INFO] [stdout] 336 |         test_pattern("SELECT WHERE x: Nil();", box |i| assert_eq!(i.count(), 7));
[INFO] [stdout]     |                                                ^^^^^^^^^^^^^^^^^^^^^^^^^^^^^^^^
[INFO] [stdout]     |
[INFO] [stdout] help: use `Box::new()` instead
[INFO] [stdout]     |
[INFO] [stdout] 336 |         test_pattern("SELECT WHERE x: Nil();", Box::new(|i| assert_eq!(i.count(), 7)));
[INFO] [stdout]     |                                                ~~~~~~~~~~~~~~~~~~~~~~~~~~~~~~~~~~~~~~
[INFO] [stdout] 
[INFO] [stdout] 
[INFO] [stdout] error: `box_syntax` has been removed
[INFO] [stdout]    --> algebraicdb/src/table/mod.rs:342:13
[INFO] [stdout]     |
[INFO] [stdout] 342 |             box |i| assert_eq!(i.flatten().count(), 6),
[INFO] [stdout]     |             ^^^^^^^^^^^^^^^^^^^^^^^^^^^^^^^^^^^^^^^^^^
[INFO] [stdout]     |
[INFO] [stdout] help: use `Box::new()` instead
[INFO] [stdout]     |
[INFO] [stdout] 342 |             Box::new(|i| assert_eq!(i.flatten().count(), 6)),
[INFO] [stdout]     |             ~~~~~~~~~~~~~~~~~~~~~~~~~~~~~~~~~~~~~~~~~~~~~~~~
[INFO] [stdout] 
[INFO] [stdout] 
[INFO] [stdout] error: `box_syntax` has been removed
[INFO] [stdout]      --> /opt/rustwide/target/debug/build/algebraicdb-2192c74cd8a7f28f/out/grammar.rs:15622:22
[INFO] [stdout]       |
[INFO] [stdout] 15622 |       SelectFrom::Join(box Join {
[INFO] [stdout]       |  ______________________^
[INFO] [stdout] 15623 | |         table_a,
[INFO] [stdout] 15624 | |         table_b,
[INFO] [stdout] 15625 | |         join_type,
[INFO] [stdout] 15626 | |         on_clause,
[INFO] [stdout] 15627 | |     })
[INFO] [stdout]       | |_____^
[INFO] [stdout]       |
[INFO] [stdout] help: use `Box::new()` instead
[INFO] [stdout]       |
[INFO] [stdout] 15622 ~     SelectFrom::Join(Box::new(Join {
[INFO] [stdout] 15623 +         table_a,
[INFO] [stdout] 15624 +         table_b,
[INFO] [stdout] 15625 +         join_type,
[INFO] [stdout] 15626 +         on_clause,
[INFO] [stdout] 15627 ~     }))
[INFO] [stdout]       |
[INFO] [stdout] 
[INFO] [stdout] 
[INFO] [stdout] error: `box_syntax` has been removed
[INFO] [stdout]      --> /opt/rustwide/target/debug/build/algebraicdb-2192c74cd8a7f28f/out/grammar.rs:15651:24
[INFO] [stdout]       |
[INFO] [stdout] 15651 |     SelectFrom::Select(box __0)
[INFO] [stdout]       |                        ^^^^^^^
[INFO] [stdout]       |
[INFO] [stdout] help: use `Box::new()` instead
[INFO] [stdout]       |
[INFO] [stdout] 15651 |     SelectFrom::Select(Box::new(__0))
[INFO] [stdout]       |                        ~~~~~~~~~~~~~
[INFO] [stdout] 
[INFO] [stdout] 
[INFO] [stdout] error: `box_syntax` has been removed
[INFO] [stdout]      --> /opt/rustwide/target/debug/build/algebraicdb-2192c74cd8a7f28f/out/grammar.rs:15967:18
[INFO] [stdout]       |
[INFO] [stdout] 15967 |     Expr::Equals(box e1, box e2)
[INFO] [stdout]       |                  ^^^^^^
[INFO] [stdout]       |
[INFO] [stdout] help: use `Box::new()` instead
[INFO] [stdout]       |
[INFO] [stdout] 15967 |     Expr::Equals(Box::new(e1), box e2)
[INFO] [stdout]       |                  ~~~~~~~~~~~~
[INFO] [stdout] 
[INFO] [stdout] 
[INFO] [stdout] error: `box_syntax` has been removed
[INFO] [stdout]      --> /opt/rustwide/target/debug/build/algebraicdb-2192c74cd8a7f28f/out/grammar.rs:15967:26
[INFO] [stdout]       |
[INFO] [stdout] 15967 |     Expr::Equals(box e1, box e2)
[INFO] [stdout]       |                          ^^^^^^
[INFO] [stdout]       |
[INFO] [stdout] help: use `Box::new()` instead
[INFO] [stdout]       |
[INFO] [stdout] 15967 |     Expr::Equals(box e1, Box::new(e2))
[INFO] [stdout]       |                          ~~~~~~~~~~~~
[INFO] [stdout] 
[INFO] [stdout] 
[INFO] [stdout] error: `box_syntax` has been removed
[INFO] [stdout]      --> /opt/rustwide/target/debug/build/algebraicdb-2192c74cd8a7f28f/out/grammar.rs:15980:21
[INFO] [stdout]       |
[INFO] [stdout] 15980 |     Expr::NotEquals(box e1, box e2)
[INFO] [stdout]       |                     ^^^^^^
[INFO] [stdout]       |
[INFO] [stdout] help: use `Box::new()` instead
[INFO] [stdout]       |
[INFO] [stdout] 15980 |     Expr::NotEquals(Box::new(e1), box e2)
[INFO] [stdout]       |                     ~~~~~~~~~~~~
[INFO] [stdout] 
[INFO] [stdout] 
[INFO] [stdout] error: `box_syntax` has been removed
[INFO] [stdout]      --> /opt/rustwide/target/debug/build/algebraicdb-2192c74cd8a7f28f/out/grammar.rs:15980:29
[INFO] [stdout]       |
[INFO] [stdout] 15980 |     Expr::NotEquals(box e1, box e2)
[INFO] [stdout]       |                             ^^^^^^
[INFO] [stdout]       |
[INFO] [stdout] help: use `Box::new()` instead
[INFO] [stdout]       |
[INFO] [stdout] 15980 |     Expr::NotEquals(box e1, Box::new(e2))
[INFO] [stdout]       |                             ~~~~~~~~~~~~
[INFO] [stdout] 
[INFO] [stdout] 
[INFO] [stdout] error: `box_syntax` has been removed
[INFO] [stdout]      --> /opt/rustwide/target/debug/build/algebraicdb-2192c74cd8a7f28f/out/grammar.rs:15993:22
[INFO] [stdout]       |
[INFO] [stdout] 15993 |     Expr::LessEquals(box e1, box e2)
[INFO] [stdout]       |                      ^^^^^^
[INFO] [stdout]       |
[INFO] [stdout] help: use `Box::new()` instead
[INFO] [stdout]       |
[INFO] [stdout] 15993 |     Expr::LessEquals(Box::new(e1), box e2)
[INFO] [stdout]       |                      ~~~~~~~~~~~~
[INFO] [stdout] 
[INFO] [stdout] 
[INFO] [stdout] error: `box_syntax` has been removed
[INFO] [stdout]      --> /opt/rustwide/target/debug/build/algebraicdb-2192c74cd8a7f28f/out/grammar.rs:15993:30
[INFO] [stdout]       |
[INFO] [stdout] 15993 |     Expr::LessEquals(box e1, box e2)
[INFO] [stdout]       |                              ^^^^^^
[INFO] [stdout]       |
[INFO] [stdout] help: use `Box::new()` instead
[INFO] [stdout]       |
[INFO] [stdout] 15993 |     Expr::LessEquals(box e1, Box::new(e2))
[INFO] [stdout]       |                              ~~~~~~~~~~~~
[INFO] [stdout] 
[INFO] [stdout] 
[INFO] [stdout] error: `box_syntax` has been removed
[INFO] [stdout]      --> /opt/rustwide/target/debug/build/algebraicdb-2192c74cd8a7f28f/out/grammar.rs:16006:25
[INFO] [stdout]       |
[INFO] [stdout] 16006 |     Expr::GreaterEquals(box e1, box e2)
[INFO] [stdout]       |                         ^^^^^^
[INFO] [stdout]       |
[INFO] [stdout] help: use `Box::new()` instead
[INFO] [stdout]       |
[INFO] [stdout] 16006 |     Expr::GreaterEquals(Box::new(e1), box e2)
[INFO] [stdout]       |                         ~~~~~~~~~~~~
[INFO] [stdout] 
[INFO] [stdout] 
[INFO] [stdout] error: `box_syntax` has been removed
[INFO] [stdout]      --> /opt/rustwide/target/debug/build/algebraicdb-2192c74cd8a7f28f/out/grammar.rs:16006:33
[INFO] [stdout]       |
[INFO] [stdout] 16006 |     Expr::GreaterEquals(box e1, box e2)
[INFO] [stdout]       |                                 ^^^^^^
[INFO] [stdout]       |
[INFO] [stdout] help: use `Box::new()` instead
[INFO] [stdout]       |
[INFO] [stdout] 16006 |     Expr::GreaterEquals(box e1, Box::new(e2))
[INFO] [stdout]       |                                 ~~~~~~~~~~~~
[INFO] [stdout] 
[INFO] [stdout] 
[INFO] [stdout] error: `box_syntax` has been removed
[INFO] [stdout]      --> /opt/rustwide/target/debug/build/algebraicdb-2192c74cd8a7f28f/out/grammar.rs:16019:20
[INFO] [stdout]       |
[INFO] [stdout] 16019 |     Expr::LessThan(box e1, box e2)
[INFO] [stdout]       |                    ^^^^^^
[INFO] [stdout]       |
[INFO] [stdout] help: use `Box::new()` instead
[INFO] [stdout]       |
[INFO] [stdout] 16019 |     Expr::LessThan(Box::new(e1), box e2)
[INFO] [stdout]       |                    ~~~~~~~~~~~~
[INFO] [stdout] 
[INFO] [stdout] 
[INFO] [stdout] error: `box_syntax` has been removed
[INFO] [stdout]      --> /opt/rustwide/target/debug/build/algebraicdb-2192c74cd8a7f28f/out/grammar.rs:16019:28
[INFO] [stdout]       |
[INFO] [stdout] 16019 |     Expr::LessThan(box e1, box e2)
[INFO] [stdout]       |                            ^^^^^^
[INFO] [stdout]       |
[INFO] [stdout] help: use `Box::new()` instead
[INFO] [stdout]       |
[INFO] [stdout] 16019 |     Expr::LessThan(box e1, Box::new(e2))
[INFO] [stdout]       |                            ~~~~~~~~~~~~
[INFO] [stdout] 
[INFO] [stdout] 
[INFO] [stdout] error: `box_syntax` has been removed
[INFO] [stdout]      --> /opt/rustwide/target/debug/build/algebraicdb-2192c74cd8a7f28f/out/grammar.rs:16032:23
[INFO] [stdout]       |
[INFO] [stdout] 16032 |     Expr::GreaterThan(box e1, box e2)
[INFO] [stdout]       |                       ^^^^^^
[INFO] [stdout]       |
[INFO] [stdout] help: use `Box::new()` instead
[INFO] [stdout]       |
[INFO] [stdout] 16032 |     Expr::GreaterThan(Box::new(e1), box e2)
[INFO] [stdout]       |                       ~~~~~~~~~~~~
[INFO] [stdout] 
[INFO] [stdout] 
[INFO] [stdout] error: `box_syntax` has been removed
[INFO] [stdout]      --> /opt/rustwide/target/debug/build/algebraicdb-2192c74cd8a7f28f/out/grammar.rs:16032:31
[INFO] [stdout]       |
[INFO] [stdout] 16032 |     Expr::GreaterThan(box e1, box e2)
[INFO] [stdout]       |                               ^^^^^^
[INFO] [stdout]       |
[INFO] [stdout] help: use `Box::new()` instead
[INFO] [stdout]       |
[INFO] [stdout] 16032 |     Expr::GreaterThan(box e1, Box::new(e2))
[INFO] [stdout]       |                               ~~~~~~~~~~~~
[INFO] [stdout] 
[INFO] [stdout] 
[INFO] [stdout] error: `box_syntax` has been removed
[INFO] [stdout]      --> /opt/rustwide/target/debug/build/algebraicdb-2192c74cd8a7f28f/out/grammar.rs:16056:15
[INFO] [stdout]       |
[INFO] [stdout] 16056 |     Expr::And(box e1, box e2)
[INFO] [stdout]       |               ^^^^^^
[INFO] [stdout]       |
[INFO] [stdout] help: use `Box::new()` instead
[INFO] [stdout]       |
[INFO] [stdout] 16056 |     Expr::And(Box::new(e1), box e2)
[INFO] [stdout]       |               ~~~~~~~~~~~~
[INFO] [stdout] 
[INFO] [stdout] 
[INFO] [stdout] error: `box_syntax` has been removed
[INFO] [stdout]      --> /opt/rustwide/target/debug/build/algebraicdb-2192c74cd8a7f28f/out/grammar.rs:16056:23
[INFO] [stdout]       |
[INFO] [stdout] 16056 |     Expr::And(box e1, box e2)
[INFO] [stdout]       |                       ^^^^^^
[INFO] [stdout]       |
[INFO] [stdout] help: use `Box::new()` instead
[INFO] [stdout]       |
[INFO] [stdout] 16056 |     Expr::And(box e1, Box::new(e2))
[INFO] [stdout]       |                       ~~~~~~~~~~~~
[INFO] [stdout] 
[INFO] [stdout] 
[INFO] [stdout] error: `box_syntax` has been removed
[INFO] [stdout]      --> /opt/rustwide/target/debug/build/algebraicdb-2192c74cd8a7f28f/out/grammar.rs:16080:14
[INFO] [stdout]       |
[INFO] [stdout] 16080 |     Expr::Or(box e1, box e2)
[INFO] [stdout]       |              ^^^^^^
[INFO] [stdout]       |
[INFO] [stdout] help: use `Box::new()` instead
[INFO] [stdout]       |
[INFO] [stdout] 16080 |     Expr::Or(Box::new(e1), box e2)
[INFO] [stdout]       |              ~~~~~~~~~~~~
[INFO] [stdout] 
[INFO] [stdout] 
[INFO] [stdout] error: `box_syntax` has been removed
[INFO] [stdout]      --> /opt/rustwide/target/debug/build/algebraicdb-2192c74cd8a7f28f/out/grammar.rs:16080:22
[INFO] [stdout]       |
[INFO] [stdout] 16080 |     Expr::Or(box e1, box e2)
[INFO] [stdout]       |                      ^^^^^^
[INFO] [stdout]       |
[INFO] [stdout] help: use `Box::new()` instead
[INFO] [stdout]       |
[INFO] [stdout] 16080 |     Expr::Or(box e1, Box::new(e2))
[INFO] [stdout]       |                      ~~~~~~~~~~~~
[INFO] [stdout] 
[INFO] [stdout] 
[INFO] [stdout] error[E0554]: `#![feature]` may not be used on the stable release channel
[INFO] [stdout]  --> algebraicdb/src/lib.rs:1:1
[INFO] [stdout]   |
[INFO] [stdout] 1 | #![feature(str_strip)]
[INFO] [stdout]   | ^^^^^^^^^^^^^^^^^^^^^^
[INFO] [stdout] 
[INFO] [stdout] 
[INFO] [stdout] error[E0554]: `#![feature]` may not be used on the stable release channel
[INFO] [stdout]  --> algebraicdb/src/lib.rs:2:1
[INFO] [stdout]   |
[INFO] [stdout] 2 | #![feature(never_type)]
[INFO] [stdout]   | ^^^^^^^^^^^^^^^^^^^^^^^
[INFO] [stdout] 
[INFO] [stdout] 
[INFO] [stdout] error[E0554]: `#![feature]` may not be used on the stable release channel
[INFO] [stdout]  --> algebraicdb/src/lib.rs:3:1
[INFO] [stdout]   |
[INFO] [stdout] 3 | #![feature(box_syntax)]
[INFO] [stdout]   | ^^^^^^^^^^^^^^^^^^^^^^^
[INFO] [stdout] 
[INFO] [stdout] 
[INFO] [stdout] error[E0554]: `#![feature]` may not be used on the stable release channel
[INFO] [stdout]  --> algebraicdb/src/lib.rs:4:1
[INFO] [stdout]   |
[INFO] [stdout] 4 | #![feature(async_closure)]
[INFO] [stdout]   | ^^^^^^^^^^^^^^^^^^^^^^^^^^
[INFO] [stdout] 
[INFO] [stdout] 
[INFO] [stdout] error[E0554]: `#![feature]` may not be used on the stable release channel
[INFO] [stdout]  --> algebraicdb/src/lib.rs:6:1
[INFO] [stdout]   |
[INFO] [stdout] 6 | #![feature(type_ascription)]
[INFO] [stdout]   | ^^^^^^^^^^^^^^^^^^^^^^^^^^^^
[INFO] [stdout] 
[INFO] [stdout] 
[INFO] [stdout] warning: unused import: `crate::grammar::StmtParser`
[INFO] [stdout]  --> algebraicdb/src/local/wrapper_state.rs:3:5
[INFO] [stdout]   |
[INFO] [stdout] 3 | use crate::grammar::StmtParser;
[INFO] [stdout]   |     ^^^^^^^^^^^^^^^^^^^^^^^^^^
[INFO] [stdout]   |
[INFO] [stdout]   = note: `#[warn(unused_imports)]` on by default
[INFO] [stdout] 
[INFO] [stdout] 
[INFO] [stdout] warning: unused import: `lazy_static::*`
[INFO] [stdout]  --> algebraicdb/src/local/wrapper_state.rs:7:5
[INFO] [stdout]   |
[INFO] [stdout] 7 | use lazy_static::*;
[INFO] [stdout]   |     ^^^^^^^^^^^^^^
[INFO] [stdout] 
[INFO] [stdout] 
[INFO] [stdout] warning: unused imports: `Config`, `NoTls`
[INFO] [stdout]   --> algebraicdb/src/local/wrapper_state.rs:13:30
[INFO] [stdout]    |
[INFO] [stdout] 13 | use tokio_postgres::{Client, Config, NoTls};
[INFO] [stdout]    |                              ^^^^^^  ^^^^^
[INFO] [stdout] 
[INFO] [stdout] 
[INFO] [stdout] error[E0554]: `#![feature]` may not be used on the stable release channel
[INFO] [stdout]  --> algebraicdb/src/lib.rs:1:12
[INFO] [stdout]   |
[INFO] [stdout] 1 | #![feature(str_strip)]
[INFO] [stdout]   |            ^^^^^^^^^
[INFO] [stdout] 
[INFO] [stdout] 
[INFO] [stdout] warning: the feature `str_strip` has been stable since 1.45.0 and no longer requires an attribute to enable
[INFO] [stdout]  --> algebraicdb/src/lib.rs:1:12
[INFO] [stdout]   |
[INFO] [stdout] 1 | #![feature(str_strip)]
[INFO] [stdout]   |            ^^^^^^^^^
[INFO] [stdout]   |
[INFO] [stdout]   = note: `#[warn(stable_features)]` on by default
[INFO] [stdout] 
[INFO] [stdout] 
[INFO] [stdout] warning: unused variable: `client_address`
[INFO] [stdout]   --> algebraicdb/src/api/uds_api.rs:31:29
[INFO] [stdout]    |
[INFO] [stdout] 31 |             Ok((mut socket, client_address)) => {
[INFO] [stdout]    |                             ^^^^^^^^^^^^^^ help: if this is intentional, prefix it with an underscore: `_client_address`
[INFO] [stdout]    |
[INFO] [stdout]    = note: `#[warn(unused_variables)]` on by default
[INFO] [stdout] 
[INFO] [stdout] 
[INFO] [stdout] warning: unused variable: `e`
[INFO] [stdout]   --> algebraicdb/src/api/uds_api.rs:43:29
[INFO] [stdout]    |
[INFO] [stdout] 43 |                         Err(e) => {
[INFO] [stdout]    |                             ^ help: if this is intentional, prefix it with an underscore: `_e`
[INFO] [stdout] 
[INFO] [stdout] 
[INFO] [stdout] error: aborting due to 31 previous errors; 6 warnings emitted
[INFO] [stdout] 
[INFO] [stdout] 
[INFO] [stdout] Some errors have detailed explanations: E0554, E0557.
[INFO] [stdout] 
[INFO] [stdout] For more information about an error, try `rustc --explain E0554`.
[INFO] [stdout] 
[INFO] [stderr] error: could not compile `algebraicdb` (lib) due to 32 previous errors; 6 warnings emitted
[INFO] running `Command { std: "docker" "inspect" "a897e62c6261a0d4e0b2e2c628b158492d8b8a9c2e87c755477873a67ec6d564", kill_on_drop: false }`
[INFO] running `Command { std: "docker" "rm" "-f" "a897e62c6261a0d4e0b2e2c628b158492d8b8a9c2e87c755477873a67ec6d564", kill_on_drop: false }`
[INFO] [stdout] a897e62c6261a0d4e0b2e2c628b158492d8b8a9c2e87c755477873a67ec6d564
[INFO] documenting algebraicdb/algebraicdb-postgres-wrapper against beta-2023-12-22 for beta-1.76-rustdoc-1
[INFO] running `Command { std: "git" "clone" "/workspace/cache/git-repos/https%3A%2F%2Fgithub.com%2Falgebraicdb%2Falgebraicdb-postgres-wrapper" "/workspace/builds/worker-0-tc2/source", kill_on_drop: false }`
[INFO] [stderr] Cloning into '/workspace/builds/worker-0-tc2/source'...
[INFO] [stderr] done.
[INFO] validating manifest of git repo https://github.com/algebraicdb/algebraicdb-postgres-wrapper on toolchain beta-2023-12-22
[INFO] running `Command { std: CARGO_HOME="/workspace/cargo-home" RUSTUP_HOME="/workspace/rustup-home" "/workspace/cargo-home/bin/cargo" "+beta-2023-12-22" "metadata" "--manifest-path" "Cargo.toml" "--no-deps", kill_on_drop: false }`
[INFO] started tweaking git repo https://github.com/algebraicdb/algebraicdb-postgres-wrapper
[INFO] finished tweaking git repo https://github.com/algebraicdb/algebraicdb-postgres-wrapper
[INFO] tweaked toml for git repo https://github.com/algebraicdb/algebraicdb-postgres-wrapper written to /workspace/builds/worker-0-tc2/source/Cargo.toml
[INFO] crate git repo https://github.com/algebraicdb/algebraicdb-postgres-wrapper already has a lockfile, it will not be regenerated
[INFO] running `Command { std: CARGO_HOME="/workspace/cargo-home" RUSTUP_HOME="/workspace/rustup-home" "/workspace/cargo-home/bin/cargo" "+beta-2023-12-22" "fetch" "--manifest-path" "Cargo.toml", kill_on_drop: false }`
[INFO] running `Command { std: "docker" "create" "-v" "/var/lib/crater-agent-workspace/builds/worker-0-tc2/target:/opt/rustwide/target:rw,Z" "-v" "/var/lib/crater-agent-workspace/builds/worker-0-tc2/source:/opt/rustwide/workdir:ro,Z" "-v" "/var/lib/crater-agent-workspace/cargo-home:/opt/rustwide/cargo-home:ro,Z" "-v" "/var/lib/crater-agent-workspace/rustup-home:/opt/rustwide/rustup-home:ro,Z" "-e" "SOURCE_DIR=/opt/rustwide/workdir" "-e" "CARGO_TARGET_DIR=/opt/rustwide/target" "-e" "CARGO_HOME=/opt/rustwide/cargo-home" "-e" "RUSTUP_HOME=/opt/rustwide/rustup-home" "-w" "/opt/rustwide/workdir" "-m" "1610612736" "--user" "0:0" "--network" "none" "ghcr.io/rust-lang/crates-build-env/linux@sha256:2788e3201cd34a07e3172128adcd8b3090168a8e3bcc40d7c032b9dda1df7d1c" "/opt/rustwide/cargo-home/bin/cargo" "+beta-2023-12-22" "metadata" "--no-deps" "--format-version=1", kill_on_drop: false }`
[INFO] [stdout] bd1ab71e15a20fae23b49b53d23b05bc23e53871a90b88472cf59a6b5236c7d9
[INFO] running `Command { std: "docker" "start" "-a" "bd1ab71e15a20fae23b49b53d23b05bc23e53871a90b88472cf59a6b5236c7d9", kill_on_drop: false }`
[INFO] running `Command { std: "docker" "inspect" "bd1ab71e15a20fae23b49b53d23b05bc23e53871a90b88472cf59a6b5236c7d9", kill_on_drop: false }`
[INFO] running `Command { std: "docker" "rm" "-f" "bd1ab71e15a20fae23b49b53d23b05bc23e53871a90b88472cf59a6b5236c7d9", kill_on_drop: false }`
[INFO] [stdout] bd1ab71e15a20fae23b49b53d23b05bc23e53871a90b88472cf59a6b5236c7d9
[INFO] running `Command { std: "docker" "create" "-v" "/var/lib/crater-agent-workspace/builds/worker-0-tc2/target:/opt/rustwide/target:rw,Z" "-v" "/var/lib/crater-agent-workspace/builds/worker-0-tc2/source:/opt/rustwide/workdir:ro,Z" "-v" "/var/lib/crater-agent-workspace/cargo-home:/opt/rustwide/cargo-home:ro,Z" "-v" "/var/lib/crater-agent-workspace/rustup-home:/opt/rustwide/rustup-home:ro,Z" "-e" "SOURCE_DIR=/opt/rustwide/workdir" "-e" "CARGO_TARGET_DIR=/opt/rustwide/target" "-e" "CARGO_INCREMENTAL=0" "-e" "RUST_BACKTRACE=full" "-e" "RUSTFLAGS=--cap-lints=warn" "-e" "RUSTDOCFLAGS=--cap-lints=warn" "-e" "CARGO_HOME=/opt/rustwide/cargo-home" "-e" "RUSTUP_HOME=/opt/rustwide/rustup-home" "-w" "/opt/rustwide/workdir" "-m" "1610612736" "--user" "0:0" "--network" "none" "ghcr.io/rust-lang/crates-build-env/linux@sha256:2788e3201cd34a07e3172128adcd8b3090168a8e3bcc40d7c032b9dda1df7d1c" "/opt/rustwide/cargo-home/bin/cargo" "+beta-2023-12-22" "doc" "--frozen" "--no-deps" "--document-private-items" "--message-format=json", kill_on_drop: false }`
[INFO] [stdout] d8ef7ee7ba7daef37c70a6a01765b7b4f10140e509b00235d8de975fd2920fbd
[INFO] running `Command { std: "docker" "start" "-a" "d8ef7ee7ba7daef37c70a6a01765b7b4f10140e509b00235d8de975fd2920fbd", kill_on_drop: false }`
[INFO] [stderr]    Compiling libc v0.2.69
[INFO] [stderr]    Compiling proc-macro2 v1.0.10
[INFO] [stderr]    Compiling syn v1.0.17
[INFO] [stderr]    Compiling serde v1.0.106
[INFO] [stderr]    Compiling log v0.4.8
[INFO] [stderr]    Compiling rand_chacha v0.1.1
[INFO] [stderr]    Compiling rand_pcg v0.1.2
[INFO] [stderr]    Compiling rand v0.6.5
[INFO] [stderr]    Compiling rand_isaac v0.1.1
[INFO] [stderr]    Compiling rand_hc v0.1.0
[INFO] [stderr]    Compiling rand_xorshift v0.1.1
[INFO] [stderr]    Compiling rand_jitter v0.1.4
[INFO] [stderr]    Compiling phf_shared v0.7.24
[INFO] [stderr]    Compiling ryu v1.0.3
[INFO] [stderr]     Checking futures-core v0.3.4
[INFO] [stderr]    Compiling byteorder v1.3.4
[INFO] [stderr]    Compiling typenum v1.12.0
[INFO] [stderr]     Checking smallvec v1.3.0
[INFO] [stderr]    Compiling string_cache_shared v0.3.0
[INFO] [stderr]     Checking futures-sink v0.3.4
[INFO] [stderr]    Compiling crossbeam-utils v0.7.2
[INFO] [stderr]    Compiling memchr v2.3.3
[INFO] [stderr]    Compiling proc-macro-nested v0.1.4
[INFO] [stderr]    Compiling byte-tools v0.3.1
[INFO] [stderr]    Compiling block-padding v0.1.5
[INFO] [stderr]    Compiling quote v1.0.3
[INFO] [stderr]     Checking num_cpus v1.12.0
[INFO] [stderr]     Checking net2 v0.2.33
[INFO] [stderr]    Compiling rand_os v0.1.3
[INFO] [stderr]     Checking iovec v0.1.4
[INFO] [stderr]     Checking getrandom v0.1.14
[INFO] [stderr]    Compiling dirs v1.0.5
[INFO] [stderr]     Checking mio v0.6.21
[INFO] [stderr]    Compiling generic-array v0.12.3
[INFO] [stderr]     Checking rand_core v0.5.1
[INFO] [stderr]    Compiling aho-corasick v0.7.10
[INFO] [stderr]    Compiling thread_local v1.0.1
[INFO] [stderr]    Compiling memoffset v0.5.4
[INFO] [stderr]     Checking ppv-lite86 v0.2.6
[INFO] [stderr]    Compiling proc-macro-hack v0.5.15
[INFO] [stderr]    Compiling regex-syntax v0.6.17
[INFO] [stderr]    Compiling maybe-uninit v2.0.0
[INFO] [stderr]     Checking arc-swap v0.4.5
[INFO] [stderr]     Checking subtle v1.0.0
[INFO] [stderr]     Checking crypto-mac v0.7.0
[INFO] [stderr]     Checking signal-hook-registry v1.2.0
[INFO] [stderr]    Compiling semver v0.9.0
[INFO] [stderr]     Checking rand_chacha v0.2.2
[INFO] [stderr]    Compiling phf_generator v0.7.24
[INFO] [stderr]    Compiling string_cache_codegen v0.4.4
[INFO] [stderr]     Checking mio-uds v0.6.7
[INFO] [stderr]    Compiling block-buffer v0.7.3
[INFO] [stderr]    Compiling digest v0.8.1
[INFO] [stderr]    Compiling term v0.5.2
[INFO] [stderr]     Checking unicode-normalization v0.1.12
[INFO] [stderr]     Checking futures-channel v0.3.4
[INFO] [stderr]    Compiling crossbeam-epoch v0.8.2
[INFO] [stderr]    Compiling strsim v0.9.3
[INFO] [stderr]     Checking futures-task v0.3.4
[INFO] [stderr]    Compiling string_cache v0.7.5
[INFO] [stderr]     Checking fnv v1.0.6
[INFO] [stderr]    Compiling fake-simd v0.1.2
[INFO] [stderr]     Checking pin-project-lite v0.1.4
[INFO] [stderr]     Checking futures-io v0.3.4
[INFO] [stderr]    Compiling precomputed-hash v0.1.1
[INFO] [stderr]    Compiling either v1.5.3
[INFO] [stderr]    Compiling fixedbitset v0.1.9
[INFO] [stderr]    Compiling opaque-debug v0.2.3
[INFO] [stderr]    Compiling ordermap v0.3.5
[INFO] [stderr]     Checking pin-utils v0.1.0-alpha.4
[INFO] [stderr]    Compiling new_debug_unreachable v1.0.4
[INFO] [stderr]    Compiling bit-vec v0.5.1
[INFO] [stderr]     Checking sha2 v0.8.1
[INFO] [stderr]     Checking stringprep v0.1.2
[INFO] [stderr]    Compiling itertools v0.8.2
[INFO] [stderr]    Compiling bit-set v0.5.1
[INFO] [stderr]    Compiling ascii-canvas v2.0.0
[INFO] [stderr]    Compiling petgraph v0.4.13
[INFO] [stderr]     Checking rand v0.7.3
[INFO] [stderr]    Compiling rustc_version v0.2.3
[INFO] [stderr]    Compiling regex v1.3.6
[INFO] [stderr]    Compiling ena v0.13.1
[INFO] [stderr]     Checking hmac v0.7.1
[INFO] [stderr]    Compiling atty v0.2.14
[INFO] [stderr]     Checking base64 v0.12.0
[INFO] [stderr]    Compiling lalrpop-util v0.17.2
[INFO] [stderr]     Checking siphasher v0.3.2
[INFO] [stderr]    Compiling diff v0.1.12
[INFO] [stderr]     Checking fallible-iterator v0.2.0
[INFO] [stderr]     Checking md5 v0.7.0
[INFO] [stderr]    Compiling unicode-xid v0.1.0
[INFO] [stderr]     Checking phf_shared v0.8.0
[INFO] [stderr]    Compiling cast v0.2.3
[INFO] [stderr]     Checking parking_lot_core v0.7.1
[INFO] [stderr]     Checking postgres-protocol v0.5.1
[INFO] [stderr]     Checking lock_api v0.3.4
[INFO] [stderr]    Compiling num-traits v0.2.11
[INFO] [stderr]    Compiling rayon-core v1.7.0
[INFO] [stderr]     Checking parking_lot v0.10.2
[INFO] [stderr]     Checking crossbeam-deque v0.7.3
[INFO] [stderr]     Checking phf v0.8.0
[INFO] [stderr]     Checking crossbeam-queue v0.2.1
[INFO] [stderr]     Checking regex-automata v0.1.9
[INFO] [stderr]     Checking unicode-width v0.1.7
[INFO] [stderr]     Checking textwrap v0.11.0
[INFO] [stderr]     Checking csv-core v0.1.10
[INFO] [stderr]     Checking same-file v1.0.6
[INFO] [stderr]     Checking ansi_term v0.11.0
[INFO] [stderr]     Checking vec_map v0.8.1
[INFO] [stderr]     Checking walkdir v2.3.1
[INFO] [stderr]     Checking rayon v1.3.0
[INFO] [stderr]     Checking clap v2.33.0
[INFO] [stderr]     Checking oorandom v11.1.0
[INFO] [stderr]     Checking plotters v0.2.12
[INFO] [stderr]     Checking criterion-plot v0.4.1
[INFO] [stderr]    Compiling serde_derive v1.0.106
[INFO] [stderr]    Compiling tokio-macros v0.2.5
[INFO] [stderr]    Compiling futures-macro v0.3.4
[INFO] [stderr]    Compiling async-trait v0.1.30
[INFO] [stderr]     Checking tokio v0.2.18
[INFO] [stderr]     Checking futures-util v0.3.4
[INFO] [stderr]     Checking futures-executor v0.3.4
[INFO] [stderr]     Checking futures v0.3.4
[INFO] [stderr]     Checking tokio-util v0.3.1
[INFO] [stderr]     Checking tokio-util v0.2.0
[INFO] [stderr]     Checking serde_json v1.0.51
[INFO] [stderr]     Checking bincode v1.2.1
[INFO] [stderr]     Checking bstr v0.2.12
[INFO] [stderr]    Compiling docopt v1.1.0
[INFO] [stderr]     Checking csv v1.1.3
[INFO] [stderr]     Checking postgres-types v0.1.1
[INFO] [stderr]     Checking tinytemplate v1.0.3
[INFO] [stderr]    Compiling lalrpop v0.17.2
[INFO] [stderr]     Checking criterion v0.3.1
[INFO] [stderr]     Checking tokio-postgres v0.5.3
[INFO] [stderr]    Compiling algebraicdb v0.1.0 (/opt/rustwide/workdir/algebraicdb)
[INFO] [stderr]  Documenting algebraicdb v0.1.0 (/opt/rustwide/workdir/algebraicdb)
[INFO] [stdout] error[E0557]: feature has been removed
[INFO] [stdout]  --> algebraicdb/src/lib.rs:3:12
[INFO] [stdout]   |
[INFO] [stdout] 3 | #![feature(box_syntax)]
[INFO] [stdout]   |            ^^^^^^^^^^ feature has been removed
[INFO] [stdout]   |
[INFO] [stdout]   = note: replaced with `#[rustc_box]`
[INFO] [stdout] 
[INFO] [stdout] 
[INFO] [stdout] error[E0557]: feature has been removed
[INFO] [stdout]  --> algebraicdb/src/lib.rs:3:12
[INFO] [stdout]   |
[INFO] [stdout] 3 | #![feature(box_syntax)]
[INFO] [stdout]   |            ^^^^^^^^^^ feature has been removed
[INFO] [stdout]   |
[INFO] [stdout]   = note: replaced with `#[rustc_box]`
[INFO] [stdout] 
[INFO] [stdout] 
[INFO] [stdout] error: Compilation failed, aborting rustdoc
[INFO] [stdout] 
[INFO] [stdout] 
[INFO] [stdout] error: aborting due to 2 previous errors
[INFO] [stdout] 
[INFO] [stdout] 
[INFO] [stdout] For more information about this error, try `rustc --explain E0557`.
[INFO] [stdout] 
[INFO] [stderr] error: could not document `algebraicdb`
[INFO] [stderr] 
[INFO] [stderr] Caused by:
[INFO] [stderr]   process didn't exit successfully: `/opt/rustwide/rustup-home/toolchains/beta-2023-12-22-x86_64-unknown-linux-gnu/bin/rustdoc --edition=2018 --crate-type lib --crate-name algebraicdb algebraicdb/src/lib.rs -o /opt/rustwide/target/doc --cfg 'feature="default"' --cfg 'feature="wrapper"' --error-format=json --json=diagnostic-rendered-ansi,artifacts,future-incompat --document-private-items -C metadata=4ae26c3971f04f50 -L dependency=/opt/rustwide/target/debug/deps --extern async_trait=/opt/rustwide/target/debug/deps/libasync_trait-71becfd7c3fb5db4.so --extern bincode=/opt/rustwide/target/debug/deps/libbincode-1bf9cfbe32e17f0b.rmeta --extern futures=/opt/rustwide/target/debug/deps/libfutures-e4a9fbe622838a1f.rmeta --extern lalrpop_util=/opt/rustwide/target/debug/deps/liblalrpop_util-d24f0dbab7e7e3a0.rmeta --extern lazy_static=/opt/rustwide/target/debug/deps/liblazy_static-cc91e7c9c894213a.rmeta --extern rand=/opt/rustwide/target/debug/deps/librand-1f33ae74dc452a96.rmeta --extern regex=/opt/rustwide/target/debug/deps/libregex-32d09130af2469e7.rmeta --extern serde_json=/opt/rustwide/target/debug/deps/libserde_json-d72dafac0fd2d08f.rmeta --extern smallvec=/opt/rustwide/target/debug/deps/libsmallvec-e1a287c3a02ea589.rmeta --extern tokio=/opt/rustwide/target/debug/deps/libtokio-62018fc9f3354c51.rmeta --extern tokio_postgres=/opt/rustwide/target/debug/deps/libtokio_postgres-41d4724febd96284.rmeta --extern tokio_util=/opt/rustwide/target/debug/deps/libtokio_util-ab4cf2c0959c1fa8.rmeta --cap-lints=warn --crate-version 0.1.0` (exit status: 1)
[INFO] [stderr] warning: build failed, waiting for other jobs to finish...
[INFO] [stdout] error: `box_syntax` has been removed
[INFO] [stdout]    --> algebraicdb/src/table/mod.rs:332:49
[INFO] [stdout]     |
[INFO] [stdout] 332 |         test_pattern("SELECT WHERE x: Int(1);", box |i| assert_eq!(i.count(), 2));
[INFO] [stdout]     |                                                 ^^^^^^^^^^^^^^^^^^^^^^^^^^^^^^^^
[INFO] [stdout]     |
[INFO] [stdout] help: use `Box::new()` instead
[INFO] [stdout]     |
[INFO] [stdout] 332 |         test_pattern("SELECT WHERE x: Int(1);", Box::new(|i| assert_eq!(i.count(), 2)));
[INFO] [stdout]     |                                                 ~~~~~~~~~~~~~~~~~~~~~~~~~~~~~~~~~~~~~~
[INFO] [stdout] 
[INFO] [stdout] 
[INFO] [stdout] error: `box_syntax` has been removed
[INFO] [stdout]    --> algebraicdb/src/table/mod.rs:333:49
[INFO] [stdout]     |
[INFO] [stdout] 333 |         test_pattern("SELECT WHERE x: Int(2);", box |i| assert_eq!(i.count(), 4));
[INFO] [stdout]     |                                                 ^^^^^^^^^^^^^^^^^^^^^^^^^^^^^^^^
[INFO] [stdout]     |
[INFO] [stdout] help: use `Box::new()` instead
[INFO] [stdout]     |
[INFO] [stdout] 333 |         test_pattern("SELECT WHERE x: Int(2);", Box::new(|i| assert_eq!(i.count(), 4)));
[INFO] [stdout]     |                                                 ~~~~~~~~~~~~~~~~~~~~~~~~~~~~~~~~~~~~~~
[INFO] [stdout] 
[INFO] [stdout] 
[INFO] [stdout] error: `box_syntax` has been removed
[INFO] [stdout]    --> algebraicdb/src/table/mod.rs:334:49
[INFO] [stdout]     |
[INFO] [stdout] 334 |         test_pattern("SELECT WHERE x: Int(3);", box |i| assert_eq!(i.count(), 1));
[INFO] [stdout]     |                                                 ^^^^^^^^^^^^^^^^^^^^^^^^^^^^^^^^
[INFO] [stdout]     |
[INFO] [stdout] help: use `Box::new()` instead
[INFO] [stdout]     |
[INFO] [stdout] 334 |         test_pattern("SELECT WHERE x: Int(3);", Box::new(|i| assert_eq!(i.count(), 1)));
[INFO] [stdout]     |                                                 ~~~~~~~~~~~~~~~~~~~~~~~~~~~~~~~~~~~~~~
[INFO] [stdout] 
[INFO] [stdout] 
[INFO] [stdout] error: `box_syntax` has been removed
[INFO] [stdout]    --> algebraicdb/src/table/mod.rs:335:50
[INFO] [stdout]     |
[INFO] [stdout] 335 |         test_pattern("SELECT WHERE x: Int(42);", box |i| assert_eq!(i.count(), 0));
[INFO] [stdout]     |                                                  ^^^^^^^^^^^^^^^^^^^^^^^^^^^^^^^^
[INFO] [stdout]     |
[INFO] [stdout] help: use `Box::new()` instead
[INFO] [stdout]     |
[INFO] [stdout] 335 |         test_pattern("SELECT WHERE x: Int(42);", Box::new(|i| assert_eq!(i.count(), 0)));
[INFO] [stdout]     |                                                  ~~~~~~~~~~~~~~~~~~~~~~~~~~~~~~~~~~~~~~
[INFO] [stdout] 
[INFO] [stdout] 
[INFO] [stdout] error: `box_syntax` has been removed
[INFO] [stdout]    --> algebraicdb/src/table/mod.rs:336:48
[INFO] [stdout]     |
[INFO] [stdout] 336 |         test_pattern("SELECT WHERE x: Nil();", box |i| assert_eq!(i.count(), 7));
[INFO] [stdout]     |                                                ^^^^^^^^^^^^^^^^^^^^^^^^^^^^^^^^
[INFO] [stdout]     |
[INFO] [stdout] help: use `Box::new()` instead
[INFO] [stdout]     |
[INFO] [stdout] 336 |         test_pattern("SELECT WHERE x: Nil();", Box::new(|i| assert_eq!(i.count(), 7)));
[INFO] [stdout]     |                                                ~~~~~~~~~~~~~~~~~~~~~~~~~~~~~~~~~~~~~~
[INFO] [stdout] 
[INFO] [stdout] 
[INFO] [stdout] error: `box_syntax` has been removed
[INFO] [stdout]    --> algebraicdb/src/table/mod.rs:342:13
[INFO] [stdout]     |
[INFO] [stdout] 342 |             box |i| assert_eq!(i.flatten().count(), 6),
[INFO] [stdout]     |             ^^^^^^^^^^^^^^^^^^^^^^^^^^^^^^^^^^^^^^^^^^
[INFO] [stdout]     |
[INFO] [stdout] help: use `Box::new()` instead
[INFO] [stdout]     |
[INFO] [stdout] 342 |             Box::new(|i| assert_eq!(i.flatten().count(), 6)),
[INFO] [stdout]     |             ~~~~~~~~~~~~~~~~~~~~~~~~~~~~~~~~~~~~~~~~~~~~~~~~
[INFO] [stdout] 
[INFO] [stdout] 
[INFO] [stdout] error: `box_syntax` has been removed
[INFO] [stdout]      --> /opt/rustwide/target/debug/build/algebraicdb-41815876b0df145a/out/grammar.rs:15622:22
[INFO] [stdout]       |
[INFO] [stdout] 15622 |       SelectFrom::Join(box Join {
[INFO] [stdout]       |  ______________________^
[INFO] [stdout] 15623 | |         table_a,
[INFO] [stdout] 15624 | |         table_b,
[INFO] [stdout] 15625 | |         join_type,
[INFO] [stdout] 15626 | |         on_clause,
[INFO] [stdout] 15627 | |     })
[INFO] [stdout]       | |_____^
[INFO] [stdout]       |
[INFO] [stdout] help: use `Box::new()` instead
[INFO] [stdout]       |
[INFO] [stdout] 15622 ~     SelectFrom::Join(Box::new(Join {
[INFO] [stdout] 15623 +         table_a,
[INFO] [stdout] 15624 +         table_b,
[INFO] [stdout] 15625 +         join_type,
[INFO] [stdout] 15626 +         on_clause,
[INFO] [stdout] 15627 ~     }))
[INFO] [stdout]       |
[INFO] [stdout] 
[INFO] [stdout] 
[INFO] [stdout] error: `box_syntax` has been removed
[INFO] [stdout]      --> /opt/rustwide/target/debug/build/algebraicdb-41815876b0df145a/out/grammar.rs:15651:24
[INFO] [stdout]       |
[INFO] [stdout] 15651 |     SelectFrom::Select(box __0)
[INFO] [stdout]       |                        ^^^^^^^
[INFO] [stdout]       |
[INFO] [stdout] help: use `Box::new()` instead
[INFO] [stdout]       |
[INFO] [stdout] 15651 |     SelectFrom::Select(Box::new(__0))
[INFO] [stdout]       |                        ~~~~~~~~~~~~~
[INFO] [stdout] 
[INFO] [stdout] 
[INFO] [stdout] error: `box_syntax` has been removed
[INFO] [stdout]      --> /opt/rustwide/target/debug/build/algebraicdb-41815876b0df145a/out/grammar.rs:15967:18
[INFO] [stdout]       |
[INFO] [stdout] 15967 |     Expr::Equals(box e1, box e2)
[INFO] [stdout]       |                  ^^^^^^
[INFO] [stdout]       |
[INFO] [stdout] help: use `Box::new()` instead
[INFO] [stdout]       |
[INFO] [stdout] 15967 |     Expr::Equals(Box::new(e1), box e2)
[INFO] [stdout]       |                  ~~~~~~~~~~~~
[INFO] [stdout] 
[INFO] [stdout] 
[INFO] [stdout] error: `box_syntax` has been removed
[INFO] [stdout]      --> /opt/rustwide/target/debug/build/algebraicdb-41815876b0df145a/out/grammar.rs:15967:26
[INFO] [stdout]       |
[INFO] [stdout] 15967 |     Expr::Equals(box e1, box e2)
[INFO] [stdout]       |                          ^^^^^^
[INFO] [stdout]       |
[INFO] [stdout] help: use `Box::new()` instead
[INFO] [stdout]       |
[INFO] [stdout] 15967 |     Expr::Equals(box e1, Box::new(e2))
[INFO] [stdout]       |                          ~~~~~~~~~~~~
[INFO] [stdout] 
[INFO] [stdout] 
[INFO] [stdout] error: `box_syntax` has been removed
[INFO] [stdout]      --> /opt/rustwide/target/debug/build/algebraicdb-41815876b0df145a/out/grammar.rs:15980:21
[INFO] [stdout]       |
[INFO] [stdout] 15980 |     Expr::NotEquals(box e1, box e2)
[INFO] [stdout]       |                     ^^^^^^
[INFO] [stdout]       |
[INFO] [stdout] help: use `Box::new()` instead
[INFO] [stdout]       |
[INFO] [stdout] 15980 |     Expr::NotEquals(Box::new(e1), box e2)
[INFO] [stdout]       |                     ~~~~~~~~~~~~
[INFO] [stdout] 
[INFO] [stdout] 
[INFO] [stdout] error: `box_syntax` has been removed
[INFO] [stdout]      --> /opt/rustwide/target/debug/build/algebraicdb-41815876b0df145a/out/grammar.rs:15980:29
[INFO] [stdout]       |
[INFO] [stdout] 15980 |     Expr::NotEquals(box e1, box e2)
[INFO] [stdout]       |                             ^^^^^^
[INFO] [stdout]       |
[INFO] [stdout] help: use `Box::new()` instead
[INFO] [stdout]       |
[INFO] [stdout] 15980 |     Expr::NotEquals(box e1, Box::new(e2))
[INFO] [stdout]       |                             ~~~~~~~~~~~~
[INFO] [stdout] 
[INFO] [stdout] 
[INFO] [stdout] error: `box_syntax` has been removed
[INFO] [stdout]      --> /opt/rustwide/target/debug/build/algebraicdb-41815876b0df145a/out/grammar.rs:15993:22
[INFO] [stdout]       |
[INFO] [stdout] 15993 |     Expr::LessEquals(box e1, box e2)
[INFO] [stdout]       |                      ^^^^^^
[INFO] [stdout]       |
[INFO] [stdout] help: use `Box::new()` instead
[INFO] [stdout]       |
[INFO] [stdout] 15993 |     Expr::LessEquals(Box::new(e1), box e2)
[INFO] [stdout]       |                      ~~~~~~~~~~~~
[INFO] [stdout] 
[INFO] [stdout] 
[INFO] [stdout] error: `box_syntax` has been removed
[INFO] [stdout]      --> /opt/rustwide/target/debug/build/algebraicdb-41815876b0df145a/out/grammar.rs:15993:30
[INFO] [stdout]       |
[INFO] [stdout] 15993 |     Expr::LessEquals(box e1, box e2)
[INFO] [stdout]       |                              ^^^^^^
[INFO] [stdout]       |
[INFO] [stdout] help: use `Box::new()` instead
[INFO] [stdout]       |
[INFO] [stdout] 15993 |     Expr::LessEquals(box e1, Box::new(e2))
[INFO] [stdout]       |                              ~~~~~~~~~~~~
[INFO] [stdout] 
[INFO] [stdout] 
[INFO] [stdout] error: `box_syntax` has been removed
[INFO] [stdout]      --> /opt/rustwide/target/debug/build/algebraicdb-41815876b0df145a/out/grammar.rs:16006:25
[INFO] [stdout]       |
[INFO] [stdout] 16006 |     Expr::GreaterEquals(box e1, box e2)
[INFO] [stdout]       |                         ^^^^^^
[INFO] [stdout]       |
[INFO] [stdout] help: use `Box::new()` instead
[INFO] [stdout]       |
[INFO] [stdout] 16006 |     Expr::GreaterEquals(Box::new(e1), box e2)
[INFO] [stdout]       |                         ~~~~~~~~~~~~
[INFO] [stdout] 
[INFO] [stdout] 
[INFO] [stdout] error: `box_syntax` has been removed
[INFO] [stdout]      --> /opt/rustwide/target/debug/build/algebraicdb-41815876b0df145a/out/grammar.rs:16006:33
[INFO] [stdout]       |
[INFO] [stdout] 16006 |     Expr::GreaterEquals(box e1, box e2)
[INFO] [stdout]       |                                 ^^^^^^
[INFO] [stdout]       |
[INFO] [stdout] help: use `Box::new()` instead
[INFO] [stdout]       |
[INFO] [stdout] 16006 |     Expr::GreaterEquals(box e1, Box::new(e2))
[INFO] [stdout]       |                                 ~~~~~~~~~~~~
[INFO] [stdout] 
[INFO] [stdout] 
[INFO] [stdout] error: `box_syntax` has been removed
[INFO] [stdout]      --> /opt/rustwide/target/debug/build/algebraicdb-41815876b0df145a/out/grammar.rs:16019:20
[INFO] [stdout]       |
[INFO] [stdout] 16019 |     Expr::LessThan(box e1, box e2)
[INFO] [stdout]       |                    ^^^^^^
[INFO] [stdout]       |
[INFO] [stdout] help: use `Box::new()` instead
[INFO] [stdout]       |
[INFO] [stdout] 16019 |     Expr::LessThan(Box::new(e1), box e2)
[INFO] [stdout]       |                    ~~~~~~~~~~~~
[INFO] [stdout] 
[INFO] [stdout] 
[INFO] [stdout] error: `box_syntax` has been removed
[INFO] [stdout]      --> /opt/rustwide/target/debug/build/algebraicdb-41815876b0df145a/out/grammar.rs:16019:28
[INFO] [stdout]       |
[INFO] [stdout] 16019 |     Expr::LessThan(box e1, box e2)
[INFO] [stdout]       |                            ^^^^^^
[INFO] [stdout]       |
[INFO] [stdout] help: use `Box::new()` instead
[INFO] [stdout]       |
[INFO] [stdout] 16019 |     Expr::LessThan(box e1, Box::new(e2))
[INFO] [stdout]       |                            ~~~~~~~~~~~~
[INFO] [stdout] 
[INFO] [stdout] 
[INFO] [stdout] error: `box_syntax` has been removed
[INFO] [stdout]      --> /opt/rustwide/target/debug/build/algebraicdb-41815876b0df145a/out/grammar.rs:16032:23
[INFO] [stdout]       |
[INFO] [stdout] 16032 |     Expr::GreaterThan(box e1, box e2)
[INFO] [stdout]       |                       ^^^^^^
[INFO] [stdout]       |
[INFO] [stdout] help: use `Box::new()` instead
[INFO] [stdout]       |
[INFO] [stdout] 16032 |     Expr::GreaterThan(Box::new(e1), box e2)
[INFO] [stdout]       |                       ~~~~~~~~~~~~
[INFO] [stdout] 
[INFO] [stdout] 
[INFO] [stdout] error: `box_syntax` has been removed
[INFO] [stdout]      --> /opt/rustwide/target/debug/build/algebraicdb-41815876b0df145a/out/grammar.rs:16032:31
[INFO] [stdout]       |
[INFO] [stdout] 16032 |     Expr::GreaterThan(box e1, box e2)
[INFO] [stdout]       |                               ^^^^^^
[INFO] [stdout]       |
[INFO] [stdout] help: use `Box::new()` instead
[INFO] [stdout]       |
[INFO] [stdout] 16032 |     Expr::GreaterThan(box e1, Box::new(e2))
[INFO] [stdout]       |                               ~~~~~~~~~~~~
[INFO] [stdout] 
[INFO] [stdout] 
[INFO] [stdout] error: `box_syntax` has been removed
[INFO] [stdout]      --> /opt/rustwide/target/debug/build/algebraicdb-41815876b0df145a/out/grammar.rs:16056:15
[INFO] [stdout]       |
[INFO] [stdout] 16056 |     Expr::And(box e1, box e2)
[INFO] [stdout]       |               ^^^^^^
[INFO] [stdout]       |
[INFO] [stdout] help: use `Box::new()` instead
[INFO] [stdout]       |
[INFO] [stdout] 16056 |     Expr::And(Box::new(e1), box e2)
[INFO] [stdout]       |               ~~~~~~~~~~~~
[INFO] [stdout] 
[INFO] [stdout] 
[INFO] [stdout] error: `box_syntax` has been removed
[INFO] [stdout]      --> /opt/rustwide/target/debug/build/algebraicdb-41815876b0df145a/out/grammar.rs:16056:23
[INFO] [stdout]       |
[INFO] [stdout] 16056 |     Expr::And(box e1, box e2)
[INFO] [stdout]       |                       ^^^^^^
[INFO] [stdout]       |
[INFO] [stdout] help: use `Box::new()` instead
[INFO] [stdout]       |
[INFO] [stdout] 16056 |     Expr::And(box e1, Box::new(e2))
[INFO] [stdout]       |                       ~~~~~~~~~~~~
[INFO] [stdout] 
[INFO] [stdout] 
[INFO] [stdout] error: `box_syntax` has been removed
[INFO] [stdout]      --> /opt/rustwide/target/debug/build/algebraicdb-41815876b0df145a/out/grammar.rs:16080:14
[INFO] [stdout]       |
[INFO] [stdout] 16080 |     Expr::Or(box e1, box e2)
[INFO] [stdout]       |              ^^^^^^
[INFO] [stdout]       |
[INFO] [stdout] help: use `Box::new()` instead
[INFO] [stdout]       |
[INFO] [stdout] 16080 |     Expr::Or(Box::new(e1), box e2)
[INFO] [stdout]       |              ~~~~~~~~~~~~
[INFO] [stdout] 
[INFO] [stdout] 
[INFO] [stdout] error: `box_syntax` has been removed
[INFO] [stdout]      --> /opt/rustwide/target/debug/build/algebraicdb-41815876b0df145a/out/grammar.rs:16080:22
[INFO] [stdout]       |
[INFO] [stdout] 16080 |     Expr::Or(box e1, box e2)
[INFO] [stdout]       |                      ^^^^^^
[INFO] [stdout]       |
[INFO] [stdout] help: use `Box::new()` instead
[INFO] [stdout]       |
[INFO] [stdout] 16080 |     Expr::Or(box e1, Box::new(e2))
[INFO] [stdout]       |                      ~~~~~~~~~~~~
[INFO] [stdout] 
[INFO] [stdout] 
[INFO] [stdout] error[E0554]: `#![feature]` may not be used on the beta release channel
[INFO] [stdout]  --> algebraicdb/src/lib.rs:1:1
[INFO] [stdout]   |
[INFO] [stdout] 1 | #![feature(str_strip)]
[INFO] [stdout]   | ^^^^^^^^^^^^^^^^^^^^^^
[INFO] [stdout] 
[INFO] [stdout] 
[INFO] [stdout] error[E0554]: `#![feature]` may not be used on the beta release channel
[INFO] [stdout]  --> algebraicdb/src/lib.rs:2:1
[INFO] [stdout]   |
[INFO] [stdout] 2 | #![feature(never_type)]
[INFO] [stdout]   | ^^^^^^^^^^^^^^^^^^^^^^^
[INFO] [stdout] 
[INFO] [stdout] 
[INFO] [stdout] error[E0554]: `#![feature]` may not be used on the beta release channel
[INFO] [stdout]  --> algebraicdb/src/lib.rs:3:1
[INFO] [stdout]   |
[INFO] [stdout] 3 | #![feature(box_syntax)]
[INFO] [stdout]   | ^^^^^^^^^^^^^^^^^^^^^^^
[INFO] [stdout] 
[INFO] [stdout] 
[INFO] [stdout] error[E0554]: `#![feature]` may not be used on the beta release channel
[INFO] [stdout]  --> algebraicdb/src/lib.rs:4:1
[INFO] [stdout]   |
[INFO] [stdout] 4 | #![feature(async_closure)]
[INFO] [stdout]   | ^^^^^^^^^^^^^^^^^^^^^^^^^^
[INFO] [stdout] 
[INFO] [stdout] 
[INFO] [stdout] error[E0554]: `#![feature]` may not be used on the beta release channel
[INFO] [stdout]  --> algebraicdb/src/lib.rs:6:1
[INFO] [stdout]   |
[INFO] [stdout] 6 | #![feature(type_ascription)]
[INFO] [stdout]   | ^^^^^^^^^^^^^^^^^^^^^^^^^^^^
[INFO] [stdout] 
[INFO] [stdout] 
[INFO] [stdout] warning: unused import: `crate::grammar::StmtParser`
[INFO] [stdout]  --> algebraicdb/src/local/wrapper_state.rs:3:5
[INFO] [stdout]   |
[INFO] [stdout] 3 | use crate::grammar::StmtParser;
[INFO] [stdout]   |     ^^^^^^^^^^^^^^^^^^^^^^^^^^
[INFO] [stdout]   |
[INFO] [stdout]   = note: `#[warn(unused_imports)]` on by default
[INFO] [stdout] 
[INFO] [stdout] 
[INFO] [stdout] warning: unused import: `lazy_static::*`
[INFO] [stdout]  --> algebraicdb/src/local/wrapper_state.rs:7:5
[INFO] [stdout]   |
[INFO] [stdout] 7 | use lazy_static::*;
[INFO] [stdout]   |     ^^^^^^^^^^^^^^
[INFO] [stdout] 
[INFO] [stdout] 
[INFO] [stdout] warning: unused imports: `Config`, `NoTls`
[INFO] [stdout]   --> algebraicdb/src/local/wrapper_state.rs:13:30
[INFO] [stdout]    |
[INFO] [stdout] 13 | use tokio_postgres::{Client, Config, NoTls};
[INFO] [stdout]    |                              ^^^^^^  ^^^^^
[INFO] [stdout] 
[INFO] [stdout] 
[INFO] [stdout] error[E0554]: `#![feature]` may not be used on the beta release channel
[INFO] [stdout]  --> algebraicdb/src/lib.rs:1:12
[INFO] [stdout]   |
[INFO] [stdout] 1 | #![feature(str_strip)]
[INFO] [stdout]   |            ^^^^^^^^^
[INFO] [stdout] 
[INFO] [stdout] 
[INFO] [stdout] warning: the feature `str_strip` has been stable since 1.45.0 and no longer requires an attribute to enable
[INFO] [stdout]  --> algebraicdb/src/lib.rs:1:12
[INFO] [stdout]   |
[INFO] [stdout] 1 | #![feature(str_strip)]
[INFO] [stdout]   |            ^^^^^^^^^
[INFO] [stdout]   |
[INFO] [stdout]   = note: `#[warn(stable_features)]` on by default
[INFO] [stdout] 
[INFO] [stdout] 
[INFO] [stdout] warning: unused variable: `client_address`
[INFO] [stdout]   --> algebraicdb/src/api/uds_api.rs:31:29
[INFO] [stdout]    |
[INFO] [stdout] 31 |             Ok((mut socket, client_address)) => {
[INFO] [stdout]    |                             ^^^^^^^^^^^^^^ help: if this is intentional, prefix it with an underscore: `_client_address`
[INFO] [stdout]    |
[INFO] [stdout]    = note: `#[warn(unused_variables)]` on by default
[INFO] [stdout] 
[INFO] [stdout] 
[INFO] [stdout] warning: unused variable: `e`
[INFO] [stdout]   --> algebraicdb/src/api/uds_api.rs:43:29
[INFO] [stdout]    |
[INFO] [stdout] 43 |                         Err(e) => {
[INFO] [stdout]    |                             ^ help: if this is intentional, prefix it with an underscore: `_e`
[INFO] [stdout] 
[INFO] [stdout] 
[INFO] [stdout] error: aborting due to 31 previous errors; 6 warnings emitted
[INFO] [stdout] 
[INFO] [stdout] 
[INFO] [stdout] Some errors have detailed explanations: E0554, E0557.
[INFO] [stdout] 
[INFO] [stdout] For more information about an error, try `rustc --explain E0554`.
[INFO] [stdout] 
[INFO] [stderr] error: could not compile `algebraicdb` (lib) due to 32 previous errors; 6 warnings emitted
[INFO] running `Command { std: "docker" "inspect" "d8ef7ee7ba7daef37c70a6a01765b7b4f10140e509b00235d8de975fd2920fbd", kill_on_drop: false }`
[INFO] running `Command { std: "docker" "rm" "-f" "d8ef7ee7ba7daef37c70a6a01765b7b4f10140e509b00235d8de975fd2920fbd", kill_on_drop: false }`
[INFO] [stdout] d8ef7ee7ba7daef37c70a6a01765b7b4f10140e509b00235d8de975fd2920fbd
