[INFO] cloning repository https://github.com/alexyer/naivechain.rs
[INFO] running `Command { std: "git" "-c" "credential.helper=" "-c" "credential.helper=/workspace/cargo-home/bin/git-credential-null" "clone" "--bare" "https://github.com/alexyer/naivechain.rs" "/workspace/cache/git-repos/https%3A%2F%2Fgithub.com%2Falexyer%2Fnaivechain.rs", kill_on_drop: false }`
[INFO] [stderr] Cloning into bare repository '/workspace/cache/git-repos/https%3A%2F%2Fgithub.com%2Falexyer%2Fnaivechain.rs'...
[INFO] running `Command { std: "git" "rev-parse" "HEAD", kill_on_drop: false }`
[INFO] [stdout] cb8b0bee15976bf5fc9c4defda4d704e9f59eab7
[INFO] documenting alexyer/naivechain.rs against 1.75.0 for beta-1.76-rustdoc-1
[INFO] running `Command { std: "git" "clone" "/workspace/cache/git-repos/https%3A%2F%2Fgithub.com%2Falexyer%2Fnaivechain.rs" "/workspace/builds/worker-1-tc1/source", kill_on_drop: false }`
[INFO] [stderr] Cloning into '/workspace/builds/worker-1-tc1/source'...
[INFO] [stderr] done.
[INFO] validating manifest of git repo https://github.com/alexyer/naivechain.rs on toolchain 1.75.0
[INFO] running `Command { std: CARGO_HOME="/workspace/cargo-home" RUSTUP_HOME="/workspace/rustup-home" "/workspace/cargo-home/bin/cargo" "+1.75.0" "metadata" "--manifest-path" "Cargo.toml" "--no-deps", kill_on_drop: false }`
[INFO] started tweaking git repo https://github.com/alexyer/naivechain.rs
[INFO] finished tweaking git repo https://github.com/alexyer/naivechain.rs
[INFO] tweaked toml for git repo https://github.com/alexyer/naivechain.rs written to /workspace/builds/worker-1-tc1/source/Cargo.toml
[INFO] crate git repo https://github.com/alexyer/naivechain.rs already has a lockfile, it will not be regenerated
[INFO] running `Command { std: CARGO_HOME="/workspace/cargo-home" RUSTUP_HOME="/workspace/rustup-home" "/workspace/cargo-home/bin/cargo" "+1.75.0" "fetch" "--manifest-path" "Cargo.toml", kill_on_drop: false }`
[INFO] [stderr]  Downloading crates ...
[INFO] [stderr]   Downloaded bytes v0.4.4
[INFO] [stderr]   Downloaded serde_derive v1.0.8
[INFO] [stderr]   Downloaded tokio-core v0.1.8
[INFO] [stderr]   Downloaded mime v0.3.2
[INFO] [stderr]   Downloaded unicode-bidi v0.3.3
[INFO] [stderr]   Downloaded lazycell v0.4.0
[INFO] [stderr]   Downloaded serde v1.0.8
[INFO] [stderr]   Downloaded openssl v0.9.13
[INFO] [stderr]   Downloaded idna v0.1.2
[INFO] [stderr]   Downloaded mio v0.6.9
[INFO] [stderr]   Downloaded url v1.5.0
[INFO] [stderr]   Downloaded schannel v0.1.5
[INFO] [stderr]   Downloaded tokio-io v0.1.2
[INFO] [stderr]   Downloaded num_cpus v1.5.1
[INFO] [stderr]   Downloaded iovec v0.1.0
[INFO] [stderr]   Downloaded version_check v0.1.2
[INFO] [stderr]   Downloaded net2 v0.2.29
[INFO] [stderr]   Downloaded cfg-if v0.1.1
[INFO] [stderr]   Downloaded tokio-tls v0.1.2
[INFO] [stderr]   Downloaded openssl-sys v0.9.13
[INFO] [stderr]   Downloaded websocket v0.20.1
[INFO] [stderr]   Downloaded hyper v0.11.0
[INFO] running `Command { std: "docker" "create" "-v" "/var/lib/crater-agent-workspace/builds/worker-1-tc1/target:/opt/rustwide/target:rw,Z" "-v" "/var/lib/crater-agent-workspace/builds/worker-1-tc1/source:/opt/rustwide/workdir:ro,Z" "-v" "/var/lib/crater-agent-workspace/cargo-home:/opt/rustwide/cargo-home:ro,Z" "-v" "/var/lib/crater-agent-workspace/rustup-home:/opt/rustwide/rustup-home:ro,Z" "-e" "SOURCE_DIR=/opt/rustwide/workdir" "-e" "CARGO_TARGET_DIR=/opt/rustwide/target" "-e" "CARGO_HOME=/opt/rustwide/cargo-home" "-e" "RUSTUP_HOME=/opt/rustwide/rustup-home" "-w" "/opt/rustwide/workdir" "-m" "1610612736" "--user" "0:0" "--network" "none" "ghcr.io/rust-lang/crates-build-env/linux@sha256:2788e3201cd34a07e3172128adcd8b3090168a8e3bcc40d7c032b9dda1df7d1c" "/opt/rustwide/cargo-home/bin/cargo" "+1.75.0" "metadata" "--no-deps" "--format-version=1", kill_on_drop: false }`
[INFO] [stdout] 541ea5ccb0c361fc1777932637616cf9302af1221fcb0422e59a884a64402af5
[INFO] running `Command { std: "docker" "start" "-a" "541ea5ccb0c361fc1777932637616cf9302af1221fcb0422e59a884a64402af5", kill_on_drop: false }`
[INFO] running `Command { std: "docker" "inspect" "541ea5ccb0c361fc1777932637616cf9302af1221fcb0422e59a884a64402af5", kill_on_drop: false }`
[INFO] running `Command { std: "docker" "rm" "-f" "541ea5ccb0c361fc1777932637616cf9302af1221fcb0422e59a884a64402af5", kill_on_drop: false }`
[INFO] [stdout] 541ea5ccb0c361fc1777932637616cf9302af1221fcb0422e59a884a64402af5
[INFO] running `Command { std: "docker" "create" "-v" "/var/lib/crater-agent-workspace/builds/worker-1-tc1/target:/opt/rustwide/target:rw,Z" "-v" "/var/lib/crater-agent-workspace/builds/worker-1-tc1/source:/opt/rustwide/workdir:ro,Z" "-v" "/var/lib/crater-agent-workspace/cargo-home:/opt/rustwide/cargo-home:ro,Z" "-v" "/var/lib/crater-agent-workspace/rustup-home:/opt/rustwide/rustup-home:ro,Z" "-e" "SOURCE_DIR=/opt/rustwide/workdir" "-e" "CARGO_TARGET_DIR=/opt/rustwide/target" "-e" "CARGO_INCREMENTAL=0" "-e" "RUST_BACKTRACE=full" "-e" "RUSTFLAGS=--cap-lints=warn" "-e" "RUSTDOCFLAGS=--cap-lints=warn" "-e" "CARGO_HOME=/opt/rustwide/cargo-home" "-e" "RUSTUP_HOME=/opt/rustwide/rustup-home" "-w" "/opt/rustwide/workdir" "-m" "1610612736" "--user" "0:0" "--network" "none" "ghcr.io/rust-lang/crates-build-env/linux@sha256:2788e3201cd34a07e3172128adcd8b3090168a8e3bcc40d7c032b9dda1df7d1c" "/opt/rustwide/cargo-home/bin/cargo" "+1.75.0" "doc" "--frozen" "--no-deps" "--document-private-items" "--message-format=json", kill_on_drop: false }`
[INFO] [stdout] 29941472985fa855d8a689ce2f319a1d4bb1a2af90937f7ea08e0e6947d3f8da
[INFO] running `Command { std: "docker" "start" "-a" "29941472985fa855d8a689ce2f319a1d4bb1a2af90937f7ea08e0e6947d3f8da", kill_on_drop: false }`
[INFO] [stderr]    Compiling gcc v0.3.45
[INFO] [stderr]     Checking byteorder v1.0.0
[INFO] [stderr]     Checking log v0.3.8
[INFO] [stderr]     Checking iovec v0.1.0
[INFO] [stderr]     Checking futures v0.1.14
[INFO] [stderr]    Compiling pkg-config v0.3.9
[INFO] [stderr]     Checking cfg-if v0.1.1
[INFO] [stderr]     Checking slab v0.3.0
[INFO] [stderr]    Compiling semver v0.1.20
[INFO] [stderr]     Checking lazycell v0.4.0
[INFO] [stderr]    Compiling version_check v0.1.2
[INFO] [stderr]    Compiling openssl v0.9.13
[INFO] [stderr]     Checking matches v0.1.6
[INFO] [stderr]     Checking scoped-tls v0.1.0
[INFO] [stderr]     Checking rand v0.3.15
[INFO] [stderr]     Checking num_cpus v1.5.1
[INFO] [stderr]     Checking unicode-bidi v0.3.3
[INFO] [stderr]     Checking net2 v0.2.29
[INFO] [stderr]     Checking percent-encoding v1.0.0
[INFO] [stderr]     Checking foreign-types v0.2.0
[INFO] [stderr]    Compiling unicode-xid v0.0.4
[INFO] [stderr]     Checking unicode-normalization v0.1.4
[INFO] [stderr]     Checking lazy_static v0.2.8
[INFO] [stderr]     Checking bitflags v0.9.1
[INFO] [stderr]     Checking bytes v0.4.4
[INFO] [stderr]    Compiling synom v0.11.3
[INFO] [stderr]     Checking language-tags v0.2.2
[INFO] [stderr]    Compiling quote v0.3.15
[INFO] [stderr]     Checking mio v0.6.9
[INFO] [stderr]     Checking httparse v1.2.3
[INFO] [stderr]     Checking base64 v0.5.2
[INFO] [stderr]     Checking mime v0.2.6
[INFO] [stderr]     Checking take v0.1.0
[INFO] [stderr]    Compiling rustc_version v0.1.7
[INFO] [stderr]    Compiling unicase v1.4.2
[INFO] [stderr]    Compiling syn v0.11.11
[INFO] [stderr]     Checking traitobject v0.1.0
[INFO] [stderr]     Checking safemem v0.2.0
[INFO] [stderr]     Checking typeable v0.1.2
[INFO] [stderr]     Checking smallvec v0.2.1
[INFO] [stderr]     Checking itoa v0.3.1
[INFO] [stderr]     Checking sha1 v0.2.0
[INFO] [stderr]     Checking base64 v0.6.0
[INFO] [stderr]     Checking bitflags v0.8.2
[INFO] [stderr]     Checking rustc-serialize v0.3.24
[INFO] [stderr]     Checking serde v1.0.8
[INFO] [stderr]     Checking dtoa v0.4.1
[INFO] [stderr]     Checking num-traits v0.1.39
[INFO] [stderr]    Compiling unicase v2.0.0
[INFO] [stderr]    Compiling openssl-sys v0.9.13
[INFO] [stderr]    Compiling rust-crypto v0.2.36
[INFO] [stderr]     Checking idna v0.1.2
[INFO] [stderr]     Checking tokio-io v0.1.2
[INFO] [stderr]     Checking tokio-service v0.1.0
[INFO] [stderr]     Checking futures-cpupool v0.1.5
[INFO] [stderr]     Checking mime v0.3.2
[INFO] [stderr] error: failed to run custom build command for `openssl-sys v0.9.13`
[INFO] [stderr] note: To improve backtraces for build dependencies, set the CARGO_PROFILE_DEV_BUILD_OVERRIDE_DEBUG=true environment variable to enable debug information generation.
[INFO] [stderr] 
[INFO] [stderr] Caused by:
[INFO] [stderr]   process didn't exit successfully: `/opt/rustwide/target/debug/build/openssl-sys-892fe4a9b08c3e7d/build-script-build` (exit status: 101)
[INFO] [stderr]   --- stdout
[INFO] [stderr]   cargo:rustc-link-lib=ssl
[INFO] [stderr]   cargo:rustc-link-lib=crypto
[INFO] [stderr]   OPT_LEVEL = Some("0")
[INFO] [stderr]   TARGET = Some("x86_64-unknown-linux-gnu")
[INFO] [stderr]   HOST = Some("x86_64-unknown-linux-gnu")
[INFO] [stderr]   TARGET = Some("x86_64-unknown-linux-gnu")
[INFO] [stderr]   TARGET = Some("x86_64-unknown-linux-gnu")
[INFO] [stderr]   HOST = Some("x86_64-unknown-linux-gnu")
[INFO] [stderr]   CC_x86_64-unknown-linux-gnu = None
[INFO] [stderr]   CC_x86_64_unknown_linux_gnu = None
[INFO] [stderr]   HOST_CC = None
[INFO] [stderr]   CC = None
[INFO] [stderr]   HOST = Some("x86_64-unknown-linux-gnu")
[INFO] [stderr]   TARGET = Some("x86_64-unknown-linux-gnu")
[INFO] [stderr]   HOST = Some("x86_64-unknown-linux-gnu")
[INFO] [stderr]   CFLAGS_x86_64-unknown-linux-gnu = None
[INFO] [stderr]   CFLAGS_x86_64_unknown_linux_gnu = None
[INFO] [stderr]   HOST_CFLAGS = None
[INFO] [stderr]   CFLAGS = None
[INFO] [stderr]   PROFILE = Some("debug")
[INFO] [stderr]   running: "cc" "-O0" "-ffunction-sections" "-fdata-sections" "-fPIC" "-g" "-m64" "-E" "/opt/rustwide/target/debug/build/openssl-sys-ae8c18e0e87bf6fd/out/expando.c"
[INFO] [stderr]   ExitStatus(unix_wait_status(0))
[INFO] [stderr]   cargo:rustc-cfg=osslconf="OPENSSL_NO_SSL3_METHOD"
[INFO] [stderr]   cargo:conf=OPENSSL_NO_SSL3_METHOD
[INFO] [stderr] 
[INFO] [stderr]   --- stderr
[INFO] [stderr]   thread 'main' panicked at /opt/rustwide/cargo-home/registry/src/index.crates.io-6f17d22bba15001f/openssl-sys-0.9.13/build.rs:364:9:
[INFO] [stderr] 
[INFO] [stderr] 
[INFO] [stderr]   This crate is only compatible with OpenSSL 1.0.1, 1.0.2, and 1.1.0, or LibreSSL
[INFO] [stderr]   2.5.0, 2.5.1, 2.5.2, 2.5.3, and 2.5.4, but a different version of OpenSSL was
[INFO] [stderr]   found. The build is now aborting due to this version mismatch.
[INFO] [stderr] 
[INFO] [stderr] 
[INFO] [stderr]   stack backtrace:
[INFO] [stderr]      0:     0x55b72fe93fdc - std::backtrace_rs::backtrace::libunwind::trace::ha637c64ce894333a
[INFO] [stderr]                                  at /rustc/82e1608dfa6e0b5569232559e3d385fea5a93112/library/std/src/../../backtrace/src/backtrace/libunwind.rs:104:5
[INFO] [stderr]      1:     0x55b72fe93fdc - std::backtrace_rs::backtrace::trace_unsynchronized::h47f62dea28e0c88d
[INFO] [stderr]                                  at /rustc/82e1608dfa6e0b5569232559e3d385fea5a93112/library/std/src/../../backtrace/src/backtrace/mod.rs:66:5
[INFO] [stderr]      2:     0x55b72fe93fdc - std::sys_common::backtrace::_print_fmt::h9eef0abe20ede486
[INFO] [stderr]                                  at /rustc/82e1608dfa6e0b5569232559e3d385fea5a93112/library/std/src/sys_common/backtrace.rs:67:5
[INFO] [stderr]      3:     0x55b72fe93fdc - <std::sys_common::backtrace::_print::DisplayBacktrace as core::fmt::Display>::fmt::hed7f999df88cc644
[INFO] [stderr]                                  at /rustc/82e1608dfa6e0b5569232559e3d385fea5a93112/library/std/src/sys_common/backtrace.rs:44:22
[INFO] [stderr]      4:     0x55b72feb9ba0 - core::fmt::rt::Argument::fmt::h1539a9308b8d058d
[INFO] [stderr]                                  at /rustc/82e1608dfa6e0b5569232559e3d385fea5a93112/library/core/src/fmt/rt.rs:142:9
[INFO] [stderr]      5:     0x55b72feb9ba0 - core::fmt::write::h3a39390d8560d9c9
[INFO] [stderr]                                  at /rustc/82e1608dfa6e0b5569232559e3d385fea5a93112/library/core/src/fmt/mod.rs:1120:17
[INFO] [stderr]      6:     0x55b72fe9191f - std::io::Write::write_fmt::h5fc9997dfe05f882
[INFO] [stderr]                                  at /rustc/82e1608dfa6e0b5569232559e3d385fea5a93112/library/std/src/io/mod.rs:1762:15
[INFO] [stderr]      7:     0x55b72fe93dc4 - std::sys_common::backtrace::_print::h894006fb5c6f3d45
[INFO] [stderr]                                  at /rustc/82e1608dfa6e0b5569232559e3d385fea5a93112/library/std/src/sys_common/backtrace.rs:47:5
[INFO] [stderr]      8:     0x55b72fe93dc4 - std::sys_common::backtrace::print::h23a2d212c6fff936
[INFO] [stderr]                                  at /rustc/82e1608dfa6e0b5569232559e3d385fea5a93112/library/std/src/sys_common/backtrace.rs:34:9
[INFO] [stderr]      9:     0x55b72fe955d7 - std::panicking::default_hook::{{closure}}::h8a1d2ee00185001a
[INFO] [stderr]     10:     0x55b72fe9533f - std::panicking::default_hook::h6038f2eba384e475
[INFO] [stderr]                                  at /rustc/82e1608dfa6e0b5569232559e3d385fea5a93112/library/std/src/panicking.rs:292:9
[INFO] [stderr]     11:     0x55b72fe95a58 - std::panicking::rust_panic_with_hook::h2b5517d590cab22e
[INFO] [stderr]                                  at /rustc/82e1608dfa6e0b5569232559e3d385fea5a93112/library/std/src/panicking.rs:779:13
[INFO] [stderr]     12:     0x55b72fe5e72e - std::panicking::begin_panic::{{closure}}::h005693f6e15564e6
[INFO] [stderr]     13:     0x55b72fe57e5a - std::sys_common::backtrace::__rust_end_short_backtrace::h126d74144077a542
[INFO] [stderr]     14:     0x55b72fe5e6ab - std::panicking::begin_panic::hc127d1c7d4c6000a
[INFO] [stderr]     15:     0x55b72fe38d43 - build_script_build::validate_headers::hc8635c1169419291
[INFO] [stderr]     16:     0x55b72fe37f2f - build_script_build::try_pkg_config::h37f112218b723695
[INFO] [stderr]     17:     0x55b72fe37123 - build_script_build::find_openssl_dir::h08beb57ede66efd0
[INFO] [stderr]     18:     0x55b72fe36f88 - build_script_build::main::{{closure}}::h76fa9b61904419a3
[INFO] [stderr]     19:     0x55b72fe3e929 - core::option::Option<T>::unwrap_or_else::hdd808a650c7a6e29
[INFO] [stderr]     20:     0x55b72fe35fe5 - build_script_build::main::hfb1ffb953e0db9bb
[INFO] [stderr]     21:     0x55b72fe40613 - core::ops::function::FnOnce::call_once::ha34b03abea019a5f
[INFO] [stderr]     22:     0x55b72fe3a7b6 - std::sys_common::backtrace::__rust_begin_short_backtrace::h993629e40b6a5649
[INFO] [stderr]     23:     0x55b72fe3ae69 - std::rt::lang_start::{{closure}}::h86fd896d32aef08a
[INFO] [stderr]     24:     0x55b72fe8de67 - core::ops::function::impls::<impl core::ops::function::FnOnce<A> for &F>::call_once::hd95060ecd5e1ca24
[INFO] [stderr]                                  at /rustc/82e1608dfa6e0b5569232559e3d385fea5a93112/library/core/src/ops/function.rs:284:13
[INFO] [stderr]     25:     0x55b72fe8de67 - std::panicking::try::do_call::h6e8cf51db32a6e4b
[INFO] [stderr]                                  at /rustc/82e1608dfa6e0b5569232559e3d385fea5a93112/library/std/src/panicking.rs:552:40
[INFO] [stderr]     26:     0x55b72fe8de67 - std::panicking::try::h3a52eefe24fe3c29
[INFO] [stderr]                                  at /rustc/82e1608dfa6e0b5569232559e3d385fea5a93112/library/std/src/panicking.rs:516:19
[INFO] [stderr]     27:     0x55b72fe8de67 - std::panic::catch_unwind::h24c28c23c02c3841
[INFO] [stderr]                                  at /rustc/82e1608dfa6e0b5569232559e3d385fea5a93112/library/std/src/panic.rs:142:14
[INFO] [stderr]     28:     0x55b72fe8de67 - std::rt::lang_start_internal::{{closure}}::h705d3c9cbc06ef47
[INFO] [stderr]                                  at /rustc/82e1608dfa6e0b5569232559e3d385fea5a93112/library/std/src/rt.rs:148:48
[INFO] [stderr]     29:     0x55b72fe8de67 - std::panicking::try::do_call::ha21f52ba13158470
[INFO] [stderr]                                  at /rustc/82e1608dfa6e0b5569232559e3d385fea5a93112/library/std/src/panicking.rs:552:40
[INFO] [stderr]     30:     0x55b72fe8de67 - std::panicking::try::h5581346bf6aeb1f8
[INFO] [stderr]                                  at /rustc/82e1608dfa6e0b5569232559e3d385fea5a93112/library/std/src/panicking.rs:516:19
[INFO] [stderr]     31:     0x55b72fe8de67 - std::panic::catch_unwind::h7919645a6b72e25b
[INFO] [stderr]                                  at /rustc/82e1608dfa6e0b5569232559e3d385fea5a93112/library/std/src/panic.rs:142:14
[INFO] [stderr]     32:     0x55b72fe8de67 - std::rt::lang_start_internal::h12de51168669836e
[INFO] [stderr]                                  at /rustc/82e1608dfa6e0b5569232559e3d385fea5a93112/library/std/src/rt.rs:148:20
[INFO] [stderr]     33:     0x55b72fe3ae47 - std::rt::lang_start::h01146754a679fa06
[INFO] [stderr]     34:     0x55b72fe3a285 - main
[INFO] [stderr]     35:     0x7f3fc3a45d90 - <unknown>
[INFO] [stderr]     36:     0x7f3fc3a45e40 - __libc_start_main
[INFO] [stderr]     37:     0x55b72fe30e75 - _start
[INFO] [stderr]     38:                0x0 - <unknown>
[INFO] [stderr] warning: build failed, waiting for other jobs to finish...
[INFO] running `Command { std: "docker" "inspect" "29941472985fa855d8a689ce2f319a1d4bb1a2af90937f7ea08e0e6947d3f8da", kill_on_drop: false }`
[INFO] running `Command { std: "docker" "rm" "-f" "29941472985fa855d8a689ce2f319a1d4bb1a2af90937f7ea08e0e6947d3f8da", kill_on_drop: false }`
[INFO] [stdout] 29941472985fa855d8a689ce2f319a1d4bb1a2af90937f7ea08e0e6947d3f8da
[INFO] documenting alexyer/naivechain.rs against beta-2023-12-22 for beta-1.76-rustdoc-1
[INFO] running `Command { std: "git" "clone" "/workspace/cache/git-repos/https%3A%2F%2Fgithub.com%2Falexyer%2Fnaivechain.rs" "/workspace/builds/worker-1-tc2/source", kill_on_drop: false }`
[INFO] [stderr] Cloning into '/workspace/builds/worker-1-tc2/source'...
[INFO] [stderr] done.
[INFO] validating manifest of git repo https://github.com/alexyer/naivechain.rs on toolchain beta-2023-12-22
[INFO] running `Command { std: CARGO_HOME="/workspace/cargo-home" RUSTUP_HOME="/workspace/rustup-home" "/workspace/cargo-home/bin/cargo" "+beta-2023-12-22" "metadata" "--manifest-path" "Cargo.toml" "--no-deps", kill_on_drop: false }`
[INFO] started tweaking git repo https://github.com/alexyer/naivechain.rs
[INFO] finished tweaking git repo https://github.com/alexyer/naivechain.rs
[INFO] tweaked toml for git repo https://github.com/alexyer/naivechain.rs written to /workspace/builds/worker-1-tc2/source/Cargo.toml
[INFO] crate git repo https://github.com/alexyer/naivechain.rs already has a lockfile, it will not be regenerated
[INFO] running `Command { std: CARGO_HOME="/workspace/cargo-home" RUSTUP_HOME="/workspace/rustup-home" "/workspace/cargo-home/bin/cargo" "+beta-2023-12-22" "fetch" "--manifest-path" "Cargo.toml", kill_on_drop: false }`
[INFO] running `Command { std: "docker" "create" "-v" "/var/lib/crater-agent-workspace/builds/worker-1-tc2/target:/opt/rustwide/target:rw,Z" "-v" "/var/lib/crater-agent-workspace/builds/worker-1-tc2/source:/opt/rustwide/workdir:ro,Z" "-v" "/var/lib/crater-agent-workspace/cargo-home:/opt/rustwide/cargo-home:ro,Z" "-v" "/var/lib/crater-agent-workspace/rustup-home:/opt/rustwide/rustup-home:ro,Z" "-e" "SOURCE_DIR=/opt/rustwide/workdir" "-e" "CARGO_TARGET_DIR=/opt/rustwide/target" "-e" "CARGO_HOME=/opt/rustwide/cargo-home" "-e" "RUSTUP_HOME=/opt/rustwide/rustup-home" "-w" "/opt/rustwide/workdir" "-m" "1610612736" "--user" "0:0" "--network" "none" "ghcr.io/rust-lang/crates-build-env/linux@sha256:2788e3201cd34a07e3172128adcd8b3090168a8e3bcc40d7c032b9dda1df7d1c" "/opt/rustwide/cargo-home/bin/cargo" "+beta-2023-12-22" "metadata" "--no-deps" "--format-version=1", kill_on_drop: false }`
[INFO] [stdout] 5b3736d5d7cf8f528b4a73d72ab79b1c48db120638f6cb39d846f38efda12a87
[INFO] running `Command { std: "docker" "start" "-a" "5b3736d5d7cf8f528b4a73d72ab79b1c48db120638f6cb39d846f38efda12a87", kill_on_drop: false }`
[INFO] running `Command { std: "docker" "inspect" "5b3736d5d7cf8f528b4a73d72ab79b1c48db120638f6cb39d846f38efda12a87", kill_on_drop: false }`
[INFO] running `Command { std: "docker" "rm" "-f" "5b3736d5d7cf8f528b4a73d72ab79b1c48db120638f6cb39d846f38efda12a87", kill_on_drop: false }`
[INFO] [stdout] 5b3736d5d7cf8f528b4a73d72ab79b1c48db120638f6cb39d846f38efda12a87
[INFO] running `Command { std: "docker" "create" "-v" "/var/lib/crater-agent-workspace/builds/worker-1-tc2/target:/opt/rustwide/target:rw,Z" "-v" "/var/lib/crater-agent-workspace/builds/worker-1-tc2/source:/opt/rustwide/workdir:ro,Z" "-v" "/var/lib/crater-agent-workspace/cargo-home:/opt/rustwide/cargo-home:ro,Z" "-v" "/var/lib/crater-agent-workspace/rustup-home:/opt/rustwide/rustup-home:ro,Z" "-e" "SOURCE_DIR=/opt/rustwide/workdir" "-e" "CARGO_TARGET_DIR=/opt/rustwide/target" "-e" "CARGO_INCREMENTAL=0" "-e" "RUST_BACKTRACE=full" "-e" "RUSTFLAGS=--cap-lints=warn" "-e" "RUSTDOCFLAGS=--cap-lints=warn" "-e" "CARGO_HOME=/opt/rustwide/cargo-home" "-e" "RUSTUP_HOME=/opt/rustwide/rustup-home" "-w" "/opt/rustwide/workdir" "-m" "1610612736" "--user" "0:0" "--network" "none" "ghcr.io/rust-lang/crates-build-env/linux@sha256:2788e3201cd34a07e3172128adcd8b3090168a8e3bcc40d7c032b9dda1df7d1c" "/opt/rustwide/cargo-home/bin/cargo" "+beta-2023-12-22" "doc" "--frozen" "--no-deps" "--document-private-items" "--message-format=json", kill_on_drop: false }`
[INFO] [stdout] 3ee6cb66cc556847dcdadb583847d7f08075c98ce7d09a135492ff65cfb5ec34
[INFO] running `Command { std: "docker" "start" "-a" "3ee6cb66cc556847dcdadb583847d7f08075c98ce7d09a135492ff65cfb5ec34", kill_on_drop: false }`
[INFO] [stderr]    Compiling gcc v0.3.45
[INFO] [stderr]     Checking byteorder v1.0.0
[INFO] [stderr]     Checking log v0.3.8
[INFO] [stderr]     Checking iovec v0.1.0
[INFO] [stderr]     Checking futures v0.1.14
[INFO] [stderr]    Compiling pkg-config v0.3.9
[INFO] [stderr]     Checking cfg-if v0.1.1
[INFO] [stderr]    Compiling semver v0.1.20
[INFO] [stderr]     Checking lazycell v0.4.0
[INFO] [stderr]     Checking slab v0.3.0
[INFO] [stderr]     Checking matches v0.1.6
[INFO] [stderr]    Compiling openssl v0.9.13
[INFO] [stderr]    Compiling version_check v0.1.2
[INFO] [stderr]     Checking scoped-tls v0.1.0
[INFO] [stderr]     Checking num_cpus v1.5.1
[INFO] [stderr]     Checking rand v0.3.15
[INFO] [stderr]     Checking net2 v0.2.29
[INFO] [stderr]     Checking unicode-bidi v0.3.3
[INFO] [stderr]     Checking percent-encoding v1.0.0
[INFO] [stderr]    Compiling unicode-xid v0.0.4
[INFO] [stderr]     Checking lazy_static v0.2.8
[INFO] [stderr]     Checking bitflags v0.9.1
[INFO] [stderr]     Checking unicode-normalization v0.1.4
[INFO] [stderr]     Checking foreign-types v0.2.0
[INFO] [stderr]     Checking bytes v0.4.4
[INFO] [stderr]    Compiling synom v0.11.3
[INFO] [stderr]    Compiling quote v0.3.15
[INFO] [stderr]     Checking language-tags v0.2.2
[INFO] [stderr]     Checking httparse v1.2.3
[INFO] [stderr]     Checking base64 v0.5.2
[INFO] [stderr]     Checking mio v0.6.9
[INFO] [stderr]    Compiling rustc_version v0.1.7
[INFO] [stderr]     Checking mime v0.2.6
[INFO] [stderr]     Checking smallvec v0.2.1
[INFO] [stderr]    Compiling unicase v1.4.2
[INFO] [stderr]     Checking typeable v0.1.2
[INFO] [stderr]     Checking traitobject v0.1.0
[INFO] [stderr]     Checking take v0.1.0
[INFO] [stderr]    Compiling syn v0.11.11
[INFO] [stderr]     Checking safemem v0.2.0
[INFO] [stderr]     Checking itoa v0.3.1
[INFO] [stderr]     Checking num-traits v0.1.39
[INFO] [stderr]     Checking serde v1.0.8
[INFO] [stderr]     Checking base64 v0.6.0
[INFO] [stderr]     Checking dtoa v0.4.1
[INFO] [stderr]     Checking rustc-serialize v0.3.24
[INFO] [stderr]     Checking bitflags v0.8.2
[INFO] [stderr]     Checking sha1 v0.2.0
[INFO] [stderr]    Compiling unicase v2.0.0
[INFO] [stderr]    Compiling openssl-sys v0.9.13
[INFO] [stderr]    Compiling rust-crypto v0.2.36
[INFO] [stdout] error[E0310]: the parameter type `T` may not live long enough
[INFO] [stdout]     --> /opt/rustwide/cargo-home/registry/src/index.crates.io-6f17d22bba15001f/rustc-serialize-0.3.24/src/serialize.rs:1155:5
[INFO] [stdout]      |
[INFO] [stdout] 1155 |     fn decode<D: Decoder>(d: &mut D) -> Result<Cow<'static, T>, D::Error> {
[INFO] [stdout]      |     ^^^^^^^^^^^^^^^^^^^^^^^^^^^^^^^^^^^^^^^^^^^^^^^^^^^^^^^^^^^^^^^^^^^^^
[INFO] [stdout]      |     |
[INFO] [stdout]      |     the parameter type `T` must be valid for the static lifetime...
[INFO] [stdout]      |     ...so that the type `T` will meet its required lifetime bounds...
[INFO] [stdout]      |
[INFO] [stdout] note: ...that is required by this bound
[INFO] [stdout]     --> /rustc/0e09125c6c3c2fd70d7de961bcf0e51575235fad/library/alloc/src/borrow.rs:180:30
[INFO] [stdout] help: consider adding an explicit lifetime bound
[INFO] [stdout]      |
[INFO] [stdout] 1151 | impl<'a, T: ?Sized + 'static> Decodable for Cow<'a, T>
[INFO] [stdout]      |                    +++++++++
[INFO] [stdout] 
[INFO] [stdout] 
[INFO] [stderr]     Checking idna v0.1.2
[INFO] [stderr]     Checking tokio-io v0.1.2
[INFO] [stderr]     Checking tokio-service v0.1.0
[INFO] [stderr]     Checking futures-cpupool v0.1.5
[INFO] [stderr]     Checking mime v0.3.2
[INFO] [stderr] error: failed to run custom build command for `openssl-sys v0.9.13`
[INFO] [stderr] note: To improve backtraces for build dependencies, set the CARGO_PROFILE_DEV_BUILD_OVERRIDE_DEBUG=true environment variable to enable debug information generation.
[INFO] [stderr] 
[INFO] [stderr] Caused by:
[INFO] [stderr]   process didn't exit successfully: `/opt/rustwide/target/debug/build/openssl-sys-a101379aefed81fb/build-script-build` (exit status: 101)
[INFO] [stderr]   --- stdout
[INFO] [stderr]   cargo:rustc-link-lib=ssl
[INFO] [stderr]   cargo:rustc-link-lib=crypto
[INFO] [stderr]   OPT_LEVEL = Some("0")
[INFO] [stderr]   TARGET = Some("x86_64-unknown-linux-gnu")
[INFO] [stderr]   HOST = Some("x86_64-unknown-linux-gnu")
[INFO] [stderr]   TARGET = Some("x86_64-unknown-linux-gnu")
[INFO] [stderr]   TARGET = Some("x86_64-unknown-linux-gnu")
[INFO] [stderr]   HOST = Some("x86_64-unknown-linux-gnu")
[INFO] [stderr]   CC_x86_64-unknown-linux-gnu = None
[INFO] [stderr]   CC_x86_64_unknown_linux_gnu = None
[INFO] [stderr]   HOST_CC = None
[INFO] [stderr]   CC = None
[INFO] [stderr]   HOST = Some("x86_64-unknown-linux-gnu")
[INFO] [stderr]   TARGET = Some("x86_64-unknown-linux-gnu")
[INFO] [stderr]   HOST = Some("x86_64-unknown-linux-gnu")
[INFO] [stderr]   CFLAGS_x86_64-unknown-linux-gnu = None
[INFO] [stderr]   CFLAGS_x86_64_unknown_linux_gnu = None
[INFO] [stderr]   HOST_CFLAGS = None
[INFO] [stderr]   CFLAGS = None
[INFO] [stderr]   PROFILE = Some("debug")
[INFO] [stderr]   running: "cc" "-O0" "-ffunction-sections" "-fdata-sections" "-fPIC" "-g" "-m64" "-E" "/opt/rustwide/target/debug/build/openssl-sys-94002799310960f1/out/expando.c"
[INFO] [stderr]   ExitStatus(unix_wait_status(0))
[INFO] [stderr]   cargo:rustc-cfg=osslconf="OPENSSL_NO_SSL3_METHOD"
[INFO] [stderr]   cargo:conf=OPENSSL_NO_SSL3_METHOD
[INFO] [stderr] 
[INFO] [stderr]   --- stderr
[INFO] [stderr]   thread 'main' panicked at /opt/rustwide/cargo-home/registry/src/index.crates.io-6f17d22bba15001f/openssl-sys-0.9.13/build.rs:364:9:
[INFO] [stderr] 
[INFO] [stderr] 
[INFO] [stderr]   This crate is only compatible with OpenSSL 1.0.1, 1.0.2, and 1.1.0, or LibreSSL
[INFO] [stderr]   2.5.0, 2.5.1, 2.5.2, 2.5.3, and 2.5.4, but a different version of OpenSSL was
[INFO] [stderr]   found. The build is now aborting due to this version mismatch.
[INFO] [stderr] 
[INFO] [stderr] 
[INFO] [stderr]   stack backtrace:
[INFO] [stderr]      0:     0x559922caa306 - std::backtrace_rs::backtrace::libunwind::trace::h261606ad26a499c1
[INFO] [stderr]                                  at /rustc/0e09125c6c3c2fd70d7de961bcf0e51575235fad/library/std/src/../../backtrace/src/backtrace/libunwind.rs:104:5
[INFO] [stderr]      1:     0x559922caa306 - std::backtrace_rs::backtrace::trace_unsynchronized::hd183f0625477fb28
[INFO] [stderr]                                  at /rustc/0e09125c6c3c2fd70d7de961bcf0e51575235fad/library/std/src/../../backtrace/src/backtrace/mod.rs:66:5
[INFO] [stderr]      2:     0x559922caa306 - std::sys_common::backtrace::_print_fmt::hd7f8fef21b4eda67
[INFO] [stderr]                                  at /rustc/0e09125c6c3c2fd70d7de961bcf0e51575235fad/library/std/src/sys_common/backtrace.rs:68:5
[INFO] [stderr]      3:     0x559922caa306 - <std::sys_common::backtrace::_print::DisplayBacktrace as core::fmt::Display>::fmt::h623d9b51f2f453f1
[INFO] [stderr]                                  at /rustc/0e09125c6c3c2fd70d7de961bcf0e51575235fad/library/std/src/sys_common/backtrace.rs:44:22
[INFO] [stderr]      4:     0x559922ccf2c0 - core::fmt::rt::Argument::fmt::h9f417ac76a86f368
[INFO] [stderr]                                  at /rustc/0e09125c6c3c2fd70d7de961bcf0e51575235fad/library/core/src/fmt/rt.rs:142:9
[INFO] [stderr]      5:     0x559922ccf2c0 - core::fmt::write::hc9b6faf4ac2aeff7
[INFO] [stderr]                                  at /rustc/0e09125c6c3c2fd70d7de961bcf0e51575235fad/library/core/src/fmt/mod.rs:1120:17
[INFO] [stderr]      6:     0x559922ca7d6f - std::io::Write::write_fmt::hfead1eee52c2e65e
[INFO] [stderr]                                  at /rustc/0e09125c6c3c2fd70d7de961bcf0e51575235fad/library/std/src/io/mod.rs:1810:15
[INFO] [stderr]      7:     0x559922caa0e4 - std::sys_common::backtrace::_print::hd5d66399c7df88a2
[INFO] [stderr]                                  at /rustc/0e09125c6c3c2fd70d7de961bcf0e51575235fad/library/std/src/sys_common/backtrace.rs:47:5
[INFO] [stderr]      8:     0x559922caa0e4 - std::sys_common::backtrace::print::he81ed2da642d37e5
[INFO] [stderr]                                  at /rustc/0e09125c6c3c2fd70d7de961bcf0e51575235fad/library/std/src/sys_common/backtrace.rs:34:9
[INFO] [stderr]      9:     0x559922cab9c7 - std::panicking::default_hook::{{closure}}::h85773f4fa117163d
[INFO] [stderr]     10:     0x559922cab729 - std::panicking::default_hook::h6a1694a91d09b278
[INFO] [stderr]                                  at /rustc/0e09125c6c3c2fd70d7de961bcf0e51575235fad/library/std/src/panicking.rs:292:9
[INFO] [stderr]     11:     0x559922cabe58 - std::panicking::rust_panic_with_hook::h0a7ad96e90f7145b
[INFO] [stderr]                                  at /rustc/0e09125c6c3c2fd70d7de961bcf0e51575235fad/library/std/src/panicking.rs:779:13
[INFO] [stderr]     12:     0x559922c7cfbe - std::panicking::begin_panic::{{closure}}::hcb7dbc657146e1bc
[INFO] [stderr]     13:     0x559922c79aaa - std::sys_common::backtrace::__rust_end_short_backtrace::h698599791721b93b
[INFO] [stderr]     14:     0x559922c7cf3b - std::panicking::begin_panic::hf65bab93d97e043b
[INFO] [stderr]     15:     0x559922c4f5df - build_script_build::validate_headers::h666635bbe3df0797
[INFO] [stderr]     16:     0x559922c4e7c5 - build_script_build::try_pkg_config::he6244c47af25b63b
[INFO] [stderr]     17:     0x559922c4d9b3 - build_script_build::find_openssl_dir::h982d767b86260f37
[INFO] [stderr]     18:     0x559922c4d818 - build_script_build::main::{{closure}}::h60149f403bc2f99e
[INFO] [stderr]     19:     0x559922c5247f - core::option::Option<T>::unwrap_or_else::heba4b0135710641e
[INFO] [stderr]     20:     0x559922c4c883 - build_script_build::main::h87f411d119e09901
[INFO] [stderr]     21:     0x559922c54bb3 - core::ops::function::FnOnce::call_once::h375e4ec4fcb85a5c
[INFO] [stderr]     22:     0x559922c50f66 - std::sys_common::backtrace::__rust_begin_short_backtrace::hbce5012852804552
[INFO] [stderr]     23:     0x559922c514e9 - std::rt::lang_start::{{closure}}::h67e8ce1614974769
[INFO] [stderr]     24:     0x559922ca4061 - core::ops::function::impls::<impl core::ops::function::FnOnce<A> for &F>::call_once::h4eb4c5e1620f29b0
[INFO] [stderr]                                  at /rustc/0e09125c6c3c2fd70d7de961bcf0e51575235fad/library/core/src/ops/function.rs:284:13
[INFO] [stderr]     25:     0x559922ca4061 - std::panicking::try::do_call::h73fd26535faffcdf
[INFO] [stderr]                                  at /rustc/0e09125c6c3c2fd70d7de961bcf0e51575235fad/library/std/src/panicking.rs:552:40
[INFO] [stderr]     26:     0x559922ca4061 - std::panicking::try::h77ff1d98f0fb9f39
[INFO] [stderr]                                  at /rustc/0e09125c6c3c2fd70d7de961bcf0e51575235fad/library/std/src/panicking.rs:516:19
[INFO] [stderr]     27:     0x559922ca4061 - std::panic::catch_unwind::hab3caf2448b95e37
[INFO] [stderr]                                  at /rustc/0e09125c6c3c2fd70d7de961bcf0e51575235fad/library/std/src/panic.rs:142:14
[INFO] [stderr]     28:     0x559922ca4061 - std::rt::lang_start_internal::{{closure}}::h8086711f9c783f78
[INFO] [stderr]                                  at /rustc/0e09125c6c3c2fd70d7de961bcf0e51575235fad/library/std/src/rt.rs:148:48
[INFO] [stderr]     29:     0x559922ca4061 - std::panicking::try::do_call::hf920d4dc291cd6ca
[INFO] [stderr]                                  at /rustc/0e09125c6c3c2fd70d7de961bcf0e51575235fad/library/std/src/panicking.rs:552:40
[INFO] [stderr]     30:     0x559922ca4061 - std::panicking::try::h2b806ccc0a85db74
[INFO] [stderr]                                  at /rustc/0e09125c6c3c2fd70d7de961bcf0e51575235fad/library/std/src/panicking.rs:516:19
[INFO] [stderr]     31:     0x559922ca4061 - std::panic::catch_unwind::h038489539c507df2
[INFO] [stderr]                                  at /rustc/0e09125c6c3c2fd70d7de961bcf0e51575235fad/library/std/src/panic.rs:142:14
[INFO] [stderr]     32:     0x559922ca4061 - std::rt::lang_start_internal::h28503b88912e8a5c
[INFO] [stderr]                                  at /rustc/0e09125c6c3c2fd70d7de961bcf0e51575235fad/library/std/src/rt.rs:148:20
[INFO] [stderr]     33:     0x559922c514c7 - std::rt::lang_start::h23650c3ed80b169f
[INFO] [stderr]     34:     0x559922c50b25 - main
[INFO] [stderr]     35:     0x7f3392704d90 - <unknown>
[INFO] [stderr]     36:     0x7f3392704e40 - __libc_start_main
[INFO] [stderr]     37:     0x559922c46e85 - _start
[INFO] [stderr]     38:                0x0 - <unknown>
[INFO] [stderr] warning: build failed, waiting for other jobs to finish...
[INFO] [stdout] error: aborting due to 1 previous error
[INFO] [stdout] 
[INFO] [stdout] 
[INFO] [stdout] For more information about this error, try `rustc --explain E0310`.
[INFO] [stdout] 
[INFO] [stderr] error: could not compile `rustc-serialize` (lib) due to 2 previous errors
[INFO] running `Command { std: "docker" "inspect" "3ee6cb66cc556847dcdadb583847d7f08075c98ce7d09a135492ff65cfb5ec34", kill_on_drop: false }`
[INFO] running `Command { std: "docker" "rm" "-f" "3ee6cb66cc556847dcdadb583847d7f08075c98ce7d09a135492ff65cfb5ec34", kill_on_drop: false }`
[INFO] [stdout] 3ee6cb66cc556847dcdadb583847d7f08075c98ce7d09a135492ff65cfb5ec34
