[INFO] cloning repository https://github.com/alexcrichton/bors2
[INFO] running `Command { std: "git" "-c" "credential.helper=" "-c" "credential.helper=/workspace/cargo-home/bin/git-credential-null" "clone" "--bare" "https://github.com/alexcrichton/bors2" "/workspace/cache/git-repos/https%3A%2F%2Fgithub.com%2Falexcrichton%2Fbors2", kill_on_drop: false }`
[INFO] [stderr] Cloning into bare repository '/workspace/cache/git-repos/https%3A%2F%2Fgithub.com%2Falexcrichton%2Fbors2'...
[INFO] running `Command { std: "git" "rev-parse" "HEAD", kill_on_drop: false }`
[INFO] [stdout] be88eac218c252a5df846f5bf6ee7a2679b02a76
[INFO] documenting alexcrichton/bors2 against 1.75.0 for beta-1.76-rustdoc-1
[INFO] running `Command { std: "git" "clone" "/workspace/cache/git-repos/https%3A%2F%2Fgithub.com%2Falexcrichton%2Fbors2" "/workspace/builds/worker-3-tc1/source", kill_on_drop: false }`
[INFO] [stderr] Cloning into '/workspace/builds/worker-3-tc1/source'...
[INFO] [stderr] done.
[INFO] validating manifest of git repo https://github.com/alexcrichton/bors2 on toolchain 1.75.0
[INFO] running `Command { std: CARGO_HOME="/workspace/cargo-home" RUSTUP_HOME="/workspace/rustup-home" "/workspace/cargo-home/bin/cargo" "+1.75.0" "metadata" "--manifest-path" "Cargo.toml" "--no-deps", kill_on_drop: false }`
[INFO] started tweaking git repo https://github.com/alexcrichton/bors2
[INFO] finished tweaking git repo https://github.com/alexcrichton/bors2
[INFO] tweaked toml for git repo https://github.com/alexcrichton/bors2 written to /workspace/builds/worker-3-tc1/source/Cargo.toml
[INFO] crate git repo https://github.com/alexcrichton/bors2 already has a lockfile, it will not be regenerated
[INFO] running `Command { std: CARGO_HOME="/workspace/cargo-home" RUSTUP_HOME="/workspace/rustup-home" "/workspace/cargo-home/bin/cargo" "+1.75.0" "fetch" "--manifest-path" "Cargo.toml", kill_on_drop: false }`
[INFO] [stderr]     Updating crates.io index
[INFO] [stderr]  Downloading crates ...
[INFO] [stderr]   Downloaded r2d2 v0.7.1
[INFO] [stderr]   Downloaded openssl v0.8.3
[INFO] [stderr]   Downloaded error-chain v0.5.0
[INFO] [stderr]   Downloaded md5 v0.2.1
[INFO] [stderr]   Downloaded rustc-demangle v0.1.2
[INFO] [stderr]   Downloaded matches v0.1.3
[INFO] [stderr]   Downloaded url v1.2.3
[INFO] [stderr]   Downloaded handlebars v0.21.1
[INFO] [stderr]   Downloaded base64 v0.2.1
[INFO] [stderr]   Downloaded bufstream v0.1.2
[INFO] [stderr]   Downloaded gcc v0.3.38
[INFO] [stderr]   Downloaded backtrace-sys v0.1.4
[INFO] [stderr]   Downloaded libz-sys v1.0.6
[INFO] [stderr]   Downloaded conduit v0.8.0
[INFO] [stderr]   Downloaded cookie v0.3.1
[INFO] [stderr]   Downloaded semver-parser v0.6.1
[INFO] [stderr]   Downloaded conduit-middleware v0.8.0
[INFO] [stderr]   Downloaded oauth2 v0.2.0
[INFO] [stderr]   Downloaded civet-sys v0.1.4
[INFO] [stderr]   Downloaded conduit-git-http-backend v0.8.0
[INFO] [stderr]   Downloaded conduit-cookie v0.8.0
[INFO] [stderr]   Downloaded civet v0.9.0
[INFO] [stderr]   Downloaded semver v0.5.1
[INFO] [stderr]   Downloaded conduit-log-requests v0.8.0
[INFO] [stderr]   Downloaded conduit-router v0.8.0
[INFO] [stderr]   Downloaded r2d2_postgres v0.11.0
[INFO] [stderr]   Downloaded conduit-static v0.8.1
[INFO] [stderr]   Downloaded curl v0.3.9
[INFO] [stderr]   Downloaded postgres-protocol v0.1.0
[INFO] [stderr]   Downloaded postgres v0.12.0
[INFO] [stderr]   Downloaded conduit-conditional-get v0.8.0
[INFO] [stderr]   Downloaded curl-sys v0.2.4
[INFO] running `Command { std: "docker" "create" "-v" "/var/lib/crater-agent-workspace/builds/worker-3-tc1/target:/opt/rustwide/target:rw,Z" "-v" "/var/lib/crater-agent-workspace/builds/worker-3-tc1/source:/opt/rustwide/workdir:ro,Z" "-v" "/var/lib/crater-agent-workspace/cargo-home:/opt/rustwide/cargo-home:ro,Z" "-v" "/var/lib/crater-agent-workspace/rustup-home:/opt/rustwide/rustup-home:ro,Z" "-e" "SOURCE_DIR=/opt/rustwide/workdir" "-e" "CARGO_TARGET_DIR=/opt/rustwide/target" "-e" "CARGO_HOME=/opt/rustwide/cargo-home" "-e" "RUSTUP_HOME=/opt/rustwide/rustup-home" "-w" "/opt/rustwide/workdir" "-m" "1610612736" "--user" "0:0" "--network" "none" "ghcr.io/rust-lang/crates-build-env/linux@sha256:2788e3201cd34a07e3172128adcd8b3090168a8e3bcc40d7c032b9dda1df7d1c" "/opt/rustwide/cargo-home/bin/cargo" "+1.75.0" "metadata" "--no-deps" "--format-version=1", kill_on_drop: false }`
[INFO] [stdout] 38dc435fab12250ba8ada756674d9e1bcd4dabc3a2f797ee038e4cc46b1e41cf
[INFO] running `Command { std: "docker" "start" "-a" "38dc435fab12250ba8ada756674d9e1bcd4dabc3a2f797ee038e4cc46b1e41cf", kill_on_drop: false }`
[INFO] running `Command { std: "docker" "inspect" "38dc435fab12250ba8ada756674d9e1bcd4dabc3a2f797ee038e4cc46b1e41cf", kill_on_drop: false }`
[INFO] running `Command { std: "docker" "rm" "-f" "38dc435fab12250ba8ada756674d9e1bcd4dabc3a2f797ee038e4cc46b1e41cf", kill_on_drop: false }`
[INFO] [stdout] 38dc435fab12250ba8ada756674d9e1bcd4dabc3a2f797ee038e4cc46b1e41cf
[INFO] running `Command { std: "docker" "create" "-v" "/var/lib/crater-agent-workspace/builds/worker-3-tc1/target:/opt/rustwide/target:rw,Z" "-v" "/var/lib/crater-agent-workspace/builds/worker-3-tc1/source:/opt/rustwide/workdir:ro,Z" "-v" "/var/lib/crater-agent-workspace/cargo-home:/opt/rustwide/cargo-home:ro,Z" "-v" "/var/lib/crater-agent-workspace/rustup-home:/opt/rustwide/rustup-home:ro,Z" "-e" "SOURCE_DIR=/opt/rustwide/workdir" "-e" "CARGO_TARGET_DIR=/opt/rustwide/target" "-e" "CARGO_INCREMENTAL=0" "-e" "RUST_BACKTRACE=full" "-e" "RUSTFLAGS=--cap-lints=warn" "-e" "RUSTDOCFLAGS=--cap-lints=warn" "-e" "CARGO_HOME=/opt/rustwide/cargo-home" "-e" "RUSTUP_HOME=/opt/rustwide/rustup-home" "-w" "/opt/rustwide/workdir" "-m" "1610612736" "--user" "0:0" "--network" "none" "ghcr.io/rust-lang/crates-build-env/linux@sha256:2788e3201cd34a07e3172128adcd8b3090168a8e3bcc40d7c032b9dda1df7d1c" "/opt/rustwide/cargo-home/bin/cargo" "+1.75.0" "doc" "--frozen" "--no-deps" "--document-private-items" "--message-format=json", kill_on_drop: false }`
[INFO] [stdout] c5d153074fb1d18109788e1de5f8af0c99a401b78ffb19842a0896392103667a
[INFO] running `Command { std: "docker" "start" "-a" "c5d153074fb1d18109788e1de5f8af0c99a401b78ffb19842a0896392103667a", kill_on_drop: false }`
[INFO] [stderr]     Checking libc v0.2.17
[INFO] [stderr]    Compiling winapi-build v0.1.1
[INFO] [stderr]    Compiling gcc v0.3.38
[INFO] [stderr]     Checking winapi v0.2.8
[INFO] [stderr]    Compiling pkg-config v0.3.8
[INFO] [stderr]     Checking lazy_static v0.2.1
[INFO] [stderr]     Checking utf8-ranges v0.1.3
[INFO] [stderr]     Checking regex-syntax v0.3.9
[INFO] [stderr]     Checking log v0.3.6
[INFO] [stderr]     Checking matches v0.1.3
[INFO] [stderr]     Checking unicode-bidi v0.2.3
[INFO] [stderr]     Checking unicode-normalization v0.1.2
[INFO] [stderr]    Compiling kernel32-sys v0.2.2
[INFO] [stderr]    Compiling dbghelp-sys v0.2.0
[INFO] [stderr]     Checking memchr v0.1.11
[INFO] [stderr]     Checking rustc-serialize v0.3.19
[INFO] [stderr]     Checking aho-corasick v0.5.3
[INFO] [stderr]    Compiling openssl-sys v0.7.17
[INFO] [stdout] error[E0642]: patterns aren't allowed in functions without bodies
[INFO] [stdout]    --> /opt/rustwide/cargo-home/registry/src/index.crates.io-6f17d22bba15001f/rustc-serialize-0.3.19/src/serialize.rs:147:45
[INFO] [stdout]     |
[INFO] [stdout] 147 | ...                   &f_name: &str,
[INFO] [stdout]     |                       ^^^^^^^ pattern not allowed in function without body
[INFO] [stdout] 
[INFO] [stdout] 
[INFO] [stderr]     Checking md5 v0.2.1
[INFO] [stderr]     Checking thread-id v2.0.0
[INFO] [stderr]     Checking time v0.1.35
[INFO] [stderr]     Checking thread_local v0.2.7
[INFO] [stderr]     Checking fallible-iterator v0.1.3
[INFO] [stderr]    Compiling libz-sys v1.0.6
[INFO] [stderr]    Compiling backtrace-sys v0.1.4
[INFO] [stderr]     Checking regex v0.1.80
[INFO] [stderr]    Compiling miniz-sys v0.1.7
[INFO] [stderr]     Checking idna v0.1.0
[INFO] [stderr]    Compiling openssl v0.8.3
[INFO] [stderr]    Compiling curl-sys v0.2.4
[INFO] [stderr]     Checking phf_shared v0.7.15
[INFO] [stderr]     Checking byteorder v0.5.3
[INFO] [stderr]     Checking hex v0.2.0
[INFO] [stderr]     Checking phf v0.7.15
[INFO] [stderr]     Checking postgres-protocol v0.1.0
[INFO] [stderr]    Compiling civet-sys v0.1.4
[INFO] [stdout] error: aborting due to previous error
[INFO] [stdout] 
[INFO] [stdout] 
[INFO] [stdout] For more information about this error, try `rustc --explain E0642`.
[INFO] [stdout] 
[INFO] [stderr] error: could not compile `rustc-serialize` (lib) due to 2 previous errors; 1 warning emitted
[INFO] [stderr] warning: build failed, waiting for other jobs to finish...
[INFO] [stderr] The following warnings were emitted during compilation:
[INFO] [stderr] 
[INFO] [stderr] warning: openssl@0.8.3: src/c_helpers.c: In function 'rust_0_8_SSL_CTX_clone':
[INFO] [stderr] warning: openssl@0.8.3: src/c_helpers.c:7:5: warning: implicit declaration of function 'CRYPTO_add' [-Wimplicit-function-declaration]
[INFO] [stderr] warning: openssl@0.8.3:     7 |     CRYPTO_add(&ctx->references,1,CRYPTO_LOCK_SSL_CTX);
[INFO] [stderr] warning: openssl@0.8.3:       |     ^~~~~~~~~~
[INFO] [stderr] warning: openssl@0.8.3: src/c_helpers.c:7:20: error: invalid use of incomplete typedef 'SSL_CTX' {aka 'struct ssl_ctx_st'}
[INFO] [stderr] warning: openssl@0.8.3:     7 |     CRYPTO_add(&ctx->references,1,CRYPTO_LOCK_SSL_CTX);
[INFO] [stderr] warning: openssl@0.8.3:       |                    ^~
[INFO] [stderr] warning: openssl@0.8.3: src/c_helpers.c:7:35: error: 'CRYPTO_LOCK_SSL_CTX' undeclared (first use in this function); did you mean 'CRYPTO_EX_INDEX_SSL_CTX'?
[INFO] [stderr] warning: openssl@0.8.3:     7 |     CRYPTO_add(&ctx->references,1,CRYPTO_LOCK_SSL_CTX);
[INFO] [stderr] warning: openssl@0.8.3:       |                                   ^~~~~~~~~~~~~~~~~~~
[INFO] [stderr] warning: openssl@0.8.3:       |                                   CRYPTO_EX_INDEX_SSL_CTX
[INFO] [stderr] warning: openssl@0.8.3: src/c_helpers.c:7:35: note: each undeclared identifier is reported only once for each function it appears in
[INFO] [stderr] warning: openssl@0.8.3: src/c_helpers.c: In function 'rust_0_8_X509_clone':
[INFO] [stderr] warning: openssl@0.8.3: src/c_helpers.c:11:21: error: invalid use of incomplete typedef 'X509' {aka 'struct x509_st'}
[INFO] [stderr] warning: openssl@0.8.3:    11 |     CRYPTO_add(&x509->references,1,CRYPTO_LOCK_X509);
[INFO] [stderr] warning: openssl@0.8.3:       |                     ^~
[INFO] [stderr] warning: openssl@0.8.3: src/c_helpers.c:11:36: error: 'CRYPTO_LOCK_X509' undeclared (first use in this function); did you mean 'CRYPTO_LOCK'?
[INFO] [stderr] warning: openssl@0.8.3:    11 |     CRYPTO_add(&x509->references,1,CRYPTO_LOCK_X509);
[INFO] [stderr] warning: openssl@0.8.3:       |                                    ^~~~~~~~~~~~~~~~
[INFO] [stderr] warning: openssl@0.8.3:       |                                    CRYPTO_LOCK
[INFO] [stderr] warning: openssl@0.8.3: src/c_helpers.c: In function 'rust_0_8_X509_get_extensions':
[INFO] [stderr] warning: openssl@0.8.3: src/c_helpers.c:15:13: error: invalid use of incomplete typedef 'X509' {aka 'struct x509_st'}
[INFO] [stderr] warning: openssl@0.8.3:    15 |     return x->cert_info ? x->cert_info->extensions : NULL;
[INFO] [stderr] warning: openssl@0.8.3:       |             ^~
[INFO] [stderr] warning: openssl@0.8.3: src/c_helpers.c:15:28: error: invalid use of incomplete typedef 'X509' {aka 'struct x509_st'}
[INFO] [stderr] warning: openssl@0.8.3:    15 |     return x->cert_info ? x->cert_info->extensions : NULL;
[INFO] [stderr] warning: openssl@0.8.3:       |                            ^~
[INFO] [stderr] warning: openssl@0.8.3: src/c_helpers.c: In function 'rust_0_8_DH_new_from_params':
[INFO] [stderr] warning: openssl@0.8.3: src/c_helpers.c:29:5: warning: 'DH_new' is deprecated: Since OpenSSL 3.0 [-Wdeprecated-declarations]
[INFO] [stderr] warning: openssl@0.8.3:    29 |     if ((dh = DH_new()) == NULL) {
[INFO] [stderr] warning: openssl@0.8.3:       |     ^~
[INFO] [stderr] warning: openssl@0.8.3: In file included from /usr/include/openssl/dsa.h:51,
[INFO] [stderr] warning: openssl@0.8.3:                  from /usr/include/openssl/x509.h:37,
[INFO] [stderr] warning: openssl@0.8.3:                  from /usr/include/openssl/ssl.h:31,
[INFO] [stderr] warning: openssl@0.8.3:                  from src/c_helpers.c:2:
[INFO] [stderr] warning: openssl@0.8.3: /usr/include/openssl/dh.h:203:27: note: declared here
[INFO] [stderr] warning: openssl@0.8.3:   203 | OSSL_DEPRECATEDIN_3_0 DH *DH_new(void);
[INFO] [stderr] warning: openssl@0.8.3:       |                           ^~~~~~
[INFO] [stderr] warning: openssl@0.8.3: src/c_helpers.c:32:7: error: invalid use of incomplete typedef 'DH' {aka 'struct dh_st'}
[INFO] [stderr] warning: openssl@0.8.3:    32 |     dh->p = p;
[INFO] [stderr] warning: openssl@0.8.3:       |       ^~
[INFO] [stderr] warning: openssl@0.8.3: src/c_helpers.c:33:7: error: invalid use of incomplete typedef 'DH' {aka 'struct dh_st'}
[INFO] [stderr] warning: openssl@0.8.3:    33 |     dh->g = g;
[INFO] [stderr] warning: openssl@0.8.3:       |       ^~
[INFO] [stderr] warning: openssl@0.8.3: src/c_helpers.c:34:7: error: invalid use of incomplete typedef 'DH' {aka 'struct dh_st'}
[INFO] [stderr] warning: openssl@0.8.3:    34 |     dh->q = q;
[INFO] [stderr] warning: openssl@0.8.3:       |       ^~
[INFO] [stderr] warning: openssl@0.8.3: src/c_helpers.c: In function 'rust_0_8_HMAC_Init_ex':
[INFO] [stderr] warning: openssl@0.8.3: src/c_helpers.c:57:5: warning: 'HMAC_Init_ex' is deprecated: Since OpenSSL 3.0 [-Wdeprecated-declarations]
[INFO] [stderr] warning: openssl@0.8.3:    57 |     return HMAC_Init_ex(ctx, key, key_len, md, impl);
[INFO] [stderr] warning: openssl@0.8.3:       |     ^~~~~~
[INFO] [stderr] warning: openssl@0.8.3: In file included from src/c_helpers.c:1:
[INFO] [stderr] warning: openssl@0.8.3: /usr/include/openssl/hmac.h:43:27: note: declared here
[INFO] [stderr] warning: openssl@0.8.3:    43 | OSSL_DEPRECATEDIN_3_0 int HMAC_Init_ex(HMAC_CTX *ctx, const void *key, int len,
[INFO] [stderr] warning: openssl@0.8.3:       |                           ^~~~~~~~~~~~
[INFO] [stderr] warning: openssl@0.8.3: src/c_helpers.c: In function 'rust_0_8_HMAC_Update':
[INFO] [stderr] warning: openssl@0.8.3: src/c_helpers.c:61:5: warning: 'HMAC_Update' is deprecated: Since OpenSSL 3.0 [-Wdeprecated-declarations]
[INFO] [stderr] warning: openssl@0.8.3:    61 |     return HMAC_Update(ctx, data, len);
[INFO] [stderr] warning: openssl@0.8.3:       |     ^~~~~~
[INFO] [stderr] warning: openssl@0.8.3: In file included from src/c_helpers.c:1:
[INFO] [stderr] warning: openssl@0.8.3: /usr/include/openssl/hmac.h:45:27: note: declared here
[INFO] [stderr] warning: openssl@0.8.3:    45 | OSSL_DEPRECATEDIN_3_0 int HMAC_Update(HMAC_CTX *ctx, const unsigned char *data,
[INFO] [stderr] warning: openssl@0.8.3:       |                           ^~~~~~~~~~~
[INFO] [stderr] warning: openssl@0.8.3: src/c_helpers.c: In function 'rust_0_8_HMAC_Final':
[INFO] [stderr] warning: openssl@0.8.3: src/c_helpers.c:65:5: warning: 'HMAC_Final' is deprecated: Since OpenSSL 3.0 [-Wdeprecated-declarations]
[INFO] [stderr] warning: openssl@0.8.3:    65 |     return HMAC_Final(ctx, md, len);
[INFO] [stderr] warning: openssl@0.8.3:       |     ^~~~~~
[INFO] [stderr] warning: openssl@0.8.3: In file included from src/c_helpers.c:1:
[INFO] [stderr] warning: openssl@0.8.3: /usr/include/openssl/hmac.h:47:27: note: declared here
[INFO] [stderr] warning: openssl@0.8.3:    47 | OSSL_DEPRECATEDIN_3_0 int HMAC_Final(HMAC_CTX *ctx, unsigned char *md,
[INFO] [stderr] warning: openssl@0.8.3:       |                           ^~~~~~~~~~
[INFO] [stderr] 
[INFO] [stderr] error: failed to run custom build command for `openssl v0.8.3`
[INFO] [stderr] note: To improve backtraces for build dependencies, set the CARGO_PROFILE_DEV_BUILD_OVERRIDE_DEBUG=true environment variable to enable debug information generation.
[INFO] [stderr] 
[INFO] [stderr] Caused by:
[INFO] [stderr]   process didn't exit successfully: `/opt/rustwide/target/debug/build/openssl-0b7605f4930c51ce/build-script-build` (exit status: 101)
[INFO] [stderr]   --- stdout
[INFO] [stderr]   TARGET = Some("x86_64-unknown-linux-gnu")
[INFO] [stderr]   OPT_LEVEL = Some("0")
[INFO] [stderr]   PROFILE = Some("debug")
[INFO] [stderr]   TARGET = Some("x86_64-unknown-linux-gnu")
[INFO] [stderr]   debug=true opt-level=0
[INFO] [stderr]   HOST = Some("x86_64-unknown-linux-gnu")
[INFO] [stderr]   TARGET = Some("x86_64-unknown-linux-gnu")
[INFO] [stderr]   TARGET = Some("x86_64-unknown-linux-gnu")
[INFO] [stderr]   HOST = Some("x86_64-unknown-linux-gnu")
[INFO] [stderr]   CC_x86_64-unknown-linux-gnu = None
[INFO] [stderr]   CC_x86_64_unknown_linux_gnu = None
[INFO] [stderr]   HOST_CC = None
[INFO] [stderr]   CC = None
[INFO] [stderr]   HOST = Some("x86_64-unknown-linux-gnu")
[INFO] [stderr]   TARGET = Some("x86_64-unknown-linux-gnu")
[INFO] [stderr]   HOST = Some("x86_64-unknown-linux-gnu")
[INFO] [stderr]   CFLAGS_x86_64-unknown-linux-gnu = None
[INFO] [stderr]   CFLAGS_x86_64_unknown_linux_gnu = None
[INFO] [stderr]   HOST_CFLAGS = None
[INFO] [stderr]   CFLAGS = None
[INFO] [stderr]   running: "cc" "-O0" "-ffunction-sections" "-fdata-sections" "-g" "-m64" "-fPIC" "-o" "/opt/rustwide/target/debug/build/openssl-73c399d4a4d801f3/out/src/c_helpers.o" "-c" "src/c_helpers.c"
[INFO] [stderr]   cargo:warning=src/c_helpers.c: In function 'rust_0_8_SSL_CTX_clone':
[INFO] [stderr]   cargo:warning=src/c_helpers.c:7:5: warning: implicit declaration of function 'CRYPTO_add' [-Wimplicit-function-declaration]
[INFO] [stderr]   cargo:warning=    7 |     CRYPTO_add(&ctx->references,1,CRYPTO_LOCK_SSL_CTX);
[INFO] [stderr]   cargo:warning=      |     ^~~~~~~~~~
[INFO] [stderr]   cargo:warning=src/c_helpers.c:7:20: error: invalid use of incomplete typedef 'SSL_CTX' {aka 'struct ssl_ctx_st'}
[INFO] [stderr]   cargo:warning=    7 |     CRYPTO_add(&ctx->references,1,CRYPTO_LOCK_SSL_CTX);
[INFO] [stderr]   cargo:warning=      |                    ^~
[INFO] [stderr]   cargo:warning=src/c_helpers.c:7:35: error: 'CRYPTO_LOCK_SSL_CTX' undeclared (first use in this function); did you mean 'CRYPTO_EX_INDEX_SSL_CTX'?
[INFO] [stderr]   cargo:warning=    7 |     CRYPTO_add(&ctx->references,1,CRYPTO_LOCK_SSL_CTX);
[INFO] [stderr]   cargo:warning=      |                                   ^~~~~~~~~~~~~~~~~~~
[INFO] [stderr]   cargo:warning=      |                                   CRYPTO_EX_INDEX_SSL_CTX
[INFO] [stderr]   cargo:warning=src/c_helpers.c:7:35: note: each undeclared identifier is reported only once for each function it appears in
[INFO] [stderr]   cargo:warning=src/c_helpers.c: In function 'rust_0_8_X509_clone':
[INFO] [stderr]   cargo:warning=src/c_helpers.c:11:21: error: invalid use of incomplete typedef 'X509' {aka 'struct x509_st'}
[INFO] [stderr]   cargo:warning=   11 |     CRYPTO_add(&x509->references,1,CRYPTO_LOCK_X509);
[INFO] [stderr]   cargo:warning=      |                     ^~
[INFO] [stderr]   cargo:warning=src/c_helpers.c:11:36: error: 'CRYPTO_LOCK_X509' undeclared (first use in this function); did you mean 'CRYPTO_LOCK'?
[INFO] [stderr]   cargo:warning=   11 |     CRYPTO_add(&x509->references,1,CRYPTO_LOCK_X509);
[INFO] [stderr]   cargo:warning=      |                                    ^~~~~~~~~~~~~~~~
[INFO] [stderr]   cargo:warning=      |                                    CRYPTO_LOCK
[INFO] [stderr]   cargo:warning=src/c_helpers.c: In function 'rust_0_8_X509_get_extensions':
[INFO] [stderr]   cargo:warning=src/c_helpers.c:15:13: error: invalid use of incomplete typedef 'X509' {aka 'struct x509_st'}
[INFO] [stderr]   cargo:warning=   15 |     return x->cert_info ? x->cert_info->extensions : NULL;
[INFO] [stderr]   cargo:warning=      |             ^~
[INFO] [stderr]   cargo:warning=src/c_helpers.c:15:28: error: invalid use of incomplete typedef 'X509' {aka 'struct x509_st'}
[INFO] [stderr]   cargo:warning=   15 |     return x->cert_info ? x->cert_info->extensions : NULL;
[INFO] [stderr]   cargo:warning=      |                            ^~
[INFO] [stderr]   cargo:warning=src/c_helpers.c: In function 'rust_0_8_DH_new_from_params':
[INFO] [stderr]   cargo:warning=src/c_helpers.c:29:5: warning: 'DH_new' is deprecated: Since OpenSSL 3.0 [-Wdeprecated-declarations]
[INFO] [stderr]   cargo:warning=   29 |     if ((dh = DH_new()) == NULL) {
[INFO] [stderr]   cargo:warning=      |     ^~
[INFO] [stderr]   cargo:warning=In file included from /usr/include/openssl/dsa.h:51,
[INFO] [stderr]   cargo:warning=                 from /usr/include/openssl/x509.h:37,
[INFO] [stderr]   cargo:warning=                 from /usr/include/openssl/ssl.h:31,
[INFO] [stderr]   cargo:warning=                 from src/c_helpers.c:2:
[INFO] [stderr]   cargo:warning=/usr/include/openssl/dh.h:203:27: note: declared here
[INFO] [stderr]   cargo:warning=  203 | OSSL_DEPRECATEDIN_3_0 DH *DH_new(void);
[INFO] [stderr]   cargo:warning=      |                           ^~~~~~
[INFO] [stderr]   cargo:warning=src/c_helpers.c:32:7: error: invalid use of incomplete typedef 'DH' {aka 'struct dh_st'}
[INFO] [stderr]   cargo:warning=   32 |     dh->p = p;
[INFO] [stderr]   cargo:warning=      |       ^~
[INFO] [stderr]   cargo:warning=src/c_helpers.c:33:7: error: invalid use of incomplete typedef 'DH' {aka 'struct dh_st'}
[INFO] [stderr]   cargo:warning=   33 |     dh->g = g;
[INFO] [stderr]   cargo:warning=      |       ^~
[INFO] [stderr]   cargo:warning=src/c_helpers.c:34:7: error: invalid use of incomplete typedef 'DH' {aka 'struct dh_st'}
[INFO] [stderr]   cargo:warning=   34 |     dh->q = q;
[INFO] [stderr]   cargo:warning=      |       ^~
[INFO] [stderr]   cargo:warning=src/c_helpers.c: In function 'rust_0_8_HMAC_Init_ex':
[INFO] [stderr]   cargo:warning=src/c_helpers.c:57:5: warning: 'HMAC_Init_ex' is deprecated: Since OpenSSL 3.0 [-Wdeprecated-declarations]
[INFO] [stderr]   cargo:warning=   57 |     return HMAC_Init_ex(ctx, key, key_len, md, impl);
[INFO] [stderr]   cargo:warning=      |     ^~~~~~
[INFO] [stderr]   cargo:warning=In file included from src/c_helpers.c:1:
[INFO] [stderr]   cargo:warning=/usr/include/openssl/hmac.h:43:27: note: declared here
[INFO] [stderr]   cargo:warning=   43 | OSSL_DEPRECATEDIN_3_0 int HMAC_Init_ex(HMAC_CTX *ctx, const void *key, int len,
[INFO] [stderr]   cargo:warning=      |                           ^~~~~~~~~~~~
[INFO] [stderr]   cargo:warning=src/c_helpers.c: In function 'rust_0_8_HMAC_Update':
[INFO] [stderr]   cargo:warning=src/c_helpers.c:61:5: warning: 'HMAC_Update' is deprecated: Since OpenSSL 3.0 [-Wdeprecated-declarations]
[INFO] [stderr]   cargo:warning=   61 |     return HMAC_Update(ctx, data, len);
[INFO] [stderr]   cargo:warning=      |     ^~~~~~
[INFO] [stderr]   cargo:warning=In file included from src/c_helpers.c:1:
[INFO] [stderr]   cargo:warning=/usr/include/openssl/hmac.h:45:27: note: declared here
[INFO] [stderr]   cargo:warning=   45 | OSSL_DEPRECATEDIN_3_0 int HMAC_Update(HMAC_CTX *ctx, const unsigned char *data,
[INFO] [stderr]   cargo:warning=      |                           ^~~~~~~~~~~
[INFO] [stderr]   cargo:warning=src/c_helpers.c: In function 'rust_0_8_HMAC_Final':
[INFO] [stderr]   cargo:warning=src/c_helpers.c:65:5: warning: 'HMAC_Final' is deprecated: Since OpenSSL 3.0 [-Wdeprecated-declarations]
[INFO] [stderr]   cargo:warning=   65 |     return HMAC_Final(ctx, md, len);
[INFO] [stderr]   cargo:warning=      |     ^~~~~~
[INFO] [stderr]   cargo:warning=In file included from src/c_helpers.c:1:
[INFO] [stderr]   cargo:warning=/usr/include/openssl/hmac.h:47:27: note: declared here
[INFO] [stderr]   cargo:warning=   47 | OSSL_DEPRECATEDIN_3_0 int HMAC_Final(HMAC_CTX *ctx, unsigned char *md,
[INFO] [stderr]   cargo:warning=      |                           ^~~~~~~~~~
[INFO] [stderr]   ExitStatus(unix_wait_status(256))
[INFO] [stderr] 
[INFO] [stderr] 
[INFO] [stderr]   command did not execute successfully, got: exit status: 1
[INFO] [stderr] 
[INFO] [stderr] 
[INFO] [stderr] 
[INFO] [stderr]   --- stderr
[INFO] [stderr]   thread 'main' panicked at /opt/rustwide/cargo-home/registry/src/index.crates.io-6f17d22bba15001f/gcc-0.3.38/src/lib.rs:958:5:
[INFO] [stderr]   explicit panic
[INFO] [stderr]   stack backtrace:
[INFO] [stderr]      0:     0x557fa439ddac - std::backtrace_rs::backtrace::libunwind::trace::ha637c64ce894333a
[INFO] [stderr]                                  at /rustc/82e1608dfa6e0b5569232559e3d385fea5a93112/library/std/src/../../backtrace/src/backtrace/libunwind.rs:104:5
[INFO] [stderr]      1:     0x557fa439ddac - std::backtrace_rs::backtrace::trace_unsynchronized::h47f62dea28e0c88d
[INFO] [stderr]                                  at /rustc/82e1608dfa6e0b5569232559e3d385fea5a93112/library/std/src/../../backtrace/src/backtrace/mod.rs:66:5
[INFO] [stderr]      2:     0x557fa439ddac - std::sys_common::backtrace::_print_fmt::h9eef0abe20ede486
[INFO] [stderr]                                  at /rustc/82e1608dfa6e0b5569232559e3d385fea5a93112/library/std/src/sys_common/backtrace.rs:67:5
[INFO] [stderr]      3:     0x557fa439ddac - <std::sys_common::backtrace::_print::DisplayBacktrace as core::fmt::Display>::fmt::hed7f999df88cc644
[INFO] [stderr]                                  at /rustc/82e1608dfa6e0b5569232559e3d385fea5a93112/library/std/src/sys_common/backtrace.rs:44:22
[INFO] [stderr]      4:     0x557fa43c31b0 - core::fmt::rt::Argument::fmt::h1539a9308b8d058d
[INFO] [stderr]                                  at /rustc/82e1608dfa6e0b5569232559e3d385fea5a93112/library/core/src/fmt/rt.rs:142:9
[INFO] [stderr]      5:     0x557fa43c31b0 - core::fmt::write::h3a39390d8560d9c9
[INFO] [stderr]                                  at /rustc/82e1608dfa6e0b5569232559e3d385fea5a93112/library/core/src/fmt/mod.rs:1120:17
[INFO] [stderr]      6:     0x557fa439b37f - std::io::Write::write_fmt::h5fc9997dfe05f882
[INFO] [stderr]                                  at /rustc/82e1608dfa6e0b5569232559e3d385fea5a93112/library/std/src/io/mod.rs:1762:15
[INFO] [stderr]      7:     0x557fa439db94 - std::sys_common::backtrace::_print::h894006fb5c6f3d45
[INFO] [stderr]                                  at /rustc/82e1608dfa6e0b5569232559e3d385fea5a93112/library/std/src/sys_common/backtrace.rs:47:5
[INFO] [stderr]      8:     0x557fa439db94 - std::sys_common::backtrace::print::h23a2d212c6fff936
[INFO] [stderr]                                  at /rustc/82e1608dfa6e0b5569232559e3d385fea5a93112/library/std/src/sys_common/backtrace.rs:34:9
[INFO] [stderr]      9:     0x557fa439f2b7 - std::panicking::default_hook::{{closure}}::h8a1d2ee00185001a
[INFO] [stderr]     10:     0x557fa439f01f - std::panicking::default_hook::h6038f2eba384e475
[INFO] [stderr]                                  at /rustc/82e1608dfa6e0b5569232559e3d385fea5a93112/library/std/src/panicking.rs:292:9
[INFO] [stderr]     11:     0x557fa439f738 - std::panicking::rust_panic_with_hook::h2b5517d590cab22e
[INFO] [stderr]                                  at /rustc/82e1608dfa6e0b5569232559e3d385fea5a93112/library/std/src/panicking.rs:779:13
[INFO] [stderr]     12:     0x557fa437651e - std::panicking::begin_panic::{{closure}}::h54c93cedcc82b57e
[INFO] [stderr]     13:     0x557fa43759ea - std::sys_common::backtrace::__rust_end_short_backtrace::hb0acc4eed41375f3
[INFO] [stderr]     14:     0x557fa437649b - std::panicking::begin_panic::h54536117063452d1
[INFO] [stderr]     15:     0x557fa436ff56 - gcc::fail::h53b5c23d856ac4ee
[INFO] [stderr]     16:     0x557fa436facd - gcc::run::hfa1b35dc5c882eb8
[INFO] [stderr]     17:     0x557fa43678ee - gcc::Config::compile_object::hb30ff4cdbade155e
[INFO] [stderr]     18:     0x557fa43671b6 - gcc::Config::compile_objects::h23674d1c1bf8f53e
[INFO] [stderr]     19:     0x557fa43664e2 - gcc::Config::compile::h1b89f756167237f9
[INFO] [stderr]     20:     0x557fa435d36c - build_script_build::imp::main::h5d25d3c2c63f43fd
[INFO] [stderr]     21:     0x557fa435d396 - build_script_build::main::h410690f3d52ac11e
[INFO] [stderr]     22:     0x557fa435d043 - core::ops::function::FnOnce::call_once::h899d853e9ccdd17a
[INFO] [stderr]     23:     0x557fa435cec6 - std::sys_common::backtrace::__rust_begin_short_backtrace::h192cabae995d4e17
[INFO] [stderr]     24:     0x557fa435cf19 - std::rt::lang_start::{{closure}}::h8ac2d7f918a16552
[INFO] [stderr]     25:     0x557fa43978e7 - core::ops::function::impls::<impl core::ops::function::FnOnce<A> for &F>::call_once::hd95060ecd5e1ca24
[INFO] [stderr]                                  at /rustc/82e1608dfa6e0b5569232559e3d385fea5a93112/library/core/src/ops/function.rs:284:13
[INFO] [stderr]     26:     0x557fa43978e7 - std::panicking::try::do_call::h6e8cf51db32a6e4b
[INFO] [stderr]                                  at /rustc/82e1608dfa6e0b5569232559e3d385fea5a93112/library/std/src/panicking.rs:552:40
[INFO] [stderr]     27:     0x557fa43978e7 - std::panicking::try::h3a52eefe24fe3c29
[INFO] [stderr]                                  at /rustc/82e1608dfa6e0b5569232559e3d385fea5a93112/library/std/src/panicking.rs:516:19
[INFO] [stderr]     28:     0x557fa43978e7 - std::panic::catch_unwind::h24c28c23c02c3841
[INFO] [stderr]                                  at /rustc/82e1608dfa6e0b5569232559e3d385fea5a93112/library/std/src/panic.rs:142:14
[INFO] [stderr]     29:     0x557fa43978e7 - std::rt::lang_start_internal::{{closure}}::h705d3c9cbc06ef47
[INFO] [stderr]                                  at /rustc/82e1608dfa6e0b5569232559e3d385fea5a93112/library/std/src/rt.rs:148:48
[INFO] [stderr]     30:     0x557fa43978e7 - std::panicking::try::do_call::ha21f52ba13158470
[INFO] [stderr]                                  at /rustc/82e1608dfa6e0b5569232559e3d385fea5a93112/library/std/src/panicking.rs:552:40
[INFO] [stderr]     31:     0x557fa43978e7 - std::panicking::try::h5581346bf6aeb1f8
[INFO] [stderr]                                  at /rustc/82e1608dfa6e0b5569232559e3d385fea5a93112/library/std/src/panicking.rs:516:19
[INFO] [stderr]     32:     0x557fa43978e7 - std::panic::catch_unwind::h7919645a6b72e25b
[INFO] [stderr]                                  at /rustc/82e1608dfa6e0b5569232559e3d385fea5a93112/library/std/src/panic.rs:142:14
[INFO] [stderr]     33:     0x557fa43978e7 - std::rt::lang_start_internal::h12de51168669836e
[INFO] [stderr]                                  at /rustc/82e1608dfa6e0b5569232559e3d385fea5a93112/library/std/src/rt.rs:148:20
[INFO] [stderr]     34:     0x557fa435cef7 - std::rt::lang_start::h86d07890681c6a18
[INFO] [stderr]     35:     0x557fa435d3b5 - main
[INFO] [stderr]     36:     0x7f29b00c4d90 - <unknown>
[INFO] [stderr]     37:     0x7f29b00c4e40 - __libc_start_main
[INFO] [stderr]     38:     0x557fa435cd45 - _start
[INFO] [stderr]     39:                0x0 - <unknown>
[INFO] running `Command { std: "docker" "inspect" "c5d153074fb1d18109788e1de5f8af0c99a401b78ffb19842a0896392103667a", kill_on_drop: false }`
[INFO] running `Command { std: "docker" "rm" "-f" "c5d153074fb1d18109788e1de5f8af0c99a401b78ffb19842a0896392103667a", kill_on_drop: false }`
[INFO] [stdout] c5d153074fb1d18109788e1de5f8af0c99a401b78ffb19842a0896392103667a
