[INFO] cloning repository https://github.com/alexanderbanks/rust-api
[INFO] running `Command { std: "git" "-c" "credential.helper=" "-c" "credential.helper=/workspace/cargo-home/bin/git-credential-null" "clone" "--bare" "https://github.com/alexanderbanks/rust-api" "/workspace/cache/git-repos/https%3A%2F%2Fgithub.com%2Falexanderbanks%2Frust-api", kill_on_drop: false }`
[INFO] [stderr] Cloning into bare repository '/workspace/cache/git-repos/https%3A%2F%2Fgithub.com%2Falexanderbanks%2Frust-api'...
[INFO] running `Command { std: "git" "rev-parse" "HEAD", kill_on_drop: false }`
[INFO] [stdout] 14f46cc7dfcd99c74257ecb3d67d334ad45d8e65
[INFO] documenting alexanderbanks/rust-api against 1.75.0 for beta-1.76-rustdoc-1
[INFO] running `Command { std: "git" "clone" "/workspace/cache/git-repos/https%3A%2F%2Fgithub.com%2Falexanderbanks%2Frust-api" "/workspace/builds/worker-0-tc1/source", kill_on_drop: false }`
[INFO] [stderr] Cloning into '/workspace/builds/worker-0-tc1/source'...
[INFO] [stderr] done.
[INFO] validating manifest of git repo https://github.com/alexanderbanks/rust-api on toolchain 1.75.0
[INFO] running `Command { std: CARGO_HOME="/workspace/cargo-home" RUSTUP_HOME="/workspace/rustup-home" "/workspace/cargo-home/bin/cargo" "+1.75.0" "metadata" "--manifest-path" "Cargo.toml" "--no-deps", kill_on_drop: false }`
[INFO] started tweaking git repo https://github.com/alexanderbanks/rust-api
[INFO] finished tweaking git repo https://github.com/alexanderbanks/rust-api
[INFO] tweaked toml for git repo https://github.com/alexanderbanks/rust-api written to /workspace/builds/worker-0-tc1/source/Cargo.toml
[INFO] crate git repo https://github.com/alexanderbanks/rust-api already has a lockfile, it will not be regenerated
[INFO] running `Command { std: CARGO_HOME="/workspace/cargo-home" RUSTUP_HOME="/workspace/rustup-home" "/workspace/cargo-home/bin/cargo" "+1.75.0" "fetch" "--manifest-path" "Cargo.toml", kill_on_drop: false }`
[INFO] [stderr]     Updating crates.io index
[INFO] [stderr]  Downloading crates ...
[INFO] [stderr]   Downloaded pq-sys v0.4.4
[INFO] [stderr]   Downloaded libc v0.2.31
[INFO] [stderr]   Downloaded diesel v0.16.0
[INFO] [stderr]   Downloaded bodyparser v0.7.0
[INFO] [stderr]   Downloaded bcrypt v0.1.4
[INFO] [stderr]   Downloaded frank_jwt v2.5.1
[INFO] [stderr]   Downloaded diesel_infer_schema v0.16.0
[INFO] [stderr]   Downloaded persistent v0.3.0
[INFO] [stderr]   Downloaded diesel_codegen v0.16.0
[INFO] [stderr]   Downloaded base64 v0.7.0
[INFO] running `Command { std: "docker" "create" "-v" "/var/lib/crater-agent-workspace/builds/worker-0-tc1/target:/opt/rustwide/target:rw,Z" "-v" "/var/lib/crater-agent-workspace/builds/worker-0-tc1/source:/opt/rustwide/workdir:ro,Z" "-v" "/var/lib/crater-agent-workspace/cargo-home:/opt/rustwide/cargo-home:ro,Z" "-v" "/var/lib/crater-agent-workspace/rustup-home:/opt/rustwide/rustup-home:ro,Z" "-e" "SOURCE_DIR=/opt/rustwide/workdir" "-e" "CARGO_TARGET_DIR=/opt/rustwide/target" "-e" "CARGO_HOME=/opt/rustwide/cargo-home" "-e" "RUSTUP_HOME=/opt/rustwide/rustup-home" "-w" "/opt/rustwide/workdir" "-m" "1610612736" "--user" "0:0" "--network" "none" "ghcr.io/rust-lang/crates-build-env/linux@sha256:2788e3201cd34a07e3172128adcd8b3090168a8e3bcc40d7c032b9dda1df7d1c" "/opt/rustwide/cargo-home/bin/cargo" "+1.75.0" "metadata" "--no-deps" "--format-version=1", kill_on_drop: false }`
[INFO] [stdout] 9a3ba40f669ed0a5a9dff91611c50e715fc063e559854a3594ed61759dcd0086
[INFO] running `Command { std: "docker" "start" "-a" "9a3ba40f669ed0a5a9dff91611c50e715fc063e559854a3594ed61759dcd0086", kill_on_drop: false }`
[INFO] running `Command { std: "docker" "inspect" "9a3ba40f669ed0a5a9dff91611c50e715fc063e559854a3594ed61759dcd0086", kill_on_drop: false }`
[INFO] running `Command { std: "docker" "rm" "-f" "9a3ba40f669ed0a5a9dff91611c50e715fc063e559854a3594ed61759dcd0086", kill_on_drop: false }`
[INFO] [stdout] 9a3ba40f669ed0a5a9dff91611c50e715fc063e559854a3594ed61759dcd0086
[INFO] running `Command { std: "docker" "create" "-v" "/var/lib/crater-agent-workspace/builds/worker-0-tc1/target:/opt/rustwide/target:rw,Z" "-v" "/var/lib/crater-agent-workspace/builds/worker-0-tc1/source:/opt/rustwide/workdir:ro,Z" "-v" "/var/lib/crater-agent-workspace/cargo-home:/opt/rustwide/cargo-home:ro,Z" "-v" "/var/lib/crater-agent-workspace/rustup-home:/opt/rustwide/rustup-home:ro,Z" "-e" "SOURCE_DIR=/opt/rustwide/workdir" "-e" "CARGO_TARGET_DIR=/opt/rustwide/target" "-e" "CARGO_INCREMENTAL=0" "-e" "RUST_BACKTRACE=full" "-e" "RUSTFLAGS=--cap-lints=warn" "-e" "RUSTDOCFLAGS=--cap-lints=warn" "-e" "CARGO_HOME=/opt/rustwide/cargo-home" "-e" "RUSTUP_HOME=/opt/rustwide/rustup-home" "-w" "/opt/rustwide/workdir" "-m" "1610612736" "--user" "0:0" "--network" "none" "ghcr.io/rust-lang/crates-build-env/linux@sha256:2788e3201cd34a07e3172128adcd8b3090168a8e3bcc40d7c032b9dda1df7d1c" "/opt/rustwide/cargo-home/bin/cargo" "+1.75.0" "doc" "--frozen" "--no-deps" "--document-private-items" "--message-format=json", kill_on_drop: false }`
[INFO] [stdout] 552d1578e2f008d99523a7846a76561ada8671d3d62b37e0b7bedeb7660a1a2a
[INFO] running `Command { std: "docker" "start" "-a" "552d1578e2f008d99523a7846a76561ada8671d3d62b37e0b7bedeb7660a1a2a", kill_on_drop: false }`
[INFO] [stderr]     Checking libc v0.2.31
[INFO] [stderr]     Checking lazy_static v0.2.9
[INFO] [stderr]     Checking byteorder v1.1.0
[INFO] [stderr]     Checking traitobject v0.1.0
[INFO] [stderr]    Compiling version_check v0.1.3
[INFO] [stderr]     Checking rustc-serialize v0.3.24
[INFO] [stderr]     Checking safemem v0.2.0
[INFO] [stderr]     Checking matches v0.1.6
[INFO] [stderr]    Compiling unicode-xid v0.0.4
[INFO] [stderr]    Compiling pq-sys v0.4.4
[INFO] [stderr]     Checking unicode-normalization v0.1.5
[INFO] [stderr]    Compiling quote v0.3.15
[INFO] [stderr]    Compiling pkg-config v0.3.9
[INFO] [stderr]     Checking log v0.3.8
[INFO] [stderr]     Checking typeable v0.1.2
[INFO] [stderr]     Checking percent-encoding v1.0.0
[INFO] [stderr]    Compiling cc v1.0.0
[INFO] [stderr]     Checking unicode-bidi v0.3.4
[INFO] [stderr]     Checking httparse v1.2.3
[INFO] [stderr]     Checking unsafe-any v0.4.2
[INFO] [stderr]    Compiling synom v0.11.3
[INFO] [stderr]     Checking typemap v0.3.3
[INFO] [stderr]    Compiling void v1.0.2
[INFO] [stderr]     Checking mime v0.2.6
[INFO] [stderr]     Checking base64 v0.6.0
[INFO] [stderr]    Compiling syn v0.11.11
[INFO] [stderr]     Checking language-tags v0.2.2
[INFO] [stderr]     Checking plugin v0.2.6
[INFO] [stderr]    Compiling unreachable v1.0.0
[INFO] [stderr]     Checking error v0.1.9
[INFO] [stderr]    Compiling unicase v1.4.2
[INFO] [stderr]    Compiling gcc v0.3.54
[INFO] [stderr]     Checking modifier v0.1.0
[INFO] [stderr]    Compiling thread_local v0.3.4
[INFO] [stderr]    Compiling utf8-ranges v1.0.0
[INFO] [stderr]     Checking time v0.1.38
[INFO] [stderr]     Checking num_cpus v1.7.0
[INFO] [stderr]     Checking memchr v1.0.1
[INFO] [stderr]     Checking idna v0.1.4
[INFO] [stderr]    Compiling bitflags v0.9.1
[INFO] [stderr]    Compiling regex-syntax v0.4.1
[INFO] [stderr]    Compiling openssl v0.9.19
[INFO] [stderr]     Checking aho-corasick v0.6.3
[INFO] [stderr]     Checking rand v0.3.16
[INFO] [stderr]     Checking dtoa v0.4.2
[INFO] [stderr]    Compiling diesel v0.16.0
[INFO] [stderr]     Checking foreign-types v0.2.0
[INFO] [stderr]     Checking num-traits v0.1.40
[INFO] [stderr]     Checking itoa v0.3.4
[INFO] [stderr]    Compiling error-chain v0.10.0
[INFO] [stderr]     Checking serde v1.0.15
[INFO] [stderr]     Checking base64 v0.7.0
[INFO] [stderr]     Checking route-recognizer v0.1.12
[INFO] [stderr]    Compiling openssl-sys v0.9.19
[INFO] [stderr]     Checking url v1.5.1
[INFO] [stderr]    Compiling rust-crypto v0.2.36
[INFO] [stderr]    Compiling regex v0.2.2
[INFO] [stdout] error[E0713]: borrow may still be in use when destructor runs
[INFO] [stdout]    --> /opt/rustwide/cargo-home/registry/src/index.crates.io-6f17d22bba15001f/url-1.5.1/src/form_urlencoded.rs:251:40
[INFO] [stdout]     |
[INFO] [stdout] 249 | impl<'a> Target for ::UrlQuery<'a> {
[INFO] [stdout]     |      -- lifetime `'a` defined here
[INFO] [stdout] 250 |     fn as_mut_string(&mut self) -> &mut String { &mut self.url.serialization }
[INFO] [stdout] 251 |     fn finish(self) -> &'a mut ::Url { self.url }
[INFO] [stdout]     |                                        ^^^^^^^^ - here, drop of `self` needs exclusive access to `*self.url`, because the type `UrlQuery<'_>` implements the `Drop` trait
[INFO] [stdout]     |                                        |
[INFO] [stdout]     |                                        returning this value requires that `*self.url` is borrowed for `'a`
[INFO] [stdout] 
[INFO] [stdout] 
[INFO] [stdout] error: aborting due to previous error
[INFO] [stdout] 
[INFO] [stdout] 
[INFO] [stdout] For more information about this error, try `rustc --explain E0713`.
[INFO] [stdout] 
[INFO] [stderr] error: could not compile `url` (lib) due to 2 previous errors
[INFO] [stderr] warning: build failed, waiting for other jobs to finish...
[INFO] [stderr] error: failed to run custom build command for `openssl-sys v0.9.19`
[INFO] [stderr] note: To improve backtraces for build dependencies, set the CARGO_PROFILE_DEV_BUILD_OVERRIDE_DEBUG=true environment variable to enable debug information generation.
[INFO] [stderr] 
[INFO] [stderr] Caused by:
[INFO] [stderr]   process didn't exit successfully: `/opt/rustwide/target/debug/build/openssl-sys-78ea8e359cf7560f/build-script-build` (exit status: 101)
[INFO] [stderr]   --- stdout
[INFO] [stderr]   cargo:rerun-if-env-changed=X86_64_UNKNOWN_LINUX_GNU_OPENSSL_LIB_DIR
[INFO] [stderr]   cargo:rerun-if-env-changed=OPENSSL_LIB_DIR
[INFO] [stderr]   cargo:rerun-if-env-changed=X86_64_UNKNOWN_LINUX_GNU_OPENSSL_INCLUDE_DIR
[INFO] [stderr]   cargo:rerun-if-env-changed=OPENSSL_INCLUDE_DIR
[INFO] [stderr]   cargo:rerun-if-env-changed=X86_64_UNKNOWN_LINUX_GNU_OPENSSL_DIR
[INFO] [stderr]   cargo:rerun-if-env-changed=OPENSSL_DIR
[INFO] [stderr]   cargo:rustc-link-lib=ssl
[INFO] [stderr]   cargo:rustc-link-lib=crypto
[INFO] [stderr]   OPT_LEVEL = Some("0")
[INFO] [stderr]   TARGET = Some("x86_64-unknown-linux-gnu")
[INFO] [stderr]   HOST = Some("x86_64-unknown-linux-gnu")
[INFO] [stderr]   TARGET = Some("x86_64-unknown-linux-gnu")
[INFO] [stderr]   TARGET = Some("x86_64-unknown-linux-gnu")
[INFO] [stderr]   HOST = Some("x86_64-unknown-linux-gnu")
[INFO] [stderr]   CC_x86_64-unknown-linux-gnu = None
[INFO] [stderr]   CC_x86_64_unknown_linux_gnu = None
[INFO] [stderr]   HOST_CC = None
[INFO] [stderr]   CC = None
[INFO] [stderr]   HOST = Some("x86_64-unknown-linux-gnu")
[INFO] [stderr]   TARGET = Some("x86_64-unknown-linux-gnu")
[INFO] [stderr]   HOST = Some("x86_64-unknown-linux-gnu")
[INFO] [stderr]   CFLAGS_x86_64-unknown-linux-gnu = None
[INFO] [stderr]   CFLAGS_x86_64_unknown_linux_gnu = None
[INFO] [stderr]   HOST_CFLAGS = None
[INFO] [stderr]   CFLAGS = None
[INFO] [stderr]   DEBUG = Some("true")
[INFO] [stderr]   running: "cc" "-O0" "-ffunction-sections" "-fdata-sections" "-fPIC" "-g" "-m64" "-Wall" "-Wextra" "-E" "/opt/rustwide/target/debug/build/openssl-sys-12d912f1fb5c1e77/out/expando.c"
[INFO] [stderr]   exit status: 0
[INFO] [stderr]   cargo:rustc-cfg=osslconf="OPENSSL_NO_SSL3_METHOD"
[INFO] [stderr]   cargo:conf=OPENSSL_NO_SSL3_METHOD
[INFO] [stderr] 
[INFO] [stderr]   --- stderr
[INFO] [stderr]   thread 'main' panicked at /opt/rustwide/cargo-home/registry/src/index.crates.io-6f17d22bba15001f/openssl-sys-0.9.19/build.rs:488:9:
[INFO] [stderr] 
[INFO] [stderr] 
[INFO] [stderr]   This crate is only compatible with OpenSSL 1.0.1, 1.0.2, and 1.1.0, or LibreSSL
[INFO] [stderr]   2.5 and 2.6.0, but a different version of OpenSSL was found. The build is now
[INFO] [stderr]   aborting due to this version mismatch.
[INFO] [stderr] 
[INFO] [stderr] 
[INFO] [stderr]   stack backtrace:
[INFO] [stderr]      0:     0x5577dd98fb6c - std::backtrace_rs::backtrace::libunwind::trace::ha637c64ce894333a
[INFO] [stderr]                                  at /rustc/82e1608dfa6e0b5569232559e3d385fea5a93112/library/std/src/../../backtrace/src/backtrace/libunwind.rs:104:5
[INFO] [stderr]      1:     0x5577dd98fb6c - std::backtrace_rs::backtrace::trace_unsynchronized::h47f62dea28e0c88d
[INFO] [stderr]                                  at /rustc/82e1608dfa6e0b5569232559e3d385fea5a93112/library/std/src/../../backtrace/src/backtrace/mod.rs:66:5
[INFO] [stderr]      2:     0x5577dd98fb6c - std::sys_common::backtrace::_print_fmt::h9eef0abe20ede486
[INFO] [stderr]                                  at /rustc/82e1608dfa6e0b5569232559e3d385fea5a93112/library/std/src/sys_common/backtrace.rs:67:5
[INFO] [stderr]      3:     0x5577dd98fb6c - <std::sys_common::backtrace::_print::DisplayBacktrace as core::fmt::Display>::fmt::hed7f999df88cc644
[INFO] [stderr]                                  at /rustc/82e1608dfa6e0b5569232559e3d385fea5a93112/library/std/src/sys_common/backtrace.rs:44:22
[INFO] [stderr]      4:     0x5577dd9b5bf0 - core::fmt::rt::Argument::fmt::h1539a9308b8d058d
[INFO] [stderr]                                  at /rustc/82e1608dfa6e0b5569232559e3d385fea5a93112/library/core/src/fmt/rt.rs:142:9
[INFO] [stderr]      5:     0x5577dd9b5bf0 - core::fmt::write::h3a39390d8560d9c9
[INFO] [stderr]                                  at /rustc/82e1608dfa6e0b5569232559e3d385fea5a93112/library/core/src/fmt/mod.rs:1120:17
[INFO] [stderr]      6:     0x5577dd98d4af - std::io::Write::write_fmt::h5fc9997dfe05f882
[INFO] [stderr]                                  at /rustc/82e1608dfa6e0b5569232559e3d385fea5a93112/library/std/src/io/mod.rs:1762:15
[INFO] [stderr]      7:     0x5577dd98f954 - std::sys_common::backtrace::_print::h894006fb5c6f3d45
[INFO] [stderr]                                  at /rustc/82e1608dfa6e0b5569232559e3d385fea5a93112/library/std/src/sys_common/backtrace.rs:47:5
[INFO] [stderr]      8:     0x5577dd98f954 - std::sys_common::backtrace::print::h23a2d212c6fff936
[INFO] [stderr]                                  at /rustc/82e1608dfa6e0b5569232559e3d385fea5a93112/library/std/src/sys_common/backtrace.rs:34:9
[INFO] [stderr]      9:     0x5577dd991167 - std::panicking::default_hook::{{closure}}::h8a1d2ee00185001a
[INFO] [stderr]     10:     0x5577dd990ecf - std::panicking::default_hook::h6038f2eba384e475
[INFO] [stderr]                                  at /rustc/82e1608dfa6e0b5569232559e3d385fea5a93112/library/std/src/panicking.rs:292:9
[INFO] [stderr]     11:     0x5577dd9915e8 - std::panicking::rust_panic_with_hook::h2b5517d590cab22e
[INFO] [stderr]                                  at /rustc/82e1608dfa6e0b5569232559e3d385fea5a93112/library/std/src/panicking.rs:779:13
[INFO] [stderr]     12:     0x5577dd96339e - std::panicking::begin_panic::{{closure}}::h6b4e93bbe0c0e8fe
[INFO] [stderr]     13:     0x5577dd95f24a - std::sys_common::backtrace::__rust_end_short_backtrace::h8b63441812259ac6
[INFO] [stderr]     14:     0x5577dd96331b - std::panicking::begin_panic::hd71a3dacdc6bfd96
[INFO] [stderr]     15:     0x5577dd937bb6 - build_script_build::validate_headers::hfcc074f4562dcdae
[INFO] [stderr]     16:     0x5577dd936b9f - build_script_build::try_pkg_config::h8464a98b02170afc
[INFO] [stderr]     17:     0x5577dd935d93 - build_script_build::find_openssl_dir::hcc2595d861c12d44
[INFO] [stderr]     18:     0x5577dd935bd8 - build_script_build::main::{{closure}}::h0bf748bfb5958cb6
[INFO] [stderr]     19:     0x5577dd92dc19 - core::option::Option<T>::unwrap_or_else::he0e1978055facf95
[INFO] [stderr]     20:     0x5577dd934c31 - build_script_build::main::h18996c3c6304bc47
[INFO] [stderr]     21:     0x5577dd9312a3 - core::ops::function::FnOnce::call_once::heb0c28b965a83665
[INFO] [stderr]     22:     0x5577dd92d0c6 - std::sys_common::backtrace::__rust_begin_short_backtrace::hd5fa85dc02b39a88
[INFO] [stderr]     23:     0x5577dd930349 - std::rt::lang_start::{{closure}}::h98bea24005bc69a5
[INFO] [stderr]     24:     0x5577dd9899f7 - core::ops::function::impls::<impl core::ops::function::FnOnce<A> for &F>::call_once::hd95060ecd5e1ca24
[INFO] [stderr]                                  at /rustc/82e1608dfa6e0b5569232559e3d385fea5a93112/library/core/src/ops/function.rs:284:13
[INFO] [stderr]     25:     0x5577dd9899f7 - std::panicking::try::do_call::h6e8cf51db32a6e4b
[INFO] [stderr]                                  at /rustc/82e1608dfa6e0b5569232559e3d385fea5a93112/library/std/src/panicking.rs:552:40
[INFO] [stderr]     26:     0x5577dd9899f7 - std::panicking::try::h3a52eefe24fe3c29
[INFO] [stderr]                                  at /rustc/82e1608dfa6e0b5569232559e3d385fea5a93112/library/std/src/panicking.rs:516:19
[INFO] [stderr]     27:     0x5577dd9899f7 - std::panic::catch_unwind::h24c28c23c02c3841
[INFO] [stderr]                                  at /rustc/82e1608dfa6e0b5569232559e3d385fea5a93112/library/std/src/panic.rs:142:14
[INFO] [stderr]     28:     0x5577dd9899f7 - std::rt::lang_start_internal::{{closure}}::h705d3c9cbc06ef47
[INFO] [stderr]                                  at /rustc/82e1608dfa6e0b5569232559e3d385fea5a93112/library/std/src/rt.rs:148:48
[INFO] [stderr]     29:     0x5577dd9899f7 - std::panicking::try::do_call::ha21f52ba13158470
[INFO] [stderr]                                  at /rustc/82e1608dfa6e0b5569232559e3d385fea5a93112/library/std/src/panicking.rs:552:40
[INFO] [stderr]     30:     0x5577dd9899f7 - std::panicking::try::h5581346bf6aeb1f8
[INFO] [stderr]                                  at /rustc/82e1608dfa6e0b5569232559e3d385fea5a93112/library/std/src/panicking.rs:516:19
[INFO] [stderr]     31:     0x5577dd9899f7 - std::panic::catch_unwind::h7919645a6b72e25b
[INFO] [stderr]                                  at /rustc/82e1608dfa6e0b5569232559e3d385fea5a93112/library/std/src/panic.rs:142:14
[INFO] [stderr]     32:     0x5577dd9899f7 - std::rt::lang_start_internal::h12de51168669836e
[INFO] [stderr]                                  at /rustc/82e1608dfa6e0b5569232559e3d385fea5a93112/library/std/src/rt.rs:148:20
[INFO] [stderr]     33:     0x5577dd930327 - std::rt::lang_start::h491133c5f7a3027a
[INFO] [stderr]     34:     0x5577dd939535 - main
[INFO] [stderr]     35:     0x7f6970190d90 - <unknown>
[INFO] [stderr]     36:     0x7f6970190e40 - __libc_start_main
[INFO] [stderr]     37:     0x5577dd926e75 - _start
[INFO] [stderr]     38:                0x0 - <unknown>
[INFO] running `Command { std: "docker" "inspect" "552d1578e2f008d99523a7846a76561ada8671d3d62b37e0b7bedeb7660a1a2a", kill_on_drop: false }`
[INFO] running `Command { std: "docker" "rm" "-f" "552d1578e2f008d99523a7846a76561ada8671d3d62b37e0b7bedeb7660a1a2a", kill_on_drop: false }`
[INFO] [stdout] 552d1578e2f008d99523a7846a76561ada8671d3d62b37e0b7bedeb7660a1a2a
[INFO] documenting alexanderbanks/rust-api against beta-2023-12-22 for beta-1.76-rustdoc-1
[INFO] running `Command { std: "git" "clone" "/workspace/cache/git-repos/https%3A%2F%2Fgithub.com%2Falexanderbanks%2Frust-api" "/workspace/builds/worker-0-tc2/source", kill_on_drop: false }`
[INFO] [stderr] Cloning into '/workspace/builds/worker-0-tc2/source'...
[INFO] [stderr] done.
[INFO] validating manifest of git repo https://github.com/alexanderbanks/rust-api on toolchain beta-2023-12-22
[INFO] running `Command { std: CARGO_HOME="/workspace/cargo-home" RUSTUP_HOME="/workspace/rustup-home" "/workspace/cargo-home/bin/cargo" "+beta-2023-12-22" "metadata" "--manifest-path" "Cargo.toml" "--no-deps", kill_on_drop: false }`
[INFO] started tweaking git repo https://github.com/alexanderbanks/rust-api
[INFO] finished tweaking git repo https://github.com/alexanderbanks/rust-api
[INFO] tweaked toml for git repo https://github.com/alexanderbanks/rust-api written to /workspace/builds/worker-0-tc2/source/Cargo.toml
[INFO] crate git repo https://github.com/alexanderbanks/rust-api already has a lockfile, it will not be regenerated
[INFO] running `Command { std: CARGO_HOME="/workspace/cargo-home" RUSTUP_HOME="/workspace/rustup-home" "/workspace/cargo-home/bin/cargo" "+beta-2023-12-22" "fetch" "--manifest-path" "Cargo.toml", kill_on_drop: false }`
[INFO] running `Command { std: "docker" "create" "-v" "/var/lib/crater-agent-workspace/builds/worker-0-tc2/target:/opt/rustwide/target:rw,Z" "-v" "/var/lib/crater-agent-workspace/builds/worker-0-tc2/source:/opt/rustwide/workdir:ro,Z" "-v" "/var/lib/crater-agent-workspace/cargo-home:/opt/rustwide/cargo-home:ro,Z" "-v" "/var/lib/crater-agent-workspace/rustup-home:/opt/rustwide/rustup-home:ro,Z" "-e" "SOURCE_DIR=/opt/rustwide/workdir" "-e" "CARGO_TARGET_DIR=/opt/rustwide/target" "-e" "CARGO_HOME=/opt/rustwide/cargo-home" "-e" "RUSTUP_HOME=/opt/rustwide/rustup-home" "-w" "/opt/rustwide/workdir" "-m" "1610612736" "--user" "0:0" "--network" "none" "ghcr.io/rust-lang/crates-build-env/linux@sha256:2788e3201cd34a07e3172128adcd8b3090168a8e3bcc40d7c032b9dda1df7d1c" "/opt/rustwide/cargo-home/bin/cargo" "+beta-2023-12-22" "metadata" "--no-deps" "--format-version=1", kill_on_drop: false }`
[INFO] [stdout] c6bd7e50a1013b7c77ea9cf032bd6aa089ba919b77693a5f485892a914ab4f37
[INFO] running `Command { std: "docker" "start" "-a" "c6bd7e50a1013b7c77ea9cf032bd6aa089ba919b77693a5f485892a914ab4f37", kill_on_drop: false }`
[INFO] running `Command { std: "docker" "inspect" "c6bd7e50a1013b7c77ea9cf032bd6aa089ba919b77693a5f485892a914ab4f37", kill_on_drop: false }`
[INFO] running `Command { std: "docker" "rm" "-f" "c6bd7e50a1013b7c77ea9cf032bd6aa089ba919b77693a5f485892a914ab4f37", kill_on_drop: false }`
[INFO] [stdout] c6bd7e50a1013b7c77ea9cf032bd6aa089ba919b77693a5f485892a914ab4f37
[INFO] running `Command { std: "docker" "create" "-v" "/var/lib/crater-agent-workspace/builds/worker-0-tc2/target:/opt/rustwide/target:rw,Z" "-v" "/var/lib/crater-agent-workspace/builds/worker-0-tc2/source:/opt/rustwide/workdir:ro,Z" "-v" "/var/lib/crater-agent-workspace/cargo-home:/opt/rustwide/cargo-home:ro,Z" "-v" "/var/lib/crater-agent-workspace/rustup-home:/opt/rustwide/rustup-home:ro,Z" "-e" "SOURCE_DIR=/opt/rustwide/workdir" "-e" "CARGO_TARGET_DIR=/opt/rustwide/target" "-e" "CARGO_INCREMENTAL=0" "-e" "RUST_BACKTRACE=full" "-e" "RUSTFLAGS=--cap-lints=warn" "-e" "RUSTDOCFLAGS=--cap-lints=warn" "-e" "CARGO_HOME=/opt/rustwide/cargo-home" "-e" "RUSTUP_HOME=/opt/rustwide/rustup-home" "-w" "/opt/rustwide/workdir" "-m" "1610612736" "--user" "0:0" "--network" "none" "ghcr.io/rust-lang/crates-build-env/linux@sha256:2788e3201cd34a07e3172128adcd8b3090168a8e3bcc40d7c032b9dda1df7d1c" "/opt/rustwide/cargo-home/bin/cargo" "+beta-2023-12-22" "doc" "--frozen" "--no-deps" "--document-private-items" "--message-format=json", kill_on_drop: false }`
[INFO] [stdout] 64cd6ccdb91450c381255a57d0ffe89ea0c85348ddb0ee7f95c72fc6bff2614f
[INFO] running `Command { std: "docker" "start" "-a" "64cd6ccdb91450c381255a57d0ffe89ea0c85348ddb0ee7f95c72fc6bff2614f", kill_on_drop: false }`
[INFO] [stderr]     Checking libc v0.2.31
[INFO] [stderr]     Checking lazy_static v0.2.9
[INFO] [stderr]     Checking byteorder v1.1.0
[INFO] [stderr]     Checking traitobject v0.1.0
[INFO] [stderr]     Checking rustc-serialize v0.3.24
[INFO] [stderr]     Checking matches v0.1.6
[INFO] [stderr]     Checking safemem v0.2.0
[INFO] [stderr]    Compiling version_check v0.1.3
[INFO] [stderr]    Compiling pq-sys v0.4.4
[INFO] [stderr]     Checking unicode-normalization v0.1.5
[INFO] [stderr]    Compiling unicode-xid v0.0.4
[INFO] [stderr]     Checking percent-encoding v1.0.0
[INFO] [stderr]    Compiling pkg-config v0.3.9
[INFO] [stderr]     Checking typeable v0.1.2
[INFO] [stderr]    Compiling quote v0.3.15
[INFO] [stderr]    Compiling cc v1.0.0
[INFO] [stderr]     Checking unicode-bidi v0.3.4
[INFO] [stderr]     Checking log v0.3.8
[INFO] [stderr]     Checking httparse v1.2.3
[INFO] [stderr]    Compiling synom v0.11.3
[INFO] [stderr]     Checking unsafe-any v0.4.2
[INFO] [stderr]    Compiling void v1.0.2
[INFO] [stderr]     Checking typemap v0.3.3
[INFO] [stderr]     Checking base64 v0.6.0
[INFO] [stderr]     Checking language-tags v0.2.2
[INFO] [stderr]     Checking mime v0.2.6
[INFO] [stderr]    Compiling syn v0.11.11
[INFO] [stderr]    Compiling unreachable v1.0.0
[INFO] [stderr]     Checking plugin v0.2.6
[INFO] [stderr]    Compiling unicase v1.4.2
[INFO] [stderr]     Checking error v0.1.9
[INFO] [stderr]    Compiling gcc v0.3.54
[INFO] [stdout] error[E0310]: the parameter type `T` may not live long enough
[INFO] [stdout]     --> /opt/rustwide/cargo-home/registry/src/index.crates.io-6f17d22bba15001f/rustc-serialize-0.3.24/src/serialize.rs:1155:5
[INFO] [stdout]      |
[INFO] [stdout] 1155 |     fn decode<D: Decoder>(d: &mut D) -> Result<Cow<'static, T>, D::Error> {
[INFO] [stdout]      |     ^^^^^^^^^^^^^^^^^^^^^^^^^^^^^^^^^^^^^^^^^^^^^^^^^^^^^^^^^^^^^^^^^^^^^
[INFO] [stdout]      |     |
[INFO] [stdout]      |     the parameter type `T` must be valid for the static lifetime...
[INFO] [stdout]      |     ...so that the type `T` will meet its required lifetime bounds...
[INFO] [stdout]      |
[INFO] [stdout] note: ...that is required by this bound
[INFO] [stdout]     --> /rustc/0e09125c6c3c2fd70d7de961bcf0e51575235fad/library/alloc/src/borrow.rs:180:30
[INFO] [stdout] help: consider adding an explicit lifetime bound
[INFO] [stdout]      |
[INFO] [stdout] 1151 | impl<'a, T: ?Sized + 'static> Decodable for Cow<'a, T>
[INFO] [stdout]      |                    +++++++++
[INFO] [stdout] 
[INFO] [stdout] 
[INFO] [stderr]     Checking modifier v0.1.0
[INFO] [stderr]    Compiling bitflags v0.9.1
[INFO] [stderr]    Compiling regex-syntax v0.4.1
[INFO] [stderr]    Compiling thread_local v0.3.4
[INFO] [stderr]     Checking idna v0.1.4
[INFO] [stderr]     Checking time v0.1.38
[INFO] [stderr]     Checking num_cpus v1.7.0
[INFO] [stderr]     Checking memchr v1.0.1
[INFO] [stderr]    Compiling utf8-ranges v1.0.0
[INFO] [stderr]    Compiling openssl v0.9.19
[INFO] [stderr]     Checking rand v0.3.16
[INFO] [stderr]     Checking aho-corasick v0.6.3
[INFO] [stderr]    Compiling diesel v0.16.0
[INFO] [stderr]     Checking itoa v0.3.4
[INFO] [stderr]     Checking serde v1.0.15
[INFO] [stderr]     Checking foreign-types v0.2.0
[INFO] [stderr]    Compiling error-chain v0.10.0
[INFO] [stderr]     Checking dtoa v0.4.2
[INFO] [stderr]     Checking num-traits v0.1.40
[INFO] [stderr]     Checking base64 v0.7.0
[INFO] [stderr]     Checking route-recognizer v0.1.12
[INFO] [stderr]    Compiling openssl-sys v0.9.19
[INFO] [stderr]    Compiling rust-crypto v0.2.36
[INFO] [stderr]     Checking url v1.5.1
[INFO] [stdout] error: aborting due to 1 previous error
[INFO] [stdout] 
[INFO] [stdout] 
[INFO] [stdout] For more information about this error, try `rustc --explain E0310`.
[INFO] [stdout] 
[INFO] [stderr] error: could not compile `rustc-serialize` (lib) due to 2 previous errors
[INFO] [stderr] warning: build failed, waiting for other jobs to finish...
[INFO] [stdout] error[E0713]: borrow may still be in use when destructor runs
[INFO] [stdout]    --> /opt/rustwide/cargo-home/registry/src/index.crates.io-6f17d22bba15001f/url-1.5.1/src/form_urlencoded.rs:251:40
[INFO] [stdout]     |
[INFO] [stdout] 249 | impl<'a> Target for ::UrlQuery<'a> {
[INFO] [stdout]     |      -- lifetime `'a` defined here
[INFO] [stdout] 250 |     fn as_mut_string(&mut self) -> &mut String { &mut self.url.serialization }
[INFO] [stdout] 251 |     fn finish(self) -> &'a mut ::Url { self.url }
[INFO] [stdout]     |                                        ^^^^^^^^ - here, drop of `self` needs exclusive access to `*self.url`, because the type `UrlQuery<'_>` implements the `Drop` trait
[INFO] [stdout]     |                                        |
[INFO] [stdout]     |                                        returning this value requires that `*self.url` is borrowed for `'a`
[INFO] [stdout] 
[INFO] [stdout] 
[INFO] [stdout] error: aborting due to 1 previous error
[INFO] [stdout] 
[INFO] [stdout] 
[INFO] [stdout] For more information about this error, try `rustc --explain E0713`.
[INFO] [stdout] 
[INFO] [stderr] error: could not compile `url` (lib) due to 2 previous errors
[INFO] running `Command { std: "docker" "inspect" "64cd6ccdb91450c381255a57d0ffe89ea0c85348ddb0ee7f95c72fc6bff2614f", kill_on_drop: false }`
[INFO] running `Command { std: "docker" "rm" "-f" "64cd6ccdb91450c381255a57d0ffe89ea0c85348ddb0ee7f95c72fc6bff2614f", kill_on_drop: false }`
[INFO] [stdout] 64cd6ccdb91450c381255a57d0ffe89ea0c85348ddb0ee7f95c72fc6bff2614f
