[INFO] cloning repository https://github.com/aleksandrpak/fdupes
[INFO] running `Command { std: "git" "-c" "credential.helper=" "-c" "credential.helper=/workspace/cargo-home/bin/git-credential-null" "clone" "--bare" "https://github.com/aleksandrpak/fdupes" "/workspace/cache/git-repos/https%3A%2F%2Fgithub.com%2Faleksandrpak%2Ffdupes", kill_on_drop: false }`
[INFO] [stderr] Cloning into bare repository '/workspace/cache/git-repos/https%3A%2F%2Fgithub.com%2Faleksandrpak%2Ffdupes'...
[INFO] running `Command { std: "git" "rev-parse" "HEAD", kill_on_drop: false }`
[INFO] [stdout] 33b2381abb62db94292e3b3c80f9bd3248318459
[INFO] documenting aleksandrpak/fdupes against 1.75.0 for beta-1.76-rustdoc-1
[INFO] running `Command { std: "git" "clone" "/workspace/cache/git-repos/https%3A%2F%2Fgithub.com%2Faleksandrpak%2Ffdupes" "/workspace/builds/worker-3-tc1/source", kill_on_drop: false }`
[INFO] [stderr] Cloning into '/workspace/builds/worker-3-tc1/source'...
[INFO] [stderr] done.
[INFO] validating manifest of git repo https://github.com/aleksandrpak/fdupes on toolchain 1.75.0
[INFO] running `Command { std: CARGO_HOME="/workspace/cargo-home" RUSTUP_HOME="/workspace/rustup-home" "/workspace/cargo-home/bin/cargo" "+1.75.0" "metadata" "--manifest-path" "Cargo.toml" "--no-deps", kill_on_drop: false }`
[INFO] started tweaking git repo https://github.com/aleksandrpak/fdupes
[INFO] finished tweaking git repo https://github.com/aleksandrpak/fdupes
[INFO] tweaked toml for git repo https://github.com/aleksandrpak/fdupes written to /workspace/builds/worker-3-tc1/source/Cargo.toml
[INFO] crate git repo https://github.com/aleksandrpak/fdupes already has a lockfile, it will not be regenerated
[INFO] running `Command { std: CARGO_HOME="/workspace/cargo-home" RUSTUP_HOME="/workspace/rustup-home" "/workspace/cargo-home/bin/cargo" "+1.75.0" "fetch" "--manifest-path" "Cargo.toml", kill_on_drop: false }`
[INFO] [stderr]  Downloading crates ...
[INFO] [stderr]   Downloaded strsim v0.3.0
[INFO] [stderr]   Downloaded gcc v0.3.28
[INFO] [stderr]   Downloaded docopt v0.6.80
[INFO] [stderr]   Downloaded regex-syntax v0.3.3
[INFO] [stderr]   Downloaded libc v0.2.11
[INFO] [stderr]   Downloaded winapi v0.2.7
[INFO] [stderr]   Downloaded regex v0.1.71
[INFO] running `Command { std: "docker" "create" "-v" "/var/lib/crater-agent-workspace/builds/worker-3-tc1/target:/opt/rustwide/target:rw,Z" "-v" "/var/lib/crater-agent-workspace/builds/worker-3-tc1/source:/opt/rustwide/workdir:ro,Z" "-v" "/var/lib/crater-agent-workspace/cargo-home:/opt/rustwide/cargo-home:ro,Z" "-v" "/var/lib/crater-agent-workspace/rustup-home:/opt/rustwide/rustup-home:ro,Z" "-e" "SOURCE_DIR=/opt/rustwide/workdir" "-e" "CARGO_TARGET_DIR=/opt/rustwide/target" "-e" "CARGO_HOME=/opt/rustwide/cargo-home" "-e" "RUSTUP_HOME=/opt/rustwide/rustup-home" "-w" "/opt/rustwide/workdir" "-m" "1610612736" "--user" "0:0" "--network" "none" "ghcr.io/rust-lang/crates-build-env/linux@sha256:2788e3201cd34a07e3172128adcd8b3090168a8e3bcc40d7c032b9dda1df7d1c" "/opt/rustwide/cargo-home/bin/cargo" "+1.75.0" "metadata" "--no-deps" "--format-version=1", kill_on_drop: false }`
[INFO] [stdout] 3e0717ff73f46cc21fe4b02958fb809fe4f6f66bd6a1c4f74a6a6b11cf1a31c7
[INFO] running `Command { std: "docker" "start" "-a" "3e0717ff73f46cc21fe4b02958fb809fe4f6f66bd6a1c4f74a6a6b11cf1a31c7", kill_on_drop: false }`
[INFO] running `Command { std: "docker" "inspect" "3e0717ff73f46cc21fe4b02958fb809fe4f6f66bd6a1c4f74a6a6b11cf1a31c7", kill_on_drop: false }`
[INFO] running `Command { std: "docker" "rm" "-f" "3e0717ff73f46cc21fe4b02958fb809fe4f6f66bd6a1c4f74a6a6b11cf1a31c7", kill_on_drop: false }`
[INFO] [stdout] 3e0717ff73f46cc21fe4b02958fb809fe4f6f66bd6a1c4f74a6a6b11cf1a31c7
[INFO] running `Command { std: "docker" "create" "-v" "/var/lib/crater-agent-workspace/builds/worker-3-tc1/target:/opt/rustwide/target:rw,Z" "-v" "/var/lib/crater-agent-workspace/builds/worker-3-tc1/source:/opt/rustwide/workdir:ro,Z" "-v" "/var/lib/crater-agent-workspace/cargo-home:/opt/rustwide/cargo-home:ro,Z" "-v" "/var/lib/crater-agent-workspace/rustup-home:/opt/rustwide/rustup-home:ro,Z" "-e" "SOURCE_DIR=/opt/rustwide/workdir" "-e" "CARGO_TARGET_DIR=/opt/rustwide/target" "-e" "CARGO_INCREMENTAL=0" "-e" "RUST_BACKTRACE=full" "-e" "RUSTFLAGS=--cap-lints=warn" "-e" "RUSTDOCFLAGS=--cap-lints=warn" "-e" "CARGO_HOME=/opt/rustwide/cargo-home" "-e" "RUSTUP_HOME=/opt/rustwide/rustup-home" "-w" "/opt/rustwide/workdir" "-m" "1610612736" "--user" "0:0" "--network" "none" "ghcr.io/rust-lang/crates-build-env/linux@sha256:2788e3201cd34a07e3172128adcd8b3090168a8e3bcc40d7c032b9dda1df7d1c" "/opt/rustwide/cargo-home/bin/cargo" "+1.75.0" "doc" "--frozen" "--no-deps" "--document-private-items" "--message-format=json", kill_on_drop: false }`
[INFO] [stdout] fa20c5847eed4a2a228e9927815ee84a2930e6d1a0ba91dff2ec93ad295e1675
[INFO] running `Command { std: "docker" "start" "-a" "fa20c5847eed4a2a228e9927815ee84a2930e6d1a0ba91dff2ec93ad295e1675", kill_on_drop: false }`
[INFO] [stderr]     Checking libc v0.2.11
[INFO] [stderr]    Compiling winapi-build v0.1.1
[INFO] [stderr]     Checking winapi v0.2.7
[INFO] [stderr]    Compiling gcc v0.3.28
[INFO] [stderr]     Checking rustc-serialize v0.3.19
[INFO] [stderr]     Checking regex-syntax v0.3.3
[INFO] [stderr]     Checking utf8-ranges v0.1.3
[INFO] [stderr]     Checking strsim v0.3.0
[INFO] [stderr]    Compiling kernel32-sys v0.2.2
[INFO] [stdout] error[E0642]: patterns aren't allowed in functions without bodies
[INFO] [stdout]    --> /opt/rustwide/cargo-home/registry/src/index.crates.io-6f17d22bba15001f/rustc-serialize-0.3.19/src/serialize.rs:147:45
[INFO] [stdout]     |
[INFO] [stdout] 147 | ...                   &f_name: &str,
[INFO] [stdout]     |                       ^^^^^^^ pattern not allowed in function without body
[INFO] [stdout] 
[INFO] [stdout] 
[INFO] [stderr]     Checking memchr v0.1.11
[INFO] [stderr]     Checking rand v0.3.14
[INFO] [stderr]     Checking aho-corasick v0.5.2
[INFO] [stderr]    Compiling rust-crypto v0.2.36
[INFO] [stderr]     Checking thread-id v2.0.0
[INFO] [stderr]     Checking time v0.1.35
[INFO] [stderr]     Checking thread_local v0.2.5
[INFO] [stderr]     Checking regex v0.1.71
[INFO] [stdout] error: aborting due to previous error
[INFO] [stdout] 
[INFO] [stdout] 
[INFO] [stdout] For more information about this error, try `rustc --explain E0642`.
[INFO] [stdout] 
[INFO] [stderr] error: could not compile `rustc-serialize` (lib) due to 2 previous errors; 1 warning emitted
[INFO] [stderr] warning: build failed, waiting for other jobs to finish...
[INFO] running `Command { std: "docker" "inspect" "fa20c5847eed4a2a228e9927815ee84a2930e6d1a0ba91dff2ec93ad295e1675", kill_on_drop: false }`
[INFO] running `Command { std: "docker" "rm" "-f" "fa20c5847eed4a2a228e9927815ee84a2930e6d1a0ba91dff2ec93ad295e1675", kill_on_drop: false }`
[INFO] [stdout] fa20c5847eed4a2a228e9927815ee84a2930e6d1a0ba91dff2ec93ad295e1675
[INFO] documenting aleksandrpak/fdupes against beta-2023-12-22 for beta-1.76-rustdoc-1
[INFO] running `Command { std: "git" "clone" "/workspace/cache/git-repos/https%3A%2F%2Fgithub.com%2Faleksandrpak%2Ffdupes" "/workspace/builds/worker-3-tc2/source", kill_on_drop: false }`
[INFO] [stderr] Cloning into '/workspace/builds/worker-3-tc2/source'...
[INFO] [stderr] done.
[INFO] validating manifest of git repo https://github.com/aleksandrpak/fdupes on toolchain beta-2023-12-22
[INFO] running `Command { std: CARGO_HOME="/workspace/cargo-home" RUSTUP_HOME="/workspace/rustup-home" "/workspace/cargo-home/bin/cargo" "+beta-2023-12-22" "metadata" "--manifest-path" "Cargo.toml" "--no-deps", kill_on_drop: false }`
[INFO] started tweaking git repo https://github.com/aleksandrpak/fdupes
[INFO] finished tweaking git repo https://github.com/aleksandrpak/fdupes
[INFO] tweaked toml for git repo https://github.com/aleksandrpak/fdupes written to /workspace/builds/worker-3-tc2/source/Cargo.toml
[INFO] crate git repo https://github.com/aleksandrpak/fdupes already has a lockfile, it will not be regenerated
[INFO] running `Command { std: CARGO_HOME="/workspace/cargo-home" RUSTUP_HOME="/workspace/rustup-home" "/workspace/cargo-home/bin/cargo" "+beta-2023-12-22" "fetch" "--manifest-path" "Cargo.toml", kill_on_drop: false }`
[INFO] running `Command { std: "docker" "create" "-v" "/var/lib/crater-agent-workspace/builds/worker-3-tc2/target:/opt/rustwide/target:rw,Z" "-v" "/var/lib/crater-agent-workspace/builds/worker-3-tc2/source:/opt/rustwide/workdir:ro,Z" "-v" "/var/lib/crater-agent-workspace/cargo-home:/opt/rustwide/cargo-home:ro,Z" "-v" "/var/lib/crater-agent-workspace/rustup-home:/opt/rustwide/rustup-home:ro,Z" "-e" "SOURCE_DIR=/opt/rustwide/workdir" "-e" "CARGO_TARGET_DIR=/opt/rustwide/target" "-e" "CARGO_HOME=/opt/rustwide/cargo-home" "-e" "RUSTUP_HOME=/opt/rustwide/rustup-home" "-w" "/opt/rustwide/workdir" "-m" "1610612736" "--user" "0:0" "--network" "none" "ghcr.io/rust-lang/crates-build-env/linux@sha256:2788e3201cd34a07e3172128adcd8b3090168a8e3bcc40d7c032b9dda1df7d1c" "/opt/rustwide/cargo-home/bin/cargo" "+beta-2023-12-22" "metadata" "--no-deps" "--format-version=1", kill_on_drop: false }`
[INFO] [stdout] 13d6fc38c157b9c29e69441219e753adb714e862a0be02f1d788b19302473266
[INFO] running `Command { std: "docker" "start" "-a" "13d6fc38c157b9c29e69441219e753adb714e862a0be02f1d788b19302473266", kill_on_drop: false }`
[INFO] running `Command { std: "docker" "inspect" "13d6fc38c157b9c29e69441219e753adb714e862a0be02f1d788b19302473266", kill_on_drop: false }`
[INFO] running `Command { std: "docker" "rm" "-f" "13d6fc38c157b9c29e69441219e753adb714e862a0be02f1d788b19302473266", kill_on_drop: false }`
[INFO] [stdout] 13d6fc38c157b9c29e69441219e753adb714e862a0be02f1d788b19302473266
[INFO] running `Command { std: "docker" "create" "-v" "/var/lib/crater-agent-workspace/builds/worker-3-tc2/target:/opt/rustwide/target:rw,Z" "-v" "/var/lib/crater-agent-workspace/builds/worker-3-tc2/source:/opt/rustwide/workdir:ro,Z" "-v" "/var/lib/crater-agent-workspace/cargo-home:/opt/rustwide/cargo-home:ro,Z" "-v" "/var/lib/crater-agent-workspace/rustup-home:/opt/rustwide/rustup-home:ro,Z" "-e" "SOURCE_DIR=/opt/rustwide/workdir" "-e" "CARGO_TARGET_DIR=/opt/rustwide/target" "-e" "CARGO_INCREMENTAL=0" "-e" "RUST_BACKTRACE=full" "-e" "RUSTFLAGS=--cap-lints=warn" "-e" "RUSTDOCFLAGS=--cap-lints=warn" "-e" "CARGO_HOME=/opt/rustwide/cargo-home" "-e" "RUSTUP_HOME=/opt/rustwide/rustup-home" "-w" "/opt/rustwide/workdir" "-m" "1610612736" "--user" "0:0" "--network" "none" "ghcr.io/rust-lang/crates-build-env/linux@sha256:2788e3201cd34a07e3172128adcd8b3090168a8e3bcc40d7c032b9dda1df7d1c" "/opt/rustwide/cargo-home/bin/cargo" "+beta-2023-12-22" "doc" "--frozen" "--no-deps" "--document-private-items" "--message-format=json", kill_on_drop: false }`
[INFO] [stdout] 63a85f1d5ad9c4bc8be774c065cf9a118272837a110d1c6b3fb544a10ff91e7c
[INFO] running `Command { std: "docker" "start" "-a" "63a85f1d5ad9c4bc8be774c065cf9a118272837a110d1c6b3fb544a10ff91e7c", kill_on_drop: false }`
[INFO] [stderr]     Checking libc v0.2.11
[INFO] [stderr]    Compiling winapi-build v0.1.1
[INFO] [stderr]     Checking winapi v0.2.7
[INFO] [stderr]    Compiling gcc v0.3.28
[INFO] [stderr]     Checking regex-syntax v0.3.3
[INFO] [stderr]     Checking utf8-ranges v0.1.3
[INFO] [stderr]     Checking rustc-serialize v0.3.19
[INFO] [stderr]     Checking strsim v0.3.0
[INFO] [stdout] error[E0642]: patterns aren't allowed in functions without bodies
[INFO] [stdout]    --> /opt/rustwide/cargo-home/registry/src/index.crates.io-6f17d22bba15001f/rustc-serialize-0.3.19/src/serialize.rs:147:45
[INFO] [stdout]     |
[INFO] [stdout] 147 | ...                   &f_name: &str,
[INFO] [stdout]     |                       ^^^^^^^ pattern not allowed in function without body
[INFO] [stdout] 
[INFO] [stdout] 
[INFO] [stderr]    Compiling kernel32-sys v0.2.2
[INFO] [stderr]     Checking memchr v0.1.11
[INFO] [stderr]     Checking rand v0.3.14
[INFO] [stderr]     Checking aho-corasick v0.5.2
[INFO] [stdout] error[E0310]: the parameter type `T` may not live long enough
[INFO] [stdout]    --> /opt/rustwide/cargo-home/registry/src/index.crates.io-6f17d22bba15001f/rustc-serialize-0.3.19/src/serialize.rs:454:5
[INFO] [stdout]     |
[INFO] [stdout] 454 |     fn decode<D: Decoder>(d: &mut D) -> Result<Cow<'static, T>, D::Error> {
[INFO] [stdout]     |     ^^^^^^^^^^^^^^^^^^^^^^^^^^^^^^^^^^^^^^^^^^^^^^^^^^^^^^^^^^^^^^^^^^^^^
[INFO] [stdout]     |     |
[INFO] [stdout]     |     the parameter type `T` must be valid for the static lifetime...
[INFO] [stdout]     |     ...so that the type `T` will meet its required lifetime bounds...
[INFO] [stdout]     |
[INFO] [stdout] note: ...that is required by this bound
[INFO] [stdout]    --> /rustc/0e09125c6c3c2fd70d7de961bcf0e51575235fad/library/alloc/src/borrow.rs:180:30
[INFO] [stdout] help: consider adding an explicit lifetime bound
[INFO] [stdout]     |
[INFO] [stdout] 450 | impl<'a, T: ?Sized + 'static> Decodable for Cow<'a, T>
[INFO] [stdout]     |                    +++++++++
[INFO] [stdout] 
[INFO] [stdout] 
[INFO] [stderr]    Compiling rust-crypto v0.2.36
[INFO] [stderr]     Checking thread-id v2.0.0
[INFO] [stderr]     Checking time v0.1.35
[INFO] [stderr]     Checking thread_local v0.2.5
[INFO] [stderr]     Checking regex v0.1.71
[INFO] [stdout] error: aborting due to 2 previous errors
[INFO] [stdout] 
[INFO] [stdout] 
[INFO] [stdout] Some errors have detailed explanations: E0310, E0642.
[INFO] [stdout] 
[INFO] [stdout] For more information about an error, try `rustc --explain E0310`.
[INFO] [stdout] 
[INFO] [stderr] error: could not compile `rustc-serialize` (lib) due to 3 previous errors
[INFO] [stderr] warning: build failed, waiting for other jobs to finish...
[INFO] running `Command { std: "docker" "inspect" "63a85f1d5ad9c4bc8be774c065cf9a118272837a110d1c6b3fb544a10ff91e7c", kill_on_drop: false }`
[INFO] running `Command { std: "docker" "rm" "-f" "63a85f1d5ad9c4bc8be774c065cf9a118272837a110d1c6b3fb544a10ff91e7c", kill_on_drop: false }`
[INFO] [stdout] 63a85f1d5ad9c4bc8be774c065cf9a118272837a110d1c6b3fb544a10ff91e7c
