[INFO] cloning repository https://github.com/alday102/uniffi-rs
[INFO] running `Command { std: "git" "-c" "credential.helper=" "-c" "credential.helper=/workspace/cargo-home/bin/git-credential-null" "clone" "--bare" "https://github.com/alday102/uniffi-rs" "/workspace/cache/git-repos/https%3A%2F%2Fgithub.com%2Falday102%2Funiffi-rs", kill_on_drop: false }`
[INFO] [stderr] Cloning into bare repository '/workspace/cache/git-repos/https%3A%2F%2Fgithub.com%2Falday102%2Funiffi-rs'...
[INFO] running `Command { std: "git" "rev-parse" "HEAD", kill_on_drop: false }`
[INFO] [stdout] 39fc189c2e4b2441efd0198e2e99ec894c8332d0
[INFO] documenting alday102/uniffi-rs against 1.75.0 for beta-1.76-rustdoc-1
[INFO] running `Command { std: "git" "clone" "/workspace/cache/git-repos/https%3A%2F%2Fgithub.com%2Falday102%2Funiffi-rs" "/workspace/builds/worker-7-tc1/source", kill_on_drop: false }`
[INFO] [stderr] Cloning into '/workspace/builds/worker-7-tc1/source'...
[INFO] [stderr] done.
[INFO] validating manifest of git repo https://github.com/alday102/uniffi-rs on toolchain 1.75.0
[INFO] running `Command { std: CARGO_HOME="/workspace/cargo-home" RUSTUP_HOME="/workspace/rustup-home" "/workspace/cargo-home/bin/cargo" "+1.75.0" "metadata" "--manifest-path" "Cargo.toml" "--no-deps", kill_on_drop: false }`
[INFO] removed /workspace/builds/worker-7-tc1/source/.cargo/config.toml
[INFO] removed /workspace/builds/worker-7-tc1/source/rust-toolchain.toml
[INFO] started tweaking git repo https://github.com/alday102/uniffi-rs
[INFO] finished tweaking git repo https://github.com/alday102/uniffi-rs
[INFO] tweaked toml for git repo https://github.com/alday102/uniffi-rs written to /workspace/builds/worker-7-tc1/source/Cargo.toml
[INFO] crate git repo https://github.com/alday102/uniffi-rs already has a lockfile, it will not be regenerated
[INFO] running `Command { std: CARGO_HOME="/workspace/cargo-home" RUSTUP_HOME="/workspace/rustup-home" "/workspace/cargo-home/bin/cargo" "+1.75.0" "fetch" "--manifest-path" "Cargo.toml", kill_on_drop: false }`
[INFO] [stderr]  Downloading crates ...
[INFO] [stderr]   Downloaded trybuild v1.0.83
[INFO] [stderr]   Downloaded rustix v0.37.25
[INFO] [stderr]   Downloaded sharded-slab v0.1.5
[INFO] running `Command { std: "docker" "create" "-v" "/var/lib/crater-agent-workspace/builds/worker-7-tc1/target:/opt/rustwide/target:rw,Z" "-v" "/var/lib/crater-agent-workspace/builds/worker-7-tc1/source:/opt/rustwide/workdir:ro,Z" "-v" "/var/lib/crater-agent-workspace/cargo-home:/opt/rustwide/cargo-home:ro,Z" "-v" "/var/lib/crater-agent-workspace/rustup-home:/opt/rustwide/rustup-home:ro,Z" "-e" "SOURCE_DIR=/opt/rustwide/workdir" "-e" "CARGO_TARGET_DIR=/opt/rustwide/target" "-e" "CARGO_HOME=/opt/rustwide/cargo-home" "-e" "RUSTUP_HOME=/opt/rustwide/rustup-home" "-w" "/opt/rustwide/workdir" "-m" "1610612736" "--user" "0:0" "--network" "none" "ghcr.io/rust-lang/crates-build-env/linux@sha256:2788e3201cd34a07e3172128adcd8b3090168a8e3bcc40d7c032b9dda1df7d1c" "/opt/rustwide/cargo-home/bin/cargo" "+1.75.0" "metadata" "--no-deps" "--format-version=1", kill_on_drop: false }`
[INFO] [stdout] 62b13c525db1f589720304125a5f0599ef5810cc38f2552b4030daf3147fa14a
[INFO] running `Command { std: "docker" "start" "-a" "62b13c525db1f589720304125a5f0599ef5810cc38f2552b4030daf3147fa14a", kill_on_drop: false }`
[INFO] running `Command { std: "docker" "inspect" "62b13c525db1f589720304125a5f0599ef5810cc38f2552b4030daf3147fa14a", kill_on_drop: false }`
[INFO] running `Command { std: "docker" "rm" "-f" "62b13c525db1f589720304125a5f0599ef5810cc38f2552b4030daf3147fa14a", kill_on_drop: false }`
[INFO] [stdout] 62b13c525db1f589720304125a5f0599ef5810cc38f2552b4030daf3147fa14a
[INFO] running `Command { std: "docker" "create" "-v" "/var/lib/crater-agent-workspace/builds/worker-7-tc1/target:/opt/rustwide/target:rw,Z" "-v" "/var/lib/crater-agent-workspace/builds/worker-7-tc1/source:/opt/rustwide/workdir:ro,Z" "-v" "/var/lib/crater-agent-workspace/cargo-home:/opt/rustwide/cargo-home:ro,Z" "-v" "/var/lib/crater-agent-workspace/rustup-home:/opt/rustwide/rustup-home:ro,Z" "-e" "SOURCE_DIR=/opt/rustwide/workdir" "-e" "CARGO_TARGET_DIR=/opt/rustwide/target" "-e" "CARGO_INCREMENTAL=0" "-e" "RUST_BACKTRACE=full" "-e" "RUSTFLAGS=--cap-lints=warn" "-e" "RUSTDOCFLAGS=--cap-lints=warn" "-e" "CARGO_HOME=/opt/rustwide/cargo-home" "-e" "RUSTUP_HOME=/opt/rustwide/rustup-home" "-w" "/opt/rustwide/workdir" "-m" "1610612736" "--user" "0:0" "--network" "none" "ghcr.io/rust-lang/crates-build-env/linux@sha256:2788e3201cd34a07e3172128adcd8b3090168a8e3bcc40d7c032b9dda1df7d1c" "/opt/rustwide/cargo-home/bin/cargo" "+1.75.0" "doc" "--frozen" "--no-deps" "--document-private-items" "--message-format=json", kill_on_drop: false }`
[INFO] [stdout] 52aadeba2b06c60b95cd3af65fb2cf628fab56a2ca263c89185479f10cbf8236
[INFO] running `Command { std: "docker" "start" "-a" "52aadeba2b06c60b95cd3af65fb2cf628fab56a2ca263c89185479f10cbf8236", kill_on_drop: false }`
[INFO] [stderr] warning: output filename collision.
[INFO] [stderr] The lib target `uniffi_bindgen` in package `uniffi_bindgen v0.25.0 (/opt/rustwide/workdir/uniffi_bindgen)` has the same output filename as the bin target `uniffi-bindgen` in package `uniffi-bindgen-cli v0.1.0 (/opt/rustwide/workdir/examples/app/uniffi-bindgen-cli)`.
[INFO] [stderr] Colliding filename is: /opt/rustwide/target/doc/uniffi_bindgen/index.html
[INFO] [stderr] The output filenames should be unique.
[INFO] [stderr] This is a known bug where multiple crates with the same name use
[INFO] [stderr] the same path; see <https://github.com/rust-lang/cargo/issues/6313>.
[INFO] [stderr] If this looks unexpected, it may be a bug in Cargo. Please file a bug report at
[INFO] [stderr] https://github.com/rust-lang/cargo/issues/ with as much information as you
[INFO] [stderr] can provide.
[INFO] [stderr] cargo 1.75.0 (1d8b05cdd 2023-11-20) running on `x86_64-unknown-linux-gnu` target `x86_64-unknown-linux-gnu`
[INFO] [stderr] First unit: Unit { pkg: Package { id: PackageId { name: "uniffi_bindgen", version: "0.25.0", source: "/opt/rustwide/workdir/uniffi_bindgen" }, ..: ".." }, target: TargetInner { ..: lib_target("uniffi_bindgen", ["lib"], "/opt/rustwide/workdir/uniffi_bindgen/src/lib.rs", Edition2021) }, profile: Profile { incremental: false, ..: default_dev() }, kind: Host, mode: Doc { deps: false }, features: ["clap"], artifact: false, artifact_target_for_features: None, is_std: false, dep_hash: 15122020401033968566 }
[INFO] [stderr] Second unit: Unit { pkg: Package { id: PackageId { name: "uniffi-bindgen-cli", version: "0.1.0", source: "/opt/rustwide/workdir/examples/app/uniffi-bindgen-cli" }, ..: ".." }, target: TargetInner { name: "uniffi-bindgen", doc: true, ..: with_path("/opt/rustwide/workdir/examples/app/uniffi-bindgen-cli/uniffi-bindgen.rs", Edition2021) }, profile: Profile { incremental: false, ..: default_dev() }, kind: Host, mode: Doc { deps: false }, features: [], artifact: false, artifact_target_for_features: None, is_std: false, dep_hash: 12084276128742719995 }
[INFO] [stderr]    Compiling proc-macro2 v1.0.66
[INFO] [stderr]    Compiling unicode-ident v1.0.11
[INFO] [stderr]    Compiling serde v1.0.186
[INFO] [stderr]    Compiling camino v1.1.6
[INFO] [stderr]    Compiling serde_json v1.0.105
[INFO] [stderr]    Compiling anyhow v1.0.75
[INFO] [stderr]    Compiling semver v1.0.18
[INFO] [stderr]    Compiling thiserror v1.0.47
[INFO] [stderr]    Compiling memchr v2.5.0
[INFO] [stderr]    Compiling minimal-lexical v0.2.1
[INFO] [stderr]    Compiling paste v1.0.14
[INFO] [stderr]    Compiling mime v0.3.17
[INFO] [stderr]    Compiling heck v0.4.1
[INFO] [stderr]    Compiling ryu v1.0.15
[INFO] [stderr]    Compiling itoa v1.0.9
[INFO] [stderr]    Compiling unicase v2.7.0
[INFO] [stderr]    Compiling bytes v1.4.0
[INFO] [stderr]    Compiling once_cell v1.18.0
[INFO] [stderr]    Compiling log v0.4.20
[INFO] [stderr]    Compiling siphasher v0.3.11
[INFO] [stderr]    Compiling fs-err v2.9.0
[INFO] [stderr]    Compiling askama_escape v0.10.3
[INFO] [stderr]    Compiling plain v0.2.3
[INFO] [stderr]    Compiling glob v0.3.1
[INFO] [stderr]    Compiling oneshot v0.1.5
[INFO] [stderr]    Compiling static_assertions v1.1.0
[INFO] [stderr]     Checking value-bag v1.4.1
[INFO] [stderr]    Compiling futures-core v0.3.28
[INFO] [stderr]    Compiling mime_guess v2.0.4
[INFO] [stderr]    Compiling rustix v0.38.8
[INFO] [stderr]     Checking pin-project-lite v0.2.13
[INFO] [stderr]     Checking linux-raw-sys v0.4.5
[INFO] [stderr]     Checking bitflags v2.4.0
[INFO] [stderr]     Checking futures-io v0.3.28
[INFO] [stderr]    Compiling nom v7.1.3
[INFO] [stderr]     Checking utf8parse v0.2.1
[INFO] [stderr]     Checking anstyle-query v1.0.0
[INFO] [stderr]     Checking colorchoice v1.0.0
[INFO] [stderr]    Compiling quote v1.0.33
[INFO] [stderr]     Checking anstyle v1.0.2
[INFO] [stderr]     Checking anstyle-parse v0.2.1
[INFO] [stderr]     Checking strsim v0.10.0
[INFO] [stderr]     Checking clap_lex v0.5.0
[INFO] [stderr]     Checking tokio v1.32.0
[INFO] [stderr]    Compiling crossbeam-utils v0.8.16
[INFO] [stderr]    Compiling libc v0.2.147
[INFO] [stderr]    Compiling syn v2.0.29
[INFO] [stderr]    Compiling memoffset v0.9.0
[INFO] [stderr]     Checking event-listener v2.5.3
[INFO] [stderr]     Checking tinyvec_macros v0.1.1
[INFO] [stderr]     Checking tinyvec v1.6.0
[INFO] [stderr]    Compiling slab v0.4.9
[INFO] [stderr]    Compiling num-traits v0.2.16
[INFO] [stderr]    Compiling crossbeam-epoch v0.9.15
[INFO] [stderr]     Checking waker-fn v1.1.0
[INFO] [stderr]     Checking fastrand v1.9.0
[INFO] [stderr]     Checking parking v2.1.0
[INFO] [stderr]    Compiling io-lifetimes v1.0.11
[INFO] [stderr]     Checking async-lock v2.8.0
[INFO] [stderr]     Checking futures-lite v1.13.0
[INFO] [stderr]    Compiling polling v2.8.0
[INFO] [stderr]     Checking concurrent-queue v2.2.0
[INFO] [stderr]     Checking percent-encoding v2.3.0
[INFO] [stderr]    Compiling rustix v0.37.25
[INFO] [stderr]     Checking scopeguard v1.2.0
[INFO] [stderr]     Checking unicode-bidi v0.3.13
[INFO] [stderr]     Checking is-terminal v0.4.9
[INFO] [stderr]     Checking unicode-normalization v0.1.22
[INFO] [stderr]     Checking anstream v0.3.2
[INFO] [stderr]     Checking form_urlencoded v1.2.0
[INFO] [stderr]    Compiling async-io v1.13.0
[INFO] [stderr]     Checking either v1.9.0
[INFO] [stderr]     Checking async-task v4.4.0
[INFO] [stderr]     Checking bitflags v1.3.2
[INFO] [stderr]     Checking clap_builder v4.3.19
[INFO] [stderr]    Compiling rayon-core v1.11.0
[INFO] [stderr]     Checking linux-raw-sys v0.3.8
[INFO] [stderr]     Checking socket2 v0.4.9
[INFO] [stderr]     Checking num_cpus v1.16.0
[INFO] [stderr]     Checking crossbeam-deque v0.8.3
[INFO] [stderr]     Checking async-channel v1.9.0
[INFO] [stderr]     Checking crossbeam-channel v0.5.8
[INFO] [stderr]     Checking plotters-backend v0.3.5
[INFO] [stderr]     Checking half v1.8.2
[INFO] [stderr]     Checking idna v0.4.0
[INFO] [stderr]     Checking atomic-waker v1.1.1
[INFO] [stderr]     Checking regex-syntax v0.7.4
[INFO] [stderr]     Checking weedle2 v4.0.0 (/opt/rustwide/workdir/weedle2)
[INFO] [stderr]     Checking ciborium-io v0.2.1
[INFO] [stderr]     Checking plotters-svg v0.3.5
[INFO] [stderr]     Checking blocking v1.3.1
[INFO] [stderr]     Checking async-executor v1.5.1
[INFO] [stderr]     Checking ciborium-ll v0.2.1
[INFO] [stderr]     Checking itertools v0.10.5
[INFO] [stderr]     Checking async-compat v0.2.1
[INFO] [stderr]     Checking same-file v1.0.6
[INFO] [stderr]     Checking cast v0.3.0
[INFO] [stderr]     Checking url v2.4.0
[INFO] [stderr]     Checking kv-log-macro v1.0.7
[INFO] [stderr]     Checking oorandom v11.1.3
[INFO] [stderr]     Checking walkdir v2.3.3
[INFO] [stderr]    Compiling uniffi_uitests v0.22.0 (/opt/rustwide/workdir/fixtures/uitests)
[INFO] [stderr]     Checking plotters v0.3.5
[INFO] [stderr]     Checking lazy_static v1.4.0
[INFO] [stderr]     Checking fnv v1.0.7
[INFO] [stderr]     Checking anes v0.1.6
[INFO] [stderr]     Checking pin-utils v0.1.0
[INFO] [stderr]     Checking http v0.2.9
[INFO] [stderr]     Checking chrono v0.4.26
[INFO] [stderr]     Checking rayon v1.7.0
[INFO] [stderr]     Checking uniffi-fixture-regression-cdylib-dependency v0.22.0 (/opt/rustwide/workdir/fixtures/regressions/cdylib-crate-type-dependency/cdylib-dependency)
[INFO] [stderr]     Checking uniffi-fixture-ext-types-external-crate v0.22.0 (/opt/rustwide/workdir/fixtures/ext-types/external-crate)
[INFO] [stderr]  Documenting weedle2 v4.0.0 (/opt/rustwide/workdir/weedle2)
[INFO] [stderr]  Documenting uniffi-fixture-ext-types-external-crate v0.22.0 (/opt/rustwide/workdir/fixtures/ext-types/external-crate)
[INFO] [stderr]  Documenting uniffi-fixture-regression-cdylib-dependency v0.22.0 (/opt/rustwide/workdir/fixtures/regressions/cdylib-crate-type-dependency/cdylib-dependency)
[INFO] [stderr]     Checking regex-automata v0.3.6
[INFO] [stderr]     Checking criterion-plot v0.5.0
[INFO] [stderr]    Compiling serde_derive v1.0.186
[INFO] [stderr]    Compiling thiserror-impl v1.0.47
[INFO] [stderr]    Compiling uniffi_checksum_derive v0.25.0 (/opt/rustwide/workdir/uniffi_checksum_derive)
[INFO] [stderr]    Compiling scroll_derive v0.11.1
[INFO] [stderr]    Compiling clap_derive v4.3.12
[INFO] [stderr]     Checking regex v1.9.3
[INFO] [stderr]  Documenting uniffi_checksum_derive v0.25.0 (/opt/rustwide/workdir/uniffi_checksum_derive)
[INFO] [stderr]     Checking async-global-executor v2.3.1
[INFO] [stderr]     Checking async-std v1.12.0
[INFO] [stderr]    Compiling uniffi_meta v0.25.0 (/opt/rustwide/workdir/uniffi_meta)
[INFO] [stderr]  Documenting uniffi_meta v0.25.0 (/opt/rustwide/workdir/uniffi_meta)
[INFO] [stderr]    Compiling scroll v0.11.0
[INFO] [stderr]     Checking goblin v0.6.1
[INFO] [stdout] warning: unresolved link to `super::ffi::FfiType`
[INFO] [stdout]   --> uniffi_meta/src/types.rs:18:29
[INFO] [stdout]    |
[INFO] [stdout] 18 | //! by the [`ffi::FfiType`](super::ffi::FfiType) enum, but that's a detail that is invisible to end users.
[INFO] [stdout]    |                             ^^^^^^^^^^^^^^^^^^^ no item named `ffi` in module `uniffi_meta`
[INFO] [stdout]    |
[INFO] [stdout]    = note: `#[warn(rustdoc::broken_intra_doc_links)]` on by default
[INFO] [stdout] 
[INFO] [stdout] 
[INFO] [stdout] warning: unresolved link to `SipHasher13`
[INFO] [stdout]    --> uniffi_meta/src/lib.rs:416:69
[INFO] [stdout]     |
[INFO] [stdout] 416 | /// Returns the last 16 bits of the value's hash as computed with [`SipHasher13`].
[INFO] [stdout]     |                                                                     ^^^^^^^^^^^ no item named `SipHasher13` in scope
[INFO] [stdout]     |
[INFO] [stdout]     = help: to escape `[` and `]` characters, add '\' before them like `\[` or `\]`
[INFO] [stdout] 
[INFO] [stdout] 
[INFO] [stdout] warning: 2 warnings emitted
[INFO] [stdout] 
[INFO] [stdout] 
[INFO] [stderr]     Checking clap v4.3.19
[INFO] [stderr]     Checking cargo-platform v0.1.3
[INFO] [stderr]     Checking toml v0.5.11
[INFO] [stderr]     Checking bincode v1.3.3
[INFO] [stderr]     Checking ciborium v0.2.1
[INFO] [stderr]     Checking uniffi_core v0.25.0 (/opt/rustwide/workdir/uniffi_core)
[INFO] [stderr]  Documenting uniffi_core v0.25.0 (/opt/rustwide/workdir/uniffi_core)
[INFO] [stderr]    Compiling basic-toml v0.1.4
[INFO] [stderr]     Checking cargo_metadata v0.15.4
[INFO] [stdout] warning: unresolved link to `FfiConverter::lower_return`
[INFO] [stdout]   --> uniffi_core/src/lib.rs:24:24
[INFO] [stdout]    |
[INFO] [stdout] 24 | //!  * How to [return](FfiConverter::lower_return) values of the Rust type from scaffolding
[INFO] [stdout]    |                        ^^^^^^^^^^^^^^^^^^^^^^^^^^ the trait `FfiConverter` has no associated item named `lower_return`
[INFO] [stdout]    |
[INFO] [stdout]    = note: `#[warn(rustdoc::broken_intra_doc_links)]` on by default
[INFO] [stdout] 
[INFO] [stdout] 
[INFO] [stdout] warning: unresolved link to `rust_future_cancel`
[INFO] [stdout]   --> uniffi_core/src/ffi/rustcalls.rs:98:10
[INFO] [stdout]    |
[INFO] [stdout] 98 |     /// [rust_future_cancel] call.
[INFO] [stdout]    |          ^^^^^^^^^^^^^^^^^^ no item named `rust_future_cancel` in scope
[INFO] [stdout]    |
[INFO] [stdout]    = help: to escape `[` and `]` characters, add '\' before them like `\[` or `\]`
[INFO] [stdout] 
[INFO] [stdout] 
[INFO] [stdout] warning: public documentation for `rustfuture` links to private item `RustFuture`
[INFO] [stdout]  --> uniffi_core/src/ffi/rustfuture.rs:5:7
[INFO] [stdout]   |
[INFO] [stdout] 5 | //! [`RustFuture`] represents a [`Future`] that can be sent to the foreign code over FFI.
[INFO] [stdout]   |       ^^^^^^^^^^ this item is private
[INFO] [stdout]   |
[INFO] [stdout]   = note: this link resolves only because you passed `--document-private-items`, but will break without
[INFO] [stdout]   = note: `#[warn(rustdoc::private_intra_doc_links)]` on by default
[INFO] [stdout] 
[INFO] [stdout] 
[INFO] [stdout] warning: public documentation for `rustfuture` links to private item `RustFuture`
[INFO] [stdout]   --> uniffi_core/src/ffi/rustfuture.rs:22:82
[INFO] [stdout]    |
[INFO] [stdout] 22 | //!     continuation function to be called with [RustFuturePoll::Ready] and the [RustFuture] to
[INFO] [stdout]    |                                                                                  ^^^^^^^^^^ this item is private
[INFO] [stdout]    |
[INFO] [stdout]    = note: this link resolves only because you passed `--document-private-items`, but will break without
[INFO] [stdout] 
[INFO] [stdout] 
[INFO] [stdout] warning: unresolved link to `derive_ffi_traits`
[INFO] [stdout]   --> uniffi_core/src/ffi_converter_traits.rs:29:59
[INFO] [stdout]    |
[INFO] [stdout] 29 | //! * For most types we implement [FfiConverter] and use [derive_ffi_traits] to implement the rest
[INFO] [stdout]    |                                                           ^^^^^^^^^^^^^^^^^ no item named `derive_ffi_traits` in scope
[INFO] [stdout]    |
[INFO] [stdout]    = note: `macro_rules` named `derive_ffi_traits` exists in this crate, but it is not in scope at this link's location
[INFO] [stdout] 
[INFO] [stdout] 
[INFO] [stdout] warning: unresolved link to `derive_ffi_traits`
[INFO] [stdout]   --> uniffi_core/src/ffi_converter_traits.rs:31:8
[INFO] [stdout]    |
[INFO] [stdout] 31 | //!   [derive_ffi_traits] to implement the rest
[INFO] [stdout]    |        ^^^^^^^^^^^^^^^^^ no item named `derive_ffi_traits` in scope
[INFO] [stdout]    |
[INFO] [stdout]    = note: `macro_rules` named `derive_ffi_traits` exists in this crate, but it is not in scope at this link's location
[INFO] [stdout] 
[INFO] [stdout] 
[INFO] [stdout] warning: unresolved link to `derive_ffi_traits`
[INFO] [stdout]   --> uniffi_core/src/ffi_converter_traits.rs:59:6
[INFO] [stdout]    |
[INFO] [stdout] 59 | /// [derive_ffi_traits] is a simple way to implement all the traits that are.
[INFO] [stdout]    |      ^^^^^^^^^^^^^^^^^ no item named `derive_ffi_traits` in scope
[INFO] [stdout]    |
[INFO] [stdout]    = note: `macro_rules` named `derive_ffi_traits` exists in this crate, but it is not in scope at this link's location
[INFO] [stdout] 
[INFO] [stdout] 
[INFO] [stdout] warning: unresolved link to `rust_call`
[INFO] [stdout]    --> uniffi_core/src/ffi_converter_traits.rs:273:68
[INFO] [stdout]     |
[INFO] [stdout] 273 |     /// This method converts values into the `Result<>` type that [rust_call] expects. For
[INFO] [stdout]     |                                                                    ^^^^^^^^^ no item named `rust_call` in scope
[INFO] [stdout]     |
[INFO] [stdout]     = help: to escape `[` and `]` characters, add '\' before them like `\[` or `\]`
[INFO] [stdout] 
[INFO] [stdout] 
[INFO] [stdout] warning: unclosed HTML tag `T`
[INFO] [stdout]    --> uniffi_core/src/ffi_converter_traits.rs:137:32
[INFO] [stdout]     |
[INFO] [stdout] 137 | /// `FfiConverter` impl for Arc<T>.
[INFO] [stdout]     |                                ^^^
[INFO] [stdout]     |
[INFO] [stdout]     = note: `#[warn(rustdoc::invalid_html_tags)]` on by default
[INFO] [stdout] help: try marking as source code
[INFO] [stdout]     |
[INFO] [stdout] 137 | /// `FfiConverter` impl for `Arc<T>`.
[INFO] [stdout]     |                             +      +
[INFO] [stdout] 
[INFO] [stdout] 
[INFO] [stderr]     Checking tinytemplate v1.2.1
[INFO] [stdout] warning: 9 warnings emitted
[INFO] [stdout] 
[INFO] [stdout] 
[INFO] [stderr]     Checking criterion v0.5.1
[INFO] [stderr]    Compiling askama_derive v0.12.1
[INFO] [stderr]     Checking uniffi_testing v0.25.0 (/opt/rustwide/workdir/uniffi_testing)
[INFO] [stderr]     Checking uniffi_udl v0.25.0 (/opt/rustwide/workdir/uniffi_udl)
[INFO] [stderr]  Documenting uniffi_testing v0.25.0 (/opt/rustwide/workdir/uniffi_testing)
[INFO] [stderr]  Documenting uniffi_udl v0.25.0 (/opt/rustwide/workdir/uniffi_udl)
[INFO] [stdout] warning: unresolved link to `super::TypeFinder`
[INFO] [stdout]   --> uniffi_udl/src/resolver.rs:10:27
[INFO] [stdout]    |
[INFO] [stdout] 10 | //! used a [`TypeFinder`](super::TypeFinder) to populate the universe).
[INFO] [stdout]    |                           ^^^^^^^^^^^^^^^^^ no item named `TypeFinder` in module `uniffi_udl`
[INFO] [stdout]    |
[INFO] [stdout]    = note: `#[warn(rustdoc::broken_intra_doc_links)]` on by default
[INFO] [stdout] 
[INFO] [stdout] 
[INFO] [stdout] warning: 1 warning emitted
[INFO] [stdout] 
[INFO] [stdout] 
[INFO] [stderr]    Compiling askama v0.12.0
[INFO] [stderr]     Checking uniffi_bindgen v0.25.0 (/opt/rustwide/workdir/uniffi_bindgen)
[INFO] [stderr]  Documenting uniffi_bindgen v0.25.0 (/opt/rustwide/workdir/uniffi_bindgen)
[INFO] [stderr]  Documenting uniffi_build v0.25.0 (/opt/rustwide/workdir/uniffi_build)
[INFO] [stderr]     Checking uniffi_build v0.25.0 (/opt/rustwide/workdir/uniffi_build)
[INFO] [stderr]  Documenting uniffi_macros v0.25.0 (/opt/rustwide/workdir/uniffi_macros)
[INFO] [stderr]    Compiling uniffi_macros v0.25.0 (/opt/rustwide/workdir/uniffi_macros)
[INFO] [stderr]    Compiling uniffi v0.25.0 (/opt/rustwide/workdir/uniffi)
[INFO] [stderr]  Documenting uniffi v0.25.0 (/opt/rustwide/workdir/uniffi)
[INFO] [stderr]    Compiling uniffi-fixture-ext-types-lib-one v0.22.0 (/opt/rustwide/workdir/fixtures/ext-types/uniffi-one)
[INFO] [stderr]    Compiling uniffi-fixture-ext-types-guid v0.22.0 (/opt/rustwide/workdir/fixtures/ext-types/guid)
[INFO] [stderr]    Compiling uniffi-example-custom-types v0.22.0 (/opt/rustwide/workdir/examples/custom-types)
[INFO] [stderr]    Compiling uniffi-fixture-callbacks v0.22.0 (/opt/rustwide/workdir/fixtures/callbacks)
[INFO] [stderr]    Compiling uniffi-fixture-coverall v0.22.0 (/opt/rustwide/workdir/fixtures/coverall)
[INFO] [stderr]    Compiling uniffi-fixture-futures v0.21.0 (/opt/rustwide/workdir/fixtures/futures)
[INFO] [stderr]    Compiling uniffi-fixture-version-mismatch v0.22.0 (/opt/rustwide/workdir/fixtures/version-mismatch)
[INFO] [stderr]    Compiling uniffi-fixture-trait-methods v0.22.0 (/opt/rustwide/workdir/fixtures/trait-methods)
[INFO] [stderr]    Compiling uniffi-fixture-simple-fns v0.22.0 (/opt/rustwide/workdir/fixtures/simple-fns)
[INFO] [stderr]    Compiling uniffi-fixture-regression-missing-newline v0.22.0 (/opt/rustwide/workdir/fixtures/regressions/missing-newline)
[INFO] [stderr]    Compiling uniffi-example-geometry v0.22.0 (/opt/rustwide/workdir/examples/geometry)
[INFO] [stderr]    Compiling uniffi-fixture-benchmarks v0.22.0 (/opt/rustwide/workdir/fixtures/benchmarks)
[INFO] [stderr]    Compiling uniffi-fixture-keywords-kotlin v0.22.0 (/opt/rustwide/workdir/fixtures/keywords/kotlin)
[INFO] [stderr]    Compiling uniffi-fixture-regression-kotlin-experimental-unsigned-types v0.22.0 (/opt/rustwide/workdir/fixtures/regressions/kotlin-experimental-unsigned-types)
[INFO] [stderr]    Compiling uniffi-fixture-regression-i1015-fully-qualified-types v0.22.0 (/opt/rustwide/workdir/fixtures/regressions/fully-qualified-types)
[INFO] [stderr] error: could not document `uniffi`
[INFO] [stderr] 
[INFO] [stderr] Caused by:
[INFO] [stderr]   process didn't exit successfully: `/opt/rustwide/rustup-home/toolchains/1.75.0-x86_64-unknown-linux-gnu/bin/rustdoc --edition=2021 --crate-type lib --crate-name uniffi uniffi/src/lib.rs -o /opt/rustwide/target/doc --cfg 'feature="bindgen"' --cfg 'feature="cli"' --cfg 'feature="default"' --cfg 'feature="tokio"' --error-format=json --json=diagnostic-rendered-ansi,artifacts,future-incompat --document-private-items -C metadata=ee4ee206316ca026 -L dependency=/opt/rustwide/target/debug/deps --extern anyhow=/opt/rustwide/target/debug/deps/libanyhow-407784efe10f3351.rmeta --extern camino=/opt/rustwide/target/debug/deps/libcamino-44f63403702da9be.rmeta --extern clap=/opt/rustwide/target/debug/deps/libclap-40d536d82f817174.rmeta --extern uniffi_bindgen=/opt/rustwide/target/debug/deps/libuniffi_bindgen-c8e050add8eeb01b.rmeta --extern uniffi_core=/opt/rustwide/target/debug/deps/libuniffi_core-4bfb3dc9b8a53d26.rmeta --extern uniffi_macros=/opt/rustwide/target/debug/deps/libuniffi_macros-4643b5ba1da439d2.so --cap-lints=warn --crate-version 0.25.0` (signal: 9, SIGKILL: kill)
[INFO] [stderr] warning: build failed, waiting for other jobs to finish...
[INFO] [stdout] error: linking with `cc` failed: exit status: 1
[INFO] [stdout]   |
[INFO] [stdout]   = note: LC_ALL="C" PATH="/opt/rustwide/rustup-home/toolchains/1.75.0-x86_64-unknown-linux-gnu/lib/rustlib/x86_64-unknown-linux-gnu/bin:/opt/rustwide/cargo-home/bin:/usr/local/sbin:/usr/local/bin:/usr/sbin:/usr/bin:/sbin:/bin" VSLANG="1033" "cc" "-m64" "/tmp/rustc1ldMdr/symbols.o" "/opt/rustwide/target/debug/build/uniffi-fixture-trait-methods-82fa38fca0ac278c/build_script_build-82fa38fca0ac278c.build_script_build.ff93443125f2679a-cgu.0.rcgu.o" "/opt/rustwide/target/debug/build/uniffi-fixture-trait-methods-82fa38fca0ac278c/build_script_build-82fa38fca0ac278c.3iroorzasag5o3xb.rcgu.o" "-Wl,--as-needed" "-L" "/opt/rustwide/target/debug/deps" "-L" "/opt/rustwide/rustup-home/toolchains/1.75.0-x86_64-unknown-linux-gnu/lib/rustlib/x86_64-unknown-linux-gnu/lib" "-Wl,-Bstatic" "/opt/rustwide/target/debug/deps/libuniffi-73f5d374f623009b.rlib" "/opt/rustwide/target/debug/deps/libuniffi_build-3b62ce0010f836a8.rlib" "/opt/rustwide/target/debug/deps/libuniffi_bindgen-4bb1c2e1343d9c1c.rlib" "/opt/rustwide/target/debug/deps/libtoml-06a9c92f96a1213a.rlib" "/opt/rustwide/target/debug/deps/libuniffi_udl-f443504e2da4e447.rlib" "/opt/rustwide/target/debug/deps/libweedle-6d531dd1b95c0f83.rlib" "/opt/rustwide/target/debug/deps/libnom-d44cded41ea68322.rlib" "/opt/rustwide/target/debug/deps/libmemchr-748f9a42d227385d.rlib" "/opt/rustwide/target/debug/deps/libglob-e9adc5ca61f9060a.rlib" "/opt/rustwide/target/debug/deps/libgoblin-5b6198e570d29635.rlib" "/opt/rustwide/target/debug/deps/libplain-f93309effa246501.rlib" "/opt/rustwide/target/debug/deps/libscroll-6dce16a21586e043.rlib" "/opt/rustwide/target/debug/deps/libuniffi_meta-21b20f5201452531.rlib" "/opt/rustwide/target/debug/deps/libsiphasher-a7d28fc5ef8dad93.rlib" "/opt/rustwide/target/debug/deps/libuniffi_testing-fe842041ce139505.rlib" "/opt/rustwide/target/debug/deps/libonce_cell-68ff6fd5e157d5a3.rlib" "/opt/rustwide/target/debug/deps/libcargo_metadata-eecba35daf477f06.rlib" "/opt/rustwide/target/debug/deps/libserde_json-d276b3ef6cd7aa4c.rlib" "/opt/rustwide/target/debug/deps/libryu-85738198120a0cb0.rlib" "/opt/rustwide/target/debug/deps/libitoa-32e9a425e1dbd5ea.rlib" "/opt/rustwide/target/debug/deps/libthiserror-b29571c2da07ecee.rlib" "/opt/rustwide/target/debug/deps/libcargo_platform-23ac8f9f07541c04.rlib" "/opt/rustwide/target/debug/deps/libsemver-7a0cd95c68e44c33.rlib" "/opt/rustwide/target/debug/deps/libheck-f31c47d9e172c234.rlib" "/opt/rustwide/target/debug/deps/libaskama-db9abbaa0cf3aab8.rlib" "/opt/rustwide/target/debug/deps/libaskama_escape-a89d699e1c997d62.rlib" "/opt/rustwide/target/debug/deps/libfs_err-a6594a41120e579f.rlib" "/opt/rustwide/target/debug/deps/libcamino-1385970f7139e28a.rlib" "/opt/rustwide/target/debug/deps/libserde-0e54433941374747.rlib" "/opt/rustwide/target/debug/deps/libuniffi_core-faf89036933da300.rlib" "/opt/rustwide/target/debug/deps/liboneshot-bcec2465246b396b.rlib" "/opt/rustwide/target/debug/deps/libstatic_assertions-a58dcbc86816068a.rlib" "/opt/rustwide/target/debug/deps/liblog-1e808ff9fadd59e8.rlib" "/opt/rustwide/target/debug/deps/libbytes-3e6996afb60eaf61.rlib" "/opt/rustwide/target/debug/deps/libanyhow-b6a15806ce709686.rlib" "/opt/rustwide/rustup-home/toolchains/1.75.0-x86_64-unknown-linux-gnu/lib/rustlib/x86_64-unknown-linux-gnu/lib/libstd-90f6ddbf82de36ec.rlib" "/opt/rustwide/rustup-home/toolchains/1.75.0-x86_64-unknown-linux-gnu/lib/rustlib/x86_64-unknown-linux-gnu/lib/libpanic_unwind-480c41e9d4e1f677.rlib" "/opt/rustwide/rustup-home/toolchains/1.75.0-x86_64-unknown-linux-gnu/lib/rustlib/x86_64-unknown-linux-gnu/lib/libobject-db744c0ca03eed1d.rlib" "/opt/rustwide/rustup-home/toolchains/1.75.0-x86_64-unknown-linux-gnu/lib/rustlib/x86_64-unknown-linux-gnu/lib/libmemchr-8ba652dc7d4b285a.rlib" "/opt/rustwide/rustup-home/toolchains/1.75.0-x86_64-unknown-linux-gnu/lib/rustlib/x86_64-unknown-linux-gnu/lib/libaddr2line-d5f4520a9ebc0d58.rlib" "/opt/rustwide/rustup-home/toolchains/1.75.0-x86_64-unknown-linux-gnu/lib/rustlib/x86_64-unknown-linux-gnu/lib/libgimli-4ad84de58f0cb463.rlib" "/opt/rustwide/rustup-home/toolchains/1.75.0-x86_64-unknown-linux-gnu/lib/rustlib/x86_64-unknown-linux-gnu/lib/librustc_demangle-0d10aae2e0f38735.rlib" "/opt/rustwide/rustup-home/toolchains/1.75.0-x86_64-unknown-linux-gnu/lib/rustlib/x86_64-unknown-linux-gnu/lib/libstd_detect-0c17cff739e6745b.rlib" "/opt/rustwide/rustup-home/toolchains/1.75.0-x86_64-unknown-linux-gnu/lib/rustlib/x86_64-unknown-linux-gnu/lib/libhashbrown-b29e17139dde1aa8.rlib" "/opt/rustwide/rustup-home/toolchains/1.75.0-x86_64-unknown-linux-gnu/lib/rustlib/x86_64-unknown-linux-gnu/lib/librustc_std_workspace_alloc-1f975299829cc7bd.rlib" "/opt/rustwide/rustup-home/toolchains/1.75.0-x86_64-unknown-linux-gnu/lib/rustlib/x86_64-unknown-linux-gnu/lib/libminiz_oxide-86bae3bc3079f89b.rlib" "/opt/rustwide/rustup-home/toolchains/1.75.0-x86_64-unknown-linux-gnu/lib/rustlib/x86_64-unknown-linux-gnu/lib/libadler-321b82c30dffdf5f.rlib" "/opt/rustwide/rustup-home/toolchains/1.75.0-x86_64-unknown-linux-gnu/lib/rustlib/x86_64-unknown-linux-gnu/lib/libunwind-3dd8a6810a0bdfef.rlib" "/opt/rustwide/rustup-home/toolchains/1.75.0-x86_64-unknown-linux-gnu/lib/rustlib/x86_64-unknown-linux-gnu/lib/libcfg_if-eb39a61c0c879984.rlib" "/opt/rustwide/rustup-home/toolchains/1.75.0-x86_64-unknown-linux-gnu/lib/rustlib/x86_64-unknown-linux-gnu/lib/liblibc-aa769569f91c3548.rlib" "/opt/rustwide/rustup-home/toolchains/1.75.0-x86_64-unknown-linux-gnu/lib/rustlib/x86_64-unknown-linux-gnu/lib/liballoc-510a192a50a983ed.rlib" "/opt/rustwide/rustup-home/toolchains/1.75.0-x86_64-unknown-linux-gnu/lib/rustlib/x86_64-unknown-linux-gnu/lib/librustc_std_workspace_core-0577018320f99037.rlib" "/opt/rustwide/rustup-home/toolchains/1.75.0-x86_64-unknown-linux-gnu/lib/rustlib/x86_64-unknown-linux-gnu/lib/libcore-193cf992125ccd4c.rlib" "/opt/rustwide/rustup-home/toolchains/1.75.0-x86_64-unknown-linux-gnu/lib/rustlib/x86_64-unknown-linux-gnu/lib/libcompiler_builtins-8e138eaf26ebb4a8.rlib" "-Wl,-Bdynamic" "-lgcc_s" "-lutil" "-lrt" "-lpthread" "-lm" "-ldl" "-lc" "-Wl,--eh-frame-hdr" "-Wl,-z,noexecstack" "-L" "/opt/rustwide/rustup-home/toolchains/1.75.0-x86_64-unknown-linux-gnu/lib/rustlib/x86_64-unknown-linux-gnu/lib" "-o" "/opt/rustwide/target/debug/build/uniffi-fixture-trait-methods-82fa38fca0ac278c/build_script_build-82fa38fca0ac278c" "-Wl,--gc-sections" "-pie" "-Wl,-z,relro,-z,now" "-nodefaultlibs"
[INFO] [stdout]   = note: collect2: fatal error: ld terminated with signal 9 [Killed]
[INFO] [stdout]           compilation terminated.
[INFO] [stdout]           
[INFO] [stdout] 
[INFO] [stdout] 
[INFO] [stdout] error: aborting due to previous error
[INFO] [stdout] 
[INFO] [stdout] 
[INFO] [stderr] error: could not compile `uniffi-fixture-trait-methods` (build script) due to 2 previous errors
[INFO] [stdout] error: linking with `cc` failed: exit status: 1
[INFO] [stdout]   |
[INFO] [stdout]   = note: LC_ALL="C" PATH="/opt/rustwide/rustup-home/toolchains/1.75.0-x86_64-unknown-linux-gnu/lib/rustlib/x86_64-unknown-linux-gnu/bin:/opt/rustwide/cargo-home/bin:/usr/local/sbin:/usr/local/bin:/usr/sbin:/usr/bin:/sbin:/bin" VSLANG="1033" "cc" "-m64" "/tmp/rustc6xypBz/symbols.o" "/opt/rustwide/target/debug/build/uniffi-fixture-callbacks-d1509df02bf1d75e/build_script_build-d1509df02bf1d75e.build_script_build.1aeef9ef954e3336-cgu.0.rcgu.o" "/opt/rustwide/target/debug/build/uniffi-fixture-callbacks-d1509df02bf1d75e/build_script_build-d1509df02bf1d75e.46d9i5pupkrs1yb4.rcgu.o" "-Wl,--as-needed" "-L" "/opt/rustwide/target/debug/deps" "-L" "/opt/rustwide/rustup-home/toolchains/1.75.0-x86_64-unknown-linux-gnu/lib/rustlib/x86_64-unknown-linux-gnu/lib" "-Wl,-Bstatic" "/opt/rustwide/target/debug/deps/libuniffi-73f5d374f623009b.rlib" "/opt/rustwide/target/debug/deps/libuniffi_build-3b62ce0010f836a8.rlib" "/opt/rustwide/target/debug/deps/libuniffi_bindgen-4bb1c2e1343d9c1c.rlib" "/opt/rustwide/target/debug/deps/libtoml-06a9c92f96a1213a.rlib" "/opt/rustwide/target/debug/deps/libuniffi_udl-f443504e2da4e447.rlib" "/opt/rustwide/target/debug/deps/libweedle-6d531dd1b95c0f83.rlib" "/opt/rustwide/target/debug/deps/libnom-d44cded41ea68322.rlib" "/opt/rustwide/target/debug/deps/libmemchr-748f9a42d227385d.rlib" "/opt/rustwide/target/debug/deps/libglob-e9adc5ca61f9060a.rlib" "/opt/rustwide/target/debug/deps/libgoblin-5b6198e570d29635.rlib" "/opt/rustwide/target/debug/deps/libplain-f93309effa246501.rlib" "/opt/rustwide/target/debug/deps/libscroll-6dce16a21586e043.rlib" "/opt/rustwide/target/debug/deps/libuniffi_meta-21b20f5201452531.rlib" "/opt/rustwide/target/debug/deps/libsiphasher-a7d28fc5ef8dad93.rlib" "/opt/rustwide/target/debug/deps/libuniffi_testing-fe842041ce139505.rlib" "/opt/rustwide/target/debug/deps/libonce_cell-68ff6fd5e157d5a3.rlib" "/opt/rustwide/target/debug/deps/libcargo_metadata-eecba35daf477f06.rlib" "/opt/rustwide/target/debug/deps/libserde_json-d276b3ef6cd7aa4c.rlib" "/opt/rustwide/target/debug/deps/libryu-85738198120a0cb0.rlib" "/opt/rustwide/target/debug/deps/libitoa-32e9a425e1dbd5ea.rlib" "/opt/rustwide/target/debug/deps/libthiserror-b29571c2da07ecee.rlib" "/opt/rustwide/target/debug/deps/libcargo_platform-23ac8f9f07541c04.rlib" "/opt/rustwide/target/debug/deps/libsemver-7a0cd95c68e44c33.rlib" "/opt/rustwide/target/debug/deps/libheck-f31c47d9e172c234.rlib" "/opt/rustwide/target/debug/deps/libaskama-db9abbaa0cf3aab8.rlib" "/opt/rustwide/target/debug/deps/libaskama_escape-a89d699e1c997d62.rlib" "/opt/rustwide/target/debug/deps/libfs_err-a6594a41120e579f.rlib" "/opt/rustwide/target/debug/deps/libcamino-1385970f7139e28a.rlib" "/opt/rustwide/target/debug/deps/libserde-0e54433941374747.rlib" "/opt/rustwide/target/debug/deps/libuniffi_core-faf89036933da300.rlib" "/opt/rustwide/target/debug/deps/liboneshot-bcec2465246b396b.rlib" "/opt/rustwide/target/debug/deps/libstatic_assertions-a58dcbc86816068a.rlib" "/opt/rustwide/target/debug/deps/liblog-1e808ff9fadd59e8.rlib" "/opt/rustwide/target/debug/deps/libbytes-3e6996afb60eaf61.rlib" "/opt/rustwide/target/debug/deps/libanyhow-b6a15806ce709686.rlib" "/opt/rustwide/rustup-home/toolchains/1.75.0-x86_64-unknown-linux-gnu/lib/rustlib/x86_64-unknown-linux-gnu/lib/libstd-90f6ddbf82de36ec.rlib" "/opt/rustwide/rustup-home/toolchains/1.75.0-x86_64-unknown-linux-gnu/lib/rustlib/x86_64-unknown-linux-gnu/lib/libpanic_unwind-480c41e9d4e1f677.rlib" "/opt/rustwide/rustup-home/toolchains/1.75.0-x86_64-unknown-linux-gnu/lib/rustlib/x86_64-unknown-linux-gnu/lib/libobject-db744c0ca03eed1d.rlib" "/opt/rustwide/rustup-home/toolchains/1.75.0-x86_64-unknown-linux-gnu/lib/rustlib/x86_64-unknown-linux-gnu/lib/libmemchr-8ba652dc7d4b285a.rlib" "/opt/rustwide/rustup-home/toolchains/1.75.0-x86_64-unknown-linux-gnu/lib/rustlib/x86_64-unknown-linux-gnu/lib/libaddr2line-d5f4520a9ebc0d58.rlib" "/opt/rustwide/rustup-home/toolchains/1.75.0-x86_64-unknown-linux-gnu/lib/rustlib/x86_64-unknown-linux-gnu/lib/libgimli-4ad84de58f0cb463.rlib" "/opt/rustwide/rustup-home/toolchains/1.75.0-x86_64-unknown-linux-gnu/lib/rustlib/x86_64-unknown-linux-gnu/lib/librustc_demangle-0d10aae2e0f38735.rlib" "/opt/rustwide/rustup-home/toolchains/1.75.0-x86_64-unknown-linux-gnu/lib/rustlib/x86_64-unknown-linux-gnu/lib/libstd_detect-0c17cff739e6745b.rlib" "/opt/rustwide/rustup-home/toolchains/1.75.0-x86_64-unknown-linux-gnu/lib/rustlib/x86_64-unknown-linux-gnu/lib/libhashbrown-b29e17139dde1aa8.rlib" "/opt/rustwide/rustup-home/toolchains/1.75.0-x86_64-unknown-linux-gnu/lib/rustlib/x86_64-unknown-linux-gnu/lib/librustc_std_workspace_alloc-1f975299829cc7bd.rlib" "/opt/rustwide/rustup-home/toolchains/1.75.0-x86_64-unknown-linux-gnu/lib/rustlib/x86_64-unknown-linux-gnu/lib/libminiz_oxide-86bae3bc3079f89b.rlib" "/opt/rustwide/rustup-home/toolchains/1.75.0-x86_64-unknown-linux-gnu/lib/rustlib/x86_64-unknown-linux-gnu/lib/libadler-321b82c30dffdf5f.rlib" "/opt/rustwide/rustup-home/toolchains/1.75.0-x86_64-unknown-linux-gnu/lib/rustlib/x86_64-unknown-linux-gnu/lib/libunwind-3dd8a6810a0bdfef.rlib" "/opt/rustwide/rustup-home/toolchains/1.75.0-x86_64-unknown-linux-gnu/lib/rustlib/x86_64-unknown-linux-gnu/lib/libcfg_if-eb39a61c0c879984.rlib" "/opt/rustwide/rustup-home/toolchains/1.75.0-x86_64-unknown-linux-gnu/lib/rustlib/x86_64-unknown-linux-gnu/lib/liblibc-aa769569f91c3548.rlib" "/opt/rustwide/rustup-home/toolchains/1.75.0-x86_64-unknown-linux-gnu/lib/rustlib/x86_64-unknown-linux-gnu/lib/liballoc-510a192a50a983ed.rlib" "/opt/rustwide/rustup-home/toolchains/1.75.0-x86_64-unknown-linux-gnu/lib/rustlib/x86_64-unknown-linux-gnu/lib/librustc_std_workspace_core-0577018320f99037.rlib" "/opt/rustwide/rustup-home/toolchains/1.75.0-x86_64-unknown-linux-gnu/lib/rustlib/x86_64-unknown-linux-gnu/lib/libcore-193cf992125ccd4c.rlib" "/opt/rustwide/rustup-home/toolchains/1.75.0-x86_64-unknown-linux-gnu/lib/rustlib/x86_64-unknown-linux-gnu/lib/libcompiler_builtins-8e138eaf26ebb4a8.rlib" "-Wl,-Bdynamic" "-lgcc_s" "-lutil" "-lrt" "-lpthread" "-lm" "-ldl" "-lc" "-Wl,--eh-frame-hdr" "-Wl,-z,noexecstack" "-L" "/opt/rustwide/rustup-home/toolchains/1.75.0-x86_64-unknown-linux-gnu/lib/rustlib/x86_64-unknown-linux-gnu/lib" "-o" "/opt/rustwide/target/debug/build/uniffi-fixture-callbacks-d1509df02bf1d75e/build_script_build-d1509df02bf1d75e" "-Wl,--gc-sections" "-pie" "-Wl,-z,relro,-z,now" "-nodefaultlibs"
[INFO] [stdout]   = note: collect2: fatal error: ld terminated with signal 9 [Killed]
[INFO] [stdout]           compilation terminated.
[INFO] [stdout]           
[INFO] [stdout] 
[INFO] [stdout] 
[INFO] [stdout] error: aborting due to previous error
[INFO] [stdout] 
[INFO] [stdout] 
[INFO] [stderr] error: could not compile `uniffi-fixture-callbacks` (build script) due to 2 previous errors
[INFO] [stdout] error: linking with `cc` failed: exit status: 1
[INFO] [stdout]   |
[INFO] [stdout]   = note: LC_ALL="C" PATH="/opt/rustwide/rustup-home/toolchains/1.75.0-x86_64-unknown-linux-gnu/lib/rustlib/x86_64-unknown-linux-gnu/bin:/opt/rustwide/cargo-home/bin:/usr/local/sbin:/usr/local/bin:/usr/sbin:/usr/bin:/sbin:/bin" VSLANG="1033" "cc" "-m64" "/tmp/rustciUi9XS/symbols.o" "/opt/rustwide/target/debug/build/uniffi-fixture-keywords-kotlin-a35c9e0cd7cc3230/build_script_build-a35c9e0cd7cc3230.build_script_build.b2b3833069100fc8-cgu.0.rcgu.o" "/opt/rustwide/target/debug/build/uniffi-fixture-keywords-kotlin-a35c9e0cd7cc3230/build_script_build-a35c9e0cd7cc3230.55crdlnt8jqtt0rk.rcgu.o" "-Wl,--as-needed" "-L" "/opt/rustwide/target/debug/deps" "-L" "/opt/rustwide/rustup-home/toolchains/1.75.0-x86_64-unknown-linux-gnu/lib/rustlib/x86_64-unknown-linux-gnu/lib" "-Wl,-Bstatic" "/opt/rustwide/target/debug/deps/libuniffi-73f5d374f623009b.rlib" "/opt/rustwide/target/debug/deps/libuniffi_build-3b62ce0010f836a8.rlib" "/opt/rustwide/target/debug/deps/libuniffi_bindgen-4bb1c2e1343d9c1c.rlib" "/opt/rustwide/target/debug/deps/libtoml-06a9c92f96a1213a.rlib" "/opt/rustwide/target/debug/deps/libuniffi_udl-f443504e2da4e447.rlib" "/opt/rustwide/target/debug/deps/libweedle-6d531dd1b95c0f83.rlib" "/opt/rustwide/target/debug/deps/libnom-d44cded41ea68322.rlib" "/opt/rustwide/target/debug/deps/libmemchr-748f9a42d227385d.rlib" "/opt/rustwide/target/debug/deps/libglob-e9adc5ca61f9060a.rlib" "/opt/rustwide/target/debug/deps/libgoblin-5b6198e570d29635.rlib" "/opt/rustwide/target/debug/deps/libplain-f93309effa246501.rlib" "/opt/rustwide/target/debug/deps/libscroll-6dce16a21586e043.rlib" "/opt/rustwide/target/debug/deps/libuniffi_meta-21b20f5201452531.rlib" "/opt/rustwide/target/debug/deps/libsiphasher-a7d28fc5ef8dad93.rlib" "/opt/rustwide/target/debug/deps/libuniffi_testing-fe842041ce139505.rlib" "/opt/rustwide/target/debug/deps/libonce_cell-68ff6fd5e157d5a3.rlib" "/opt/rustwide/target/debug/deps/libcargo_metadata-eecba35daf477f06.rlib" "/opt/rustwide/target/debug/deps/libserde_json-d276b3ef6cd7aa4c.rlib" "/opt/rustwide/target/debug/deps/libryu-85738198120a0cb0.rlib" "/opt/rustwide/target/debug/deps/libitoa-32e9a425e1dbd5ea.rlib" "/opt/rustwide/target/debug/deps/libthiserror-b29571c2da07ecee.rlib" "/opt/rustwide/target/debug/deps/libcargo_platform-23ac8f9f07541c04.rlib" "/opt/rustwide/target/debug/deps/libsemver-7a0cd95c68e44c33.rlib" "/opt/rustwide/target/debug/deps/libheck-f31c47d9e172c234.rlib" "/opt/rustwide/target/debug/deps/libaskama-db9abbaa0cf3aab8.rlib" "/opt/rustwide/target/debug/deps/libaskama_escape-a89d699e1c997d62.rlib" "/opt/rustwide/target/debug/deps/libfs_err-a6594a41120e579f.rlib" "/opt/rustwide/target/debug/deps/libcamino-1385970f7139e28a.rlib" "/opt/rustwide/target/debug/deps/libserde-0e54433941374747.rlib" "/opt/rustwide/target/debug/deps/libuniffi_core-faf89036933da300.rlib" "/opt/rustwide/target/debug/deps/liboneshot-bcec2465246b396b.rlib" "/opt/rustwide/target/debug/deps/libstatic_assertions-a58dcbc86816068a.rlib" "/opt/rustwide/target/debug/deps/liblog-1e808ff9fadd59e8.rlib" "/opt/rustwide/target/debug/deps/libbytes-3e6996afb60eaf61.rlib" "/opt/rustwide/target/debug/deps/libanyhow-b6a15806ce709686.rlib" "/opt/rustwide/rustup-home/toolchains/1.75.0-x86_64-unknown-linux-gnu/lib/rustlib/x86_64-unknown-linux-gnu/lib/libstd-90f6ddbf82de36ec.rlib" "/opt/rustwide/rustup-home/toolchains/1.75.0-x86_64-unknown-linux-gnu/lib/rustlib/x86_64-unknown-linux-gnu/lib/libpanic_unwind-480c41e9d4e1f677.rlib" "/opt/rustwide/rustup-home/toolchains/1.75.0-x86_64-unknown-linux-gnu/lib/rustlib/x86_64-unknown-linux-gnu/lib/libobject-db744c0ca03eed1d.rlib" "/opt/rustwide/rustup-home/toolchains/1.75.0-x86_64-unknown-linux-gnu/lib/rustlib/x86_64-unknown-linux-gnu/lib/libmemchr-8ba652dc7d4b285a.rlib" "/opt/rustwide/rustup-home/toolchains/1.75.0-x86_64-unknown-linux-gnu/lib/rustlib/x86_64-unknown-linux-gnu/lib/libaddr2line-d5f4520a9ebc0d58.rlib" "/opt/rustwide/rustup-home/toolchains/1.75.0-x86_64-unknown-linux-gnu/lib/rustlib/x86_64-unknown-linux-gnu/lib/libgimli-4ad84de58f0cb463.rlib" "/opt/rustwide/rustup-home/toolchains/1.75.0-x86_64-unknown-linux-gnu/lib/rustlib/x86_64-unknown-linux-gnu/lib/librustc_demangle-0d10aae2e0f38735.rlib" "/opt/rustwide/rustup-home/toolchains/1.75.0-x86_64-unknown-linux-gnu/lib/rustlib/x86_64-unknown-linux-gnu/lib/libstd_detect-0c17cff739e6745b.rlib" "/opt/rustwide/rustup-home/toolchains/1.75.0-x86_64-unknown-linux-gnu/lib/rustlib/x86_64-unknown-linux-gnu/lib/libhashbrown-b29e17139dde1aa8.rlib" "/opt/rustwide/rustup-home/toolchains/1.75.0-x86_64-unknown-linux-gnu/lib/rustlib/x86_64-unknown-linux-gnu/lib/librustc_std_workspace_alloc-1f975299829cc7bd.rlib" "/opt/rustwide/rustup-home/toolchains/1.75.0-x86_64-unknown-linux-gnu/lib/rustlib/x86_64-unknown-linux-gnu/lib/libminiz_oxide-86bae3bc3079f89b.rlib" "/opt/rustwide/rustup-home/toolchains/1.75.0-x86_64-unknown-linux-gnu/lib/rustlib/x86_64-unknown-linux-gnu/lib/libadler-321b82c30dffdf5f.rlib" "/opt/rustwide/rustup-home/toolchains/1.75.0-x86_64-unknown-linux-gnu/lib/rustlib/x86_64-unknown-linux-gnu/lib/libunwind-3dd8a6810a0bdfef.rlib" "/opt/rustwide/rustup-home/toolchains/1.75.0-x86_64-unknown-linux-gnu/lib/rustlib/x86_64-unknown-linux-gnu/lib/libcfg_if-eb39a61c0c879984.rlib" "/opt/rustwide/rustup-home/toolchains/1.75.0-x86_64-unknown-linux-gnu/lib/rustlib/x86_64-unknown-linux-gnu/lib/liblibc-aa769569f91c3548.rlib" "/opt/rustwide/rustup-home/toolchains/1.75.0-x86_64-unknown-linux-gnu/lib/rustlib/x86_64-unknown-linux-gnu/lib/liballoc-510a192a50a983ed.rlib" "/opt/rustwide/rustup-home/toolchains/1.75.0-x86_64-unknown-linux-gnu/lib/rustlib/x86_64-unknown-linux-gnu/lib/librustc_std_workspace_core-0577018320f99037.rlib" "/opt/rustwide/rustup-home/toolchains/1.75.0-x86_64-unknown-linux-gnu/lib/rustlib/x86_64-unknown-linux-gnu/lib/libcore-193cf992125ccd4c.rlib" "/opt/rustwide/rustup-home/toolchains/1.75.0-x86_64-unknown-linux-gnu/lib/rustlib/x86_64-unknown-linux-gnu/lib/libcompiler_builtins-8e138eaf26ebb4a8.rlib" "-Wl,-Bdynamic" "-lgcc_s" "-lutil" "-lrt" "-lpthread" "-lm" "-ldl" "-lc" "-Wl,--eh-frame-hdr" "-Wl,-z,noexecstack" "-L" "/opt/rustwide/rustup-home/toolchains/1.75.0-x86_64-unknown-linux-gnu/lib/rustlib/x86_64-unknown-linux-gnu/lib" "-o" "/opt/rustwide/target/debug/build/uniffi-fixture-keywords-kotlin-a35c9e0cd7cc3230/build_script_build-a35c9e0cd7cc3230" "-Wl,--gc-sections" "-pie" "-Wl,-z,relro,-z,now" "-nodefaultlibs"
[INFO] [stdout]   = note: collect2: fatal error: ld terminated with signal 9 [Killed]
[INFO] [stdout]           compilation terminated.
[INFO] [stdout]           
[INFO] [stdout] 
[INFO] [stdout] 
[INFO] [stdout] error: aborting due to previous error
[INFO] [stdout] 
[INFO] [stdout] 
[INFO] [stderr] error: could not compile `uniffi-fixture-keywords-kotlin` (build script) due to 2 previous errors
[INFO] running `Command { std: "docker" "inspect" "52aadeba2b06c60b95cd3af65fb2cf628fab56a2ca263c89185479f10cbf8236", kill_on_drop: false }`
[INFO] running `Command { std: "docker" "rm" "-f" "52aadeba2b06c60b95cd3af65fb2cf628fab56a2ca263c89185479f10cbf8236", kill_on_drop: false }`
[INFO] [stdout] 52aadeba2b06c60b95cd3af65fb2cf628fab56a2ca263c89185479f10cbf8236
