[INFO] cloning repository https://github.com/alabulei1/github-issue-notification-tracker
[INFO] running `Command { std: "git" "-c" "credential.helper=" "-c" "credential.helper=/workspace/cargo-home/bin/git-credential-null" "clone" "--bare" "https://github.com/alabulei1/github-issue-notification-tracker" "/workspace/cache/git-repos/https%3A%2F%2Fgithub.com%2Falabulei1%2Fgithub-issue-notification-tracker", kill_on_drop: false }`
[INFO] [stderr] Cloning into bare repository '/workspace/cache/git-repos/https%3A%2F%2Fgithub.com%2Falabulei1%2Fgithub-issue-notification-tracker'...
[INFO] running `Command { std: "git" "rev-parse" "HEAD", kill_on_drop: false }`
[INFO] [stdout] 0adf49aff20d7809cbd8319f89ea9e70466d9c7b
[INFO] documenting alabulei1/github-issue-notification-tracker against 1.75.0 for beta-1.76-rustdoc-1
[INFO] running `Command { std: "git" "clone" "/workspace/cache/git-repos/https%3A%2F%2Fgithub.com%2Falabulei1%2Fgithub-issue-notification-tracker" "/workspace/builds/worker-0-tc1/source", kill_on_drop: false }`
[INFO] [stderr] Cloning into '/workspace/builds/worker-0-tc1/source'...
[INFO] [stderr] done.
[INFO] validating manifest of git repo https://github.com/alabulei1/github-issue-notification-tracker on toolchain 1.75.0
[INFO] running `Command { std: CARGO_HOME="/workspace/cargo-home" RUSTUP_HOME="/workspace/rustup-home" "/workspace/cargo-home/bin/cargo" "+1.75.0" "metadata" "--manifest-path" "Cargo.toml" "--no-deps", kill_on_drop: false }`
[INFO] removed /workspace/builds/worker-0-tc1/source/.cargo/config.toml
[INFO] started tweaking git repo https://github.com/alabulei1/github-issue-notification-tracker
[INFO] finished tweaking git repo https://github.com/alabulei1/github-issue-notification-tracker
[INFO] tweaked toml for git repo https://github.com/alabulei1/github-issue-notification-tracker written to /workspace/builds/worker-0-tc1/source/Cargo.toml
[INFO] crate git repo https://github.com/alabulei1/github-issue-notification-tracker already has a lockfile, it will not be regenerated
[INFO] running `Command { std: CARGO_HOME="/workspace/cargo-home" RUSTUP_HOME="/workspace/rustup-home" "/workspace/cargo-home/bin/cargo" "+1.75.0" "fetch" "--manifest-path" "Cargo.toml", kill_on_drop: false }`
[INFO] [stderr]     Updating crates.io index
[INFO] [stderr]  Downloading crates ...
[INFO] [stderr]   Downloaded ed25519-compact v2.0.4
[INFO] [stderr]   Downloaded hmac-sha512 v1.1.4
[INFO] [stderr]   Downloaded url v2.3.0
[INFO] [stderr]   Downloaded hmac-sha256 v1.1.6
[INFO] [stderr]   Downloaded jwt-simple v0.11.5
[INFO] [stderr]   Downloaded der v0.7.6
[INFO] [stderr]   Downloaded hmac-sha1-compact v1.1.3
[INFO] [stderr]   Downloaded github-flows v0.5.1
[INFO] [stderr]   Downloaded store-flows v0.3.1
[INFO] [stderr]   Downloaded flowsnet-platform-sdk v0.1.4
[INFO] [stderr]   Downloaded http_req_wasi v0.10.2
[INFO] [stderr]   Downloaded octocrab_wasi v0.18.5
[INFO] [stderr]   Downloaded mio_wasi v0.8.6
[INFO] [stderr]   Downloaded reqwest_wasi v0.11.15
[INFO] [stderr]   Downloaded hyper_wasi v0.15.1
[INFO] [stderr]   Downloaded discord-flows v0.4.0
[INFO] [stderr]   Downloaded tokio_wasi v1.25.1
[INFO] running `Command { std: "docker" "create" "-v" "/var/lib/crater-agent-workspace/builds/worker-0-tc1/target:/opt/rustwide/target:rw,Z" "-v" "/var/lib/crater-agent-workspace/builds/worker-0-tc1/source:/opt/rustwide/workdir:ro,Z" "-v" "/var/lib/crater-agent-workspace/cargo-home:/opt/rustwide/cargo-home:ro,Z" "-v" "/var/lib/crater-agent-workspace/rustup-home:/opt/rustwide/rustup-home:ro,Z" "-e" "SOURCE_DIR=/opt/rustwide/workdir" "-e" "CARGO_TARGET_DIR=/opt/rustwide/target" "-e" "CARGO_HOME=/opt/rustwide/cargo-home" "-e" "RUSTUP_HOME=/opt/rustwide/rustup-home" "-w" "/opt/rustwide/workdir" "-m" "1610612736" "--user" "0:0" "--network" "none" "ghcr.io/rust-lang/crates-build-env/linux@sha256:2788e3201cd34a07e3172128adcd8b3090168a8e3bcc40d7c032b9dda1df7d1c" "/opt/rustwide/cargo-home/bin/cargo" "+1.75.0" "metadata" "--no-deps" "--format-version=1", kill_on_drop: false }`
[INFO] [stdout] a3aafa883463269e9957190d3e7e1ae792caa565c9ac6902a84cb1197dc24d5d
[INFO] running `Command { std: "docker" "start" "-a" "a3aafa883463269e9957190d3e7e1ae792caa565c9ac6902a84cb1197dc24d5d", kill_on_drop: false }`
[INFO] running `Command { std: "docker" "inspect" "a3aafa883463269e9957190d3e7e1ae792caa565c9ac6902a84cb1197dc24d5d", kill_on_drop: false }`
[INFO] running `Command { std: "docker" "rm" "-f" "a3aafa883463269e9957190d3e7e1ae792caa565c9ac6902a84cb1197dc24d5d", kill_on_drop: false }`
[INFO] [stdout] a3aafa883463269e9957190d3e7e1ae792caa565c9ac6902a84cb1197dc24d5d
[INFO] running `Command { std: "docker" "create" "-v" "/var/lib/crater-agent-workspace/builds/worker-0-tc1/target:/opt/rustwide/target:rw,Z" "-v" "/var/lib/crater-agent-workspace/builds/worker-0-tc1/source:/opt/rustwide/workdir:ro,Z" "-v" "/var/lib/crater-agent-workspace/cargo-home:/opt/rustwide/cargo-home:ro,Z" "-v" "/var/lib/crater-agent-workspace/rustup-home:/opt/rustwide/rustup-home:ro,Z" "-e" "SOURCE_DIR=/opt/rustwide/workdir" "-e" "CARGO_TARGET_DIR=/opt/rustwide/target" "-e" "CARGO_INCREMENTAL=0" "-e" "RUST_BACKTRACE=full" "-e" "RUSTFLAGS=--cap-lints=warn" "-e" "RUSTDOCFLAGS=--cap-lints=warn" "-e" "CARGO_HOME=/opt/rustwide/cargo-home" "-e" "RUSTUP_HOME=/opt/rustwide/rustup-home" "-w" "/opt/rustwide/workdir" "-m" "1610612736" "--user" "0:0" "--network" "none" "ghcr.io/rust-lang/crates-build-env/linux@sha256:2788e3201cd34a07e3172128adcd8b3090168a8e3bcc40d7c032b9dda1df7d1c" "/opt/rustwide/cargo-home/bin/cargo" "+1.75.0" "doc" "--frozen" "--no-deps" "--document-private-items" "--message-format=json", kill_on_drop: false }`
[INFO] [stdout] 6bcc2fe9970a47c7bb477fd957c38ab56be1fc12f7dadddf0ddf86fe252499df
[INFO] running `Command { std: "docker" "start" "-a" "6bcc2fe9970a47c7bb477fd957c38ab56be1fc12f7dadddf0ddf86fe252499df", kill_on_drop: false }`
[INFO] [stderr]    Compiling libc v0.2.146
[INFO] [stderr]    Compiling proc-macro2 v1.0.59
[INFO] [stderr]     Checking zeroize v1.6.0
[INFO] [stderr]     Checking const-oid v0.9.2
[INFO] [stderr]    Compiling generic-array v0.14.7
[INFO] [stderr]     Checking subtle v2.5.0
[INFO] [stderr]     Checking base64ct v1.6.0
[INFO] [stderr]    Compiling serde v1.0.163
[INFO] [stderr]    Compiling libm v0.2.7
[INFO] [stderr]    Compiling quote v1.0.28
[INFO] [stderr]    Compiling num-traits v0.2.15
[INFO] [stderr]    Compiling unicase v2.6.0
[INFO] [stderr]    Compiling log v0.4.18
[INFO] [stderr]     Checking lazy_static v1.4.0
[INFO] [stderr]     Checking base16ct v0.2.0
[INFO] [stderr]    Compiling serde_json v1.0.96
[INFO] [stderr]    Compiling futures-channel v0.3.28
[INFO] [stderr]    Compiling syn v1.0.109
[INFO] [stderr]     Checking tracing-core v0.1.31
[INFO] [stderr]    Compiling num-integer v0.1.45
[INFO] [stderr]     Checking futures-sink v0.3.28
[INFO] [stderr]    Compiling futures-util v0.3.28
[INFO] [stderr]     Checking unicode-normalization v0.1.22
[INFO] [stderr]     Checking pem-rfc7468 v0.7.0
[INFO] [stderr]     Checking pem-rfc7468 v0.6.0
[INFO] [stderr]     Checking der v0.7.6
[INFO] [stderr]     Checking form_urlencoded v1.0.1
[INFO] [stderr]    Compiling num-iter v0.1.43
[INFO] [stderr]     Checking futures-io v0.3.28
[INFO] [stderr]     Checking der v0.6.1
[INFO] [stderr]     Checking unicode-bidi v0.3.13
[INFO] [stderr]    Compiling crossbeam-utils v0.8.15
[INFO] [stderr]     Checking bytes v1.1.0
[INFO] [stderr]     Checking cpufeatures v0.2.7
[INFO] [stderr]     Checking time-core v0.1.1
[INFO] [stderr]     Checking overload v0.1.1
[INFO] [stderr]    Compiling num-bigint-dig v0.8.2
[INFO] [stderr]    Compiling async-trait v0.1.68
[INFO] [stderr]    Compiling cc v1.0.79
[INFO] [stderr]     Checking nu-ansi-term v0.46.0
[INFO] [stderr]     Checking tracing-log v0.1.3
[INFO] [stderr]     Checking idna v0.2.3
[INFO] [stderr]     Checking sharded-slab v0.1.4
[INFO] [stderr]     Checking thread_local v1.1.7
[INFO] [stderr]     Checking scopeguard v1.1.0
[INFO] [stderr]    Compiling doc-comment v0.3.3
[INFO] [stderr]     Checking crypto-common v0.1.6
[INFO] [stderr]     Checking block-buffer v0.10.4
[INFO] [stderr]     Checking byteorder v1.4.3
[INFO] [stderr]     Checking gimli v0.27.2
[INFO] [stderr]    Compiling syn v2.0.18
[INFO] [stderr]     Checking digest v0.10.7
[INFO] [stderr]     Checking miniz_oxide v0.6.2
[INFO] [stderr]     Checking crossbeam-channel v0.5.8
[INFO] [stderr]     Checking getrandom v0.2.10
[INFO] [stderr]     Checking wasmedge_wasi_socket v0.4.3
[INFO] [stderr]     Checking hmac v0.12.1
[INFO] [stderr]     Checking sha2 v0.10.6
[INFO] [stdout] error[E0433]: failed to resolve: could not find `wasi` in `os`
[INFO] [stdout]  --> /opt/rustwide/cargo-home/registry/src/index.crates.io-6f17d22bba15001f/wasmedge_wasi_socket-0.4.3/src/poll.rs:2:14
[INFO] [stdout]   |
[INFO] [stdout] 2 | use std::os::wasi::prelude::*;
[INFO] [stdout]   |              ^^^^ could not find `wasi` in `os`
[INFO] [stdout] 
[INFO] [stdout] 
[INFO] [stdout] error[E0433]: failed to resolve: could not find `wasi` in `os`
[INFO] [stdout]  --> /opt/rustwide/cargo-home/registry/src/index.crates.io-6f17d22bba15001f/wasmedge_wasi_socket-0.4.3/src/socket.rs:3:14
[INFO] [stdout]   |
[INFO] [stdout] 3 | use std::os::wasi::prelude::{AsRawFd, FromRawFd, IntoRawFd, RawFd};
[INFO] [stdout]   |              ^^^^ could not find `wasi` in `os`
[INFO] [stdout] 
[INFO] [stdout] 
[INFO] [stdout] error[E0433]: failed to resolve: could not find `wasi` in `os`
[INFO] [stdout]   --> /opt/rustwide/cargo-home/registry/src/index.crates.io-6f17d22bba15001f/wasmedge_wasi_socket-0.4.3/src/lib.rs:12:9
[INFO] [stdout]    |
[INFO] [stdout] 12 |     os::wasi::prelude::{AsRawFd, FromRawFd, IntoRawFd},
[INFO] [stdout]    |         ^^^^ could not find `wasi` in `os`
[INFO] [stdout] 
[INFO] [stdout] 
[INFO] [stdout] error[E0412]: cannot find type `RawFd` in this scope
[INFO] [stdout]   --> /opt/rustwide/cargo-home/registry/src/index.crates.io-6f17d22bba15001f/wasmedge_wasi_socket-0.4.3/src/poll.rs:12:13
[INFO] [stdout]    |
[INFO] [stdout] 12 |         fd: RawFd,
[INFO] [stdout]    |             ^^^^^ not found in this scope
[INFO] [stdout]    |
[INFO] [stdout] help: consider importing this type alias
[INFO] [stdout]    |
[INFO] [stdout] 1  + use std::os::fd::RawFd;
[INFO] [stdout]    |
[INFO] [stdout] 
[INFO] [stdout] 
[INFO] [stdout] error[E0412]: cannot find type `RawFd` in this scope
[INFO] [stdout]   --> /opt/rustwide/cargo-home/registry/src/index.crates.io-6f17d22bba15001f/wasmedge_wasi_socket-0.4.3/src/poll.rs:18:13
[INFO] [stdout]    |
[INFO] [stdout] 18 |         fd: RawFd,
[INFO] [stdout]    |             ^^^^^ not found in this scope
[INFO] [stdout]    |
[INFO] [stdout] help: consider importing this type alias
[INFO] [stdout]    |
[INFO] [stdout] 1  + use std::os::fd::RawFd;
[INFO] [stdout]    |
[INFO] [stdout] 
[INFO] [stdout] 
[INFO] [stdout] error[E0405]: cannot find trait `AsRawFd` in this scope
[INFO] [stdout]   --> /opt/rustwide/cargo-home/registry/src/index.crates.io-6f17d22bba15001f/wasmedge_wasi_socket-0.4.3/src/poll.rs:29:18
[INFO] [stdout]    |
[INFO] [stdout] 29 |     pub fn io<F: AsRawFd>(
[INFO] [stdout]    |                  ^^^^^^^ not found in this scope
[INFO] [stdout]    |
[INFO] [stdout] help: consider importing this trait
[INFO] [stdout]    |
[INFO] [stdout] 1  + use std::os::fd::AsRawFd;
[INFO] [stdout]    |
[INFO] [stdout] 
[INFO] [stdout] 
[INFO] [stdout] error[E0433]: failed to resolve: could not find `wasi` in `os`
[INFO] [stdout]   --> /opt/rustwide/cargo-home/registry/src/index.crates.io-6f17d22bba15001f/wasmedge_wasi_socket-0.4.3/src/lib.rs:81:37
[INFO] [stdout]    |
[INFO] [stdout] 81 |     fn as_raw_fd(&self) -> std::os::wasi::prelude::RawFd {
[INFO] [stdout]    |                                     ^^^^ could not find `wasi` in `os`
[INFO] [stdout]    |
[INFO] [stdout] help: consider importing this module
[INFO] [stdout]    |
[INFO] [stdout] 7  + use std::os::unix::prelude;
[INFO] [stdout]    |
[INFO] [stdout] help: if you import `prelude`, refer to it directly
[INFO] [stdout]    |
[INFO] [stdout] 81 -     fn as_raw_fd(&self) -> std::os::wasi::prelude::RawFd {
[INFO] [stdout] 81 +     fn as_raw_fd(&self) -> prelude::RawFd {
[INFO] [stdout]    |
[INFO] [stdout] 
[INFO] [stdout] 
[INFO] [stdout] error[E0433]: failed to resolve: could not find `wasi` in `os`
[INFO] [stdout]   --> /opt/rustwide/cargo-home/registry/src/index.crates.io-6f17d22bba15001f/wasmedge_wasi_socket-0.4.3/src/lib.rs:87:38
[INFO] [stdout]    |
[INFO] [stdout] 87 |     fn into_raw_fd(self) -> std::os::wasi::prelude::RawFd {
[INFO] [stdout]    |                                      ^^^^ could not find `wasi` in `os`
[INFO] [stdout]    |
[INFO] [stdout] help: consider importing this module
[INFO] [stdout]    |
[INFO] [stdout] 7  + use std::os::unix::prelude;
[INFO] [stdout]    |
[INFO] [stdout] help: if you import `prelude`, refer to it directly
[INFO] [stdout]    |
[INFO] [stdout] 87 -     fn into_raw_fd(self) -> std::os::wasi::prelude::RawFd {
[INFO] [stdout] 87 +     fn into_raw_fd(self) -> prelude::RawFd {
[INFO] [stdout]    |
[INFO] [stdout] 
[INFO] [stdout] 
[INFO] [stdout] error[E0433]: failed to resolve: could not find `wasi` in `os`
[INFO] [stdout]   --> /opt/rustwide/cargo-home/registry/src/index.crates.io-6f17d22bba15001f/wasmedge_wasi_socket-0.4.3/src/lib.rs:93:40
[INFO] [stdout]    |
[INFO] [stdout] 93 |     unsafe fn from_raw_fd(fd: std::os::wasi::prelude::RawFd) -> Self {
[INFO] [stdout]    |                                        ^^^^ could not find `wasi` in `os`
[INFO] [stdout]    |
[INFO] [stdout] help: consider importing this module
[INFO] [stdout]    |
[INFO] [stdout] 7  + use std::os::unix::prelude;
[INFO] [stdout]    |
[INFO] [stdout] help: if you import `prelude`, refer to it directly
[INFO] [stdout]    |
[INFO] [stdout] 93 -     unsafe fn from_raw_fd(fd: std::os::wasi::prelude::RawFd) -> Self {
[INFO] [stdout] 93 +     unsafe fn from_raw_fd(fd: prelude::RawFd) -> Self {
[INFO] [stdout]    |
[INFO] [stdout] 
[INFO] [stdout] 
[INFO] [stdout] error[E0433]: failed to resolve: could not find `wasi` in `os`
[INFO] [stdout]    --> /opt/rustwide/cargo-home/registry/src/index.crates.io-6f17d22bba15001f/wasmedge_wasi_socket-0.4.3/src/lib.rs:194:37
[INFO] [stdout]     |
[INFO] [stdout] 194 |     fn as_raw_fd(&self) -> std::os::wasi::prelude::RawFd {
[INFO] [stdout]     |                                     ^^^^ could not find `wasi` in `os`
[INFO] [stdout]     |
[INFO] [stdout] help: consider importing this module
[INFO] [stdout]     |
[INFO] [stdout] 7   + use std::os::unix::prelude;
[INFO] [stdout]     |
[INFO] [stdout] help: if you import `prelude`, refer to it directly
[INFO] [stdout]     |
[INFO] [stdout] 194 -     fn as_raw_fd(&self) -> std::os::wasi::prelude::RawFd {
[INFO] [stdout] 194 +     fn as_raw_fd(&self) -> prelude::RawFd {
[INFO] [stdout]     |
[INFO] [stdout] 
[INFO] [stdout] 
[INFO] [stdout] error[E0433]: failed to resolve: could not find `wasi` in `os`
[INFO] [stdout]    --> /opt/rustwide/cargo-home/registry/src/index.crates.io-6f17d22bba15001f/wasmedge_wasi_socket-0.4.3/src/lib.rs:200:38
[INFO] [stdout]     |
[INFO] [stdout] 200 |     fn into_raw_fd(self) -> std::os::wasi::prelude::RawFd {
[INFO] [stdout]     |                                      ^^^^ could not find `wasi` in `os`
[INFO] [stdout]     |
[INFO] [stdout] help: consider importing this module
[INFO] [stdout]     |
[INFO] [stdout] 7   + use std::os::unix::prelude;
[INFO] [stdout]     |
[INFO] [stdout] help: if you import `prelude`, refer to it directly
[INFO] [stdout]     |
[INFO] [stdout] 200 -     fn into_raw_fd(self) -> std::os::wasi::prelude::RawFd {
[INFO] [stdout] 200 +     fn into_raw_fd(self) -> prelude::RawFd {
[INFO] [stdout]     |
[INFO] [stdout] 
[INFO] [stdout] 
[INFO] [stdout] error[E0433]: failed to resolve: could not find `wasi` in `os`
[INFO] [stdout]    --> /opt/rustwide/cargo-home/registry/src/index.crates.io-6f17d22bba15001f/wasmedge_wasi_socket-0.4.3/src/lib.rs:206:40
[INFO] [stdout]     |
[INFO] [stdout] 206 |     unsafe fn from_raw_fd(fd: std::os::wasi::prelude::RawFd) -> Self {
[INFO] [stdout]     |                                        ^^^^ could not find `wasi` in `os`
[INFO] [stdout]     |
[INFO] [stdout] help: consider importing this module
[INFO] [stdout]     |
[INFO] [stdout] 7   + use std::os::unix::prelude;
[INFO] [stdout]     |
[INFO] [stdout] help: if you import `prelude`, refer to it directly
[INFO] [stdout]     |
[INFO] [stdout] 206 -     unsafe fn from_raw_fd(fd: std::os::wasi::prelude::RawFd) -> Self {
[INFO] [stdout] 206 +     unsafe fn from_raw_fd(fd: prelude::RawFd) -> Self {
[INFO] [stdout]     |
[INFO] [stdout] 
[INFO] [stdout] 
[INFO] [stdout] error[E0433]: failed to resolve: could not find `wasi` in `os`
[INFO] [stdout]    --> /opt/rustwide/cargo-home/registry/src/index.crates.io-6f17d22bba15001f/wasmedge_wasi_socket-0.4.3/src/lib.rs:281:37
[INFO] [stdout]     |
[INFO] [stdout] 281 |     fn as_raw_fd(&self) -> std::os::wasi::prelude::RawFd {
[INFO] [stdout]     |                                     ^^^^ could not find `wasi` in `os`
[INFO] [stdout]     |
[INFO] [stdout] help: consider importing this module
[INFO] [stdout]     |
[INFO] [stdout] 7   + use std::os::unix::prelude;
[INFO] [stdout]     |
[INFO] [stdout] help: if you import `prelude`, refer to it directly
[INFO] [stdout]     |
[INFO] [stdout] 281 -     fn as_raw_fd(&self) -> std::os::wasi::prelude::RawFd {
[INFO] [stdout] 281 +     fn as_raw_fd(&self) -> prelude::RawFd {
[INFO] [stdout]     |
[INFO] [stdout] 
[INFO] [stdout] 
[INFO] [stdout] error: aborting due to 13 previous errors
[INFO] [stdout] 
[INFO] [stdout] 
[INFO] [stdout] Some errors have detailed explanations: E0405, E0412, E0433.
[INFO] [stdout] 
[INFO] [stdout] For more information about an error, try `rustc --explain E0405`.
[INFO] [stdout] 
[INFO] [stderr]     Checking rand_core v0.6.4
[INFO] [stderr] error: could not compile `wasmedge_wasi_socket` (lib) due to 14 previous errors
[INFO] [stderr] warning: build failed, waiting for other jobs to finish...
[INFO] running `Command { std: "docker" "inspect" "6bcc2fe9970a47c7bb477fd957c38ab56be1fc12f7dadddf0ddf86fe252499df", kill_on_drop: false }`
[INFO] running `Command { std: "docker" "rm" "-f" "6bcc2fe9970a47c7bb477fd957c38ab56be1fc12f7dadddf0ddf86fe252499df", kill_on_drop: false }`
[INFO] [stdout] 6bcc2fe9970a47c7bb477fd957c38ab56be1fc12f7dadddf0ddf86fe252499df
