[INFO] cloning repository https://github.com/akropolisio/cloudflare-manager
[INFO] running `Command { std: "git" "-c" "credential.helper=" "-c" "credential.helper=/workspace/cargo-home/bin/git-credential-null" "clone" "--bare" "https://github.com/akropolisio/cloudflare-manager" "/workspace/cache/git-repos/https%3A%2F%2Fgithub.com%2Fakropolisio%2Fcloudflare-manager", kill_on_drop: false }`
[INFO] [stderr] Cloning into bare repository '/workspace/cache/git-repos/https%3A%2F%2Fgithub.com%2Fakropolisio%2Fcloudflare-manager'...
[INFO] running `Command { std: "git" "rev-parse" "HEAD", kill_on_drop: false }`
[INFO] [stdout] 740c81b3c2dad65cd20987145b7c3200610af393
[INFO] documenting akropolisio/cloudflare-manager against 1.75.0 for beta-1.76-rustdoc-1
[INFO] running `Command { std: "git" "clone" "/workspace/cache/git-repos/https%3A%2F%2Fgithub.com%2Fakropolisio%2Fcloudflare-manager" "/workspace/builds/worker-1-tc1/source", kill_on_drop: false }`
[INFO] [stderr] Cloning into '/workspace/builds/worker-1-tc1/source'...
[INFO] [stderr] done.
[INFO] validating manifest of git repo https://github.com/akropolisio/cloudflare-manager on toolchain 1.75.0
[INFO] running `Command { std: CARGO_HOME="/workspace/cargo-home" RUSTUP_HOME="/workspace/rustup-home" "/workspace/cargo-home/bin/cargo" "+1.75.0" "metadata" "--manifest-path" "Cargo.toml" "--no-deps", kill_on_drop: false }`
[INFO] started tweaking git repo https://github.com/akropolisio/cloudflare-manager
[INFO] finished tweaking git repo https://github.com/akropolisio/cloudflare-manager
[INFO] tweaked toml for git repo https://github.com/akropolisio/cloudflare-manager written to /workspace/builds/worker-1-tc1/source/Cargo.toml
[INFO] crate git repo https://github.com/akropolisio/cloudflare-manager already has a lockfile, it will not be regenerated
[INFO] running `Command { std: CARGO_HOME="/workspace/cargo-home" RUSTUP_HOME="/workspace/rustup-home" "/workspace/cargo-home/bin/cargo" "+1.75.0" "fetch" "--manifest-path" "Cargo.toml", kill_on_drop: false }`
[INFO] [stderr]  Downloading crates ...
[INFO] [stderr]   Downloaded actix-threadpool v0.3.0
[INFO] [stderr]   Downloaded derive_more v0.99.2
[INFO] [stderr]   Downloaded async-trait v0.1.21
[INFO] [stderr]   Downloaded actix-server v1.0.0-alpha.2
[INFO] [stderr]   Downloaded actix-codec v0.2.0-alpha.2
[INFO] [stderr]   Downloaded actix-connect v1.0.0-alpha.2
[INFO] [stderr]   Downloaded actix-utils v1.0.0-alpha.2
[INFO] [stderr]   Downloaded actix-http v0.3.0-alpha.2
[INFO] [stderr]   Downloaded actix-web-codegen v0.2.0-alpha.2
[INFO] [stderr]   Downloaded enum-as-inner v0.3.0
[INFO] [stderr]   Downloaded actix-service v1.0.0-alpha.2
[INFO] [stderr]   Downloaded actix-rt v1.0.0-alpha.2
[INFO] [stderr]   Downloaded actix-testing v1.0.0-alpha.2
[INFO] [stderr]   Downloaded actix-macros v0.1.0-alpha.1
[INFO] [stderr]   Downloaded actix-tls v1.0.0-alpha.1
[INFO] [stderr]   Downloaded awc v0.3.0-alpha.2
[INFO] [stderr]   Downloaded actix-web v2.0.0-alpha.2
[INFO] [stderr]   Downloaded trust-dns-resolver v0.18.0-alpha.1
[INFO] [stderr]   Downloaded trust-dns-proto v0.18.0-alpha.1
[INFO] running `Command { std: "docker" "create" "-v" "/var/lib/crater-agent-workspace/builds/worker-1-tc1/target:/opt/rustwide/target:rw,Z" "-v" "/var/lib/crater-agent-workspace/builds/worker-1-tc1/source:/opt/rustwide/workdir:ro,Z" "-v" "/var/lib/crater-agent-workspace/cargo-home:/opt/rustwide/cargo-home:ro,Z" "-v" "/var/lib/crater-agent-workspace/rustup-home:/opt/rustwide/rustup-home:ro,Z" "-e" "SOURCE_DIR=/opt/rustwide/workdir" "-e" "CARGO_TARGET_DIR=/opt/rustwide/target" "-e" "CARGO_HOME=/opt/rustwide/cargo-home" "-e" "RUSTUP_HOME=/opt/rustwide/rustup-home" "-w" "/opt/rustwide/workdir" "-m" "1610612736" "--user" "0:0" "--network" "none" "ghcr.io/rust-lang/crates-build-env/linux@sha256:2788e3201cd34a07e3172128adcd8b3090168a8e3bcc40d7c032b9dda1df7d1c" "/opt/rustwide/cargo-home/bin/cargo" "+1.75.0" "metadata" "--no-deps" "--format-version=1", kill_on_drop: false }`
[INFO] [stdout] 26b987b1e275d0552ab211a9ce67783876052080c3544f6d92e8d4409e38f617
[INFO] running `Command { std: "docker" "start" "-a" "26b987b1e275d0552ab211a9ce67783876052080c3544f6d92e8d4409e38f617", kill_on_drop: false }`
[INFO] running `Command { std: "docker" "inspect" "26b987b1e275d0552ab211a9ce67783876052080c3544f6d92e8d4409e38f617", kill_on_drop: false }`
[INFO] running `Command { std: "docker" "rm" "-f" "26b987b1e275d0552ab211a9ce67783876052080c3544f6d92e8d4409e38f617", kill_on_drop: false }`
[INFO] [stdout] 26b987b1e275d0552ab211a9ce67783876052080c3544f6d92e8d4409e38f617
[INFO] running `Command { std: "docker" "create" "-v" "/var/lib/crater-agent-workspace/builds/worker-1-tc1/target:/opt/rustwide/target:rw,Z" "-v" "/var/lib/crater-agent-workspace/builds/worker-1-tc1/source:/opt/rustwide/workdir:ro,Z" "-v" "/var/lib/crater-agent-workspace/cargo-home:/opt/rustwide/cargo-home:ro,Z" "-v" "/var/lib/crater-agent-workspace/rustup-home:/opt/rustwide/rustup-home:ro,Z" "-e" "SOURCE_DIR=/opt/rustwide/workdir" "-e" "CARGO_TARGET_DIR=/opt/rustwide/target" "-e" "CARGO_INCREMENTAL=0" "-e" "RUST_BACKTRACE=full" "-e" "RUSTFLAGS=--cap-lints=warn" "-e" "RUSTDOCFLAGS=--cap-lints=warn" "-e" "CARGO_HOME=/opt/rustwide/cargo-home" "-e" "RUSTUP_HOME=/opt/rustwide/rustup-home" "-w" "/opt/rustwide/workdir" "-m" "1610612736" "--user" "0:0" "--network" "none" "ghcr.io/rust-lang/crates-build-env/linux@sha256:2788e3201cd34a07e3172128adcd8b3090168a8e3bcc40d7c032b9dda1df7d1c" "/opt/rustwide/cargo-home/bin/cargo" "+1.75.0" "doc" "--frozen" "--no-deps" "--document-private-items" "--message-format=json", kill_on_drop: false }`
[INFO] [stdout] 5d0bb395e23c9fcab4b9e2359a3b227d686cc3dcf3071d9ea07f3d7608600e14
[INFO] running `Command { std: "docker" "start" "-a" "5d0bb395e23c9fcab4b9e2359a3b227d686cc3dcf3071d9ea07f3d7608600e14", kill_on_drop: false }`
[INFO] [stderr]    Compiling libc v0.2.66
[INFO] [stderr]    Compiling proc-macro2 v1.0.6
[INFO] [stderr]    Compiling syn v1.0.11
[INFO] [stderr]     Checking cfg-if v0.1.10
[INFO] [stderr]    Compiling autocfg v0.1.7
[INFO] [stderr]    Compiling memchr v2.2.1
[INFO] [stderr]    Compiling log v0.4.8
[INFO] [stderr]    Compiling semver-parser v0.7.0
[INFO] [stderr]     Checking slab v0.4.2
[INFO] [stderr]    Compiling byteorder v1.3.2
[INFO] [stderr]     Checking futures-core-preview v0.3.0-alpha.19
[INFO] [stderr]     Checking pin-utils v0.1.0-alpha.4
[INFO] [stderr]    Compiling cc v1.0.47
[INFO] [stderr]     Checking futures-sink-preview v0.3.0-alpha.19
[INFO] [stderr]     Checking lazy_static v1.4.0
[INFO] [stderr]     Checking fnv v1.0.6
[INFO] [stderr]     Checking scopeguard v1.0.0
[INFO] [stderr]     Checking futures-io-preview v0.3.0-alpha.19
[INFO] [stderr]    Compiling maybe-uninit v2.0.0
[INFO] [stderr]     Checking crossbeam-utils v0.6.6
[INFO] [stderr]     Checking tracing-core v0.1.7
[INFO] [stderr]    Compiling getrandom v0.1.13
[INFO] [stderr]     Checking lock_api v0.3.2
[INFO] [stderr]     Checking futures-channel-preview v0.3.0-alpha.19
[INFO] [stderr]    Compiling semver v0.9.0
[INFO] [stderr]     Checking arc-swap v0.4.4
[INFO] [stderr]    Compiling proc-macro-nested v0.1.3
[INFO] [stderr]     Checking futures-core v0.3.1
[INFO] [stderr]    Compiling crossbeam-utils v0.7.0
[INFO] [stderr]    Compiling rustc_version v0.2.3
[INFO] [stderr]    Compiling crossbeam-epoch v0.8.0
[INFO] [stderr]     Checking crossbeam-queue v0.1.2
[INFO] [stderr]     Checking crossbeam-channel v0.3.9
[INFO] [stderr]     Checking futures-sink v0.3.1
[INFO] [stderr]     Checking futures-task v0.3.1
[INFO] [stderr]     Checking smallvec v0.6.13
[INFO] [stderr]     Checking futures-channel v0.3.1
[INFO] [stderr]     Checking futures-io v0.3.1
[INFO] [stderr]     Checking itoa v0.4.4
[INFO] [stderr]     Checking matches v0.1.8
[INFO] [stderr]     Checking smallvec v1.0.0
[INFO] [stderr]    Compiling memoffset v0.5.3
[INFO] [stderr]    Compiling parking_lot_core v0.6.2
[INFO] [stderr]    Compiling parking_lot v0.9.0
[INFO] [stderr]     Checking unicode-bidi v0.3.4
[INFO] [stderr]    Compiling pkg-config v0.3.17
[INFO] [stderr]    Compiling ppv-lite86 v0.2.6
[INFO] [stderr]    Compiling indexmap v1.3.0
[INFO] [stderr]     Checking futures-util-preview v0.3.0-alpha.19
[INFO] [stderr]     Checking copyless v0.1.4
[INFO] [stderr]     Checking unicode-normalization v0.1.11
[INFO] [stderr]     Checking pin-project-lite v0.1.1
[INFO] [stderr]    Compiling quote v1.0.2
[INFO] [stderr]    Compiling failure_derive v0.1.6
[INFO] [stderr]     Checking iovec v0.1.4
[INFO] [stderr]     Checking num_cpus v1.11.1
[INFO] [stderr]     Checking net2 v0.2.33
[INFO] [stderr]     Checking bytes v0.4.12
[INFO] [stderr]     Checking signal-hook-registry v1.2.0
[INFO] [stderr]     Checking threadpool v1.7.1
[INFO] [stderr]    Compiling c2-chacha v0.2.3
[INFO] [stderr]    Compiling backtrace-sys v0.1.32
[INFO] [stderr]     Checking mio v0.6.21
[INFO] [stderr]    Compiling serde v1.0.103
[INFO] [stderr]     Checking crossbeam-deque v0.7.2
[INFO] [stderr]     Checking quick-error v1.2.2
[INFO] [stderr]    Compiling openssl-sys v0.9.53
[INFO] [stderr]     Checking rand_core v0.5.1
[INFO] [stderr]    Compiling httparse v1.3.4
[INFO] [stderr]     Checking either v1.5.3
[INFO] [stderr]     Checking http v0.1.21
[INFO] [stderr]     Checking string v0.2.1
[INFO] [stderr]     Checking rustc-demangle v0.1.16
[INFO] [stderr]    Compiling unicase v2.6.0
[INFO] [stderr]     Checking rand_chacha v0.2.1
[INFO] [stderr]     Checking time v0.1.42
[INFO] [stderr]    Compiling num-traits v0.2.10
[INFO] [stderr]    Compiling rand v0.7.2
[INFO] [stderr]     Checking idna v0.2.0
[INFO] [stderr]    Compiling brotli-sys v0.3.2
[INFO] [stderr]    Compiling miniz-sys v0.1.12
[INFO] [stderr]     Checking mio-uds v0.6.7
[INFO] [stderr]     Checking hostname v0.1.5
[INFO] [stderr]     Checking socket2 v0.3.11
[INFO] [stderr]     Checking aho-corasick v0.7.6
[INFO] [stdout] error[E0512]: cannot transmute between types of different sizes, or dependently-sized types
[INFO] [stdout]    --> /opt/rustwide/cargo-home/registry/src/index.crates.io-6f17d22bba15001f/socket2-0.3.11/src/sockaddr.rs:156:9
[INFO] [stdout]     |
[INFO] [stdout] 156 |         mem::transmute::<SocketAddrV4, sockaddr_in>(v4);
[INFO] [stdout]     |         ^^^^^^^^^^^^^^^^^^^^^^^^^^^^^^^^^^^^^^^^^^^
[INFO] [stdout]     |
[INFO] [stdout]     = note: source type: `SocketAddrV4` (48 bits)
[INFO] [stdout]     = note: target type: `sockaddr_in` (128 bits)
[INFO] [stdout] 
[INFO] [stdout] 
[INFO] [stderr]    Compiling num-integer v0.1.41
[INFO] [stderr]     Checking thread_local v0.3.6
[INFO] [stdout] error: aborting due to previous error
[INFO] [stdout] 
[INFO] [stdout] 
[INFO] [stderr]    Compiling ryu v1.0.2
[INFO] [stdout] For more information about this error, try `rustc --explain E0512`.
[INFO] [stdout] 
[INFO] [stderr] error: could not compile `socket2` (lib) due to 2 previous errors
[INFO] [stderr] warning: build failed, waiting for other jobs to finish...
[INFO] [stderr] The following warnings were emitted during compilation:
[INFO] [stderr] 
[INFO] [stderr] warning: openssl-sys@0.9.53: build/expando.c:4:24: error: pasting "RUST_VERSION_OPENSSL_" and "(" does not give a valid preprocessing token
[INFO] [stderr] warning: openssl-sys@0.9.53:     4 | #define VERSION2(n, v) RUST_VERSION_##n##_##v
[INFO] [stderr] warning: openssl-sys@0.9.53:       |                        ^~~~~~~~~~~~~
[INFO] [stderr] warning: openssl-sys@0.9.53: build/expando.c:5:23: note: in expansion of macro 'VERSION2'
[INFO] [stderr] warning: openssl-sys@0.9.53:     5 | #define VERSION(n, v) VERSION2(n, v)
[INFO] [stderr] warning: openssl-sys@0.9.53:       |                       ^~~~~~~~
[INFO] [stderr] warning: openssl-sys@0.9.53: build/expando.c:10:1: note: in expansion of macro 'VERSION'
[INFO] [stderr] warning: openssl-sys@0.9.53:    10 | VERSION(OPENSSL, OPENSSL_VERSION_NUMBER)
[INFO] [stderr] warning: openssl-sys@0.9.53:       | ^~~~~~~
[INFO] [stderr] 
[INFO] [stderr] error: failed to run custom build command for `openssl-sys v0.9.53`
[INFO] [stderr] note: To improve backtraces for build dependencies, set the CARGO_PROFILE_DEV_BUILD_OVERRIDE_DEBUG=true environment variable to enable debug information generation.
[INFO] [stderr] 
[INFO] [stderr] Caused by:
[INFO] [stderr]   process didn't exit successfully: `/opt/rustwide/target/debug/build/openssl-sys-c65c445a4c6ff80c/build-script-main` (exit status: 101)
[INFO] [stderr]   --- stdout
[INFO] [stderr]   cargo:rustc-cfg=const_fn
[INFO] [stderr]   cargo:rerun-if-env-changed=X86_64_UNKNOWN_LINUX_GNU_OPENSSL_LIB_DIR
[INFO] [stderr]   X86_64_UNKNOWN_LINUX_GNU_OPENSSL_LIB_DIR unset
[INFO] [stderr]   cargo:rerun-if-env-changed=OPENSSL_LIB_DIR
[INFO] [stderr]   OPENSSL_LIB_DIR unset
[INFO] [stderr]   cargo:rerun-if-env-changed=X86_64_UNKNOWN_LINUX_GNU_OPENSSL_INCLUDE_DIR
[INFO] [stderr]   X86_64_UNKNOWN_LINUX_GNU_OPENSSL_INCLUDE_DIR unset
[INFO] [stderr]   cargo:rerun-if-env-changed=OPENSSL_INCLUDE_DIR
[INFO] [stderr]   OPENSSL_INCLUDE_DIR unset
[INFO] [stderr]   cargo:rerun-if-env-changed=X86_64_UNKNOWN_LINUX_GNU_OPENSSL_DIR
[INFO] [stderr]   X86_64_UNKNOWN_LINUX_GNU_OPENSSL_DIR unset
[INFO] [stderr]   cargo:rerun-if-env-changed=OPENSSL_DIR
[INFO] [stderr]   OPENSSL_DIR unset
[INFO] [stderr]   cargo:rustc-link-lib=ssl
[INFO] [stderr]   cargo:rustc-link-lib=crypto
[INFO] [stderr]   OPT_LEVEL = Some("0")
[INFO] [stderr]   TARGET = Some("x86_64-unknown-linux-gnu")
[INFO] [stderr]   HOST = Some("x86_64-unknown-linux-gnu")
[INFO] [stderr]   CC_x86_64-unknown-linux-gnu = None
[INFO] [stderr]   CC_x86_64_unknown_linux_gnu = None
[INFO] [stderr]   HOST_CC = None
[INFO] [stderr]   CC = None
[INFO] [stderr]   CFLAGS_x86_64-unknown-linux-gnu = None
[INFO] [stderr]   CFLAGS_x86_64_unknown_linux_gnu = None
[INFO] [stderr]   HOST_CFLAGS = None
[INFO] [stderr]   CFLAGS = None
[INFO] [stderr]   CRATE_CC_NO_DEFAULTS = None
[INFO] [stderr]   DEBUG = Some("true")
[INFO] [stderr]   CARGO_CFG_TARGET_FEATURE = Some("fxsr,sse,sse2")
[INFO] [stderr]   running: "cc" "-O0" "-ffunction-sections" "-fdata-sections" "-fPIC" "-g" "-fno-omit-frame-pointer" "-m64" "-I" "/usr/include" "-Wall" "-Wextra" "-E" "build/expando.c"
[INFO] [stderr]   cargo:warning=build/expando.c:4:24: error: pasting "RUST_VERSION_OPENSSL_" and "(" does not give a valid preprocessing token
[INFO] [stderr]   cargo:warning=    4 | #define VERSION2(n, v) RUST_VERSION_##n##_##v
[INFO] [stderr]   cargo:warning=      |                        ^~~~~~~~~~~~~
[INFO] [stderr]   cargo:warning=build/expando.c:5:23: note: in expansion of macro 'VERSION2'
[INFO] [stderr]   cargo:warning=    5 | #define VERSION(n, v) VERSION2(n, v)
[INFO] [stderr]   cargo:warning=      |                       ^~~~~~~~
[INFO] [stderr]   cargo:warning=build/expando.c:10:1: note: in expansion of macro 'VERSION'
[INFO] [stderr]   cargo:warning=   10 | VERSION(OPENSSL, OPENSSL_VERSION_NUMBER)
[INFO] [stderr]   cargo:warning=      | ^~~~~~~
[INFO] [stderr]   exit status: 1
[INFO] [stderr] 
[INFO] [stderr]   --- stderr
[INFO] [stderr]   thread 'main' panicked at /opt/rustwide/cargo-home/registry/src/index.crates.io-6f17d22bba15001f/openssl-sys-0.9.53/build/main.rs:126:13:
[INFO] [stderr] 
[INFO] [stderr]   Header expansion error:
[INFO] [stderr]   Error { kind: ToolExecError, message: "Command \"cc\" \"-O0\" \"-ffunction-sections\" \"-fdata-sections\" \"-fPIC\" \"-g\" \"-fno-omit-frame-pointer\" \"-m64\" \"-I\" \"/usr/include\" \"-Wall\" \"-Wextra\" \"-E\" \"build/expando.c\" with args \"cc\" did not execute successfully (status code exit status: 1)." }
[INFO] [stderr] 
[INFO] [stderr]   Failed to find OpenSSL development headers.
[INFO] [stderr] 
[INFO] [stderr]   You can try fixing this setting the `OPENSSL_DIR` environment variable
[INFO] [stderr]   pointing to your OpenSSL installation or installing OpenSSL headers package
[INFO] [stderr]   specific to your distribution:
[INFO] [stderr] 
[INFO] [stderr]       # On Ubuntu
[INFO] [stderr]       sudo apt-get install libssl-dev
[INFO] [stderr]       # On Arch Linux
[INFO] [stderr]       sudo pacman -S openssl
[INFO] [stderr]       # On Fedora
[INFO] [stderr]       sudo dnf install openssl-devel
[INFO] [stderr] 
[INFO] [stderr]   See rust-openssl README for more information:
[INFO] [stderr] 
[INFO] [stderr]       https://github.com/sfackler/rust-openssl#linux
[INFO] [stderr] 
[INFO] [stderr]   stack backtrace:
[INFO] [stderr]      0:     0x55bd5a40d3ec - std::backtrace_rs::backtrace::libunwind::trace::ha637c64ce894333a
[INFO] [stderr]                                  at /rustc/82e1608dfa6e0b5569232559e3d385fea5a93112/library/std/src/../../backtrace/src/backtrace/libunwind.rs:104:5
[INFO] [stderr]      1:     0x55bd5a40d3ec - std::backtrace_rs::backtrace::trace_unsynchronized::h47f62dea28e0c88d
[INFO] [stderr]                                  at /rustc/82e1608dfa6e0b5569232559e3d385fea5a93112/library/std/src/../../backtrace/src/backtrace/mod.rs:66:5
[INFO] [stderr]      2:     0x55bd5a40d3ec - std::sys_common::backtrace::_print_fmt::h9eef0abe20ede486
[INFO] [stderr]                                  at /rustc/82e1608dfa6e0b5569232559e3d385fea5a93112/library/std/src/sys_common/backtrace.rs:67:5
[INFO] [stderr]      3:     0x55bd5a40d3ec - <std::sys_common::backtrace::_print::DisplayBacktrace as core::fmt::Display>::fmt::hed7f999df88cc644
[INFO] [stderr]                                  at /rustc/82e1608dfa6e0b5569232559e3d385fea5a93112/library/std/src/sys_common/backtrace.rs:44:22
[INFO] [stderr]      4:     0x55bd5a433550 - core::fmt::rt::Argument::fmt::h1539a9308b8d058d
[INFO] [stderr]                                  at /rustc/82e1608dfa6e0b5569232559e3d385fea5a93112/library/core/src/fmt/rt.rs:142:9
[INFO] [stderr]      5:     0x55bd5a433550 - core::fmt::write::h3a39390d8560d9c9
[INFO] [stderr]                                  at /rustc/82e1608dfa6e0b5569232559e3d385fea5a93112/library/core/src/fmt/mod.rs:1120:17
[INFO] [stderr]      6:     0x55bd5a40adef - std::io::Write::write_fmt::h5fc9997dfe05f882
[INFO] [stderr]                                  at /rustc/82e1608dfa6e0b5569232559e3d385fea5a93112/library/std/src/io/mod.rs:1762:15
[INFO] [stderr]      7:     0x55bd5a40d1d4 - std::sys_common::backtrace::_print::h894006fb5c6f3d45
[INFO] [stderr]                                  at /rustc/82e1608dfa6e0b5569232559e3d385fea5a93112/library/std/src/sys_common/backtrace.rs:47:5
[INFO] [stderr]      8:     0x55bd5a40d1d4 - std::sys_common::backtrace::print::h23a2d212c6fff936
[INFO] [stderr]                                  at /rustc/82e1608dfa6e0b5569232559e3d385fea5a93112/library/std/src/sys_common/backtrace.rs:34:9
[INFO] [stderr]      9:     0x55bd5a40e9e7 - std::panicking::default_hook::{{closure}}::h8a1d2ee00185001a
[INFO] [stderr]     10:     0x55bd5a40e74f - std::panicking::default_hook::h6038f2eba384e475
[INFO] [stderr]                                  at /rustc/82e1608dfa6e0b5569232559e3d385fea5a93112/library/std/src/panicking.rs:292:9
[INFO] [stderr]     11:     0x55bd5a40ee68 - std::panicking::rust_panic_with_hook::h2b5517d590cab22e
[INFO] [stderr]                                  at /rustc/82e1608dfa6e0b5569232559e3d385fea5a93112/library/std/src/panicking.rs:779:13
[INFO] [stderr]     12:     0x55bd5a40ed4e - std::panicking::begin_panic_handler::{{closure}}::h233112c06e0ef43e
[INFO] [stderr]                                  at /rustc/82e1608dfa6e0b5569232559e3d385fea5a93112/library/std/src/panicking.rs:657:13
[INFO] [stderr]     13:     0x55bd5a40d8b6 - std::sys_common::backtrace::__rust_end_short_backtrace::h6e893f24d7ebbff8
[INFO] [stderr]                                  at /rustc/82e1608dfa6e0b5569232559e3d385fea5a93112/library/std/src/sys_common/backtrace.rs:170:18
[INFO] [stderr]     14:     0x55bd5a40eab2 - rust_begin_unwind
[INFO] [stderr]                                  at /rustc/82e1608dfa6e0b5569232559e3d385fea5a93112/library/std/src/panicking.rs:645:5
[INFO] [stderr]     15:     0x55bd5a37f685 - core::panicking::panic_fmt::hbf0e066aabfa482c
[INFO] [stderr]                                  at /rustc/82e1608dfa6e0b5569232559e3d385fea5a93112/library/core/src/panicking.rs:72:14
[INFO] [stderr]     16:     0x55bd5a387680 - build_script_main::validate_headers::h66921d0f4e4ae13f
[INFO] [stderr]     17:     0x55bd5a384392 - build_script_main::find::try_pkg_config::hd811074b60d3f0cf
[INFO] [stderr]     18:     0x55bd5a383254 - build_script_main::find::find_openssl_dir::h88fe4324db8173dd
[INFO] [stderr]     19:     0x55bd5a3830f2 - build_script_main::find::get_openssl::{{closure}}::h54245f7312ccec21
[INFO] [stderr]     20:     0x55bd5a38a539 - core::option::Option<T>::unwrap_or_else::hfd8ef03371b5dfb1
[INFO] [stderr]     21:     0x55bd5a382ef1 - build_script_main::find::get_openssl::hed282588d7d10a04
[INFO] [stderr]     22:     0x55bd5a385115 - build_script_main::main::hfb0f14b1ba2808bc
[INFO] [stderr]     23:     0x55bd5a389543 - core::ops::function::FnOnce::call_once::he426465af23ea02d
[INFO] [stderr]     24:     0x55bd5a388b96 - std::sys_common::backtrace::__rust_begin_short_backtrace::h803355799577b8b3
[INFO] [stderr]     25:     0x55bd5a388cd9 - std::rt::lang_start::{{closure}}::h1b116defed874eee
[INFO] [stderr]     26:     0x55bd5a407177 - core::ops::function::impls::<impl core::ops::function::FnOnce<A> for &F>::call_once::hd95060ecd5e1ca24
[INFO] [stderr]                                  at /rustc/82e1608dfa6e0b5569232559e3d385fea5a93112/library/core/src/ops/function.rs:284:13
[INFO] [stderr]     27:     0x55bd5a407177 - std::panicking::try::do_call::h6e8cf51db32a6e4b
[INFO] [stderr]                                  at /rustc/82e1608dfa6e0b5569232559e3d385fea5a93112/library/std/src/panicking.rs:552:40
[INFO] [stderr]     28:     0x55bd5a407177 - std::panicking::try::h3a52eefe24fe3c29
[INFO] [stderr]                                  at /rustc/82e1608dfa6e0b5569232559e3d385fea5a93112/library/std/src/panicking.rs:516:19
[INFO] [stderr]     29:     0x55bd5a407177 - std::panic::catch_unwind::h24c28c23c02c3841
[INFO] [stderr]                                  at /rustc/82e1608dfa6e0b5569232559e3d385fea5a93112/library/std/src/panic.rs:142:14
[INFO] [stderr]     30:     0x55bd5a407177 - std::rt::lang_start_internal::{{closure}}::h705d3c9cbc06ef47
[INFO] [stderr]                                  at /rustc/82e1608dfa6e0b5569232559e3d385fea5a93112/library/std/src/rt.rs:148:48
[INFO] [stderr]     31:     0x55bd5a407177 - std::panicking::try::do_call::ha21f52ba13158470
[INFO] [stderr]                                  at /rustc/82e1608dfa6e0b5569232559e3d385fea5a93112/library/std/src/panicking.rs:552:40
[INFO] [stderr]     32:     0x55bd5a407177 - std::panicking::try::h5581346bf6aeb1f8
[INFO] [stderr]                                  at /rustc/82e1608dfa6e0b5569232559e3d385fea5a93112/library/std/src/panicking.rs:516:19
[INFO] [stderr]     33:     0x55bd5a407177 - std::panic::catch_unwind::h7919645a6b72e25b
[INFO] [stderr]                                  at /rustc/82e1608dfa6e0b5569232559e3d385fea5a93112/library/std/src/panic.rs:142:14
[INFO] [stderr]     34:     0x55bd5a407177 - std::rt::lang_start_internal::h12de51168669836e
[INFO] [stderr]                                  at /rustc/82e1608dfa6e0b5569232559e3d385fea5a93112/library/std/src/rt.rs:148:20
[INFO] [stderr]     35:     0x55bd5a388cb7 - std::rt::lang_start::hb654757cbb748eea
[INFO] [stderr]     36:     0x55bd5a3883b5 - main
[INFO] [stderr]     37:     0x7f81585efd90 - <unknown>
[INFO] [stderr]     38:     0x7f81585efe40 - __libc_start_main
[INFO] [stderr]     39:     0x55bd5a37fe95 - _start
[INFO] [stderr]     40:                0x0 - <unknown>
[INFO] running `Command { std: "docker" "inspect" "5d0bb395e23c9fcab4b9e2359a3b227d686cc3dcf3071d9ea07f3d7608600e14", kill_on_drop: false }`
[INFO] running `Command { std: "docker" "rm" "-f" "5d0bb395e23c9fcab4b9e2359a3b227d686cc3dcf3071d9ea07f3d7608600e14", kill_on_drop: false }`
[INFO] [stdout] 5d0bb395e23c9fcab4b9e2359a3b227d686cc3dcf3071d9ea07f3d7608600e14
[INFO] documenting akropolisio/cloudflare-manager against beta-2023-12-22 for beta-1.76-rustdoc-1
[INFO] running `Command { std: "git" "clone" "/workspace/cache/git-repos/https%3A%2F%2Fgithub.com%2Fakropolisio%2Fcloudflare-manager" "/workspace/builds/worker-1-tc2/source", kill_on_drop: false }`
[INFO] [stderr] Cloning into '/workspace/builds/worker-1-tc2/source'...
[INFO] [stderr] done.
[INFO] validating manifest of git repo https://github.com/akropolisio/cloudflare-manager on toolchain beta-2023-12-22
[INFO] running `Command { std: CARGO_HOME="/workspace/cargo-home" RUSTUP_HOME="/workspace/rustup-home" "/workspace/cargo-home/bin/cargo" "+beta-2023-12-22" "metadata" "--manifest-path" "Cargo.toml" "--no-deps", kill_on_drop: false }`
[INFO] started tweaking git repo https://github.com/akropolisio/cloudflare-manager
[INFO] finished tweaking git repo https://github.com/akropolisio/cloudflare-manager
[INFO] tweaked toml for git repo https://github.com/akropolisio/cloudflare-manager written to /workspace/builds/worker-1-tc2/source/Cargo.toml
[INFO] crate git repo https://github.com/akropolisio/cloudflare-manager already has a lockfile, it will not be regenerated
[INFO] running `Command { std: CARGO_HOME="/workspace/cargo-home" RUSTUP_HOME="/workspace/rustup-home" "/workspace/cargo-home/bin/cargo" "+beta-2023-12-22" "fetch" "--manifest-path" "Cargo.toml", kill_on_drop: false }`
[INFO] running `Command { std: "docker" "create" "-v" "/var/lib/crater-agent-workspace/builds/worker-1-tc2/target:/opt/rustwide/target:rw,Z" "-v" "/var/lib/crater-agent-workspace/builds/worker-1-tc2/source:/opt/rustwide/workdir:ro,Z" "-v" "/var/lib/crater-agent-workspace/cargo-home:/opt/rustwide/cargo-home:ro,Z" "-v" "/var/lib/crater-agent-workspace/rustup-home:/opt/rustwide/rustup-home:ro,Z" "-e" "SOURCE_DIR=/opt/rustwide/workdir" "-e" "CARGO_TARGET_DIR=/opt/rustwide/target" "-e" "CARGO_HOME=/opt/rustwide/cargo-home" "-e" "RUSTUP_HOME=/opt/rustwide/rustup-home" "-w" "/opt/rustwide/workdir" "-m" "1610612736" "--user" "0:0" "--network" "none" "ghcr.io/rust-lang/crates-build-env/linux@sha256:2788e3201cd34a07e3172128adcd8b3090168a8e3bcc40d7c032b9dda1df7d1c" "/opt/rustwide/cargo-home/bin/cargo" "+beta-2023-12-22" "metadata" "--no-deps" "--format-version=1", kill_on_drop: false }`
[INFO] [stdout] f91fe08c1ff3db7c8d3825d678a75f4745e2459de5b77445f0b87b55b020160a
[INFO] running `Command { std: "docker" "start" "-a" "f91fe08c1ff3db7c8d3825d678a75f4745e2459de5b77445f0b87b55b020160a", kill_on_drop: false }`
[INFO] running `Command { std: "docker" "inspect" "f91fe08c1ff3db7c8d3825d678a75f4745e2459de5b77445f0b87b55b020160a", kill_on_drop: false }`
[INFO] running `Command { std: "docker" "rm" "-f" "f91fe08c1ff3db7c8d3825d678a75f4745e2459de5b77445f0b87b55b020160a", kill_on_drop: false }`
[INFO] [stdout] f91fe08c1ff3db7c8d3825d678a75f4745e2459de5b77445f0b87b55b020160a
[INFO] running `Command { std: "docker" "create" "-v" "/var/lib/crater-agent-workspace/builds/worker-1-tc2/target:/opt/rustwide/target:rw,Z" "-v" "/var/lib/crater-agent-workspace/builds/worker-1-tc2/source:/opt/rustwide/workdir:ro,Z" "-v" "/var/lib/crater-agent-workspace/cargo-home:/opt/rustwide/cargo-home:ro,Z" "-v" "/var/lib/crater-agent-workspace/rustup-home:/opt/rustwide/rustup-home:ro,Z" "-e" "SOURCE_DIR=/opt/rustwide/workdir" "-e" "CARGO_TARGET_DIR=/opt/rustwide/target" "-e" "CARGO_INCREMENTAL=0" "-e" "RUST_BACKTRACE=full" "-e" "RUSTFLAGS=--cap-lints=warn" "-e" "RUSTDOCFLAGS=--cap-lints=warn" "-e" "CARGO_HOME=/opt/rustwide/cargo-home" "-e" "RUSTUP_HOME=/opt/rustwide/rustup-home" "-w" "/opt/rustwide/workdir" "-m" "1610612736" "--user" "0:0" "--network" "none" "ghcr.io/rust-lang/crates-build-env/linux@sha256:2788e3201cd34a07e3172128adcd8b3090168a8e3bcc40d7c032b9dda1df7d1c" "/opt/rustwide/cargo-home/bin/cargo" "+beta-2023-12-22" "doc" "--frozen" "--no-deps" "--document-private-items" "--message-format=json", kill_on_drop: false }`
[INFO] [stdout] 6fb1550c6ca078c9195dd1d22b8e9fa6fe7b7e84d569aa817cbda6bd10284daa
[INFO] running `Command { std: "docker" "start" "-a" "6fb1550c6ca078c9195dd1d22b8e9fa6fe7b7e84d569aa817cbda6bd10284daa", kill_on_drop: false }`
[INFO] [stderr]    Compiling libc v0.2.66
[INFO] [stderr]    Compiling proc-macro2 v1.0.6
[INFO] [stderr]    Compiling syn v1.0.11
[INFO] [stderr]     Checking cfg-if v0.1.10
[INFO] [stderr]    Compiling autocfg v0.1.7
[INFO] [stderr]    Compiling memchr v2.2.1
[INFO] [stderr]    Compiling log v0.4.8
[INFO] [stderr]    Compiling semver-parser v0.7.0
[INFO] [stderr]     Checking slab v0.4.2
[INFO] [stderr]    Compiling byteorder v1.3.2
[INFO] [stderr]     Checking futures-core-preview v0.3.0-alpha.19
[INFO] [stderr]     Checking pin-utils v0.1.0-alpha.4
[INFO] [stderr]    Compiling cc v1.0.47
[INFO] [stderr]     Checking futures-sink-preview v0.3.0-alpha.19
[INFO] [stderr]     Checking lazy_static v1.4.0
[INFO] [stderr]     Checking futures-io-preview v0.3.0-alpha.19
[INFO] [stderr]     Checking fnv v1.0.6
[INFO] [stderr]     Checking scopeguard v1.0.0
[INFO] [stderr]    Compiling maybe-uninit v2.0.0
[INFO] [stderr]     Checking crossbeam-utils v0.6.6
[INFO] [stderr]     Checking tracing-core v0.1.7
[INFO] [stderr]    Compiling getrandom v0.1.13
[INFO] [stderr]     Checking lock_api v0.3.2
[INFO] [stderr]    Compiling proc-macro-nested v0.1.3
[INFO] [stderr]    Compiling semver v0.9.0
[INFO] [stderr]     Checking futures-channel-preview v0.3.0-alpha.19
[INFO] [stderr]     Checking arc-swap v0.4.4
[INFO] [stderr]    Compiling rustc_version v0.2.3
[INFO] [stderr]     Checking crossbeam-channel v0.3.9
[INFO] [stderr]     Checking crossbeam-queue v0.1.2
[INFO] [stderr]    Compiling crossbeam-utils v0.7.0
[INFO] [stderr]    Compiling crossbeam-epoch v0.8.0
[INFO] [stderr]     Checking futures-core v0.3.1
[INFO] [stderr]     Checking futures-sink v0.3.1
[INFO] [stderr]     Checking futures-io v0.3.1
[INFO] [stderr]     Checking futures-task v0.3.1
[INFO] [stderr]     Checking itoa v0.4.4
[INFO] [stderr]     Checking futures-channel v0.3.1
[INFO] [stderr]     Checking matches v0.1.8
[INFO] [stderr]    Compiling memoffset v0.5.3
[INFO] [stderr]    Compiling parking_lot_core v0.6.2
[INFO] [stderr]    Compiling parking_lot v0.9.0
[INFO] [stderr]     Checking smallvec v0.6.13
[INFO] [stderr]     Checking smallvec v1.0.0
[INFO] [stderr]     Checking unicode-bidi v0.3.4
[INFO] [stderr]    Compiling ppv-lite86 v0.2.6
[INFO] [stderr]    Compiling pkg-config v0.3.17
[INFO] [stderr]     Checking unicode-normalization v0.1.11
[INFO] [stderr]    Compiling indexmap v1.3.0
[INFO] [stderr]    Compiling failure_derive v0.1.6
[INFO] [stderr]     Checking iovec v0.1.4
[INFO] [stderr]     Checking num_cpus v1.11.1
[INFO] [stderr]     Checking futures-util-preview v0.3.0-alpha.19
[INFO] [stderr]     Checking net2 v0.2.33
[INFO] [stderr]     Checking bytes v0.4.12
[INFO] [stderr]     Checking signal-hook-registry v1.2.0
[INFO] [stderr]     Checking threadpool v1.7.1
[INFO] [stderr]     Checking copyless v0.1.4
[INFO] [stderr]    Compiling quote v1.0.2
[INFO] [stderr]    Compiling backtrace-sys v0.1.32
[INFO] [stderr]    Compiling serde v1.0.103
[INFO] [stderr]     Checking pin-project-lite v0.1.1
[INFO] [stderr]     Checking mio v0.6.21
[INFO] [stderr]    Compiling rand_core v0.5.1
[INFO] [stderr]    Compiling c2-chacha v0.2.3
[INFO] [stderr]     Checking http v0.1.21
[INFO] [stderr]     Checking string v0.2.1
[INFO] [stderr]    Compiling openssl-sys v0.9.53
[INFO] [stderr]    Compiling rand_chacha v0.2.1
[INFO] [stderr]     Checking crossbeam-deque v0.7.2
[INFO] [stderr]    Compiling httparse v1.3.4
[INFO] [stderr]     Checking either v1.5.3
[INFO] [stderr]     Checking quick-error v1.2.2
[INFO] [stderr]     Checking rustc-demangle v0.1.16
[INFO] [stderr]     Checking idna v0.2.0
[INFO] [stderr]    Compiling unicase v2.6.0
[INFO] [stderr]    Compiling rand v0.7.2
[INFO] [stderr]     Checking time v0.1.42
[INFO] [stderr]    Compiling num-traits v0.2.10
[INFO] [stderr]     Checking mio-uds v0.6.7
[INFO] [stderr]    Compiling miniz-sys v0.1.12
[INFO] [stderr]    Compiling brotli-sys v0.3.2
[INFO] [stderr]     Checking aho-corasick v0.7.6
[INFO] [stderr]     Checking socket2 v0.3.11
[INFO] [stderr]     Checking hostname v0.1.5
[INFO] [stderr]    Compiling num-integer v0.1.41
[INFO] [stderr]     Checking thread_local v0.3.6
[INFO] [stderr]    Compiling openssl v0.10.26
[INFO] [stderr]     Checking regex-syntax v0.6.12
[INFO] [stdout] error[E0512]: cannot transmute between types of different sizes, or dependently-sized types
[INFO] [stdout]    --> /opt/rustwide/cargo-home/registry/src/index.crates.io-6f17d22bba15001f/socket2-0.3.11/src/sockaddr.rs:156:9
[INFO] [stdout]     |
[INFO] [stdout] 156 |         mem::transmute::<SocketAddrV4, sockaddr_in>(v4);
[INFO] [stdout]     |         ^^^^^^^^^^^^^^^^^^^^^^^^^^^^^^^^^^^^^^^^^^^
[INFO] [stdout]     |
[INFO] [stdout]     = note: source type: `SocketAddrV4` (48 bits)
[INFO] [stdout]     = note: target type: `sockaddr_in` (128 bits)
[INFO] [stdout] 
[INFO] [stdout] 
[INFO] [stderr]     Checking url v2.1.0
[INFO] [stderr]     Checking linked-hash-map v0.5.2
[INFO] [stdout] error: aborting due to 1 previous error
[INFO] [stdout] 
[INFO] [stdout] 
[INFO] [stdout] For more information about this error, try `rustc --explain E0512`.
[INFO] [stdout] 
[INFO] [stderr] error: could not compile `socket2` (lib) due to 2 previous errors
[INFO] [stderr] warning: build failed, waiting for other jobs to finish...
[INFO] [stderr] The following warnings were emitted during compilation:
[INFO] [stderr] 
[INFO] [stderr] warning: openssl-sys@0.9.53: build/expando.c:4:24: error: pasting "RUST_VERSION_OPENSSL_" and "(" does not give a valid preprocessing token
[INFO] [stderr] warning: openssl-sys@0.9.53:     4 | #define VERSION2(n, v) RUST_VERSION_##n##_##v
[INFO] [stderr] warning: openssl-sys@0.9.53:       |                        ^~~~~~~~~~~~~
[INFO] [stderr] warning: openssl-sys@0.9.53: build/expando.c:5:23: note: in expansion of macro 'VERSION2'
[INFO] [stderr] warning: openssl-sys@0.9.53:     5 | #define VERSION(n, v) VERSION2(n, v)
[INFO] [stderr] warning: openssl-sys@0.9.53:       |                       ^~~~~~~~
[INFO] [stderr] warning: openssl-sys@0.9.53: build/expando.c:10:1: note: in expansion of macro 'VERSION'
[INFO] [stderr] warning: openssl-sys@0.9.53:    10 | VERSION(OPENSSL, OPENSSL_VERSION_NUMBER)
[INFO] [stderr] warning: openssl-sys@0.9.53:       | ^~~~~~~
[INFO] [stderr] 
[INFO] [stderr] error: failed to run custom build command for `openssl-sys v0.9.53`
[INFO] [stderr] note: To improve backtraces for build dependencies, set the CARGO_PROFILE_DEV_BUILD_OVERRIDE_DEBUG=true environment variable to enable debug information generation.
[INFO] [stderr] 
[INFO] [stderr] Caused by:
[INFO] [stderr]   process didn't exit successfully: `/opt/rustwide/target/debug/build/openssl-sys-9337448018138a9e/build-script-main` (exit status: 101)
[INFO] [stderr]   --- stdout
[INFO] [stderr]   cargo:rustc-cfg=const_fn
[INFO] [stderr]   cargo:rerun-if-env-changed=X86_64_UNKNOWN_LINUX_GNU_OPENSSL_LIB_DIR
[INFO] [stderr]   X86_64_UNKNOWN_LINUX_GNU_OPENSSL_LIB_DIR unset
[INFO] [stderr]   cargo:rerun-if-env-changed=OPENSSL_LIB_DIR
[INFO] [stderr]   OPENSSL_LIB_DIR unset
[INFO] [stderr]   cargo:rerun-if-env-changed=X86_64_UNKNOWN_LINUX_GNU_OPENSSL_INCLUDE_DIR
[INFO] [stderr]   X86_64_UNKNOWN_LINUX_GNU_OPENSSL_INCLUDE_DIR unset
[INFO] [stderr]   cargo:rerun-if-env-changed=OPENSSL_INCLUDE_DIR
[INFO] [stderr]   OPENSSL_INCLUDE_DIR unset
[INFO] [stderr]   cargo:rerun-if-env-changed=X86_64_UNKNOWN_LINUX_GNU_OPENSSL_DIR
[INFO] [stderr]   X86_64_UNKNOWN_LINUX_GNU_OPENSSL_DIR unset
[INFO] [stderr]   cargo:rerun-if-env-changed=OPENSSL_DIR
[INFO] [stderr]   OPENSSL_DIR unset
[INFO] [stderr]   cargo:rustc-link-lib=ssl
[INFO] [stderr]   cargo:rustc-link-lib=crypto
[INFO] [stderr]   OPT_LEVEL = Some("0")
[INFO] [stderr]   TARGET = Some("x86_64-unknown-linux-gnu")
[INFO] [stderr]   HOST = Some("x86_64-unknown-linux-gnu")
[INFO] [stderr]   CC_x86_64-unknown-linux-gnu = None
[INFO] [stderr]   CC_x86_64_unknown_linux_gnu = None
[INFO] [stderr]   HOST_CC = None
[INFO] [stderr]   CC = None
[INFO] [stderr]   CFLAGS_x86_64-unknown-linux-gnu = None
[INFO] [stderr]   CFLAGS_x86_64_unknown_linux_gnu = None
[INFO] [stderr]   HOST_CFLAGS = None
[INFO] [stderr]   CFLAGS = None
[INFO] [stderr]   CRATE_CC_NO_DEFAULTS = None
[INFO] [stderr]   DEBUG = Some("true")
[INFO] [stderr]   CARGO_CFG_TARGET_FEATURE = Some("fxsr,sse,sse2")
[INFO] [stderr]   running: "cc" "-O0" "-ffunction-sections" "-fdata-sections" "-fPIC" "-g" "-fno-omit-frame-pointer" "-m64" "-I" "/usr/include" "-Wall" "-Wextra" "-E" "build/expando.c"
[INFO] [stderr]   cargo:warning=build/expando.c:4:24: error: pasting "RUST_VERSION_OPENSSL_" and "(" does not give a valid preprocessing token
[INFO] [stderr]   cargo:warning=    4 | #define VERSION2(n, v) RUST_VERSION_##n##_##v
[INFO] [stderr]   cargo:warning=      |                        ^~~~~~~~~~~~~
[INFO] [stderr]   cargo:warning=build/expando.c:5:23: note: in expansion of macro 'VERSION2'
[INFO] [stderr]   cargo:warning=    5 | #define VERSION(n, v) VERSION2(n, v)
[INFO] [stderr]   cargo:warning=      |                       ^~~~~~~~
[INFO] [stderr]   cargo:warning=build/expando.c:10:1: note: in expansion of macro 'VERSION'
[INFO] [stderr]   cargo:warning=   10 | VERSION(OPENSSL, OPENSSL_VERSION_NUMBER)
[INFO] [stderr]   cargo:warning=      | ^~~~~~~
[INFO] [stderr]   exit status: 1
[INFO] [stderr] 
[INFO] [stderr]   --- stderr
[INFO] [stderr]   thread 'main' panicked at /opt/rustwide/cargo-home/registry/src/index.crates.io-6f17d22bba15001f/openssl-sys-0.9.53/build/main.rs:126:13:
[INFO] [stderr] 
[INFO] [stderr]   Header expansion error:
[INFO] [stderr]   Error { kind: ToolExecError, message: "Command \"cc\" \"-O0\" \"-ffunction-sections\" \"-fdata-sections\" \"-fPIC\" \"-g\" \"-fno-omit-frame-pointer\" \"-m64\" \"-I\" \"/usr/include\" \"-Wall\" \"-Wextra\" \"-E\" \"build/expando.c\" with args \"cc\" did not execute successfully (status code exit status: 1)." }
[INFO] [stderr] 
[INFO] [stderr]   Failed to find OpenSSL development headers.
[INFO] [stderr] 
[INFO] [stderr]   You can try fixing this setting the `OPENSSL_DIR` environment variable
[INFO] [stderr]   pointing to your OpenSSL installation or installing OpenSSL headers package
[INFO] [stderr]   specific to your distribution:
[INFO] [stderr] 
[INFO] [stderr]       # On Ubuntu
[INFO] [stderr]       sudo apt-get install libssl-dev
[INFO] [stderr]       # On Arch Linux
[INFO] [stderr]       sudo pacman -S openssl
[INFO] [stderr]       # On Fedora
[INFO] [stderr]       sudo dnf install openssl-devel
[INFO] [stderr] 
[INFO] [stderr]   See rust-openssl README for more information:
[INFO] [stderr] 
[INFO] [stderr]       https://github.com/sfackler/rust-openssl#linux
[INFO] [stderr] 
[INFO] [stderr]   stack backtrace:
[INFO] [stderr]      0:     0x5583a2cb71e6 - std::backtrace_rs::backtrace::libunwind::trace::h261606ad26a499c1
[INFO] [stderr]                                  at /rustc/0e09125c6c3c2fd70d7de961bcf0e51575235fad/library/std/src/../../backtrace/src/backtrace/libunwind.rs:104:5
[INFO] [stderr]      1:     0x5583a2cb71e6 - std::backtrace_rs::backtrace::trace_unsynchronized::hd183f0625477fb28
[INFO] [stderr]                                  at /rustc/0e09125c6c3c2fd70d7de961bcf0e51575235fad/library/std/src/../../backtrace/src/backtrace/mod.rs:66:5
[INFO] [stderr]      2:     0x5583a2cb71e6 - std::sys_common::backtrace::_print_fmt::hd7f8fef21b4eda67
[INFO] [stderr]                                  at /rustc/0e09125c6c3c2fd70d7de961bcf0e51575235fad/library/std/src/sys_common/backtrace.rs:68:5
[INFO] [stderr]      3:     0x5583a2cb71e6 - <std::sys_common::backtrace::_print::DisplayBacktrace as core::fmt::Display>::fmt::h623d9b51f2f453f1
[INFO] [stderr]                                  at /rustc/0e09125c6c3c2fd70d7de961bcf0e51575235fad/library/std/src/sys_common/backtrace.rs:44:22
[INFO] [stderr]      4:     0x5583a2cdc730 - core::fmt::rt::Argument::fmt::h9f417ac76a86f368
[INFO] [stderr]                                  at /rustc/0e09125c6c3c2fd70d7de961bcf0e51575235fad/library/core/src/fmt/rt.rs:142:9
[INFO] [stderr]      5:     0x5583a2cdc730 - core::fmt::write::hc9b6faf4ac2aeff7
[INFO] [stderr]                                  at /rustc/0e09125c6c3c2fd70d7de961bcf0e51575235fad/library/core/src/fmt/mod.rs:1120:17
[INFO] [stderr]      6:     0x5583a2cb4d0f - std::io::Write::write_fmt::hfead1eee52c2e65e
[INFO] [stderr]                                  at /rustc/0e09125c6c3c2fd70d7de961bcf0e51575235fad/library/std/src/io/mod.rs:1810:15
[INFO] [stderr]      7:     0x5583a2cb6fc4 - std::sys_common::backtrace::_print::hd5d66399c7df88a2
[INFO] [stderr]                                  at /rustc/0e09125c6c3c2fd70d7de961bcf0e51575235fad/library/std/src/sys_common/backtrace.rs:47:5
[INFO] [stderr]      8:     0x5583a2cb6fc4 - std::sys_common::backtrace::print::he81ed2da642d37e5
[INFO] [stderr]                                  at /rustc/0e09125c6c3c2fd70d7de961bcf0e51575235fad/library/std/src/sys_common/backtrace.rs:34:9
[INFO] [stderr]      9:     0x5583a2cb88a7 - std::panicking::default_hook::{{closure}}::h85773f4fa117163d
[INFO] [stderr]     10:     0x5583a2cb8609 - std::panicking::default_hook::h6a1694a91d09b278
[INFO] [stderr]                                  at /rustc/0e09125c6c3c2fd70d7de961bcf0e51575235fad/library/std/src/panicking.rs:292:9
[INFO] [stderr]     11:     0x5583a2cb8d38 - std::panicking::rust_panic_with_hook::h0a7ad96e90f7145b
[INFO] [stderr]                                  at /rustc/0e09125c6c3c2fd70d7de961bcf0e51575235fad/library/std/src/panicking.rs:779:13
[INFO] [stderr]     12:     0x5583a2cb8c12 - std::panicking::begin_panic_handler::{{closure}}::h7919090525c6485e
[INFO] [stderr]                                  at /rustc/0e09125c6c3c2fd70d7de961bcf0e51575235fad/library/std/src/panicking.rs:657:13
[INFO] [stderr]     13:     0x5583a2cb76e6 - std::sys_common::backtrace::__rust_end_short_backtrace::hf3289479464f7dfe
[INFO] [stderr]                                  at /rustc/0e09125c6c3c2fd70d7de961bcf0e51575235fad/library/std/src/sys_common/backtrace.rs:171:18
[INFO] [stderr]     14:     0x5583a2cb8970 - rust_begin_unwind
[INFO] [stderr]                                  at /rustc/0e09125c6c3c2fd70d7de961bcf0e51575235fad/library/std/src/panicking.rs:645:5
[INFO] [stderr]     15:     0x5583a2c27685 - core::panicking::panic_fmt::hcc9f77c5c132af55
[INFO] [stderr]                                  at /rustc/0e09125c6c3c2fd70d7de961bcf0e51575235fad/library/core/src/panicking.rs:72:14
[INFO] [stderr]     16:     0x5583a2c2fc90 - build_script_main::validate_headers::hd46c1ea5ed988a6a
[INFO] [stderr]     17:     0x5583a2c2c968 - build_script_main::find::try_pkg_config::h7b49be43e2461ef0
[INFO] [stderr]     18:     0x5583a2c2b814 - build_script_main::find::find_openssl_dir::hda3d1da265eedab3
[INFO] [stderr]     19:     0x5583a2c2b6b2 - build_script_main::find::get_openssl::{{closure}}::h578e9d086b05700c
[INFO] [stderr]     20:     0x5583a2c28c0f - core::option::Option<T>::unwrap_or_else::h4b08b366e5ac55f8
[INFO] [stderr]     21:     0x5583a2c2b4af - build_script_main::find::get_openssl::hdeb1b509d0a95a9d
[INFO] [stderr]     22:     0x5583a2c2d715 - build_script_main::main::hf3a7ea056796daa9
[INFO] [stderr]     23:     0x5583a2c31873 - core::ops::function::FnOnce::call_once::h5a6f59f95ac4de42
[INFO] [stderr]     24:     0x5583a2c31206 - std::sys_common::backtrace::__rust_begin_short_backtrace::hec48b08e96d9fa92
[INFO] [stderr]     25:     0x5583a2c31269 - std::rt::lang_start::{{closure}}::hf4661538023e9667
[INFO] [stderr]     26:     0x5583a2cb0e41 - core::ops::function::impls::<impl core::ops::function::FnOnce<A> for &F>::call_once::h4eb4c5e1620f29b0
[INFO] [stderr]                                  at /rustc/0e09125c6c3c2fd70d7de961bcf0e51575235fad/library/core/src/ops/function.rs:284:13
[INFO] [stderr]     27:     0x5583a2cb0e41 - std::panicking::try::do_call::h73fd26535faffcdf
[INFO] [stderr]                                  at /rustc/0e09125c6c3c2fd70d7de961bcf0e51575235fad/library/std/src/panicking.rs:552:40
[INFO] [stderr]     28:     0x5583a2cb0e41 - std::panicking::try::h77ff1d98f0fb9f39
[INFO] [stderr]                                  at /rustc/0e09125c6c3c2fd70d7de961bcf0e51575235fad/library/std/src/panicking.rs:516:19
[INFO] [stderr]     29:     0x5583a2cb0e41 - std::panic::catch_unwind::hab3caf2448b95e37
[INFO] [stderr]                                  at /rustc/0e09125c6c3c2fd70d7de961bcf0e51575235fad/library/std/src/panic.rs:142:14
[INFO] [stderr]     30:     0x5583a2cb0e41 - std::rt::lang_start_internal::{{closure}}::h8086711f9c783f78
[INFO] [stderr]                                  at /rustc/0e09125c6c3c2fd70d7de961bcf0e51575235fad/library/std/src/rt.rs:148:48
[INFO] [stderr]     31:     0x5583a2cb0e41 - std::panicking::try::do_call::hf920d4dc291cd6ca
[INFO] [stderr]                                  at /rustc/0e09125c6c3c2fd70d7de961bcf0e51575235fad/library/std/src/panicking.rs:552:40
[INFO] [stderr]     32:     0x5583a2cb0e41 - std::panicking::try::h2b806ccc0a85db74
[INFO] [stderr]                                  at /rustc/0e09125c6c3c2fd70d7de961bcf0e51575235fad/library/std/src/panicking.rs:516:19
[INFO] [stderr]     33:     0x5583a2cb0e41 - std::panic::catch_unwind::h038489539c507df2
[INFO] [stderr]                                  at /rustc/0e09125c6c3c2fd70d7de961bcf0e51575235fad/library/std/src/panic.rs:142:14
[INFO] [stderr]     34:     0x5583a2cb0e41 - std::rt::lang_start_internal::h28503b88912e8a5c
[INFO] [stderr]                                  at /rustc/0e09125c6c3c2fd70d7de961bcf0e51575235fad/library/std/src/rt.rs:148:20
[INFO] [stderr]     35:     0x5583a2c31247 - std::rt::lang_start::h90024a9cc79c7abc
[INFO] [stderr]     36:     0x5583a2c309c5 - main
[INFO] [stderr]     37:     0x7f64f9d3ad90 - <unknown>
[INFO] [stderr]     38:     0x7f64f9d3ae40 - __libc_start_main
[INFO] [stderr]     39:     0x5583a2c27ea5 - _start
[INFO] [stderr]     40:                0x0 - <unknown>
[INFO] running `Command { std: "docker" "inspect" "6fb1550c6ca078c9195dd1d22b8e9fa6fe7b7e84d569aa817cbda6bd10284daa", kill_on_drop: false }`
[INFO] running `Command { std: "docker" "rm" "-f" "6fb1550c6ca078c9195dd1d22b8e9fa6fe7b7e84d569aa817cbda6bd10284daa", kill_on_drop: false }`
[INFO] [stdout] 6fb1550c6ca078c9195dd1d22b8e9fa6fe7b7e84d569aa817cbda6bd10284daa
