[INFO] cloning repository https://github.com/aknuds1/decentralized-meetup
[INFO] running `Command { std: "git" "-c" "credential.helper=" "-c" "credential.helper=/workspace/cargo-home/bin/git-credential-null" "clone" "--bare" "https://github.com/aknuds1/decentralized-meetup" "/workspace/cache/git-repos/https%3A%2F%2Fgithub.com%2Faknuds1%2Fdecentralized-meetup", kill_on_drop: false }`
[INFO] [stderr] Cloning into bare repository '/workspace/cache/git-repos/https%3A%2F%2Fgithub.com%2Faknuds1%2Fdecentralized-meetup'...
[INFO] running `Command { std: "git" "rev-parse" "HEAD", kill_on_drop: false }`
[INFO] [stdout] 602b627f32c04b47ce6be8a1562e42bb8a628cb2
[INFO] documenting aknuds1/decentralized-meetup against 1.75.0 for beta-1.76-rustdoc-1
[INFO] running `Command { std: "git" "clone" "/workspace/cache/git-repos/https%3A%2F%2Fgithub.com%2Faknuds1%2Fdecentralized-meetup" "/workspace/builds/worker-1-tc1/source", kill_on_drop: false }`
[INFO] [stderr] Cloning into '/workspace/builds/worker-1-tc1/source'...
[INFO] [stderr] done.
[INFO] validating manifest of git repo https://github.com/aknuds1/decentralized-meetup on toolchain 1.75.0
[INFO] running `Command { std: CARGO_HOME="/workspace/cargo-home" RUSTUP_HOME="/workspace/rustup-home" "/workspace/cargo-home/bin/cargo" "+1.75.0" "metadata" "--manifest-path" "Cargo.toml" "--no-deps", kill_on_drop: false }`
[INFO] removed /workspace/builds/worker-1-tc1/source/rust-toolchain
[INFO] started tweaking git repo https://github.com/aknuds1/decentralized-meetup
[INFO] finished tweaking git repo https://github.com/aknuds1/decentralized-meetup
[INFO] tweaked toml for git repo https://github.com/aknuds1/decentralized-meetup written to /workspace/builds/worker-1-tc1/source/Cargo.toml
[INFO] crate git repo https://github.com/aknuds1/decentralized-meetup already has a lockfile, it will not be regenerated
[INFO] running `Command { std: CARGO_HOME="/workspace/cargo-home" RUSTUP_HOME="/workspace/rustup-home" "/workspace/cargo-home/bin/cargo" "+1.75.0" "fetch" "--manifest-path" "Cargo.toml", kill_on_drop: false }`
[INFO] [stderr]     Updating git repository `https://github.com/aknuds1/maud`
[INFO] [stderr]     Updating crates.io index
[INFO] [stderr]  Downloading crates ...
[INFO] [stderr]   Downloaded slog-term v2.4.0
[INFO] [stderr]   Downloaded tokio v0.1.19
[INFO] [stderr]   Downloaded slog-async v2.3.0
[INFO] [stderr]   Downloaded multipart v0.15.4
[INFO] [stderr]   Downloaded tide v0.2.0
[INFO] [stderr]   Downloaded diesel_derives v1.4.0
[INFO] [stderr]   Downloaded buf_redux v0.8.1
[INFO] [stderr]   Downloaded bitflags v1.0.5
[INFO] [stderr]   Downloaded http-service v0.2.0
[INFO] [stderr]   Downloaded slog v2.4.1
[INFO] [stderr]   Downloaded hyper v0.12.28
[INFO] [stderr]   Downloaded libc v0.2.54
[INFO] [stderr]   Downloaded syn v0.15.33
[INFO] [stderr]   Downloaded diesel v1.4.2
[INFO] [stderr]   Downloaded literalext v0.1.1
[INFO] [stderr]   Downloaded proc-macro2 v0.4.29
[INFO] [stderr]   Downloaded futures-executor-preview v0.3.0-alpha.15
[INFO] [stderr]   Downloaded http-service-hyper v0.2.0
[INFO] [stderr]   Downloaded futures-io-preview v0.3.0-alpha.15
[INFO] [stderr]   Downloaded futures-core-preview v0.3.0-alpha.15
[INFO] [stderr]   Downloaded futures-sink-preview v0.3.0-alpha.15
[INFO] [stderr]   Downloaded futures-preview v0.3.0-alpha.15
[INFO] [stderr]   Downloaded futures-channel-preview v0.3.0-alpha.15
[INFO] [stderr]   Downloaded futures-util-preview v0.3.0-alpha.15
[INFO] running `Command { std: "docker" "create" "-v" "/var/lib/crater-agent-workspace/builds/worker-1-tc1/target:/opt/rustwide/target:rw,Z" "-v" "/var/lib/crater-agent-workspace/builds/worker-1-tc1/source:/opt/rustwide/workdir:ro,Z" "-v" "/var/lib/crater-agent-workspace/cargo-home:/opt/rustwide/cargo-home:ro,Z" "-v" "/var/lib/crater-agent-workspace/rustup-home:/opt/rustwide/rustup-home:ro,Z" "-e" "SOURCE_DIR=/opt/rustwide/workdir" "-e" "CARGO_TARGET_DIR=/opt/rustwide/target" "-e" "CARGO_HOME=/opt/rustwide/cargo-home" "-e" "RUSTUP_HOME=/opt/rustwide/rustup-home" "-w" "/opt/rustwide/workdir" "-m" "1610612736" "--user" "0:0" "--network" "none" "ghcr.io/rust-lang/crates-build-env/linux@sha256:2788e3201cd34a07e3172128adcd8b3090168a8e3bcc40d7c032b9dda1df7d1c" "/opt/rustwide/cargo-home/bin/cargo" "+1.75.0" "metadata" "--no-deps" "--format-version=1", kill_on_drop: false }`
[INFO] [stdout] e595c0b81b118a912e88833b9101f7bcc6b6f7bd2c1ff439fef2f57e79d25461
[INFO] running `Command { std: "docker" "start" "-a" "e595c0b81b118a912e88833b9101f7bcc6b6f7bd2c1ff439fef2f57e79d25461", kill_on_drop: false }`
[INFO] running `Command { std: "docker" "inspect" "e595c0b81b118a912e88833b9101f7bcc6b6f7bd2c1ff439fef2f57e79d25461", kill_on_drop: false }`
[INFO] running `Command { std: "docker" "rm" "-f" "e595c0b81b118a912e88833b9101f7bcc6b6f7bd2c1ff439fef2f57e79d25461", kill_on_drop: false }`
[INFO] [stdout] e595c0b81b118a912e88833b9101f7bcc6b6f7bd2c1ff439fef2f57e79d25461
[INFO] running `Command { std: "docker" "create" "-v" "/var/lib/crater-agent-workspace/builds/worker-1-tc1/target:/opt/rustwide/target:rw,Z" "-v" "/var/lib/crater-agent-workspace/builds/worker-1-tc1/source:/opt/rustwide/workdir:ro,Z" "-v" "/var/lib/crater-agent-workspace/cargo-home:/opt/rustwide/cargo-home:ro,Z" "-v" "/var/lib/crater-agent-workspace/rustup-home:/opt/rustwide/rustup-home:ro,Z" "-e" "SOURCE_DIR=/opt/rustwide/workdir" "-e" "CARGO_TARGET_DIR=/opt/rustwide/target" "-e" "CARGO_INCREMENTAL=0" "-e" "RUST_BACKTRACE=full" "-e" "RUSTFLAGS=--cap-lints=warn" "-e" "RUSTDOCFLAGS=--cap-lints=warn" "-e" "CARGO_HOME=/opt/rustwide/cargo-home" "-e" "RUSTUP_HOME=/opt/rustwide/rustup-home" "-w" "/opt/rustwide/workdir" "-m" "1610612736" "--user" "0:0" "--network" "none" "ghcr.io/rust-lang/crates-build-env/linux@sha256:2788e3201cd34a07e3172128adcd8b3090168a8e3bcc40d7c032b9dda1df7d1c" "/opt/rustwide/cargo-home/bin/cargo" "+1.75.0" "doc" "--frozen" "--no-deps" "--document-private-items" "--message-format=json", kill_on_drop: false }`
[INFO] [stdout] d9180b61c393e8eb2e8b4714f3ed1acbdd8e2520604e2c0961ac37d00a87aebb
[INFO] running `Command { std: "docker" "start" "-a" "d9180b61c393e8eb2e8b4714f3ed1acbdd8e2520604e2c0961ac37d00a87aebb", kill_on_drop: false }`
[INFO] [stderr]    Compiling libc v0.2.54
[INFO] [stderr]    Compiling autocfg v0.1.2
[INFO] [stderr]     Checking cfg-if v0.1.7
[INFO] [stderr]     Checking futures v0.1.26
[INFO] [stderr]     Checking rand_core v0.4.0
[INFO] [stderr]     Checking lazy_static v1.3.0
[INFO] [stderr]    Compiling byteorder v1.3.1
[INFO] [stderr]     Checking log v0.4.6
[INFO] [stderr]    Compiling unicase v1.4.2
[INFO] [stderr]     Checking rand_core v0.3.1
[INFO] [stderr]     Checking crossbeam-utils v0.6.5
[INFO] [stderr]     Checking smallvec v0.6.9
[INFO] [stderr]    Compiling semver-parser v0.7.0
[INFO] [stderr]    Compiling rand_pcg v0.1.2
[INFO] [stderr]    Compiling rand_chacha v0.1.1
[INFO] [stderr]    Compiling rand v0.6.5
[INFO] [stderr]    Compiling semver v0.9.0
[INFO] [stderr]    Compiling memchr v2.2.0
[INFO] [stderr]     Checking scopeguard v0.3.3
[INFO] [stderr]    Compiling rustc_version v0.2.3
[INFO] [stderr]     Checking rand_isaac v0.1.1
[INFO] [stderr]     Checking rand_hc v0.1.0
[INFO] [stderr]     Checking rand_xorshift v0.1.1
[INFO] [stderr]     Checking rand_jitter v0.1.4
[INFO] [stderr]    Compiling arrayvec v0.4.10
[INFO] [stderr]     Checking iovec v0.1.2
[INFO] [stderr]     Checking num_cpus v1.10.0
[INFO] [stderr]     Checking rand_os v0.1.3
[INFO] [stderr]    Compiling parking_lot_core v0.4.0
[INFO] [stderr]     Checking stable_deref_trait v1.1.1
[INFO] [stderr]     Checking bytes v0.4.12
[INFO] [stderr]     Checking futures-core-preview v0.3.0-alpha.15
[INFO] [stderr]     Checking tokio-executor v0.1.7
[INFO] [stderr]     Checking owning_ref v0.4.0
[INFO] [stderr]    Compiling proc-macro2 v0.4.29
[INFO] [stderr]     Checking itoa v0.4.4
[INFO] [stderr]    Compiling siphasher v0.2.3
[INFO] [stderr]     Checking nodrop v0.1.13
[INFO] [stderr]     Checking tokio-io v0.1.12
[INFO] [stderr]     Checking lock_api v0.1.5
[INFO] [stderr]    Compiling phf_shared v0.7.24
[INFO] [stderr]     Checking futures-channel-preview v0.3.0-alpha.15
[INFO] [stderr]     Checking net2 v0.2.33
[INFO] [stderr]     Checking memoffset v0.2.1
[INFO] [stderr]     Checking lazycell v1.2.1
[INFO] [stderr]     Checking futures-sink-preview v0.3.0-alpha.15
[INFO] [stderr]     Checking crossbeam-epoch v0.7.1
[INFO] [stderr]     Checking futures-io-preview v0.3.0-alpha.15
[INFO] [stderr]     Checking tokio-sync v0.1.5
[INFO] [stderr]     Checking mio v0.6.16
[INFO] [stderr]     Checking time v0.1.42
[INFO] [stderr]    Compiling httparse v1.3.3
[INFO] [stderr]    Compiling syn v0.15.33
[INFO] [stderr]     Checking parking_lot v0.7.1
[INFO] [stderr]     Checking futures-util-preview v0.3.0-alpha.15
[INFO] [stderr]     Checking crossbeam-deque v0.7.1
[INFO] [stderr]     Checking http v0.1.17
[INFO] [stderr]    Compiling quote v0.6.12
[INFO] [stderr]     Checking crossbeam-queue v0.1.2
[INFO] [stderr]    Compiling phf_generator v0.7.24
[INFO] [stderr]     Checking tokio-reactor v0.1.9
[INFO] [stderr]    Compiling phf_codegen v0.7.24
[INFO] [stderr]     Checking unicode-normalization v0.1.8
[INFO] [stderr]    Compiling slog v2.4.1
[INFO] [stderr]    Compiling serde v1.0.90
[INFO] [stderr]    Compiling mime_guess v1.8.7
[INFO] [stderr]     Checking tokio-threadpool v0.1.14
[INFO] [stderr]     Checking tokio-current-thread v0.1.6
[INFO] [stderr]     Checking tokio-timer v0.2.10
[INFO] [stderr]     Checking log v0.3.9
[INFO] [stderr]     Checking tokio-trace-core v0.1.0
[INFO] [stderr]    Compiling ryu v0.2.8
[INFO] [stderr]     Checking string v0.1.3
[INFO] [stderr]     Checking try-lock v0.2.2
[INFO] [stderr]     Checking indexmap v1.0.2
[INFO] [stderr]     Checking want v0.0.6
[INFO] [stderr]     Checking idna v0.1.5
[INFO] [stderr]     Checking tokio v0.1.19
[INFO] [stderr]     Checking mime v0.2.6
[INFO] [stderr]     Checking futures-executor-preview v0.3.0-alpha.15
[INFO] [stderr]     Checking futures-preview v0.3.0-alpha.15
[INFO] [stderr]     Checking phf v0.7.24
[INFO] [stderr]     Checking tokio-tcp v0.1.3
[INFO] [stderr]     Checking futures-cpupool v0.1.8
[INFO] [stderr]     Checking h2 v0.1.18
[INFO] [stderr]     Checking rand v0.4.6
[INFO] [stderr]     Checking dirs v1.0.5
[INFO] [stderr]     Checking thread_local v0.3.6
[INFO] [stderr]     Checking url v1.7.2
[INFO] [stderr]     Checking remove_dir_all v0.5.1
[INFO] [stderr]     Checking term v0.5.2
[INFO] [stderr]     Checking unsafe-any v0.4.2
[INFO] [stderr]     Checking buf_redux v0.8.1
[INFO] [stderr]     Checking http-service v0.2.0
[INFO] [stderr]     Checking chrono v0.4.6
[INFO] [stdout] error: incorrect use of `await`
[INFO] [stdout]    --> /opt/rustwide/cargo-home/registry/src/index.crates.io-6f17d22bba15001f/http-service-0.2.0/src/lib.rs:102:33
[INFO] [stdout]     |
[INFO] [stdout] 102 |         while let Some(chunk) = await!(self.next()) {
[INFO] [stdout]     |                                 ^^^^^^^^^^^^^^^^^^^ help: `await` is a postfix operation: `self.next().await`
[INFO] [stdout] 
[INFO] [stdout] 
[INFO] [stdout] error[E0557]: feature has been removed
[INFO] [stdout]   --> /opt/rustwide/cargo-home/registry/src/index.crates.io-6f17d22bba15001f/http-service-0.2.0/src/lib.rs:60:25
[INFO] [stdout]    |
[INFO] [stdout] 60 | #![feature(async_await, await_macro, arbitrary_self_types)]
[INFO] [stdout]    |                         ^^^^^^^^^^^ feature has been removed
[INFO] [stdout]    |
[INFO] [stdout]    = note: subsumed by `.await` syntax
[INFO] [stdout] 
[INFO] [stdout] 
[INFO] [stdout] error[E0554]: `#![feature]` may not be used on the stable release channel
[INFO] [stdout]   --> /opt/rustwide/cargo-home/registry/src/index.crates.io-6f17d22bba15001f/http-service-0.2.0/src/lib.rs:60:1
[INFO] [stdout]    |
[INFO] [stdout] 60 | #![feature(async_await, await_macro, arbitrary_self_types)]
[INFO] [stdout]    | ^^^^^^^^^^^^^^^^^^^^^^^^^^^^^^^^^^^^^^^^^^^^^^^^^^^^^^^^^^^
[INFO] [stdout]    |
[INFO] [stdout]    = help: the feature `async_await` has been stable since `1.39.0` and no longer requires an attribute to enable
[INFO] [stdout] 
[INFO] [stdout] 
[INFO] [stdout] error: aborting due to 3 previous errors
[INFO] [stdout] 
[INFO] [stdout] 
[INFO] [stdout] Some errors have detailed explanations: E0554, E0557.
[INFO] [stdout] 
[INFO] [stdout] For more information about an error, try `rustc --explain E0554`.
[INFO] [stdout] 
[INFO] [stderr] error: could not compile `http-service` (lib) due to 4 previous errors
[INFO] [stderr] warning: build failed, waiting for other jobs to finish...
[INFO] running `Command { std: "docker" "inspect" "d9180b61c393e8eb2e8b4714f3ed1acbdd8e2520604e2c0961ac37d00a87aebb", kill_on_drop: false }`
[INFO] running `Command { std: "docker" "rm" "-f" "d9180b61c393e8eb2e8b4714f3ed1acbdd8e2520604e2c0961ac37d00a87aebb", kill_on_drop: false }`
[INFO] [stdout] d9180b61c393e8eb2e8b4714f3ed1acbdd8e2520604e2c0961ac37d00a87aebb
[INFO] documenting aknuds1/decentralized-meetup against beta-2023-12-22 for beta-1.76-rustdoc-1
[INFO] running `Command { std: "git" "clone" "/workspace/cache/git-repos/https%3A%2F%2Fgithub.com%2Faknuds1%2Fdecentralized-meetup" "/workspace/builds/worker-1-tc2/source", kill_on_drop: false }`
[INFO] [stderr] Cloning into '/workspace/builds/worker-1-tc2/source'...
[INFO] [stderr] done.
[INFO] validating manifest of git repo https://github.com/aknuds1/decentralized-meetup on toolchain beta-2023-12-22
[INFO] running `Command { std: CARGO_HOME="/workspace/cargo-home" RUSTUP_HOME="/workspace/rustup-home" "/workspace/cargo-home/bin/cargo" "+beta-2023-12-22" "metadata" "--manifest-path" "Cargo.toml" "--no-deps", kill_on_drop: false }`
[INFO] removed /workspace/builds/worker-1-tc2/source/rust-toolchain
[INFO] started tweaking git repo https://github.com/aknuds1/decentralized-meetup
[INFO] finished tweaking git repo https://github.com/aknuds1/decentralized-meetup
[INFO] tweaked toml for git repo https://github.com/aknuds1/decentralized-meetup written to /workspace/builds/worker-1-tc2/source/Cargo.toml
[INFO] crate git repo https://github.com/aknuds1/decentralized-meetup already has a lockfile, it will not be regenerated
[INFO] running `Command { std: CARGO_HOME="/workspace/cargo-home" RUSTUP_HOME="/workspace/rustup-home" "/workspace/cargo-home/bin/cargo" "+beta-2023-12-22" "fetch" "--manifest-path" "Cargo.toml", kill_on_drop: false }`
[INFO] running `Command { std: "docker" "create" "-v" "/var/lib/crater-agent-workspace/builds/worker-1-tc2/target:/opt/rustwide/target:rw,Z" "-v" "/var/lib/crater-agent-workspace/builds/worker-1-tc2/source:/opt/rustwide/workdir:ro,Z" "-v" "/var/lib/crater-agent-workspace/cargo-home:/opt/rustwide/cargo-home:ro,Z" "-v" "/var/lib/crater-agent-workspace/rustup-home:/opt/rustwide/rustup-home:ro,Z" "-e" "SOURCE_DIR=/opt/rustwide/workdir" "-e" "CARGO_TARGET_DIR=/opt/rustwide/target" "-e" "CARGO_HOME=/opt/rustwide/cargo-home" "-e" "RUSTUP_HOME=/opt/rustwide/rustup-home" "-w" "/opt/rustwide/workdir" "-m" "1610612736" "--user" "0:0" "--network" "none" "ghcr.io/rust-lang/crates-build-env/linux@sha256:2788e3201cd34a07e3172128adcd8b3090168a8e3bcc40d7c032b9dda1df7d1c" "/opt/rustwide/cargo-home/bin/cargo" "+beta-2023-12-22" "metadata" "--no-deps" "--format-version=1", kill_on_drop: false }`
[INFO] [stdout] d207142afd1a2f8237af39cb5038826cac3078367a2029515d287722629fc690
[INFO] running `Command { std: "docker" "start" "-a" "d207142afd1a2f8237af39cb5038826cac3078367a2029515d287722629fc690", kill_on_drop: false }`
[INFO] running `Command { std: "docker" "inspect" "d207142afd1a2f8237af39cb5038826cac3078367a2029515d287722629fc690", kill_on_drop: false }`
[INFO] running `Command { std: "docker" "rm" "-f" "d207142afd1a2f8237af39cb5038826cac3078367a2029515d287722629fc690", kill_on_drop: false }`
[INFO] [stdout] d207142afd1a2f8237af39cb5038826cac3078367a2029515d287722629fc690
[INFO] running `Command { std: "docker" "create" "-v" "/var/lib/crater-agent-workspace/builds/worker-1-tc2/target:/opt/rustwide/target:rw,Z" "-v" "/var/lib/crater-agent-workspace/builds/worker-1-tc2/source:/opt/rustwide/workdir:ro,Z" "-v" "/var/lib/crater-agent-workspace/cargo-home:/opt/rustwide/cargo-home:ro,Z" "-v" "/var/lib/crater-agent-workspace/rustup-home:/opt/rustwide/rustup-home:ro,Z" "-e" "SOURCE_DIR=/opt/rustwide/workdir" "-e" "CARGO_TARGET_DIR=/opt/rustwide/target" "-e" "CARGO_INCREMENTAL=0" "-e" "RUST_BACKTRACE=full" "-e" "RUSTFLAGS=--cap-lints=warn" "-e" "RUSTDOCFLAGS=--cap-lints=warn" "-e" "CARGO_HOME=/opt/rustwide/cargo-home" "-e" "RUSTUP_HOME=/opt/rustwide/rustup-home" "-w" "/opt/rustwide/workdir" "-m" "1610612736" "--user" "0:0" "--network" "none" "ghcr.io/rust-lang/crates-build-env/linux@sha256:2788e3201cd34a07e3172128adcd8b3090168a8e3bcc40d7c032b9dda1df7d1c" "/opt/rustwide/cargo-home/bin/cargo" "+beta-2023-12-22" "doc" "--frozen" "--no-deps" "--document-private-items" "--message-format=json", kill_on_drop: false }`
[INFO] [stdout] a0acaba7a4465bef730d9e9c2047744c1b7e25c681a9506167e7ac7fd60557c8
[INFO] running `Command { std: "docker" "start" "-a" "a0acaba7a4465bef730d9e9c2047744c1b7e25c681a9506167e7ac7fd60557c8", kill_on_drop: false }`
[INFO] [stderr]    Compiling libc v0.2.54
[INFO] [stderr]    Compiling autocfg v0.1.2
[INFO] [stderr]     Checking cfg-if v0.1.7
[INFO] [stderr]     Checking futures v0.1.26
[INFO] [stderr]     Checking lazy_static v1.3.0
[INFO] [stderr]     Checking rand_core v0.4.0
[INFO] [stderr]    Compiling byteorder v1.3.1
[INFO] [stderr]     Checking log v0.4.6
[INFO] [stderr]    Compiling unicase v1.4.2
[INFO] [stderr]     Checking rand_core v0.3.1
[INFO] [stderr]     Checking crossbeam-utils v0.6.5
[INFO] [stderr]     Checking smallvec v0.6.9
[INFO] [stderr]    Compiling semver-parser v0.7.0
[INFO] [stderr]    Compiling rand_pcg v0.1.2
[INFO] [stderr]    Compiling rand_chacha v0.1.1
[INFO] [stderr]    Compiling rand v0.6.5
[INFO] [stderr]    Compiling semver v0.9.0
[INFO] [stderr]     Checking scopeguard v0.3.3
[INFO] [stderr]    Compiling memchr v2.2.0
[INFO] [stderr]    Compiling rustc_version v0.2.3
[INFO] [stderr]     Checking rand_xorshift v0.1.1
[INFO] [stderr]     Checking rand_hc v0.1.0
[INFO] [stderr]     Checking rand_isaac v0.1.1
[INFO] [stderr]     Checking rand_jitter v0.1.4
[INFO] [stderr]     Checking iovec v0.1.2
[INFO] [stderr]     Checking num_cpus v1.10.0
[INFO] [stderr]     Checking rand_os v0.1.3
[INFO] [stderr]     Checking stable_deref_trait v1.1.1
[INFO] [stderr]     Checking futures-core-preview v0.3.0-alpha.15
[INFO] [stderr]     Checking bytes v0.4.12
[INFO] [stderr]    Compiling parking_lot_core v0.4.0
[INFO] [stderr]    Compiling arrayvec v0.4.10
[INFO] [stderr]     Checking owning_ref v0.4.0
[INFO] [stderr]     Checking tokio-executor v0.1.7
[INFO] [stderr]     Checking nodrop v0.1.13
[INFO] [stderr]    Compiling siphasher v0.2.3
[INFO] [stderr]    Compiling proc-macro2 v0.4.29
[INFO] [stderr]     Checking itoa v0.4.4
[INFO] [stderr]    Compiling phf_shared v0.7.24
[INFO] [stderr]     Checking tokio-io v0.1.12
[INFO] [stderr]     Checking lock_api v0.1.5
[INFO] [stderr]     Checking futures-channel-preview v0.3.0-alpha.15
[INFO] [stderr]     Checking net2 v0.2.33
[INFO] [stderr]     Checking memoffset v0.2.1
[INFO] [stderr]     Checking lazycell v1.2.1
[INFO] [stderr]     Checking futures-sink-preview v0.3.0-alpha.15
[INFO] [stderr]     Checking crossbeam-epoch v0.7.1
[INFO] [stderr]     Checking tokio-sync v0.1.5
[INFO] [stderr]     Checking futures-io-preview v0.3.0-alpha.15
[INFO] [stderr]     Checking mio v0.6.16
[INFO] [stderr]     Checking time v0.1.42
[INFO] [stderr]    Compiling httparse v1.3.3
[INFO] [stderr]     Checking parking_lot v0.7.1
[INFO] [stderr]    Compiling syn v0.15.33
[INFO] [stderr]     Checking crossbeam-deque v0.7.1
[INFO] [stderr]     Checking futures-util-preview v0.3.0-alpha.15
[INFO] [stderr]     Checking http v0.1.17
[INFO] [stderr]    Compiling quote v0.6.12
[INFO] [stderr]    Compiling phf_generator v0.7.24
[INFO] [stderr]     Checking tokio-reactor v0.1.9
[INFO] [stderr]     Checking crossbeam-queue v0.1.2
[INFO] [stderr]    Compiling phf_codegen v0.7.24
[INFO] [stderr]     Checking unicode-normalization v0.1.8
[INFO] [stderr]    Compiling serde v1.0.90
[INFO] [stderr]    Compiling slog v2.4.1
[INFO] [stderr]    Compiling mime_guess v1.8.7
[INFO] [stderr]     Checking tokio-threadpool v0.1.14
[INFO] [stderr]     Checking tokio-current-thread v0.1.6
[INFO] [stderr]     Checking tokio-timer v0.2.10
[INFO] [stderr]     Checking log v0.3.9
[INFO] [stderr]     Checking tokio-trace-core v0.1.0
[INFO] [stderr]     Checking string v0.1.3
[INFO] [stderr]     Checking indexmap v1.0.2
[INFO] [stderr]    Compiling ryu v0.2.8
[INFO] [stderr]     Checking try-lock v0.2.2
[INFO] [stderr]     Checking want v0.0.6
[INFO] [stderr]     Checking tokio v0.1.19
[INFO] [stderr]     Checking mime v0.2.6
[INFO] [stderr]     Checking idna v0.1.5
[INFO] [stderr]     Checking phf v0.7.24
[INFO] [stderr]     Checking tokio-tcp v0.1.3
[INFO] [stderr]     Checking futures-executor-preview v0.3.0-alpha.15
[INFO] [stderr]     Checking futures-cpupool v0.1.8
[INFO] [stderr]     Checking rand v0.4.6
[INFO] [stderr]     Checking dirs v1.0.5
[INFO] [stderr]     Checking thread_local v0.3.6
[INFO] [stderr]     Checking futures-preview v0.3.0-alpha.15
[INFO] [stderr]     Checking h2 v0.1.18
[INFO] [stderr]     Checking remove_dir_all v0.5.1
[INFO] [stderr]     Checking unsafe-any v0.4.2
[INFO] [stderr]     Checking http-service v0.2.0
[INFO] [stderr]     Checking buf_redux v0.8.1
[INFO] [stderr]     Checking term v0.5.2
[INFO] [stdout] error: incorrect use of `await`
[INFO] [stdout]    --> /opt/rustwide/cargo-home/registry/src/index.crates.io-6f17d22bba15001f/http-service-0.2.0/src/lib.rs:102:33
[INFO] [stdout]     |
[INFO] [stdout] 102 |         while let Some(chunk) = await!(self.next()) {
[INFO] [stdout]     |                                 ^^^^^^^^^^^^^^^^^^^ help: `await` is a postfix operation: `self.next().await`
[INFO] [stdout] 
[INFO] [stdout] 
[INFO] [stdout] error[E0557]: feature has been removed
[INFO] [stdout]   --> /opt/rustwide/cargo-home/registry/src/index.crates.io-6f17d22bba15001f/http-service-0.2.0/src/lib.rs:60:25
[INFO] [stdout]    |
[INFO] [stdout] 60 | #![feature(async_await, await_macro, arbitrary_self_types)]
[INFO] [stdout]    |                         ^^^^^^^^^^^ feature has been removed
[INFO] [stdout]    |
[INFO] [stdout]    = note: subsumed by `.await` syntax
[INFO] [stdout] 
[INFO] [stdout] 
[INFO] [stdout] error[E0554]: `#![feature]` may not be used on the beta release channel
[INFO] [stdout]   --> /opt/rustwide/cargo-home/registry/src/index.crates.io-6f17d22bba15001f/http-service-0.2.0/src/lib.rs:60:1
[INFO] [stdout]    |
[INFO] [stdout] 60 | #![feature(async_await, await_macro, arbitrary_self_types)]
[INFO] [stdout]    | ^^^^^^^^^^^^^^^^^^^^^^^^^^^^^^^^^^^^^^^^^^^^^^^^^^^^^^^^^^^
[INFO] [stdout]    |
[INFO] [stdout]    = help: the feature `async_await` has been stable since `1.39.0` and no longer requires an attribute to enable
[INFO] [stdout] 
[INFO] [stdout] 
[INFO] [stdout] error: aborting due to 3 previous errors
[INFO] [stdout] 
[INFO] [stdout] 
[INFO] [stdout] Some errors have detailed explanations: E0554, E0557.
[INFO] [stdout] 
[INFO] [stdout] For more information about an error, try `rustc --explain E0554`.
[INFO] [stdout] 
[INFO] [stderr] error: could not compile `http-service` (lib) due to 4 previous errors
[INFO] [stderr] warning: build failed, waiting for other jobs to finish...
[INFO] running `Command { std: "docker" "inspect" "a0acaba7a4465bef730d9e9c2047744c1b7e25c681a9506167e7ac7fd60557c8", kill_on_drop: false }`
[INFO] running `Command { std: "docker" "rm" "-f" "a0acaba7a4465bef730d9e9c2047744c1b7e25c681a9506167e7ac7fd60557c8", kill_on_drop: false }`
[INFO] [stdout] a0acaba7a4465bef730d9e9c2047744c1b7e25c681a9506167e7ac7fd60557c8
