[INFO] cloning repository https://github.com/akhramov/duchess-example
[INFO] running `Command { std: "git" "-c" "credential.helper=" "-c" "credential.helper=/workspace/cargo-home/bin/git-credential-null" "clone" "--bare" "https://github.com/akhramov/duchess-example" "/workspace/cache/git-repos/https%3A%2F%2Fgithub.com%2Fakhramov%2Fduchess-example", kill_on_drop: false }`
[INFO] [stderr] Cloning into bare repository '/workspace/cache/git-repos/https%3A%2F%2Fgithub.com%2Fakhramov%2Fduchess-example'...
[INFO] running `Command { std: "git" "rev-parse" "HEAD", kill_on_drop: false }`
[INFO] [stdout] 321cfa7346f70a1d0a6f5abd34fca1b419b2e241
[INFO] documenting akhramov/duchess-example against 1.75.0 for beta-1.76-rustdoc-1
[INFO] running `Command { std: "git" "clone" "/workspace/cache/git-repos/https%3A%2F%2Fgithub.com%2Fakhramov%2Fduchess-example" "/workspace/builds/worker-5-tc1/source", kill_on_drop: false }`
[INFO] [stderr] Cloning into '/workspace/builds/worker-5-tc1/source'...
[INFO] [stderr] done.
[INFO] validating manifest of git repo https://github.com/akhramov/duchess-example on toolchain 1.75.0
[INFO] running `Command { std: CARGO_HOME="/workspace/cargo-home" RUSTUP_HOME="/workspace/rustup-home" "/workspace/cargo-home/bin/cargo" "+1.75.0" "metadata" "--manifest-path" "Cargo.toml" "--no-deps", kill_on_drop: false }`
[INFO] removed /workspace/builds/worker-5-tc1/source/.cargo/config.toml
[INFO] started tweaking git repo https://github.com/akhramov/duchess-example
[INFO] finished tweaking git repo https://github.com/akhramov/duchess-example
[INFO] tweaked toml for git repo https://github.com/akhramov/duchess-example written to /workspace/builds/worker-5-tc1/source/Cargo.toml
[INFO] crate git repo https://github.com/akhramov/duchess-example already has a lockfile, it will not be regenerated
[INFO] running `Command { std: CARGO_HOME="/workspace/cargo-home" RUSTUP_HOME="/workspace/rustup-home" "/workspace/cargo-home/bin/cargo" "+1.75.0" "fetch" "--manifest-path" "Cargo.toml", kill_on_drop: false }`
[INFO] [stderr]     Updating git repository `https://github.com/duchess-rs/duchess`
[INFO] [stderr]     Updating crates.io index
[INFO] [stderr]  Downloading crates ...
[INFO] [stderr]   Downloaded java-locator v0.1.5
[INFO] [stderr]   Downloaded str_inflector v0.12.0
[INFO] [stderr]   Downloaded litrs v0.4.0
[INFO] running `Command { std: "docker" "create" "-v" "/var/lib/crater-agent-workspace/builds/worker-5-tc1/target:/opt/rustwide/target:rw,Z" "-v" "/var/lib/crater-agent-workspace/builds/worker-5-tc1/source:/opt/rustwide/workdir:ro,Z" "-v" "/var/lib/crater-agent-workspace/cargo-home:/opt/rustwide/cargo-home:ro,Z" "-v" "/var/lib/crater-agent-workspace/rustup-home:/opt/rustwide/rustup-home:ro,Z" "-e" "SOURCE_DIR=/opt/rustwide/workdir" "-e" "CARGO_TARGET_DIR=/opt/rustwide/target" "-e" "CARGO_HOME=/opt/rustwide/cargo-home" "-e" "RUSTUP_HOME=/opt/rustwide/rustup-home" "-w" "/opt/rustwide/workdir" "-m" "1610612736" "--user" "0:0" "--network" "none" "ghcr.io/rust-lang/crates-build-env/linux@sha256:2788e3201cd34a07e3172128adcd8b3090168a8e3bcc40d7c032b9dda1df7d1c" "/opt/rustwide/cargo-home/bin/cargo" "+1.75.0" "metadata" "--no-deps" "--format-version=1", kill_on_drop: false }`
[INFO] [stdout] cb43ac883627cfa12ec7f0be8aec9c176124e9b670ff2b5d28bef0cc1cd9ccf4
[INFO] running `Command { std: "docker" "start" "-a" "cb43ac883627cfa12ec7f0be8aec9c176124e9b670ff2b5d28bef0cc1cd9ccf4", kill_on_drop: false }`
[INFO] running `Command { std: "docker" "inspect" "cb43ac883627cfa12ec7f0be8aec9c176124e9b670ff2b5d28bef0cc1cd9ccf4", kill_on_drop: false }`
[INFO] running `Command { std: "docker" "rm" "-f" "cb43ac883627cfa12ec7f0be8aec9c176124e9b670ff2b5d28bef0cc1cd9ccf4", kill_on_drop: false }`
[INFO] [stdout] cb43ac883627cfa12ec7f0be8aec9c176124e9b670ff2b5d28bef0cc1cd9ccf4
[INFO] running `Command { std: "docker" "create" "-v" "/var/lib/crater-agent-workspace/builds/worker-5-tc1/target:/opt/rustwide/target:rw,Z" "-v" "/var/lib/crater-agent-workspace/builds/worker-5-tc1/source:/opt/rustwide/workdir:ro,Z" "-v" "/var/lib/crater-agent-workspace/cargo-home:/opt/rustwide/cargo-home:ro,Z" "-v" "/var/lib/crater-agent-workspace/rustup-home:/opt/rustwide/rustup-home:ro,Z" "-e" "SOURCE_DIR=/opt/rustwide/workdir" "-e" "CARGO_TARGET_DIR=/opt/rustwide/target" "-e" "CARGO_INCREMENTAL=0" "-e" "RUST_BACKTRACE=full" "-e" "RUSTFLAGS=--cap-lints=warn" "-e" "RUSTDOCFLAGS=--cap-lints=warn" "-e" "CARGO_HOME=/opt/rustwide/cargo-home" "-e" "RUSTUP_HOME=/opt/rustwide/rustup-home" "-w" "/opt/rustwide/workdir" "-m" "1610612736" "--user" "0:0" "--network" "none" "ghcr.io/rust-lang/crates-build-env/linux@sha256:2788e3201cd34a07e3172128adcd8b3090168a8e3bcc40d7c032b9dda1df7d1c" "/opt/rustwide/cargo-home/bin/cargo" "+1.75.0" "doc" "--frozen" "--no-deps" "--document-private-items" "--message-format=json", kill_on_drop: false }`
[INFO] [stdout] a121c460980e9f686f8e4485ba1dab7d27419b2dc8576a04c731602462760791
[INFO] running `Command { std: "docker" "start" "-a" "a121c460980e9f686f8e4485ba1dab7d27419b2dc8576a04c731602462760791", kill_on_drop: false }`
[INFO] [stderr]    Compiling libc v0.2.147
[INFO] [stderr]    Compiling proc-macro2 v1.0.63
[INFO] [stderr]    Compiling memchr v2.5.0
[INFO] [stderr]    Compiling cfg-if v1.0.0
[INFO] [stderr]    Compiling parking_lot_core v0.9.8
[INFO] [stderr]    Compiling io-lifetimes v1.0.11
[INFO] [stderr]    Compiling smallvec v1.10.0
[INFO] [stderr]    Compiling scopeguard v1.1.0
[INFO] [stderr]    Compiling rustix v0.37.20
[INFO] [stderr]    Compiling crunchy v0.2.2
[INFO] [stderr]    Compiling regex-syntax v0.7.2
[INFO] [stderr]    Compiling tiny-keccak v2.0.2
[INFO] [stderr]    Compiling lock_api v0.4.10
[INFO] [stderr]    Compiling indexmap v1.9.3
[INFO] [stderr]    Compiling bitflags v1.3.2
[INFO] [stderr]    Compiling linux-raw-sys v0.3.8
[INFO] [stderr]    Compiling hashbrown v0.12.3
[INFO] [stderr]    Compiling siphasher v0.3.10
[INFO] [stderr]    Compiling precomputed-hash v0.1.1
[INFO] [stderr]    Compiling new_debug_unreachable v1.0.4
[INFO] [stderr]    Compiling log v0.4.19
[INFO] [stderr]    Compiling phf_shared v0.10.0
[INFO] [stderr]    Compiling bit-vec v0.6.3
[INFO] [stderr]    Compiling fixedbitset v0.4.2
[INFO] [stderr]    Compiling unicode-xid v0.2.4
[INFO] [stderr]    Compiling once_cell v1.18.0
[INFO] [stderr]    Compiling either v1.8.1
[INFO] [stderr]    Compiling bit-set v0.5.3
[INFO] [stderr]    Compiling ena v0.14.2
[INFO] [stderr]    Compiling diff v0.1.13
[INFO] [stderr]    Compiling regex-syntax v0.6.29
[INFO] [stderr]    Compiling anyhow v1.0.71
[INFO] [stderr]    Compiling itertools v0.10.5
[INFO] [stderr]    Compiling syn v1.0.109
[INFO] [stderr]    Compiling thiserror v1.0.40
[INFO] [stderr]    Compiling lazy_static v1.4.0
[INFO] [stderr]     Checking tracing-core v0.1.31
[INFO] [stderr]     Checking pin-project-lite v0.2.9
[INFO] [stderr]     Checking glob v0.3.1
[INFO] [stderr]    Compiling convert_case v0.4.0
[INFO] [stderr]     Checking libloading v0.8.0
[INFO] [stderr]     Checking cesu8 v1.1.0
[INFO] [stderr]    Compiling quote v1.0.28
[INFO] [stderr]    Compiling aho-corasick v1.0.2
[INFO] [stderr]    Compiling rust-format v0.3.4
[INFO] [stderr]    Compiling litrs v0.4.0
[INFO] [stderr]     Checking java-locator v0.1.5
[INFO] [stderr]    Compiling petgraph v0.6.3
[INFO] [stderr]     Checking jni-sys v0.3.0
[INFO] [stderr]    Compiling syn v2.0.22
[INFO] [stderr]    Compiling dirs-sys-next v0.1.2
[INFO] [stderr]    Compiling dirs-next v2.0.0
[INFO] [stderr]    Compiling term v0.7.0
[INFO] [stderr]    Compiling parking_lot v0.12.1
[INFO] [stderr]    Compiling regex v1.8.4
[INFO] [stderr]    Compiling ascii-canvas v3.0.0
[INFO] [stderr]    Compiling string_cache v0.8.7
[INFO] [stderr]    Compiling is-terminal v0.4.7
[INFO] [stderr]    Compiling lalrpop-util v0.19.12
[INFO] [stderr]    Compiling str_inflector v0.12.0
[INFO] [stderr]    Compiling lalrpop v0.19.12
[INFO] [stderr]    Compiling derive_more v0.99.17
[INFO] [stderr]    Compiling synstructure v0.13.0
[INFO] [stderr]    Compiling thiserror-impl v1.0.40
[INFO] [stderr]    Compiling derive-where v1.2.1
[INFO] [stderr]    Compiling tracing-attributes v0.1.26
[INFO] [stderr]     Checking tracing v0.1.37
[INFO] [stderr]    Compiling duchess-macro v0.1.3 (https://github.com/duchess-rs/duchess#27792162)
[INFO] [stderr]     Checking duchess v0.1.3 (https://github.com/duchess-rs/duchess#27792162)
[INFO] [stdout] error: proc macro panicked
[INFO] [stdout]    --> /opt/rustwide/cargo-home/git/checkouts/duchess-d3148a889985172a/2779216/src/java.rs:7:5
[INFO] [stdout]     |
[INFO] [stdout] 7   | /     duchess_macro::java_package! {
[INFO] [stdout] 8   | |         package java.lang;
[INFO] [stdout] 9   | |
[INFO] [stdout] 10  | |         public class java.lang.Object {
[INFO] [stdout] ...   |
[INFO] [stdout] 316 | |
[INFO] [stdout] 317 | |     }
[INFO] [stdout]     | |_____^
[INFO] [stdout]     |
[INFO] [stdout]     = help: message: duchess cannot read the CLASSPATH environment variable: environment variable not found
[INFO] [stdout] 
[INFO] [stdout] 
[INFO] [stdout] error[E0432]: unresolved import `auto::java`
[INFO] [stdout]    --> /opt/rustwide/cargo-home/git/checkouts/duchess-d3148a889985172a/2779216/src/java.rs:320:15
[INFO] [stdout]     |
[INFO] [stdout] 320 | pub use auto::java::*;
[INFO] [stdout]     |               ^^^^ could not find `java` in `auto`
[INFO] [stdout] 
[INFO] [stdout] 
[INFO] [stdout] error[E0432]: unresolved import `crate::java::lang`
[INFO] [stdout]  --> /opt/rustwide/cargo-home/git/checkouts/duchess-d3148a889985172a/2779216/src/array.rs:6:18
[INFO] [stdout]   |
[INFO] [stdout] 6 |     java::{self, lang::Class},
[INFO] [stdout]   |                  ^^^^ could not find `lang` in `java`
[INFO] [stdout] 
[INFO] [stdout] 
[INFO] [stdout] error[E0432]: unresolved import `crate::java::lang`
[INFO] [stdout]  --> /opt/rustwide/cargo-home/git/checkouts/duchess-d3148a889985172a/2779216/src/error.rs:9:19
[INFO] [stdout]   |
[INFO] [stdout] 9 | use crate::{java::lang::Throwable, raw::HasEnvPtr, Global, Jvm, JvmOp, Local};
[INFO] [stdout]   |                   ^^^^ could not find `lang` in `java`
[INFO] [stdout] 
[INFO] [stdout] 
[INFO] [stdout] error[E0432]: unresolved import `crate::java::lang`
[INFO] [stdout]  --> /opt/rustwide/cargo-home/git/checkouts/duchess-d3148a889985172a/2779216/src/jvm.rs:6:11
[INFO] [stdout]   |
[INFO] [stdout] 6 |     java::lang::{Class, Throwable},
[INFO] [stdout]   |           ^^^^ could not find `lang` in `java`
[INFO] [stdout] 
[INFO] [stdout] 
[INFO] [stdout] error[E0432]: unresolved import `crate::java::lang`
[INFO] [stdout]  --> /opt/rustwide/cargo-home/git/checkouts/duchess-d3148a889985172a/2779216/src/link.rs:3:19
[INFO] [stdout]   |
[INFO] [stdout] 3 | use crate::{java::lang::Class, Jvm, Local};
[INFO] [stdout]   |                   ^^^^ could not find `lang` in `java`
[INFO] [stdout] 
[INFO] [stdout] 
[INFO] [stdout] error[E0432]: unresolved import `crate::java::lang`
[INFO] [stdout]  --> /opt/rustwide/cargo-home/git/checkouts/duchess-d3148a889985172a/2779216/src/refs.rs:1:33
[INFO] [stdout]   |
[INFO] [stdout] 1 | use crate::{cast::Upcast, java::lang::Throwable, Error, Global, JavaObject, Local};
[INFO] [stdout]   |                                 ^^^^ could not find `lang` in `java`
[INFO] [stdout] 
[INFO] [stdout] 
[INFO] [stdout] error[E0432]: unresolved import `crate::java::lang`
[INFO] [stdout]  --> /opt/rustwide/cargo-home/git/checkouts/duchess-d3148a889985172a/2779216/src/str.rs:4:35
[INFO] [stdout]   |
[INFO] [stdout] 4 |     error::check_exception, java::lang::String as JavaString, jvm::JavaObjectExt,
[INFO] [stdout]   |                                   ^^^^ could not find `lang` in `java`
[INFO] [stdout] 
[INFO] [stdout] 
[INFO] [stdout] error[E0432]: unresolved import `crate::java::lang`
[INFO] [stdout]  --> /opt/rustwide/cargo-home/git/checkouts/duchess-d3148a889985172a/2779216/src/try_catch.rs:3:33
[INFO] [stdout]   |
[INFO] [stdout] 3 | use crate::{cast::Upcast, java::lang::Throwable, Jvm, JvmOp, Local};
[INFO] [stdout]   |                                 ^^^^ could not find `lang` in `java`
[INFO] [stdout] 
[INFO] [stdout] 
[INFO] [stdout] error[E0433]: failed to resolve: could not find `lang` in `java`
[INFO] [stdout]   --> /opt/rustwide/cargo-home/git/checkouts/duchess-d3148a889985172a/2779216/src/array.rs:52:45
[INFO] [stdout]    |
[INFO] [stdout] 52 |     type OfOp<J> = JavaArrayOp<T, J, <java::lang::Object as JavaView>::OfOpWith<J, ()>>;
[INFO] [stdout]    |                                             ^^^^ could not find `lang` in `java`
[INFO] [stdout] 
[INFO] [stdout] 
[INFO] [stdout] error[E0433]: failed to resolve: could not find `lang` in `java`
[INFO] [stdout]   --> /opt/rustwide/cargo-home/git/checkouts/duchess-d3148a889985172a/2779216/src/array.rs:58:47
[INFO] [stdout]    |
[INFO] [stdout] 58 |     type OfObj<J> = JavaArrayObj<T, J, <java::lang::Object as JavaView>::OfObjWith<J, ()>>;
[INFO] [stdout]    |                                               ^^^^ could not find `lang` in `java`
[INFO] [stdout] 
[INFO] [stdout] 
[INFO] [stdout] error[E0433]: failed to resolve: could not find `lang` in `java`
[INFO] [stdout]   --> /opt/rustwide/cargo-home/git/checkouts/duchess-d3148a889985172a/2779216/src/array.rs:69:39
[INFO] [stdout]    |
[INFO] [stdout] 69 | unsafe impl<T: JavaType> Upcast<java::lang::Object> for JavaArray<T> {}
[INFO] [stdout]    |                                       ^^^^ could not find `lang` in `java`
[INFO] [stdout] 
[INFO] [stdout] 
[INFO] [stdout] error[E0433]: failed to resolve: could not find `lang` in `java`
[INFO] [stdout]   --> /opt/rustwide/cargo-home/git/checkouts/duchess-d3148a889985172a/2779216/src/find.rs:14:37
[INFO] [stdout]    |
[INFO] [stdout] 14 | ) -> Result<'jvm, Local<'jvm, java::lang::Class>> {
[INFO] [stdout]    |                                     ^^^^ could not find `lang` in `java`
[INFO] [stdout] 
[INFO] [stdout] 
[INFO] [stdout] error[E0433]: failed to resolve: could not find `lang` in `java`
[INFO] [stdout]   --> /opt/rustwide/cargo-home/git/checkouts/duchess-d3148a889985172a/2779216/src/find.rs:31:29
[INFO] [stdout]    |
[INFO] [stdout] 31 |     class: impl AsRef<java::lang::Class>,
[INFO] [stdout]    |                             ^^^^ could not find `lang` in `java`
[INFO] [stdout] 
[INFO] [stdout] 
[INFO] [stdout] error[E0433]: failed to resolve: could not find `lang` in `java`
[INFO] [stdout]   --> /opt/rustwide/cargo-home/git/checkouts/duchess-d3148a889985172a/2779216/src/find.rs:73:29
[INFO] [stdout]    |
[INFO] [stdout] 73 |     class: impl AsRef<java::lang::Class>,
[INFO] [stdout]    |                             ^^^^ could not find `lang` in `java`
[INFO] [stdout] 
[INFO] [stdout] 
[INFO] [stdout] error[E0433]: failed to resolve: could not find `lang` in `java`
[INFO] [stdout]    --> /opt/rustwide/cargo-home/git/checkouts/duchess-d3148a889985172a/2779216/src/find.rs:115:29
[INFO] [stdout]     |
[INFO] [stdout] 115 |     class: impl AsRef<java::lang::Class>,
[INFO] [stdout]     |                             ^^^^ could not find `lang` in `java`
[INFO] [stdout] 
[INFO] [stdout] 
[INFO] [stdout] error[E0433]: failed to resolve: could not find `lang` in `java`
[INFO] [stdout]    --> /opt/rustwide/cargo-home/git/checkouts/duchess-d3148a889985172a/2779216/src/jvm.rs:149:28
[INFO] [stdout]     |
[INFO] [stdout] 149 |     J: Upcast<crate::java::lang::Object> + Upcast<J>,
[INFO] [stdout]     |                            ^^^^ could not find `lang` in `java`
[INFO] [stdout] 
[INFO] [stdout] 
[INFO] [stdout] error[E0433]: failed to resolve: could not find `lang` in `java`
[INFO] [stdout]    --> /opt/rustwide/cargo-home/git/checkouts/duchess-d3148a889985172a/2779216/src/jvm.rs:185:28
[INFO] [stdout]     |
[INFO] [stdout] 185 |     J: Upcast<crate::java::lang::Object> + Upcast<J>,
[INFO] [stdout]     |                            ^^^^ could not find `lang` in `java`
[INFO] [stdout] 
[INFO] [stdout] 
[INFO] [stdout] error[E0433]: failed to resolve: could not find `lang` in `java`
[INFO] [stdout]    --> /opt/rustwide/cargo-home/git/checkouts/duchess-d3148a889985172a/2779216/src/jvm.rs:501:64
[INFO] [stdout]     |
[INFO] [stdout] 501 |                       static CLASS: OnceCell<Global<crate::java::lang::Class>> = OnceCell::new();
[INFO] [stdout]     |                                                                  ^^^^ could not find `lang` in `java`
[INFO] [stdout] ...
[INFO] [stdout] 516 | / scalar! {
[INFO] [stdout] 517 | |     bool: b"[Z\0",
[INFO] [stdout] 518 | |     i8:   b"[B\0",
[INFO] [stdout] 519 | |     i16:  b"[S\0",
[INFO] [stdout] ...   |
[INFO] [stdout] 524 | |     f64:  b"[D\0",
[INFO] [stdout] 525 | | }
[INFO] [stdout]     | |_- in this macro invocation
[INFO] [stdout]     |
[INFO] [stdout]     = note: this error originates in the macro `scalar` (in Nightly builds, run with -Z macro-backtrace for more info)
[INFO] [stdout] 
[INFO] [stdout] 
[INFO] [stdout] error[E0433]: failed to resolve: could not find `lang` in `java`
[INFO] [stdout]   --> /opt/rustwide/cargo-home/git/checkouts/duchess-d3148a889985172a/2779216/src/to_java.rs:13:25
[INFO] [stdout]    |
[INFO] [stdout] 13 |         J: Upcast<java::lang::Object> + Upcast<J>;
[INFO] [stdout]    |                         ^^^^ could not find `lang` in `java`
[INFO] [stdout] 
[INFO] [stdout] 
[INFO] [stdout] error[E0433]: failed to resolve: could not find `lang` in `java`
[INFO] [stdout]   --> /opt/rustwide/cargo-home/git/checkouts/duchess-d3148a889985172a/2779216/src/to_java.rs:18:25
[INFO] [stdout]    |
[INFO] [stdout] 18 |         J: Upcast<java::lang::Object> + Upcast<J>;
[INFO] [stdout]    |                         ^^^^ could not find `lang` in `java`
[INFO] [stdout] 
[INFO] [stdout] 
[INFO] [stdout] error[E0433]: failed to resolve: could not find `lang` in `java`
[INFO] [stdout]   --> /opt/rustwide/cargo-home/git/checkouts/duchess-d3148a889985172a/2779216/src/to_java.rs:23:21
[INFO] [stdout]    |
[INFO] [stdout] 23 |     J: Upcast<java::lang::Object>,
[INFO] [stdout]    |                     ^^^^ could not find `lang` in `java`
[INFO] [stdout] 
[INFO] [stdout] 
[INFO] [stdout] error[E0433]: failed to resolve: could not find `lang` in `java`
[INFO] [stdout]   --> /opt/rustwide/cargo-home/git/checkouts/duchess-d3148a889985172a/2779216/src/to_java.rs:36:25
[INFO] [stdout]    |
[INFO] [stdout] 36 |         J: Upcast<java::lang::Object> + Upcast<J>;
[INFO] [stdout]    |                         ^^^^ could not find `lang` in `java`
[INFO] [stdout] 
[INFO] [stdout] 
[INFO] [stdout] error[E0433]: failed to resolve: could not find `lang` in `java`
[INFO] [stdout]   --> /opt/rustwide/cargo-home/git/checkouts/duchess-d3148a889985172a/2779216/src/to_java.rs:41:25
[INFO] [stdout]    |
[INFO] [stdout] 41 |         J: Upcast<java::lang::Object> + Upcast<J>,
[INFO] [stdout]    |                         ^^^^ could not find `lang` in `java`
[INFO] [stdout] 
[INFO] [stdout] 
[INFO] [stdout] error[E0433]: failed to resolve: could not find `lang` in `java`
[INFO] [stdout]   --> /opt/rustwide/cargo-home/git/checkouts/duchess-d3148a889985172a/2779216/src/to_java.rs:59:21
[INFO] [stdout]    |
[INFO] [stdout] 59 |     J: Upcast<java::lang::Object> + Upcast<J>,
[INFO] [stdout]    |                     ^^^^ could not find `lang` in `java`
[INFO] [stdout] 
[INFO] [stdout] 
[INFO] [stdout] error[E0433]: failed to resolve: could not find `lang` in `java`
[INFO] [stdout]   --> /opt/rustwide/cargo-home/git/checkouts/duchess-d3148a889985172a/2779216/src/to_java.rs:71:21
[INFO] [stdout]    |
[INFO] [stdout] 71 |     J: Upcast<java::lang::Object> + Upcast<J>,
[INFO] [stdout]    |                     ^^^^ could not find `lang` in `java`
[INFO] [stdout] 
[INFO] [stdout] 
[INFO] [stdout] error[E0433]: failed to resolve: could not find `util` in `java`
[INFO] [stdout]   --> /opt/rustwide/cargo-home/git/checkouts/duchess-d3148a889985172a/2779216/src/to_java.rs:80:40
[INFO] [stdout]    |
[INFO] [stdout] 80 | impl<K, V, JK, JV, S> ToJavaImpl<java::util::HashMap<JK, JV>> for HashMap<K, V, S>
[INFO] [stdout]    |                                        ^^^^ could not find `util` in `java`
[INFO] [stdout] 
[INFO] [stdout] 
[INFO] [stdout] error[E0433]: failed to resolve: could not find `lang` in `java`
[INFO] [stdout]   --> /opt/rustwide/cargo-home/git/checkouts/duchess-d3148a889985172a/2779216/src/to_java.rs:84:22
[INFO] [stdout]    |
[INFO] [stdout] 84 |     JK: Upcast<java::lang::Object> + Upcast<JK>,
[INFO] [stdout]    |                      ^^^^ could not find `lang` in `java`
[INFO] [stdout] 
[INFO] [stdout] 
[INFO] [stdout] error[E0433]: failed to resolve: could not find `lang` in `java`
[INFO] [stdout]   --> /opt/rustwide/cargo-home/git/checkouts/duchess-d3148a889985172a/2779216/src/to_java.rs:85:22
[INFO] [stdout]    |
[INFO] [stdout] 85 |     JV: Upcast<java::lang::Object> + Upcast<JV>,
[INFO] [stdout]    |                      ^^^^ could not find `lang` in `java`
[INFO] [stdout] 
[INFO] [stdout] 
[INFO] [stdout] error[E0433]: failed to resolve: could not find `util` in `java`
[INFO] [stdout]   --> /opt/rustwide/cargo-home/git/checkouts/duchess-d3148a889985172a/2779216/src/to_java.rs:90:55
[INFO] [stdout]    |
[INFO] [stdout] 90 |     ) -> crate::Result<'jvm, Option<Local<'jvm, java::util::HashMap<JK, JV>>>> {
[INFO] [stdout]    |                                                       ^^^^ could not find `util` in `java`
[INFO] [stdout] 
[INFO] [stdout] 
[INFO] [stdout] error[E0433]: failed to resolve: could not find `util` in `java`
[INFO] [stdout]   --> /opt/rustwide/cargo-home/git/checkouts/duchess-d3148a889985172a/2779216/src/to_java.rs:91:37
[INFO] [stdout]    |
[INFO] [stdout] 91 |         let jmap: Local<'jvm, java::util::HashMap<JK, JV>> =
[INFO] [stdout]    |                                     ^^^^ could not find `util` in `java`
[INFO] [stdout] 
[INFO] [stdout] 
[INFO] [stdout] error[E0433]: failed to resolve: could not find `util` in `java`
[INFO] [stdout]    --> /opt/rustwide/cargo-home/git/checkouts/duchess-d3148a889985172a/2779216/src/to_java.rs:100:40
[INFO] [stdout]     |
[INFO] [stdout] 100 | impl<K, V, JK, JV, S> ToJavaImpl<java::util::Map<JK, JV>> for HashMap<K, V, S>
[INFO] [stdout]     |                                        ^^^^ could not find `util` in `java`
[INFO] [stdout] 
[INFO] [stdout] 
[INFO] [stdout] error[E0433]: failed to resolve: could not find `lang` in `java`
[INFO] [stdout]    --> /opt/rustwide/cargo-home/git/checkouts/duchess-d3148a889985172a/2779216/src/to_java.rs:104:22
[INFO] [stdout]     |
[INFO] [stdout] 104 |     JK: Upcast<java::lang::Object> + Upcast<JK>,
[INFO] [stdout]     |                      ^^^^ could not find `lang` in `java`
[INFO] [stdout] 
[INFO] [stdout] 
[INFO] [stdout] error[E0433]: failed to resolve: could not find `lang` in `java`
[INFO] [stdout]    --> /opt/rustwide/cargo-home/git/checkouts/duchess-d3148a889985172a/2779216/src/to_java.rs:105:22
[INFO] [stdout]     |
[INFO] [stdout] 105 |     JV: Upcast<java::lang::Object> + Upcast<JV>,
[INFO] [stdout]     |                      ^^^^ could not find `lang` in `java`
[INFO] [stdout] 
[INFO] [stdout] 
[INFO] [stdout] error[E0433]: failed to resolve: could not find `util` in `java`
[INFO] [stdout]    --> /opt/rustwide/cargo-home/git/checkouts/duchess-d3148a889985172a/2779216/src/to_java.rs:110:55
[INFO] [stdout]     |
[INFO] [stdout] 110 |     ) -> crate::Result<'jvm, Option<Local<'jvm, java::util::Map<JK, JV>>>> {
[INFO] [stdout]     |                                                       ^^^^ could not find `util` in `java`
[INFO] [stdout] 
[INFO] [stdout] 
[INFO] [stdout] error[E0433]: failed to resolve: could not find `util` in `java`
[INFO] [stdout]    --> /opt/rustwide/cargo-home/git/checkouts/duchess-d3148a889985172a/2779216/src/to_java.rs:112:34
[INFO] [stdout]     |
[INFO] [stdout] 112 |             rust.to_java::<java::util::HashMap<JK, JV>>()
[INFO] [stdout]     |                                  ^^^^ could not find `util` in `java`
[INFO] [stdout] 
[INFO] [stdout] 
[INFO] [stdout] error[E0433]: failed to resolve: could not find `util` in `java`
[INFO] [stdout]    --> /opt/rustwide/cargo-home/git/checkouts/duchess-d3148a889985172a/2779216/src/to_java.rs:120:30
[INFO] [stdout]     |
[INFO] [stdout] 120 | impl<E, JE> ToJavaImpl<java::util::ArrayList<JE>> for Vec<E>
[INFO] [stdout]     |                              ^^^^ could not find `util` in `java`
[INFO] [stdout] 
[INFO] [stdout] 
[INFO] [stdout] error[E0433]: failed to resolve: could not find `lang` in `java`
[INFO] [stdout]    --> /opt/rustwide/cargo-home/git/checkouts/duchess-d3148a889985172a/2779216/src/to_java.rs:123:22
[INFO] [stdout]     |
[INFO] [stdout] 123 |     JE: Upcast<java::lang::Object> + Upcast<JE>,
[INFO] [stdout]     |                      ^^^^ could not find `lang` in `java`
[INFO] [stdout] 
[INFO] [stdout] 
[INFO] [stdout] error[E0433]: failed to resolve: could not find `util` in `java`
[INFO] [stdout]    --> /opt/rustwide/cargo-home/git/checkouts/duchess-d3148a889985172a/2779216/src/to_java.rs:128:55
[INFO] [stdout]     |
[INFO] [stdout] 128 |     ) -> crate::Result<'jvm, Option<Local<'jvm, java::util::ArrayList<JE>>>> {
[INFO] [stdout]     |                                                       ^^^^ could not find `util` in `java`
[INFO] [stdout] 
[INFO] [stdout] 
[INFO] [stdout] error[E0433]: failed to resolve: could not find `util` in `java`
[INFO] [stdout]    --> /opt/rustwide/cargo-home/git/checkouts/duchess-d3148a889985172a/2779216/src/to_java.rs:129:37
[INFO] [stdout]     |
[INFO] [stdout] 129 |         let jvec: Local<'jvm, java::util::ArrayList<JE>> =
[INFO] [stdout]     |                                     ^^^^ could not find `util` in `java`
[INFO] [stdout] 
[INFO] [stdout] 
[INFO] [stdout] error[E0433]: failed to resolve: could not find `util` in `java`
[INFO] [stdout]    --> /opt/rustwide/cargo-home/git/checkouts/duchess-d3148a889985172a/2779216/src/to_java.rs:130:19
[INFO] [stdout]     |
[INFO] [stdout] 130 |             java::util::ArrayList::new().execute_with(jvm)?;
[INFO] [stdout]     |                   ^^^^ could not find `util` in `java`
[INFO] [stdout] 
[INFO] [stdout] 
[INFO] [stdout] error[E0433]: failed to resolve: could not find `util` in `java`
[INFO] [stdout]    --> /opt/rustwide/cargo-home/git/checkouts/duchess-d3148a889985172a/2779216/src/to_java.rs:138:30
[INFO] [stdout]     |
[INFO] [stdout] 138 | impl<E, JE> ToJavaImpl<java::util::List<JE>> for Vec<E>
[INFO] [stdout]     |                              ^^^^ could not find `util` in `java`
[INFO] [stdout] 
[INFO] [stdout] 
[INFO] [stdout] error[E0433]: failed to resolve: could not find `lang` in `java`
[INFO] [stdout]    --> /opt/rustwide/cargo-home/git/checkouts/duchess-d3148a889985172a/2779216/src/to_java.rs:141:22
[INFO] [stdout]     |
[INFO] [stdout] 141 |     JE: Upcast<java::lang::Object> + Upcast<JE>,
[INFO] [stdout]     |                      ^^^^ could not find `lang` in `java`
[INFO] [stdout] 
[INFO] [stdout] 
[INFO] [stdout] error[E0433]: failed to resolve: could not find `util` in `java`
[INFO] [stdout]    --> /opt/rustwide/cargo-home/git/checkouts/duchess-d3148a889985172a/2779216/src/to_java.rs:146:55
[INFO] [stdout]     |
[INFO] [stdout] 146 |     ) -> crate::Result<'jvm, Option<Local<'jvm, java::util::List<JE>>>> {
[INFO] [stdout]     |                                                       ^^^^ could not find `util` in `java`
[INFO] [stdout] 
[INFO] [stdout] 
[INFO] [stdout] error[E0433]: failed to resolve: could not find `util` in `java`
[INFO] [stdout]    --> /opt/rustwide/cargo-home/git/checkouts/duchess-d3148a889985172a/2779216/src/to_java.rs:148:34
[INFO] [stdout]     |
[INFO] [stdout] 148 |             rust.to_java::<java::util::ArrayList<JE>>()
[INFO] [stdout]     |                                  ^^^^ could not find `util` in `java`
[INFO] [stdout] 
[INFO] [stdout] 
[INFO] [stdout] error[E0433]: failed to resolve: could not find `lang` in `java`
[INFO] [stdout]    --> /opt/rustwide/cargo-home/git/checkouts/duchess-d3148a889985172a/2779216/src/to_java.rs:156:23
[INFO] [stdout]     |
[INFO] [stdout] 156 | impl ToJavaImpl<java::lang::String> for String {
[INFO] [stdout]     |                       ^^^^ could not find `lang` in `java`
[INFO] [stdout] 
[INFO] [stdout] 
[INFO] [stdout] error[E0433]: failed to resolve: could not find `lang` in `java`
[INFO] [stdout]    --> /opt/rustwide/cargo-home/git/checkouts/duchess-d3148a889985172a/2779216/src/to_java.rs:160:55
[INFO] [stdout]     |
[INFO] [stdout] 160 |     ) -> crate::Result<'jvm, Option<Local<'jvm, java::lang::String>>> {
[INFO] [stdout]     |                                                       ^^^^ could not find `lang` in `java`
[INFO] [stdout] 
[INFO] [stdout] 
[INFO] [stdout] error[E0433]: failed to resolve: could not find `lang` in `java`
[INFO] [stdout]    --> /opt/rustwide/cargo-home/git/checkouts/duchess-d3148a889985172a/2779216/src/to_java.rs:165:23
[INFO] [stdout]     |
[INFO] [stdout] 165 | impl ToJavaImpl<java::lang::String> for str {
[INFO] [stdout]     |                       ^^^^ could not find `lang` in `java`
[INFO] [stdout] 
[INFO] [stdout] 
[INFO] [stdout] error[E0433]: failed to resolve: could not find `lang` in `java`
[INFO] [stdout]    --> /opt/rustwide/cargo-home/git/checkouts/duchess-d3148a889985172a/2779216/src/to_java.rs:169:55
[INFO] [stdout]     |
[INFO] [stdout] 169 |     ) -> crate::Result<'jvm, Option<Local<'jvm, java::lang::String>>> {
[INFO] [stdout]     |                                                       ^^^^ could not find `lang` in `java`
[INFO] [stdout] 
[INFO] [stdout] 
[INFO] [stdout] error[E0433]: failed to resolve: could not find `lang` in `java`
[INFO] [stdout]    --> /opt/rustwide/cargo-home/git/checkouts/duchess-d3148a889985172a/2779216/src/to_java.rs:187:21
[INFO] [stdout]     |
[INFO] [stdout] 187 |     J: Upcast<java::lang::Object>,
[INFO] [stdout]     |                     ^^^^ could not find `lang` in `java`
[INFO] [stdout] 
[INFO] [stdout] 
[INFO] [stdout] error[E0433]: failed to resolve: could not find `lang` in `java`
[INFO] [stdout]    --> /opt/rustwide/cargo-home/git/checkouts/duchess-d3148a889985172a/2779216/src/to_java.rs:199:21
[INFO] [stdout]     |
[INFO] [stdout] 199 |     J: Upcast<java::lang::Object>,
[INFO] [stdout]     |                     ^^^^ could not find `lang` in `java`
[INFO] [stdout] 
[INFO] [stdout] 
[INFO] [stdout] error[E0433]: failed to resolve: could not find `lang` in `java`
[INFO] [stdout]    --> /opt/rustwide/cargo-home/git/checkouts/duchess-d3148a889985172a/2779216/src/to_java.rs:211:21
[INFO] [stdout]     |
[INFO] [stdout] 211 |     J: Upcast<java::lang::Object>,
[INFO] [stdout]     |                     ^^^^ could not find `lang` in `java`
[INFO] [stdout] 
[INFO] [stdout] 
[INFO] [stdout] error[E0433]: failed to resolve: could not find `lang` in `java`
[INFO] [stdout]    --> /opt/rustwide/cargo-home/git/checkouts/duchess-d3148a889985172a/2779216/src/to_java.rs:223:21
[INFO] [stdout]     |
[INFO] [stdout] 223 |     J: Upcast<java::lang::Object>,
[INFO] [stdout]     |                     ^^^^ could not find `lang` in `java`
[INFO] [stdout] 
[INFO] [stdout] 
[INFO] [stdout] error[E0433]: failed to resolve: could not find `lang` in `java`
[INFO] [stdout]    --> /opt/rustwide/cargo-home/git/checkouts/duchess-d3148a889985172a/2779216/src/to_java.rs:239:21
[INFO] [stdout]     |
[INFO] [stdout] 239 |     J: Upcast<java::lang::Object>,
[INFO] [stdout]     |                     ^^^^ could not find `lang` in `java`
[INFO] [stdout] 
[INFO] [stdout] 
[INFO] [stdout] error[E0433]: failed to resolve: could not find `lang` in `java`
[INFO] [stdout]    --> /opt/rustwide/cargo-home/git/checkouts/duchess-d3148a889985172a/2779216/src/to_java.rs:265:21
[INFO] [stdout]     |
[INFO] [stdout] 265 |     J: Upcast<java::lang::Object>,
[INFO] [stdout]     |                     ^^^^ could not find `lang` in `java`
[INFO] [stdout] 
[INFO] [stdout] 
[INFO] [stdout] error[E0433]: failed to resolve: could not find `util` in `java`
[INFO] [stdout]   --> /opt/rustwide/cargo-home/git/checkouts/duchess-d3148a889985172a/2779216/src/to_java.rs:92:19
[INFO] [stdout]    |
[INFO] [stdout] 92 |             java::util::HashMap::new().execute_with(jvm)?;
[INFO] [stdout]    |                   ^^^^ could not find `util` in `java`
[INFO] [stdout]    |
[INFO] [stdout] help: consider importing this struct
[INFO] [stdout]    |
[INFO] [stdout] 1  + use std::collections::HashMap;
[INFO] [stdout]    |
[INFO] [stdout] help: if you import `HashMap`, refer to it directly
[INFO] [stdout]    |
[INFO] [stdout] 92 -             java::util::HashMap::new().execute_with(jvm)?;
[INFO] [stdout] 92 +             HashMap::new().execute_with(jvm)?;
[INFO] [stdout]    |
[INFO] [stdout] 
[INFO] [stdout] 
[INFO] [stdout] error[E0207]: the type parameter `JK` is not constrained by the impl trait, self type, or predicates
[INFO] [stdout]   --> /opt/rustwide/cargo-home/git/checkouts/duchess-d3148a889985172a/2779216/src/to_java.rs:80:12
[INFO] [stdout]    |
[INFO] [stdout] 80 | impl<K, V, JK, JV, S> ToJavaImpl<java::util::HashMap<JK, JV>> for HashMap<K, V, S>
[INFO] [stdout]    |            ^^ unconstrained type parameter
[INFO] [stdout] 
[INFO] [stdout] 
[INFO] [stdout] error[E0207]: the type parameter `JV` is not constrained by the impl trait, self type, or predicates
[INFO] [stdout]   --> /opt/rustwide/cargo-home/git/checkouts/duchess-d3148a889985172a/2779216/src/to_java.rs:80:16
[INFO] [stdout]    |
[INFO] [stdout] 80 | impl<K, V, JK, JV, S> ToJavaImpl<java::util::HashMap<JK, JV>> for HashMap<K, V, S>
[INFO] [stdout]    |                ^^ unconstrained type parameter
[INFO] [stdout] 
[INFO] [stdout] 
[INFO] [stdout] error[E0207]: the type parameter `JK` is not constrained by the impl trait, self type, or predicates
[INFO] [stdout]    --> /opt/rustwide/cargo-home/git/checkouts/duchess-d3148a889985172a/2779216/src/to_java.rs:100:12
[INFO] [stdout]     |
[INFO] [stdout] 100 | impl<K, V, JK, JV, S> ToJavaImpl<java::util::Map<JK, JV>> for HashMap<K, V, S>
[INFO] [stdout]     |            ^^ unconstrained type parameter
[INFO] [stdout] 
[INFO] [stdout] 
[INFO] [stdout] error[E0207]: the type parameter `JV` is not constrained by the impl trait, self type, or predicates
[INFO] [stdout]    --> /opt/rustwide/cargo-home/git/checkouts/duchess-d3148a889985172a/2779216/src/to_java.rs:100:16
[INFO] [stdout]     |
[INFO] [stdout] 100 | impl<K, V, JK, JV, S> ToJavaImpl<java::util::Map<JK, JV>> for HashMap<K, V, S>
[INFO] [stdout]     |                ^^ unconstrained type parameter
[INFO] [stdout] 
[INFO] [stdout] 
[INFO] [stdout] error[E0207]: the type parameter `JE` is not constrained by the impl trait, self type, or predicates
[INFO] [stdout]    --> /opt/rustwide/cargo-home/git/checkouts/duchess-d3148a889985172a/2779216/src/to_java.rs:120:9
[INFO] [stdout]     |
[INFO] [stdout] 120 | impl<E, JE> ToJavaImpl<java::util::ArrayList<JE>> for Vec<E>
[INFO] [stdout]     |         ^^ unconstrained type parameter
[INFO] [stdout] 
[INFO] [stdout] 
[INFO] [stdout] error[E0207]: the type parameter `JE` is not constrained by the impl trait, self type, or predicates
[INFO] [stdout]    --> /opt/rustwide/cargo-home/git/checkouts/duchess-d3148a889985172a/2779216/src/to_java.rs:138:9
[INFO] [stdout]     |
[INFO] [stdout] 138 | impl<E, JE> ToJavaImpl<java::util::List<JE>> for Vec<E>
[INFO] [stdout]     |         ^^ unconstrained type parameter
[INFO] [stdout] 
[INFO] [stdout] 
[INFO] [stdout] error: aborting due to 62 previous errors
[INFO] [stdout] 
[INFO] [stdout] 
[INFO] [stdout] Some errors have detailed explanations: E0207, E0432, E0433.
[INFO] [stdout] 
[INFO] [stdout] For more information about an error, try `rustc --explain E0207`.
[INFO] [stdout] 
[INFO] [stderr] error: could not compile `duchess` (lib) due to 63 previous errors
[INFO] running `Command { std: "docker" "inspect" "a121c460980e9f686f8e4485ba1dab7d27419b2dc8576a04c731602462760791", kill_on_drop: false }`
[INFO] running `Command { std: "docker" "rm" "-f" "a121c460980e9f686f8e4485ba1dab7d27419b2dc8576a04c731602462760791", kill_on_drop: false }`
[INFO] [stdout] a121c460980e9f686f8e4485ba1dab7d27419b2dc8576a04c731602462760791
[INFO] documenting akhramov/duchess-example against beta-2023-12-22 for beta-1.76-rustdoc-1
[INFO] running `Command { std: "git" "clone" "/workspace/cache/git-repos/https%3A%2F%2Fgithub.com%2Fakhramov%2Fduchess-example" "/workspace/builds/worker-5-tc2/source", kill_on_drop: false }`
[INFO] [stderr] Cloning into '/workspace/builds/worker-5-tc2/source'...
[INFO] [stderr] done.
[INFO] validating manifest of git repo https://github.com/akhramov/duchess-example on toolchain beta-2023-12-22
[INFO] running `Command { std: CARGO_HOME="/workspace/cargo-home" RUSTUP_HOME="/workspace/rustup-home" "/workspace/cargo-home/bin/cargo" "+beta-2023-12-22" "metadata" "--manifest-path" "Cargo.toml" "--no-deps", kill_on_drop: false }`
[INFO] removed /workspace/builds/worker-5-tc2/source/.cargo/config.toml
[INFO] started tweaking git repo https://github.com/akhramov/duchess-example
[INFO] finished tweaking git repo https://github.com/akhramov/duchess-example
[INFO] tweaked toml for git repo https://github.com/akhramov/duchess-example written to /workspace/builds/worker-5-tc2/source/Cargo.toml
[INFO] crate git repo https://github.com/akhramov/duchess-example already has a lockfile, it will not be regenerated
[INFO] running `Command { std: CARGO_HOME="/workspace/cargo-home" RUSTUP_HOME="/workspace/rustup-home" "/workspace/cargo-home/bin/cargo" "+beta-2023-12-22" "fetch" "--manifest-path" "Cargo.toml", kill_on_drop: false }`
[INFO] running `Command { std: "docker" "create" "-v" "/var/lib/crater-agent-workspace/builds/worker-5-tc2/target:/opt/rustwide/target:rw,Z" "-v" "/var/lib/crater-agent-workspace/builds/worker-5-tc2/source:/opt/rustwide/workdir:ro,Z" "-v" "/var/lib/crater-agent-workspace/cargo-home:/opt/rustwide/cargo-home:ro,Z" "-v" "/var/lib/crater-agent-workspace/rustup-home:/opt/rustwide/rustup-home:ro,Z" "-e" "SOURCE_DIR=/opt/rustwide/workdir" "-e" "CARGO_TARGET_DIR=/opt/rustwide/target" "-e" "CARGO_HOME=/opt/rustwide/cargo-home" "-e" "RUSTUP_HOME=/opt/rustwide/rustup-home" "-w" "/opt/rustwide/workdir" "-m" "1610612736" "--user" "0:0" "--network" "none" "ghcr.io/rust-lang/crates-build-env/linux@sha256:2788e3201cd34a07e3172128adcd8b3090168a8e3bcc40d7c032b9dda1df7d1c" "/opt/rustwide/cargo-home/bin/cargo" "+beta-2023-12-22" "metadata" "--no-deps" "--format-version=1", kill_on_drop: false }`
[INFO] [stdout] a022e7c7166f845a8933a348eb2ff46af4aa258b1d7890207163e2a6ade25c3f
[INFO] running `Command { std: "docker" "start" "-a" "a022e7c7166f845a8933a348eb2ff46af4aa258b1d7890207163e2a6ade25c3f", kill_on_drop: false }`
[INFO] running `Command { std: "docker" "inspect" "a022e7c7166f845a8933a348eb2ff46af4aa258b1d7890207163e2a6ade25c3f", kill_on_drop: false }`
[INFO] running `Command { std: "docker" "rm" "-f" "a022e7c7166f845a8933a348eb2ff46af4aa258b1d7890207163e2a6ade25c3f", kill_on_drop: false }`
[INFO] [stdout] a022e7c7166f845a8933a348eb2ff46af4aa258b1d7890207163e2a6ade25c3f
[INFO] running `Command { std: "docker" "create" "-v" "/var/lib/crater-agent-workspace/builds/worker-5-tc2/target:/opt/rustwide/target:rw,Z" "-v" "/var/lib/crater-agent-workspace/builds/worker-5-tc2/source:/opt/rustwide/workdir:ro,Z" "-v" "/var/lib/crater-agent-workspace/cargo-home:/opt/rustwide/cargo-home:ro,Z" "-v" "/var/lib/crater-agent-workspace/rustup-home:/opt/rustwide/rustup-home:ro,Z" "-e" "SOURCE_DIR=/opt/rustwide/workdir" "-e" "CARGO_TARGET_DIR=/opt/rustwide/target" "-e" "CARGO_INCREMENTAL=0" "-e" "RUST_BACKTRACE=full" "-e" "RUSTFLAGS=--cap-lints=warn" "-e" "RUSTDOCFLAGS=--cap-lints=warn" "-e" "CARGO_HOME=/opt/rustwide/cargo-home" "-e" "RUSTUP_HOME=/opt/rustwide/rustup-home" "-w" "/opt/rustwide/workdir" "-m" "1610612736" "--user" "0:0" "--network" "none" "ghcr.io/rust-lang/crates-build-env/linux@sha256:2788e3201cd34a07e3172128adcd8b3090168a8e3bcc40d7c032b9dda1df7d1c" "/opt/rustwide/cargo-home/bin/cargo" "+beta-2023-12-22" "doc" "--frozen" "--no-deps" "--document-private-items" "--message-format=json", kill_on_drop: false }`
[INFO] [stdout] a0299b9b928b07c12dfbc83d3c1a36554dcb03cf29fac18ba99a90854b169cab
[INFO] running `Command { std: "docker" "start" "-a" "a0299b9b928b07c12dfbc83d3c1a36554dcb03cf29fac18ba99a90854b169cab", kill_on_drop: false }`
[INFO] [stderr]    Compiling libc v0.2.147
[INFO] [stderr]    Compiling proc-macro2 v1.0.63
[INFO] [stderr]    Compiling cfg-if v1.0.0
[INFO] [stderr]    Compiling memchr v2.5.0
[INFO] [stderr]    Compiling parking_lot_core v0.9.8
[INFO] [stderr]    Compiling io-lifetimes v1.0.11
[INFO] [stderr]    Compiling smallvec v1.10.0
[INFO] [stderr]    Compiling crunchy v0.2.2
[INFO] [stderr]    Compiling scopeguard v1.1.0
[INFO] [stderr]    Compiling regex-syntax v0.7.2
[INFO] [stderr]    Compiling rustix v0.37.20
[INFO] [stderr]    Compiling hashbrown v0.12.3
[INFO] [stderr]    Compiling tiny-keccak v2.0.2
[INFO] [stderr]    Compiling lock_api v0.4.10
[INFO] [stderr]    Compiling indexmap v1.9.3
[INFO] [stderr]    Compiling bitflags v1.3.2
[INFO] [stderr]    Compiling linux-raw-sys v0.3.8
[INFO] [stderr]    Compiling siphasher v0.3.10
[INFO] [stderr]    Compiling once_cell v1.18.0
[INFO] [stderr]    Compiling fixedbitset v0.4.2
[INFO] [stderr]    Compiling phf_shared v0.10.0
[INFO] [stderr]    Compiling bit-vec v0.6.3
[INFO] [stderr]    Compiling either v1.8.1
[INFO] [stderr]    Compiling log v0.4.19
[INFO] [stderr]    Compiling precomputed-hash v0.1.1
[INFO] [stderr]    Compiling unicode-xid v0.2.4
[INFO] [stderr]    Compiling new_debug_unreachable v1.0.4
[INFO] [stderr]    Compiling ena v0.14.2
[INFO] [stderr]    Compiling bit-set v0.5.3
[INFO] [stderr]    Compiling regex-syntax v0.6.29
[INFO] [stderr]    Compiling itertools v0.10.5
[INFO] [stderr]    Compiling diff v0.1.13
[INFO] [stderr]    Compiling anyhow v1.0.71
[INFO] [stderr]    Compiling syn v1.0.109
[INFO] [stderr]    Compiling thiserror v1.0.40
[INFO] [stderr]    Compiling lazy_static v1.4.0
[INFO] [stderr]     Checking glob v0.3.1
[INFO] [stderr]     Checking pin-project-lite v0.2.9
[INFO] [stderr]     Checking tracing-core v0.1.31
[INFO] [stderr]    Compiling convert_case v0.4.0
[INFO] [stderr]     Checking libloading v0.8.0
[INFO] [stderr]     Checking java-locator v0.1.5
[INFO] [stderr]    Compiling aho-corasick v1.0.2
[INFO] [stderr]    Compiling quote v1.0.28
[INFO] [stderr]    Compiling litrs v0.4.0
[INFO] [stderr]    Compiling rust-format v0.3.4
[INFO] [stderr]     Checking jni-sys v0.3.0
[INFO] [stderr]     Checking cesu8 v1.1.0
[INFO] [stderr]    Compiling syn v2.0.22
[INFO] [stderr]    Compiling petgraph v0.6.3
[INFO] [stderr]    Compiling dirs-sys-next v0.1.2
[INFO] [stderr]    Compiling dirs-next v2.0.0
[INFO] [stderr]    Compiling parking_lot v0.12.1
[INFO] [stderr]    Compiling term v0.7.0
[INFO] [stderr]    Compiling regex v1.8.4
[INFO] [stderr]    Compiling string_cache v0.8.7
[INFO] [stderr]    Compiling ascii-canvas v3.0.0
[INFO] [stderr]    Compiling lalrpop-util v0.19.12
[INFO] [stderr]    Compiling str_inflector v0.12.0
[INFO] [stderr]    Compiling is-terminal v0.4.7
[INFO] [stderr]    Compiling lalrpop v0.19.12
[INFO] [stderr]    Compiling derive_more v0.99.17
[INFO] [stderr]    Compiling synstructure v0.13.0
[INFO] [stderr]    Compiling thiserror-impl v1.0.40
[INFO] [stderr]    Compiling tracing-attributes v0.1.26
[INFO] [stderr]    Compiling derive-where v1.2.1
[INFO] [stderr]     Checking tracing v0.1.37
[INFO] [stderr]    Compiling duchess-macro v0.1.3 (https://github.com/duchess-rs/duchess#27792162)
[INFO] [stderr]     Checking duchess v0.1.3 (https://github.com/duchess-rs/duchess#27792162)
[INFO] [stdout] error: proc macro panicked
[INFO] [stdout]    --> /opt/rustwide/cargo-home/git/checkouts/duchess-d3148a889985172a/2779216/src/java.rs:7:5
[INFO] [stdout]     |
[INFO] [stdout] 7   | /     duchess_macro::java_package! {
[INFO] [stdout] 8   | |         package java.lang;
[INFO] [stdout] 9   | |
[INFO] [stdout] 10  | |         public class java.lang.Object {
[INFO] [stdout] ...   |
[INFO] [stdout] 316 | |
[INFO] [stdout] 317 | |     }
[INFO] [stdout]     | |_____^
[INFO] [stdout]     |
[INFO] [stdout]     = help: message: duchess cannot read the CLASSPATH environment variable: environment variable not found
[INFO] [stdout] 
[INFO] [stdout] 
[INFO] [stdout] error[E0432]: unresolved import `auto::java`
[INFO] [stdout]    --> /opt/rustwide/cargo-home/git/checkouts/duchess-d3148a889985172a/2779216/src/java.rs:320:15
[INFO] [stdout]     |
[INFO] [stdout] 320 | pub use auto::java::*;
[INFO] [stdout]     |               ^^^^ could not find `java` in `auto`
[INFO] [stdout] 
[INFO] [stdout] 
[INFO] [stdout] error[E0432]: unresolved import `crate::java::lang`
[INFO] [stdout]  --> /opt/rustwide/cargo-home/git/checkouts/duchess-d3148a889985172a/2779216/src/array.rs:6:18
[INFO] [stdout]   |
[INFO] [stdout] 6 |     java::{self, lang::Class},
[INFO] [stdout]   |                  ^^^^ could not find `lang` in `java`
[INFO] [stdout] 
[INFO] [stdout] 
[INFO] [stdout] error[E0432]: unresolved import `crate::java::lang`
[INFO] [stdout]  --> /opt/rustwide/cargo-home/git/checkouts/duchess-d3148a889985172a/2779216/src/error.rs:9:19
[INFO] [stdout]   |
[INFO] [stdout] 9 | use crate::{java::lang::Throwable, raw::HasEnvPtr, Global, Jvm, JvmOp, Local};
[INFO] [stdout]   |                   ^^^^ could not find `lang` in `java`
[INFO] [stdout] 
[INFO] [stdout] 
[INFO] [stdout] error[E0432]: unresolved import `crate::java::lang`
[INFO] [stdout]  --> /opt/rustwide/cargo-home/git/checkouts/duchess-d3148a889985172a/2779216/src/jvm.rs:6:11
[INFO] [stdout]   |
[INFO] [stdout] 6 |     java::lang::{Class, Throwable},
[INFO] [stdout]   |           ^^^^ could not find `lang` in `java`
[INFO] [stdout] 
[INFO] [stdout] 
[INFO] [stdout] error[E0432]: unresolved import `crate::java::lang`
[INFO] [stdout]  --> /opt/rustwide/cargo-home/git/checkouts/duchess-d3148a889985172a/2779216/src/link.rs:3:19
[INFO] [stdout]   |
[INFO] [stdout] 3 | use crate::{java::lang::Class, Jvm, Local};
[INFO] [stdout]   |                   ^^^^ could not find `lang` in `java`
[INFO] [stdout] 
[INFO] [stdout] 
[INFO] [stdout] error[E0432]: unresolved import `crate::java::lang`
[INFO] [stdout]  --> /opt/rustwide/cargo-home/git/checkouts/duchess-d3148a889985172a/2779216/src/refs.rs:1:33
[INFO] [stdout]   |
[INFO] [stdout] 1 | use crate::{cast::Upcast, java::lang::Throwable, Error, Global, JavaObject, Local};
[INFO] [stdout]   |                                 ^^^^ could not find `lang` in `java`
[INFO] [stdout] 
[INFO] [stdout] 
[INFO] [stdout] error[E0432]: unresolved import `crate::java::lang`
[INFO] [stdout]  --> /opt/rustwide/cargo-home/git/checkouts/duchess-d3148a889985172a/2779216/src/str.rs:4:35
[INFO] [stdout]   |
[INFO] [stdout] 4 |     error::check_exception, java::lang::String as JavaString, jvm::JavaObjectExt,
[INFO] [stdout]   |                                   ^^^^ could not find `lang` in `java`
[INFO] [stdout] 
[INFO] [stdout] 
[INFO] [stdout] error[E0432]: unresolved import `crate::java::lang`
[INFO] [stdout]  --> /opt/rustwide/cargo-home/git/checkouts/duchess-d3148a889985172a/2779216/src/try_catch.rs:3:33
[INFO] [stdout]   |
[INFO] [stdout] 3 | use crate::{cast::Upcast, java::lang::Throwable, Jvm, JvmOp, Local};
[INFO] [stdout]   |                                 ^^^^ could not find `lang` in `java`
[INFO] [stdout] 
[INFO] [stdout] 
[INFO] [stdout] error[E0433]: failed to resolve: could not find `lang` in `java`
[INFO] [stdout]   --> /opt/rustwide/cargo-home/git/checkouts/duchess-d3148a889985172a/2779216/src/array.rs:52:45
[INFO] [stdout]    |
[INFO] [stdout] 52 |     type OfOp<J> = JavaArrayOp<T, J, <java::lang::Object as JavaView>::OfOpWith<J, ()>>;
[INFO] [stdout]    |                                             ^^^^ could not find `lang` in `java`
[INFO] [stdout] 
[INFO] [stdout] 
[INFO] [stdout] error[E0433]: failed to resolve: could not find `lang` in `java`
[INFO] [stdout]   --> /opt/rustwide/cargo-home/git/checkouts/duchess-d3148a889985172a/2779216/src/array.rs:58:47
[INFO] [stdout]    |
[INFO] [stdout] 58 |     type OfObj<J> = JavaArrayObj<T, J, <java::lang::Object as JavaView>::OfObjWith<J, ()>>;
[INFO] [stdout]    |                                               ^^^^ could not find `lang` in `java`
[INFO] [stdout] 
[INFO] [stdout] 
[INFO] [stdout] error[E0433]: failed to resolve: could not find `lang` in `java`
[INFO] [stdout]   --> /opt/rustwide/cargo-home/git/checkouts/duchess-d3148a889985172a/2779216/src/array.rs:69:39
[INFO] [stdout]    |
[INFO] [stdout] 69 | unsafe impl<T: JavaType> Upcast<java::lang::Object> for JavaArray<T> {}
[INFO] [stdout]    |                                       ^^^^ could not find `lang` in `java`
[INFO] [stdout] 
[INFO] [stdout] 
[INFO] [stdout] error[E0433]: failed to resolve: could not find `lang` in `java`
[INFO] [stdout]   --> /opt/rustwide/cargo-home/git/checkouts/duchess-d3148a889985172a/2779216/src/find.rs:14:37
[INFO] [stdout]    |
[INFO] [stdout] 14 | ) -> Result<'jvm, Local<'jvm, java::lang::Class>> {
[INFO] [stdout]    |                                     ^^^^ could not find `lang` in `java`
[INFO] [stdout] 
[INFO] [stdout] 
[INFO] [stdout] error[E0433]: failed to resolve: could not find `lang` in `java`
[INFO] [stdout]   --> /opt/rustwide/cargo-home/git/checkouts/duchess-d3148a889985172a/2779216/src/find.rs:31:29
[INFO] [stdout]    |
[INFO] [stdout] 31 |     class: impl AsRef<java::lang::Class>,
[INFO] [stdout]    |                             ^^^^ could not find `lang` in `java`
[INFO] [stdout] 
[INFO] [stdout] 
[INFO] [stdout] error[E0433]: failed to resolve: could not find `lang` in `java`
[INFO] [stdout]   --> /opt/rustwide/cargo-home/git/checkouts/duchess-d3148a889985172a/2779216/src/find.rs:73:29
[INFO] [stdout]    |
[INFO] [stdout] 73 |     class: impl AsRef<java::lang::Class>,
[INFO] [stdout]    |                             ^^^^ could not find `lang` in `java`
[INFO] [stdout] 
[INFO] [stdout] 
[INFO] [stdout] error[E0433]: failed to resolve: could not find `lang` in `java`
[INFO] [stdout]    --> /opt/rustwide/cargo-home/git/checkouts/duchess-d3148a889985172a/2779216/src/find.rs:115:29
[INFO] [stdout]     |
[INFO] [stdout] 115 |     class: impl AsRef<java::lang::Class>,
[INFO] [stdout]     |                             ^^^^ could not find `lang` in `java`
[INFO] [stdout] 
[INFO] [stdout] 
[INFO] [stdout] error[E0433]: failed to resolve: could not find `lang` in `java`
[INFO] [stdout]    --> /opt/rustwide/cargo-home/git/checkouts/duchess-d3148a889985172a/2779216/src/jvm.rs:149:28
[INFO] [stdout]     |
[INFO] [stdout] 149 |     J: Upcast<crate::java::lang::Object> + Upcast<J>,
[INFO] [stdout]     |                            ^^^^ could not find `lang` in `java`
[INFO] [stdout] 
[INFO] [stdout] 
[INFO] [stdout] error[E0433]: failed to resolve: could not find `lang` in `java`
[INFO] [stdout]    --> /opt/rustwide/cargo-home/git/checkouts/duchess-d3148a889985172a/2779216/src/jvm.rs:185:28
[INFO] [stdout]     |
[INFO] [stdout] 185 |     J: Upcast<crate::java::lang::Object> + Upcast<J>,
[INFO] [stdout]     |                            ^^^^ could not find `lang` in `java`
[INFO] [stdout] 
[INFO] [stdout] 
[INFO] [stdout] error[E0433]: failed to resolve: could not find `lang` in `java`
[INFO] [stdout]    --> /opt/rustwide/cargo-home/git/checkouts/duchess-d3148a889985172a/2779216/src/jvm.rs:501:64
[INFO] [stdout]     |
[INFO] [stdout] 501 |                       static CLASS: OnceCell<Global<crate::java::lang::Class>> = OnceCell::new();
[INFO] [stdout]     |                                                                  ^^^^ could not find `lang` in `java`
[INFO] [stdout] ...
[INFO] [stdout] 516 | / scalar! {
[INFO] [stdout] 517 | |     bool: b"[Z\0",
[INFO] [stdout] 518 | |     i8:   b"[B\0",
[INFO] [stdout] 519 | |     i16:  b"[S\0",
[INFO] [stdout] ...   |
[INFO] [stdout] 524 | |     f64:  b"[D\0",
[INFO] [stdout] 525 | | }
[INFO] [stdout]     | |_- in this macro invocation
[INFO] [stdout]     |
[INFO] [stdout]     = note: this error originates in the macro `scalar` (in Nightly builds, run with -Z macro-backtrace for more info)
[INFO] [stdout] 
[INFO] [stdout] 
[INFO] [stdout] error[E0433]: failed to resolve: could not find `lang` in `java`
[INFO] [stdout]   --> /opt/rustwide/cargo-home/git/checkouts/duchess-d3148a889985172a/2779216/src/to_java.rs:13:25
[INFO] [stdout]    |
[INFO] [stdout] 13 |         J: Upcast<java::lang::Object> + Upcast<J>;
[INFO] [stdout]    |                         ^^^^ could not find `lang` in `java`
[INFO] [stdout] 
[INFO] [stdout] 
[INFO] [stdout] error[E0433]: failed to resolve: could not find `lang` in `java`
[INFO] [stdout]   --> /opt/rustwide/cargo-home/git/checkouts/duchess-d3148a889985172a/2779216/src/to_java.rs:18:25
[INFO] [stdout]    |
[INFO] [stdout] 18 |         J: Upcast<java::lang::Object> + Upcast<J>;
[INFO] [stdout]    |                         ^^^^ could not find `lang` in `java`
[INFO] [stdout] 
[INFO] [stdout] 
[INFO] [stdout] error[E0433]: failed to resolve: could not find `lang` in `java`
[INFO] [stdout]   --> /opt/rustwide/cargo-home/git/checkouts/duchess-d3148a889985172a/2779216/src/to_java.rs:23:21
[INFO] [stdout]    |
[INFO] [stdout] 23 |     J: Upcast<java::lang::Object>,
[INFO] [stdout]    |                     ^^^^ could not find `lang` in `java`
[INFO] [stdout] 
[INFO] [stdout] 
[INFO] [stdout] error[E0433]: failed to resolve: could not find `lang` in `java`
[INFO] [stdout]   --> /opt/rustwide/cargo-home/git/checkouts/duchess-d3148a889985172a/2779216/src/to_java.rs:36:25
[INFO] [stdout]    |
[INFO] [stdout] 36 |         J: Upcast<java::lang::Object> + Upcast<J>;
[INFO] [stdout]    |                         ^^^^ could not find `lang` in `java`
[INFO] [stdout] 
[INFO] [stdout] 
[INFO] [stdout] error[E0433]: failed to resolve: could not find `lang` in `java`
[INFO] [stdout]   --> /opt/rustwide/cargo-home/git/checkouts/duchess-d3148a889985172a/2779216/src/to_java.rs:41:25
[INFO] [stdout]    |
[INFO] [stdout] 41 |         J: Upcast<java::lang::Object> + Upcast<J>,
[INFO] [stdout]    |                         ^^^^ could not find `lang` in `java`
[INFO] [stdout] 
[INFO] [stdout] 
[INFO] [stdout] error[E0433]: failed to resolve: could not find `lang` in `java`
[INFO] [stdout]   --> /opt/rustwide/cargo-home/git/checkouts/duchess-d3148a889985172a/2779216/src/to_java.rs:59:21
[INFO] [stdout]    |
[INFO] [stdout] 59 |     J: Upcast<java::lang::Object> + Upcast<J>,
[INFO] [stdout]    |                     ^^^^ could not find `lang` in `java`
[INFO] [stdout] 
[INFO] [stdout] 
[INFO] [stdout] error[E0433]: failed to resolve: could not find `lang` in `java`
[INFO] [stdout]   --> /opt/rustwide/cargo-home/git/checkouts/duchess-d3148a889985172a/2779216/src/to_java.rs:71:21
[INFO] [stdout]    |
[INFO] [stdout] 71 |     J: Upcast<java::lang::Object> + Upcast<J>,
[INFO] [stdout]    |                     ^^^^ could not find `lang` in `java`
[INFO] [stdout] 
[INFO] [stdout] 
[INFO] [stdout] error[E0433]: failed to resolve: could not find `util` in `java`
[INFO] [stdout]   --> /opt/rustwide/cargo-home/git/checkouts/duchess-d3148a889985172a/2779216/src/to_java.rs:80:40
[INFO] [stdout]    |
[INFO] [stdout] 80 | impl<K, V, JK, JV, S> ToJavaImpl<java::util::HashMap<JK, JV>> for HashMap<K, V, S>
[INFO] [stdout]    |                                        ^^^^ could not find `util` in `java`
[INFO] [stdout] 
[INFO] [stdout] 
[INFO] [stdout] error[E0433]: failed to resolve: could not find `lang` in `java`
[INFO] [stdout]   --> /opt/rustwide/cargo-home/git/checkouts/duchess-d3148a889985172a/2779216/src/to_java.rs:84:22
[INFO] [stdout]    |
[INFO] [stdout] 84 |     JK: Upcast<java::lang::Object> + Upcast<JK>,
[INFO] [stdout]    |                      ^^^^ could not find `lang` in `java`
[INFO] [stdout] 
[INFO] [stdout] 
[INFO] [stdout] error[E0433]: failed to resolve: could not find `lang` in `java`
[INFO] [stdout]   --> /opt/rustwide/cargo-home/git/checkouts/duchess-d3148a889985172a/2779216/src/to_java.rs:85:22
[INFO] [stdout]    |
[INFO] [stdout] 85 |     JV: Upcast<java::lang::Object> + Upcast<JV>,
[INFO] [stdout]    |                      ^^^^ could not find `lang` in `java`
[INFO] [stdout] 
[INFO] [stdout] 
[INFO] [stdout] error[E0433]: failed to resolve: could not find `util` in `java`
[INFO] [stdout]   --> /opt/rustwide/cargo-home/git/checkouts/duchess-d3148a889985172a/2779216/src/to_java.rs:90:55
[INFO] [stdout]    |
[INFO] [stdout] 90 |     ) -> crate::Result<'jvm, Option<Local<'jvm, java::util::HashMap<JK, JV>>>> {
[INFO] [stdout]    |                                                       ^^^^ could not find `util` in `java`
[INFO] [stdout] 
[INFO] [stdout] 
[INFO] [stdout] error[E0433]: failed to resolve: could not find `util` in `java`
[INFO] [stdout]   --> /opt/rustwide/cargo-home/git/checkouts/duchess-d3148a889985172a/2779216/src/to_java.rs:91:37
[INFO] [stdout]    |
[INFO] [stdout] 91 |         let jmap: Local<'jvm, java::util::HashMap<JK, JV>> =
[INFO] [stdout]    |                                     ^^^^ could not find `util` in `java`
[INFO] [stdout] 
[INFO] [stdout] 
[INFO] [stdout] error[E0433]: failed to resolve: could not find `util` in `java`
[INFO] [stdout]    --> /opt/rustwide/cargo-home/git/checkouts/duchess-d3148a889985172a/2779216/src/to_java.rs:100:40
[INFO] [stdout]     |
[INFO] [stdout] 100 | impl<K, V, JK, JV, S> ToJavaImpl<java::util::Map<JK, JV>> for HashMap<K, V, S>
[INFO] [stdout]     |                                        ^^^^ could not find `util` in `java`
[INFO] [stdout] 
[INFO] [stdout] 
[INFO] [stdout] error[E0433]: failed to resolve: could not find `lang` in `java`
[INFO] [stdout]    --> /opt/rustwide/cargo-home/git/checkouts/duchess-d3148a889985172a/2779216/src/to_java.rs:104:22
[INFO] [stdout]     |
[INFO] [stdout] 104 |     JK: Upcast<java::lang::Object> + Upcast<JK>,
[INFO] [stdout]     |                      ^^^^ could not find `lang` in `java`
[INFO] [stdout] 
[INFO] [stdout] 
[INFO] [stdout] error[E0433]: failed to resolve: could not find `lang` in `java`
[INFO] [stdout]    --> /opt/rustwide/cargo-home/git/checkouts/duchess-d3148a889985172a/2779216/src/to_java.rs:105:22
[INFO] [stdout]     |
[INFO] [stdout] 105 |     JV: Upcast<java::lang::Object> + Upcast<JV>,
[INFO] [stdout]     |                      ^^^^ could not find `lang` in `java`
[INFO] [stdout] 
[INFO] [stdout] 
[INFO] [stdout] error[E0433]: failed to resolve: could not find `util` in `java`
[INFO] [stdout]    --> /opt/rustwide/cargo-home/git/checkouts/duchess-d3148a889985172a/2779216/src/to_java.rs:110:55
[INFO] [stdout]     |
[INFO] [stdout] 110 |     ) -> crate::Result<'jvm, Option<Local<'jvm, java::util::Map<JK, JV>>>> {
[INFO] [stdout]     |                                                       ^^^^ could not find `util` in `java`
[INFO] [stdout] 
[INFO] [stdout] 
[INFO] [stdout] error[E0433]: failed to resolve: could not find `util` in `java`
[INFO] [stdout]    --> /opt/rustwide/cargo-home/git/checkouts/duchess-d3148a889985172a/2779216/src/to_java.rs:112:34
[INFO] [stdout]     |
[INFO] [stdout] 112 |             rust.to_java::<java::util::HashMap<JK, JV>>()
[INFO] [stdout]     |                                  ^^^^ could not find `util` in `java`
[INFO] [stdout] 
[INFO] [stdout] 
[INFO] [stdout] error[E0433]: failed to resolve: could not find `util` in `java`
[INFO] [stdout]    --> /opt/rustwide/cargo-home/git/checkouts/duchess-d3148a889985172a/2779216/src/to_java.rs:120:30
[INFO] [stdout]     |
[INFO] [stdout] 120 | impl<E, JE> ToJavaImpl<java::util::ArrayList<JE>> for Vec<E>
[INFO] [stdout]     |                              ^^^^ could not find `util` in `java`
[INFO] [stdout] 
[INFO] [stdout] 
[INFO] [stdout] error[E0433]: failed to resolve: could not find `lang` in `java`
[INFO] [stdout]    --> /opt/rustwide/cargo-home/git/checkouts/duchess-d3148a889985172a/2779216/src/to_java.rs:123:22
[INFO] [stdout]     |
[INFO] [stdout] 123 |     JE: Upcast<java::lang::Object> + Upcast<JE>,
[INFO] [stdout]     |                      ^^^^ could not find `lang` in `java`
[INFO] [stdout] 
[INFO] [stdout] 
[INFO] [stdout] error[E0433]: failed to resolve: could not find `util` in `java`
[INFO] [stdout]    --> /opt/rustwide/cargo-home/git/checkouts/duchess-d3148a889985172a/2779216/src/to_java.rs:128:55
[INFO] [stdout]     |
[INFO] [stdout] 128 |     ) -> crate::Result<'jvm, Option<Local<'jvm, java::util::ArrayList<JE>>>> {
[INFO] [stdout]     |                                                       ^^^^ could not find `util` in `java`
[INFO] [stdout] 
[INFO] [stdout] 
[INFO] [stdout] error[E0433]: failed to resolve: could not find `util` in `java`
[INFO] [stdout]    --> /opt/rustwide/cargo-home/git/checkouts/duchess-d3148a889985172a/2779216/src/to_java.rs:129:37
[INFO] [stdout]     |
[INFO] [stdout] 129 |         let jvec: Local<'jvm, java::util::ArrayList<JE>> =
[INFO] [stdout]     |                                     ^^^^ could not find `util` in `java`
[INFO] [stdout] 
[INFO] [stdout] 
[INFO] [stdout] error[E0433]: failed to resolve: could not find `util` in `java`
[INFO] [stdout]    --> /opt/rustwide/cargo-home/git/checkouts/duchess-d3148a889985172a/2779216/src/to_java.rs:130:19
[INFO] [stdout]     |
[INFO] [stdout] 130 |             java::util::ArrayList::new().execute_with(jvm)?;
[INFO] [stdout]     |                   ^^^^ could not find `util` in `java`
[INFO] [stdout] 
[INFO] [stdout] 
[INFO] [stdout] error[E0433]: failed to resolve: could not find `util` in `java`
[INFO] [stdout]    --> /opt/rustwide/cargo-home/git/checkouts/duchess-d3148a889985172a/2779216/src/to_java.rs:138:30
[INFO] [stdout]     |
[INFO] [stdout] 138 | impl<E, JE> ToJavaImpl<java::util::List<JE>> for Vec<E>
[INFO] [stdout]     |                              ^^^^ could not find `util` in `java`
[INFO] [stdout] 
[INFO] [stdout] 
[INFO] [stdout] error[E0433]: failed to resolve: could not find `lang` in `java`
[INFO] [stdout]    --> /opt/rustwide/cargo-home/git/checkouts/duchess-d3148a889985172a/2779216/src/to_java.rs:141:22
[INFO] [stdout]     |
[INFO] [stdout] 141 |     JE: Upcast<java::lang::Object> + Upcast<JE>,
[INFO] [stdout]     |                      ^^^^ could not find `lang` in `java`
[INFO] [stdout] 
[INFO] [stdout] 
[INFO] [stdout] error[E0433]: failed to resolve: could not find `util` in `java`
[INFO] [stdout]    --> /opt/rustwide/cargo-home/git/checkouts/duchess-d3148a889985172a/2779216/src/to_java.rs:146:55
[INFO] [stdout]     |
[INFO] [stdout] 146 |     ) -> crate::Result<'jvm, Option<Local<'jvm, java::util::List<JE>>>> {
[INFO] [stdout]     |                                                       ^^^^ could not find `util` in `java`
[INFO] [stdout] 
[INFO] [stdout] 
[INFO] [stdout] error[E0433]: failed to resolve: could not find `util` in `java`
[INFO] [stdout]    --> /opt/rustwide/cargo-home/git/checkouts/duchess-d3148a889985172a/2779216/src/to_java.rs:148:34
[INFO] [stdout]     |
[INFO] [stdout] 148 |             rust.to_java::<java::util::ArrayList<JE>>()
[INFO] [stdout]     |                                  ^^^^ could not find `util` in `java`
[INFO] [stdout] 
[INFO] [stdout] 
[INFO] [stdout] error[E0433]: failed to resolve: could not find `lang` in `java`
[INFO] [stdout]    --> /opt/rustwide/cargo-home/git/checkouts/duchess-d3148a889985172a/2779216/src/to_java.rs:156:23
[INFO] [stdout]     |
[INFO] [stdout] 156 | impl ToJavaImpl<java::lang::String> for String {
[INFO] [stdout]     |                       ^^^^ could not find `lang` in `java`
[INFO] [stdout] 
[INFO] [stdout] 
[INFO] [stdout] error[E0433]: failed to resolve: could not find `lang` in `java`
[INFO] [stdout]    --> /opt/rustwide/cargo-home/git/checkouts/duchess-d3148a889985172a/2779216/src/to_java.rs:160:55
[INFO] [stdout]     |
[INFO] [stdout] 160 |     ) -> crate::Result<'jvm, Option<Local<'jvm, java::lang::String>>> {
[INFO] [stdout]     |                                                       ^^^^ could not find `lang` in `java`
[INFO] [stdout] 
[INFO] [stdout] 
[INFO] [stdout] error[E0433]: failed to resolve: could not find `lang` in `java`
[INFO] [stdout]    --> /opt/rustwide/cargo-home/git/checkouts/duchess-d3148a889985172a/2779216/src/to_java.rs:165:23
[INFO] [stdout]     |
[INFO] [stdout] 165 | impl ToJavaImpl<java::lang::String> for str {
[INFO] [stdout]     |                       ^^^^ could not find `lang` in `java`
[INFO] [stdout] 
[INFO] [stdout] 
[INFO] [stdout] error[E0433]: failed to resolve: could not find `lang` in `java`
[INFO] [stdout]    --> /opt/rustwide/cargo-home/git/checkouts/duchess-d3148a889985172a/2779216/src/to_java.rs:169:55
[INFO] [stdout]     |
[INFO] [stdout] 169 |     ) -> crate::Result<'jvm, Option<Local<'jvm, java::lang::String>>> {
[INFO] [stdout]     |                                                       ^^^^ could not find `lang` in `java`
[INFO] [stdout] 
[INFO] [stdout] 
[INFO] [stdout] error[E0433]: failed to resolve: could not find `lang` in `java`
[INFO] [stdout]    --> /opt/rustwide/cargo-home/git/checkouts/duchess-d3148a889985172a/2779216/src/to_java.rs:187:21
[INFO] [stdout]     |
[INFO] [stdout] 187 |     J: Upcast<java::lang::Object>,
[INFO] [stdout]     |                     ^^^^ could not find `lang` in `java`
[INFO] [stdout] 
[INFO] [stdout] 
[INFO] [stdout] error[E0433]: failed to resolve: could not find `lang` in `java`
[INFO] [stdout]    --> /opt/rustwide/cargo-home/git/checkouts/duchess-d3148a889985172a/2779216/src/to_java.rs:199:21
[INFO] [stdout]     |
[INFO] [stdout] 199 |     J: Upcast<java::lang::Object>,
[INFO] [stdout]     |                     ^^^^ could not find `lang` in `java`
[INFO] [stdout] 
[INFO] [stdout] 
[INFO] [stdout] error[E0433]: failed to resolve: could not find `lang` in `java`
[INFO] [stdout]    --> /opt/rustwide/cargo-home/git/checkouts/duchess-d3148a889985172a/2779216/src/to_java.rs:211:21
[INFO] [stdout]     |
[INFO] [stdout] 211 |     J: Upcast<java::lang::Object>,
[INFO] [stdout]     |                     ^^^^ could not find `lang` in `java`
[INFO] [stdout] 
[INFO] [stdout] 
[INFO] [stdout] error[E0433]: failed to resolve: could not find `lang` in `java`
[INFO] [stdout]    --> /opt/rustwide/cargo-home/git/checkouts/duchess-d3148a889985172a/2779216/src/to_java.rs:223:21
[INFO] [stdout]     |
[INFO] [stdout] 223 |     J: Upcast<java::lang::Object>,
[INFO] [stdout]     |                     ^^^^ could not find `lang` in `java`
[INFO] [stdout] 
[INFO] [stdout] 
[INFO] [stdout] error[E0433]: failed to resolve: could not find `lang` in `java`
[INFO] [stdout]    --> /opt/rustwide/cargo-home/git/checkouts/duchess-d3148a889985172a/2779216/src/to_java.rs:239:21
[INFO] [stdout]     |
[INFO] [stdout] 239 |     J: Upcast<java::lang::Object>,
[INFO] [stdout]     |                     ^^^^ could not find `lang` in `java`
[INFO] [stdout] 
[INFO] [stdout] 
[INFO] [stdout] error[E0433]: failed to resolve: could not find `lang` in `java`
[INFO] [stdout]    --> /opt/rustwide/cargo-home/git/checkouts/duchess-d3148a889985172a/2779216/src/to_java.rs:265:21
[INFO] [stdout]     |
[INFO] [stdout] 265 |     J: Upcast<java::lang::Object>,
[INFO] [stdout]     |                     ^^^^ could not find `lang` in `java`
[INFO] [stdout] 
[INFO] [stdout] 
[INFO] [stdout] error[E0433]: failed to resolve: could not find `util` in `java`
[INFO] [stdout]   --> /opt/rustwide/cargo-home/git/checkouts/duchess-d3148a889985172a/2779216/src/to_java.rs:92:19
[INFO] [stdout]    |
[INFO] [stdout] 92 |             java::util::HashMap::new().execute_with(jvm)?;
[INFO] [stdout]    |                   ^^^^ could not find `util` in `java`
[INFO] [stdout]    |
[INFO] [stdout] help: consider importing this struct
[INFO] [stdout]    |
[INFO] [stdout] 1  + use std::collections::HashMap;
[INFO] [stdout]    |
[INFO] [stdout] help: if you import `HashMap`, refer to it directly
[INFO] [stdout]    |
[INFO] [stdout] 92 -             java::util::HashMap::new().execute_with(jvm)?;
[INFO] [stdout] 92 +             HashMap::new().execute_with(jvm)?;
[INFO] [stdout]    |
[INFO] [stdout] 
[INFO] [stdout] 
[INFO] [stdout] error[E0207]: the type parameter `JK` is not constrained by the impl trait, self type, or predicates
[INFO] [stdout]   --> /opt/rustwide/cargo-home/git/checkouts/duchess-d3148a889985172a/2779216/src/to_java.rs:80:12
[INFO] [stdout]    |
[INFO] [stdout] 80 | impl<K, V, JK, JV, S> ToJavaImpl<java::util::HashMap<JK, JV>> for HashMap<K, V, S>
[INFO] [stdout]    |            ^^ unconstrained type parameter
[INFO] [stdout] 
[INFO] [stdout] 
[INFO] [stdout] error[E0207]: the type parameter `JV` is not constrained by the impl trait, self type, or predicates
[INFO] [stdout]   --> /opt/rustwide/cargo-home/git/checkouts/duchess-d3148a889985172a/2779216/src/to_java.rs:80:16
[INFO] [stdout]    |
[INFO] [stdout] 80 | impl<K, V, JK, JV, S> ToJavaImpl<java::util::HashMap<JK, JV>> for HashMap<K, V, S>
[INFO] [stdout]    |                ^^ unconstrained type parameter
[INFO] [stdout] 
[INFO] [stdout] 
[INFO] [stdout] error[E0207]: the type parameter `JK` is not constrained by the impl trait, self type, or predicates
[INFO] [stdout]    --> /opt/rustwide/cargo-home/git/checkouts/duchess-d3148a889985172a/2779216/src/to_java.rs:100:12
[INFO] [stdout]     |
[INFO] [stdout] 100 | impl<K, V, JK, JV, S> ToJavaImpl<java::util::Map<JK, JV>> for HashMap<K, V, S>
[INFO] [stdout]     |            ^^ unconstrained type parameter
[INFO] [stdout] 
[INFO] [stdout] 
[INFO] [stdout] error[E0207]: the type parameter `JV` is not constrained by the impl trait, self type, or predicates
[INFO] [stdout]    --> /opt/rustwide/cargo-home/git/checkouts/duchess-d3148a889985172a/2779216/src/to_java.rs:100:16
[INFO] [stdout]     |
[INFO] [stdout] 100 | impl<K, V, JK, JV, S> ToJavaImpl<java::util::Map<JK, JV>> for HashMap<K, V, S>
[INFO] [stdout]     |                ^^ unconstrained type parameter
[INFO] [stdout] 
[INFO] [stdout] 
[INFO] [stdout] error[E0207]: the type parameter `JE` is not constrained by the impl trait, self type, or predicates
[INFO] [stdout]    --> /opt/rustwide/cargo-home/git/checkouts/duchess-d3148a889985172a/2779216/src/to_java.rs:120:9
[INFO] [stdout]     |
[INFO] [stdout] 120 | impl<E, JE> ToJavaImpl<java::util::ArrayList<JE>> for Vec<E>
[INFO] [stdout]     |         ^^ unconstrained type parameter
[INFO] [stdout] 
[INFO] [stdout] 
[INFO] [stdout] error[E0207]: the type parameter `JE` is not constrained by the impl trait, self type, or predicates
[INFO] [stdout]    --> /opt/rustwide/cargo-home/git/checkouts/duchess-d3148a889985172a/2779216/src/to_java.rs:138:9
[INFO] [stdout]     |
[INFO] [stdout] 138 | impl<E, JE> ToJavaImpl<java::util::List<JE>> for Vec<E>
[INFO] [stdout]     |         ^^ unconstrained type parameter
[INFO] [stdout] 
[INFO] [stdout] 
[INFO] [stdout] error: aborting due to 62 previous errors
[INFO] [stdout] 
[INFO] [stdout] 
[INFO] [stdout] Some errors have detailed explanations: E0207, E0432, E0433.
[INFO] [stdout] 
[INFO] [stdout] For more information about an error, try `rustc --explain E0207`.
[INFO] [stdout] 
[INFO] [stderr] error: could not compile `duchess` (lib) due to 63 previous errors
[INFO] running `Command { std: "docker" "inspect" "a0299b9b928b07c12dfbc83d3c1a36554dcb03cf29fac18ba99a90854b169cab", kill_on_drop: false }`
[INFO] running `Command { std: "docker" "rm" "-f" "a0299b9b928b07c12dfbc83d3c1a36554dcb03cf29fac18ba99a90854b169cab", kill_on_drop: false }`
[INFO] [stdout] a0299b9b928b07c12dfbc83d3c1a36554dcb03cf29fac18ba99a90854b169cab
