[INFO] cloning repository https://github.com/ajuvercr/nifi-runner
[INFO] running `Command { std: "git" "-c" "credential.helper=" "-c" "credential.helper=/workspace/cargo-home/bin/git-credential-null" "clone" "--bare" "https://github.com/ajuvercr/nifi-runner" "/workspace/cache/git-repos/https%3A%2F%2Fgithub.com%2Fajuvercr%2Fnifi-runner", kill_on_drop: false }`
[INFO] [stderr] Cloning into bare repository '/workspace/cache/git-repos/https%3A%2F%2Fgithub.com%2Fajuvercr%2Fnifi-runner'...
[INFO] running `Command { std: "git" "rev-parse" "HEAD", kill_on_drop: false }`
[INFO] [stdout] a3e44c45130807b20206d35a98b59b8a0ccb3d31
[INFO] documenting ajuvercr/nifi-runner against 1.75.0 for beta-1.76-rustdoc-1
[INFO] running `Command { std: "git" "clone" "/workspace/cache/git-repos/https%3A%2F%2Fgithub.com%2Fajuvercr%2Fnifi-runner" "/workspace/builds/worker-4-tc1/source", kill_on_drop: false }`
[INFO] [stderr] Cloning into '/workspace/builds/worker-4-tc1/source'...
[INFO] [stderr] done.
[INFO] validating manifest of git repo https://github.com/ajuvercr/nifi-runner on toolchain 1.75.0
[INFO] running `Command { std: CARGO_HOME="/workspace/cargo-home" RUSTUP_HOME="/workspace/rustup-home" "/workspace/cargo-home/bin/cargo" "+1.75.0" "metadata" "--manifest-path" "Cargo.toml" "--no-deps", kill_on_drop: false }`
[INFO] removed /workspace/builds/worker-4-tc1/source/rust-toolchain.toml
[INFO] started tweaking git repo https://github.com/ajuvercr/nifi-runner
[INFO] finished tweaking git repo https://github.com/ajuvercr/nifi-runner
[INFO] tweaked toml for git repo https://github.com/ajuvercr/nifi-runner written to /workspace/builds/worker-4-tc1/source/Cargo.toml
[INFO] crate git repo https://github.com/ajuvercr/nifi-runner already has a lockfile, it will not be regenerated
[INFO] running `Command { std: CARGO_HOME="/workspace/cargo-home" RUSTUP_HOME="/workspace/rustup-home" "/workspace/cargo-home/bin/cargo" "+1.75.0" "fetch" "--manifest-path" "Cargo.toml", kill_on_drop: false }`
[INFO] [stderr]     Updating git repository `https://github.com/ajuvercr/feignhttp`
[INFO] [stderr]     Updating crates.io index
[INFO] [stderr]  Downloading crates ...
[INFO] [stderr]   Downloaded json-event-parser v0.1.1
[INFO] [stderr]   Downloaded rio_api v0.7.1
[INFO] [stderr]   Downloaded sysinfo v0.26.7
[INFO] [stderr]   Downloaded lasso v0.6.0
[INFO] [stderr]   Downloaded rio_xml v0.7.3
[INFO] [stderr]   Downloaded rio_turtle v0.7.1
[INFO] [stderr]   Downloaded simple-xml v0.1.10
[INFO] [stderr]   Downloaded sparesults v0.1.1
[INFO] [stderr]   Downloaded oxrdf v0.1.0
[INFO] [stderr]   Downloaded spargebra v0.2.2
[INFO] [stderr]   Downloaded oxigraph v0.3.8
[INFO] [stderr]   Downloaded oxrocksdb-sys v0.3.7
[INFO] running `Command { std: "docker" "create" "-v" "/var/lib/crater-agent-workspace/builds/worker-4-tc1/target:/opt/rustwide/target:rw,Z" "-v" "/var/lib/crater-agent-workspace/builds/worker-4-tc1/source:/opt/rustwide/workdir:ro,Z" "-v" "/var/lib/crater-agent-workspace/cargo-home:/opt/rustwide/cargo-home:ro,Z" "-v" "/var/lib/crater-agent-workspace/rustup-home:/opt/rustwide/rustup-home:ro,Z" "-e" "SOURCE_DIR=/opt/rustwide/workdir" "-e" "CARGO_TARGET_DIR=/opt/rustwide/target" "-e" "CARGO_HOME=/opt/rustwide/cargo-home" "-e" "RUSTUP_HOME=/opt/rustwide/rustup-home" "-w" "/opt/rustwide/workdir" "-m" "1610612736" "--user" "0:0" "--network" "none" "ghcr.io/rust-lang/crates-build-env/linux@sha256:2788e3201cd34a07e3172128adcd8b3090168a8e3bcc40d7c032b9dda1df7d1c" "/opt/rustwide/cargo-home/bin/cargo" "+1.75.0" "metadata" "--no-deps" "--format-version=1", kill_on_drop: false }`
[INFO] [stdout] 356027a6035c28d642b7969f0c389b283b5394870bd9f424e479379cdb454bef
[INFO] running `Command { std: "docker" "start" "-a" "356027a6035c28d642b7969f0c389b283b5394870bd9f424e479379cdb454bef", kill_on_drop: false }`
[INFO] running `Command { std: "docker" "inspect" "356027a6035c28d642b7969f0c389b283b5394870bd9f424e479379cdb454bef", kill_on_drop: false }`
[INFO] running `Command { std: "docker" "rm" "-f" "356027a6035c28d642b7969f0c389b283b5394870bd9f424e479379cdb454bef", kill_on_drop: false }`
[INFO] [stdout] 356027a6035c28d642b7969f0c389b283b5394870bd9f424e479379cdb454bef
[INFO] running `Command { std: "docker" "create" "-v" "/var/lib/crater-agent-workspace/builds/worker-4-tc1/target:/opt/rustwide/target:rw,Z" "-v" "/var/lib/crater-agent-workspace/builds/worker-4-tc1/source:/opt/rustwide/workdir:ro,Z" "-v" "/var/lib/crater-agent-workspace/cargo-home:/opt/rustwide/cargo-home:ro,Z" "-v" "/var/lib/crater-agent-workspace/rustup-home:/opt/rustwide/rustup-home:ro,Z" "-e" "SOURCE_DIR=/opt/rustwide/workdir" "-e" "CARGO_TARGET_DIR=/opt/rustwide/target" "-e" "CARGO_INCREMENTAL=0" "-e" "RUST_BACKTRACE=full" "-e" "RUSTFLAGS=--cap-lints=warn" "-e" "RUSTDOCFLAGS=--cap-lints=warn" "-e" "CARGO_HOME=/opt/rustwide/cargo-home" "-e" "RUSTUP_HOME=/opt/rustwide/rustup-home" "-w" "/opt/rustwide/workdir" "-m" "1610612736" "--user" "0:0" "--network" "none" "ghcr.io/rust-lang/crates-build-env/linux@sha256:2788e3201cd34a07e3172128adcd8b3090168a8e3bcc40d7c032b9dda1df7d1c" "/opt/rustwide/cargo-home/bin/cargo" "+1.75.0" "doc" "--frozen" "--no-deps" "--document-private-items" "--message-format=json", kill_on_drop: false }`
[INFO] [stdout] 256b9ebe1b90a9bcaf45a2f29ca6ca7372874139cdbb5391cb2a36bf9659d6ea
[INFO] running `Command { std: "docker" "start" "-a" "256b9ebe1b90a9bcaf45a2f29ca6ca7372874139cdbb5391cb2a36bf9659d6ea", kill_on_drop: false }`
[INFO] [stderr]    Compiling libc v0.2.137
[INFO] [stderr]    Compiling proc-macro2 v1.0.47
[INFO] [stderr]    Compiling quote v1.0.21
[INFO] [stderr]    Compiling unicode-ident v1.0.5
[INFO] [stderr]    Compiling syn v1.0.104
[INFO] [stderr]     Checking once_cell v1.16.0
[INFO] [stderr]    Compiling pkg-config v0.3.26
[INFO] [stderr]     Checking pin-project-lite v0.2.9
[INFO] [stderr]    Compiling futures-core v0.3.25
[INFO] [stderr]     Checking bytes v1.2.1
[INFO] [stderr]    Compiling crossbeam-utils v0.8.12
[INFO] [stderr]     Checking itoa v1.0.4
[INFO] [stderr]    Compiling typenum v1.15.0
[INFO] [stderr]     Checking tracing-core v0.1.30
[INFO] [stderr]    Compiling tokio v1.21.2
[INFO] [stderr]    Compiling memchr v2.5.0
[INFO] [stderr]    Compiling glob v0.3.0
[INFO] [stderr]    Compiling ahash v0.7.6
[INFO] [stderr]    Compiling slab v0.4.7
[INFO] [stderr]    Compiling memoffset v0.6.5
[INFO] [stderr]    Compiling unicase v2.6.0
[INFO] [stderr]    Compiling clang-sys v1.4.0
[INFO] [stderr]     Checking getrandom v0.2.8
[INFO] [stderr]     Checking socket2 v0.4.7
[INFO] [stderr]    Compiling jobserver v0.1.25
[INFO] [stderr]     Checking mio v0.8.5
[INFO] [stderr]    Compiling serde_derive v1.0.147
[INFO] [stderr]     Checking fnv v1.0.7
[INFO] [stderr]    Compiling futures-task v0.3.25
[INFO] [stderr]     Checking http v0.2.8
[INFO] [stderr]    Compiling cc v1.0.74
[INFO] [stderr]     Checking generic-array v0.14.6
[INFO] [stderr]    Compiling crossbeam-epoch v0.9.11
[INFO] [stderr]    Compiling indexmap v1.9.1
[INFO] [stderr]    Compiling minimal-lexical v0.2.1
[INFO] [stderr]     Checking openssl-probe v0.1.5
[INFO] [stderr]     Checking foreign-types-shared v0.1.1
[INFO] [stderr]    Compiling futures-util v0.3.25
[INFO] [stderr]    Compiling serde v1.0.147
[INFO] [stderr]     Checking tinyvec_macros v0.1.0
[INFO] [stderr]    Compiling openssl v0.10.42
[INFO] [stderr]     Checking tinyvec v1.6.0
[INFO] [stderr]    Compiling nom v7.1.1
[INFO] [stderr]     Checking foreign-types v0.3.2
[INFO] [stderr]    Compiling libloading v0.7.4
[INFO] [stderr]     Checking rand_core v0.6.4
[INFO] [stderr]    Compiling futures-channel v0.3.25
[INFO] [stderr]     Checking scopeguard v1.1.0
[INFO] [stderr]    Compiling bindgen v0.61.0
[INFO] [stderr]    Compiling regex-syntax v0.6.28
[INFO] [stderr]     Checking percent-encoding v2.2.0
[INFO] [stderr]    Compiling openssl-sys v0.9.77
[INFO] [stderr]    Compiling libnghttp2-sys v0.1.7+1.45.0
[INFO] [stderr]    Compiling libz-sys v1.1.8
[INFO] [stderr]    Compiling curl-sys v0.4.59+curl-7.86.0
[INFO] [stderr]     Checking oxilangtag v0.1.3
[INFO] [stderr]    Compiling httparse v1.8.0
[INFO] [stderr]     Checking futures-sink v0.3.25
[INFO] [stderr]     Checking oxiri v0.2.2
[INFO] [stderr]    Compiling either v1.8.0
[INFO] [stderr]     Checking pin-utils v0.1.0
[INFO] [stderr]     Checking hashbrown v0.12.3
[INFO] [stderr]    Compiling rayon-core v1.9.3
[INFO] [stderr]    Compiling native-tls v0.2.11
[INFO] [stderr]    Compiling which v4.3.0
[INFO] [stderr]     Checking unicode-normalization v0.1.22
[INFO] [stderr]     Checking form_urlencoded v1.1.0
[INFO] [stderr]     Checking hashbrown v0.11.2
[INFO] [stderr]    Compiling cexpr v0.6.0
[INFO] [stderr]    Compiling regex v1.7.0
[INFO] [stderr]     Checking rand_chacha v0.3.1
[INFO] [stderr]     Checking block-buffer v0.10.3
[INFO] [stderr]     Checking crypto-common v0.1.6
[INFO] [stderr]    Compiling log v0.4.17
[INFO] [stderr]    Compiling proc-macro-error-attr v1.0.4
[INFO] [stderr]    Compiling rustc-hash v1.1.0
[INFO] [stderr]     Checking unicode-bidi v0.3.8
[INFO] [stderr]     Checking cache-padded v1.2.0
[INFO] [stderr]    Compiling peeking_take_while v0.1.2
[INFO] [stderr]    Compiling lazycell v1.3.0
[INFO] [stderr]    Compiling serde_json v1.0.87
[INFO] [stderr]     Checking try-lock v0.2.3
[INFO] [stderr]    Compiling shlex v1.1.0
[INFO] [stderr]    Compiling bitflags v1.3.2
[INFO] [stderr]    Compiling encoding_rs v0.8.31
[INFO] [stderr]    Compiling lazy_static v1.4.0
[INFO] [stderr]     Checking want v0.3.0
[INFO] [stderr]     Checking concurrent-queue v1.2.4
[INFO] [stderr]     Checking idna v0.3.0
[INFO] [stderr]    Compiling mime_guess v2.0.4
[INFO] [stderr]     Checking digest v0.10.5
[INFO] [stderr]     Checking rand v0.8.5
[INFO] [stderr]     Checking crossbeam-deque v0.8.2
[INFO] [stderr]     Checking lasso v0.6.0
[INFO] [stderr]     Checking http-body v0.4.5
[INFO] [stderr]     Checking num_cpus v1.14.0
[INFO] [stderr]     Checking crossbeam-channel v0.5.6
[INFO] [stderr]    Compiling polling v2.4.0
[INFO] [stderr]    Compiling rayon v1.5.3
[INFO] [stderr]    Compiling proc-macro-error v1.0.4
[INFO] [stderr]     Checking httpdate v1.0.2
[INFO] [stderr]     Checking futures-io v0.3.25
[INFO] [stderr]     Checking tower-service v0.3.2
[INFO] [stderr]    Compiling peg-runtime v0.8.1
[INFO] [stderr]     Checking mime v0.3.16
[INFO] [stderr]    Compiling curl v0.4.44
[INFO] [stderr]     Checking event-listener v2.5.3
[INFO] [stderr]     Checking async-channel v1.7.1
[INFO] [stderr]    Compiling peg-macros v0.8.1
[INFO] [stderr]     Checking oxrdf v0.1.0
[INFO] [stderr]     Checking url v2.3.1
[INFO] [stderr]     Checking quick-xml v0.23.1
[INFO] [stderr]    Compiling isahc v1.7.2
[INFO] [stderr]     Checking rio_api v0.7.1
[INFO] [stderr]     Checking fastrand v1.8.0
[INFO] [stderr]     Checking waker-fn v1.1.0
[INFO] [stderr]    Compiling async-trait v0.1.58
[INFO] [stderr]     Checking parking v2.0.0
[INFO] [stderr]     Checking futures-lite v1.12.0
[INFO] [stderr]     Checking sluice v0.5.5
[INFO] [stderr]     Checking aho-corasick v0.7.19
[INFO] [stderr]     Checking base64 v0.13.1
[INFO] [stderr]     Checking ipnet v2.5.1
[INFO] [stderr]     Checking peg v0.8.1
[INFO] [stderr]     Checking os_str_bytes v6.3.1
[INFO] [stderr]     Checking castaway v0.1.2
[INFO] [stderr]    Compiling tracing-attributes v0.1.23
[INFO] [stderr]    Compiling tokio-macros v1.8.0
[INFO] [stderr]    Compiling openssl-macros v0.1.0
[INFO] [stderr]    Compiling pin-project-internal v1.0.12
[INFO] [stderr]     Checking json-event-parser v0.1.1
[INFO] [stderr]     Checking sparesults v0.1.1
[INFO] [stderr]     Checking sysinfo v0.26.7
[INFO] [stderr]     Checking tracing v0.1.37
[INFO] [stderr]     Checking pin-project v1.0.12
[INFO] [stderr]     Checking tracing-futures v0.2.5
[INFO] [stderr]    Compiling clap_derive v4.0.21
[INFO] [stderr]    Compiling feignhttp-codegen v0.4.5 (https://github.com/ajuvercr/feignhttp#90269b5b)
[INFO] [stderr]     Checking clap_lex v0.3.0
[INFO] [stderr]     Checking spargebra v0.2.2
[INFO] [stderr]     Checking rio_xml v0.7.3
[INFO] [stderr]    Compiling oxrocksdb-sys v0.3.7
[INFO] [stderr]     Checking rio_turtle v0.7.1
[INFO] [stderr]     Checking sha-1 v0.10.0
[INFO] [stderr]     Checking sha2 v0.10.6
[INFO] [stderr]     Checking md-5 v0.10.5
[INFO] [stderr]     Checking tokio-util v0.7.4
[INFO] [stderr]     Checking tokio-native-tls v0.3.0
[INFO] [stderr]     Checking atty v0.2.14
[INFO] [stderr]     Checking termcolor v1.1.3
[INFO] [stderr]     Checking hex v0.4.3
[INFO] [stderr]     Checking siphasher v0.3.10
[INFO] [stderr]    Compiling derive v0.1.0 (/opt/rustwide/workdir/derive)
[INFO] [stderr]     Checking simple-xml v0.1.10
[INFO] [stderr]     Checking h2 v0.3.15
[INFO] [stderr]     Checking clap v4.0.22
[INFO] [stderr]     Checking serde_urlencoded v0.7.1
[INFO] [stderr]     Checking hyper v0.14.23
[INFO] [stderr]     Checking hyper-tls v0.5.0
[INFO] [stderr]     Checking reqwest v0.11.12
[INFO] [stderr]     Checking feignhttp v0.4.5 (https://github.com/ajuvercr/feignhttp#90269b5b)
[INFO] [stderr] The following warnings were emitted during compilation:
[INFO] [stderr] 
[INFO] [stderr] warning: oxrocksdb-sys@0.3.7: c++: fatal error: Killed signal terminated program cc1plus
[INFO] [stderr] warning: oxrocksdb-sys@0.3.7: compilation terminated.
[INFO] [stderr] warning: oxrocksdb-sys@0.3.7: c++: fatal error: Killed signal terminated program cc1plus
[INFO] [stderr] warning: oxrocksdb-sys@0.3.7: compilation terminated.
[INFO] [stderr] 
[INFO] [stderr] error: failed to run custom build command for `oxrocksdb-sys v0.3.7`
[INFO] [stderr] note: To improve backtraces for build dependencies, set the CARGO_PROFILE_DEV_BUILD_OVERRIDE_DEBUG=true environment variable to enable debug information generation.
[INFO] [stderr] 
[INFO] [stderr] Caused by:
[INFO] [stderr]   process didn't exit successfully: `/opt/rustwide/target/debug/build/oxrocksdb-sys-7704379990926e65/build-script-build` (exit status: 1)
[INFO] [stderr]   --- stdout
[INFO] [stderr]   cargo:rerun-if-changed=api/
[INFO] [stderr]   TARGET = Some("x86_64-unknown-linux-gnu")
[INFO] [stderr]   OPT_LEVEL = Some("0")
[INFO] [stderr]   HOST = Some("x86_64-unknown-linux-gnu")
[INFO] [stderr]   cargo:rerun-if-env-changed=CC_x86_64-unknown-linux-gnu
[INFO] [stderr]   CC_x86_64-unknown-linux-gnu = None
[INFO] [stderr]   cargo:rerun-if-env-changed=CC_x86_64_unknown_linux_gnu
[INFO] [stderr]   CC_x86_64_unknown_linux_gnu = None
[INFO] [stderr]   cargo:rerun-if-env-changed=HOST_CC
[INFO] [stderr]   HOST_CC = None
[INFO] [stderr]   cargo:rerun-if-env-changed=CC
[INFO] [stderr]   CC = None
[INFO] [stderr]   cargo:rerun-if-env-changed=CFLAGS_x86_64-unknown-linux-gnu
[INFO] [stderr]   CFLAGS_x86_64-unknown-linux-gnu = None
[INFO] [stderr]   cargo:rerun-if-env-changed=CFLAGS_x86_64_unknown_linux_gnu
[INFO] [stderr]   CFLAGS_x86_64_unknown_linux_gnu = None
[INFO] [stderr]   cargo:rerun-if-env-changed=HOST_CFLAGS
[INFO] [stderr]   HOST_CFLAGS = None
[INFO] [stderr]   cargo:rerun-if-env-changed=CFLAGS
[INFO] [stderr]   CFLAGS = None
[INFO] [stderr]   cargo:rerun-if-env-changed=CRATE_CC_NO_DEFAULTS
[INFO] [stderr]   CRATE_CC_NO_DEFAULTS = None
[INFO] [stderr]   DEBUG = Some("true")
[INFO] [stderr]   CARGO_CFG_TARGET_FEATURE = Some("fxsr,sse,sse2")
[INFO] [stderr]   running: "cc" "-O0" "-ffunction-sections" "-fdata-sections" "-fPIC" "-g" "-fno-omit-frame-pointer" "-m64" "-Wall" "-Wextra" "-o" "/opt/rustwide/target/debug/build/oxrocksdb-sys-c41627a753aed0db/out/lz4/lib/lz4.o" "-c" "lz4/lib/lz4.c"
[INFO] [stderr]   running: "cc" "-O0" "-ffunction-sections" "-fdata-sections" "-fPIC" "-g" "-fno-omit-frame-pointer" "-m64" "-Wall" "-Wextra" "-o" "/opt/rustwide/target/debug/build/oxrocksdb-sys-c41627a753aed0db/out/lz4/lib/lz4frame.o" "-c" "lz4/lib/lz4frame.c"
[INFO] [stderr]   running: "cc" "-O0" "-ffunction-sections" "-fdata-sections" "-fPIC" "-g" "-fno-omit-frame-pointer" "-m64" "-Wall" "-Wextra" "-o" "/opt/rustwide/target/debug/build/oxrocksdb-sys-c41627a753aed0db/out/lz4/lib/lz4hc.o" "-c" "lz4/lib/lz4hc.c"
[INFO] [stderr]   exit status: 0
[INFO] [stderr]   running: "cc" "-O0" "-ffunction-sections" "-fdata-sections" "-fPIC" "-g" "-fno-omit-frame-pointer" "-m64" "-Wall" "-Wextra" "-o" "/opt/rustwide/target/debug/build/oxrocksdb-sys-c41627a753aed0db/out/lz4/lib/xxhash.o" "-c" "lz4/lib/xxhash.c"
[INFO] [stderr]   exit status: 0
[INFO] [stderr]   exit status: 0
[INFO] [stderr]   exit status: 0
[INFO] [stderr]   cargo:rerun-if-env-changed=AR_x86_64-unknown-linux-gnu
[INFO] [stderr]   AR_x86_64-unknown-linux-gnu = None
[INFO] [stderr]   cargo:rerun-if-env-changed=AR_x86_64_unknown_linux_gnu
[INFO] [stderr]   AR_x86_64_unknown_linux_gnu = None
[INFO] [stderr]   cargo:rerun-if-env-changed=HOST_AR
[INFO] [stderr]   HOST_AR = None
[INFO] [stderr]   cargo:rerun-if-env-changed=AR
[INFO] [stderr]   AR = None
[INFO] [stderr]   running: ZERO_AR_DATE="1" "ar" "cq" "/opt/rustwide/target/debug/build/oxrocksdb-sys-c41627a753aed0db/out/liblz4.a" "/opt/rustwide/target/debug/build/oxrocksdb-sys-c41627a753aed0db/out/lz4/lib/lz4.o" "/opt/rustwide/target/debug/build/oxrocksdb-sys-c41627a753aed0db/out/lz4/lib/lz4frame.o" "/opt/rustwide/target/debug/build/oxrocksdb-sys-c41627a753aed0db/out/lz4/lib/lz4hc.o" "/opt/rustwide/target/debug/build/oxrocksdb-sys-c41627a753aed0db/out/lz4/lib/xxhash.o"
[INFO] [stderr]   exit status: 0
[INFO] [stderr]   running: "ar" "s" "/opt/rustwide/target/debug/build/oxrocksdb-sys-c41627a753aed0db/out/liblz4.a"
[INFO] [stderr]   exit status: 0
[INFO] [stderr]   cargo:rustc-link-lib=static=lz4
[INFO] [stderr]   cargo:rustc-link-search=native=/opt/rustwide/target/debug/build/oxrocksdb-sys-c41627a753aed0db/out
[INFO] [stderr]   TARGET = Some("x86_64-unknown-linux-gnu")
[INFO] [stderr]   OPT_LEVEL = Some("0")
[INFO] [stderr]   HOST = Some("x86_64-unknown-linux-gnu")
[INFO] [stderr]   cargo:rerun-if-env-changed=CXX_x86_64-unknown-linux-gnu
[INFO] [stderr]   CXX_x86_64-unknown-linux-gnu = None
[INFO] [stderr]   cargo:rerun-if-env-changed=CXX_x86_64_unknown_linux_gnu
[INFO] [stderr]   CXX_x86_64_unknown_linux_gnu = None
[INFO] [stderr]   cargo:rerun-if-env-changed=HOST_CXX
[INFO] [stderr]   HOST_CXX = None
[INFO] [stderr]   cargo:rerun-if-env-changed=CXX
[INFO] [stderr]   CXX = None
[INFO] [stderr]   cargo:rerun-if-env-changed=CXXFLAGS_x86_64-unknown-linux-gnu
[INFO] [stderr]   CXXFLAGS_x86_64-unknown-linux-gnu = None
[INFO] [stderr]   cargo:rerun-if-env-changed=CXXFLAGS_x86_64_unknown_linux_gnu
[INFO] [stderr]   CXXFLAGS_x86_64_unknown_linux_gnu = None
[INFO] [stderr]   cargo:rerun-if-env-changed=HOST_CXXFLAGS
[INFO] [stderr]   HOST_CXXFLAGS = None
[INFO] [stderr]   cargo:rerun-if-env-changed=CXXFLAGS
[INFO] [stderr]   CXXFLAGS = None
[INFO] [stderr]   cargo:rerun-if-env-changed=CRATE_CC_NO_DEFAULTS
[INFO] [stderr]   CRATE_CC_NO_DEFAULTS = None
[INFO] [stderr]   DEBUG = Some("true")
[INFO] [stderr]   CARGO_CFG_TARGET_FEATURE = Some("fxsr,sse,sse2")
[INFO] [stderr]   cargo:rerun-if-env-changed=CXX_x86_64-unknown-linux-gnu
[INFO] [stderr]   CXX_x86_64-unknown-linux-gnu = None
[INFO] [stderr]   cargo:rerun-if-env-changed=CXX_x86_64_unknown_linux_gnu
[INFO] [stderr]   CXX_x86_64_unknown_linux_gnu = None
[INFO] [stderr]   cargo:rerun-if-env-changed=HOST_CXX
[INFO] [stderr]   HOST_CXX = None
[INFO] [stderr]   cargo:rerun-if-env-changed=CXX
[INFO] [stderr]   CXX = None
[INFO] [stderr]   cargo:rerun-if-env-changed=CXXFLAGS_x86_64-unknown-linux-gnu
[INFO] [stderr]   CXXFLAGS_x86_64-unknown-linux-gnu = None
[INFO] [stderr]   cargo:rerun-if-env-changed=CXXFLAGS_x86_64_unknown_linux_gnu
[INFO] [stderr]   CXXFLAGS_x86_64_unknown_linux_gnu = None
[INFO] [stderr]   cargo:rerun-if-env-changed=HOST_CXXFLAGS
[INFO] [stderr]   HOST_CXXFLAGS = None
[INFO] [stderr]   cargo:rerun-if-env-changed=CXXFLAGS
[INFO] [stderr]   CXXFLAGS = None
[INFO] [stderr]   cargo:rerun-if-env-changed=CRATE_CC_NO_DEFAULTS
[INFO] [stderr]   CRATE_CC_NO_DEFAULTS = None
[INFO] [stderr]   CARGO_CFG_TARGET_FEATURE = Some("fxsr,sse,sse2")
[INFO] [stderr]   running: "c++" "-O0" "-ffunction-sections" "-fdata-sections" "-fPIC" "-g" "-fno-omit-frame-pointer" "-m64" "-I" "rocksdb/include/" "-I" "rocksdb/" "-I" "lz4/lib/" "-Wall" "-Wextra" "-std=c++17" "-Wno-invalid-offsetof" "-msse2" "-DNDEBUG=1" "-DLZ4=1" "-DOS_LINUX" "-DROCKSDB_PLATFORM_POSIX" "-DROCKSDB_LIB_IO_POSIX" "-DROCKSDB_SUPPORT_THREAD_LOCAL" "-DHAVE_UINT128_EXTENSION=1" "-o" "/opt/rustwide/target/debug/build/oxrocksdb-sys-c41627a753aed0db/out/api/build_version.o" "-c" "api/build_version.cc"
[INFO] [stderr]   running: "c++" "-O0" "-ffunction-sections" "-fdata-sections" "-fPIC" "-g" "-fno-omit-frame-pointer" "-m64" "-I" "rocksdb/include/" "-I" "rocksdb/" "-I" "lz4/lib/" "-Wall" "-Wextra" "-std=c++17" "-Wno-invalid-offsetof" "-msse2" "-DNDEBUG=1" "-DLZ4=1" "-DOS_LINUX" "-DROCKSDB_PLATFORM_POSIX" "-DROCKSDB_LIB_IO_POSIX" "-DROCKSDB_SUPPORT_THREAD_LOCAL" "-DHAVE_UINT128_EXTENSION=1" "-o" "/opt/rustwide/target/debug/build/oxrocksdb-sys-c41627a753aed0db/out/rocksdb/cache/cache_entry_roles.o" "-c" "rocksdb/cache/cache_entry_roles.cc"
[INFO] [stderr]   running: "c++" "-O0" "-ffunction-sections" "-fdata-sections" "-fPIC" "-g" "-fno-omit-frame-pointer" "-m64" "-I" "rocksdb/include/" "-I" "rocksdb/" "-I" "lz4/lib/" "-Wall" "-Wextra" "-std=c++17" "-Wno-invalid-offsetof" "-msse2" "-DNDEBUG=1" "-DLZ4=1" "-DOS_LINUX" "-DROCKSDB_PLATFORM_POSIX" "-DROCKSDB_LIB_IO_POSIX" "-DROCKSDB_SUPPORT_THREAD_LOCAL" "-DHAVE_UINT128_EXTENSION=1" "-o" "/opt/rustwide/target/debug/build/oxrocksdb-sys-c41627a753aed0db/out/api/c.o" "-c" "api/c.cc"
[INFO] [stderr]   running: "c++" "-O0" "-ffunction-sections" "-fdata-sections" "-fPIC" "-g" "-fno-omit-frame-pointer" "-m64" "-I" "rocksdb/include/" "-I" "rocksdb/" "-I" "lz4/lib/" "-Wall" "-Wextra" "-std=c++17" "-Wno-invalid-offsetof" "-msse2" "-DNDEBUG=1" "-DLZ4=1" "-DOS_LINUX" "-DROCKSDB_PLATFORM_POSIX" "-DROCKSDB_LIB_IO_POSIX" "-DROCKSDB_SUPPORT_THREAD_LOCAL" "-DHAVE_UINT128_EXTENSION=1" "-o" "/opt/rustwide/target/debug/build/oxrocksdb-sys-c41627a753aed0db/out/rocksdb/cache/cache_key.o" "-c" "rocksdb/cache/cache_key.cc"
[INFO] [stderr]   running: "c++" "-O0" "-ffunction-sections" "-fdata-sections" "-fPIC" "-g" "-fno-omit-frame-pointer" "-m64" "-I" "rocksdb/include/" "-I" "rocksdb/" "-I" "lz4/lib/" "-Wall" "-Wextra" "-std=c++17" "-Wno-invalid-offsetof" "-msse2" "-DNDEBUG=1" "-DLZ4=1" "-DOS_LINUX" "-DROCKSDB_PLATFORM_POSIX" "-DROCKSDB_LIB_IO_POSIX" "-DROCKSDB_SUPPORT_THREAD_LOCAL" "-DHAVE_UINT128_EXTENSION=1" "-o" "/opt/rustwide/target/debug/build/oxrocksdb-sys-c41627a753aed0db/out/rocksdb/cache/cache.o" "-c" "rocksdb/cache/cache.cc"
[INFO] [stderr]   running: "c++" "-O0" "-ffunction-sections" "-fdata-sections" "-fPIC" "-g" "-fno-omit-frame-pointer" "-m64" "-I" "rocksdb/include/" "-I" "rocksdb/" "-I" "lz4/lib/" "-Wall" "-Wextra" "-std=c++17" "-Wno-invalid-offsetof" "-msse2" "-DNDEBUG=1" "-DLZ4=1" "-DOS_LINUX" "-DROCKSDB_PLATFORM_POSIX" "-DROCKSDB_LIB_IO_POSIX" "-DROCKSDB_SUPPORT_THREAD_LOCAL" "-DHAVE_UINT128_EXTENSION=1" "-o" "/opt/rustwide/target/debug/build/oxrocksdb-sys-c41627a753aed0db/out/rocksdb/cache/cache_reservation_manager.o" "-c" "rocksdb/cache/cache_reservation_manager.cc"
[INFO] [stderr]   exit status: 0
[INFO] [stderr]   running: "c++" "-O0" "-ffunction-sections" "-fdata-sections" "-fPIC" "-g" "-fno-omit-frame-pointer" "-m64" "-I" "rocksdb/include/" "-I" "rocksdb/" "-I" "lz4/lib/" "-Wall" "-Wextra" "-std=c++17" "-Wno-invalid-offsetof" "-msse2" "-DNDEBUG=1" "-DLZ4=1" "-DOS_LINUX" "-DROCKSDB_PLATFORM_POSIX" "-DROCKSDB_LIB_IO_POSIX" "-DROCKSDB_SUPPORT_THREAD_LOCAL" "-DHAVE_UINT128_EXTENSION=1" "-o" "/opt/rustwide/target/debug/build/oxrocksdb-sys-c41627a753aed0db/out/rocksdb/cache/clock_cache.o" "-c" "rocksdb/cache/clock_cache.cc"
[INFO] [stderr]   exit status: 0
[INFO] [stderr]   running: "c++" "-O0" "-ffunction-sections" "-fdata-sections" "-fPIC" "-g" "-fno-omit-frame-pointer" "-m64" "-I" "rocksdb/include/" "-I" "rocksdb/" "-I" "lz4/lib/" "-Wall" "-Wextra" "-std=c++17" "-Wno-invalid-offsetof" "-msse2" "-DNDEBUG=1" "-DLZ4=1" "-DOS_LINUX" "-DROCKSDB_PLATFORM_POSIX" "-DROCKSDB_LIB_IO_POSIX" "-DROCKSDB_SUPPORT_THREAD_LOCAL" "-DHAVE_UINT128_EXTENSION=1" "-o" "/opt/rustwide/target/debug/build/oxrocksdb-sys-c41627a753aed0db/out/rocksdb/cache/fast_lru_cache.o" "-c" "rocksdb/cache/fast_lru_cache.cc"
[INFO] [stderr]   exit status: 0
[INFO] [stderr]   running: "c++" "-O0" "-ffunction-sections" "-fdata-sections" "-fPIC" "-g" "-fno-omit-frame-pointer" "-m64" "-I" "rocksdb/include/" "-I" "rocksdb/" "-I" "lz4/lib/" "-Wall" "-Wextra" "-std=c++17" "-Wno-invalid-offsetof" "-msse2" "-DNDEBUG=1" "-DLZ4=1" "-DOS_LINUX" "-DROCKSDB_PLATFORM_POSIX" "-DROCKSDB_LIB_IO_POSIX" "-DROCKSDB_SUPPORT_THREAD_LOCAL" "-DHAVE_UINT128_EXTENSION=1" "-o" "/opt/rustwide/target/debug/build/oxrocksdb-sys-c41627a753aed0db/out/rocksdb/cache/lru_cache.o" "-c" "rocksdb/cache/lru_cache.cc"
[INFO] [stderr]   exit status: 0
[INFO] [stderr]   running: "c++" "-O0" "-ffunction-sections" "-fdata-sections" "-fPIC" "-g" "-fno-omit-frame-pointer" "-m64" "-I" "rocksdb/include/" "-I" "rocksdb/" "-I" "lz4/lib/" "-Wall" "-Wextra" "-std=c++17" "-Wno-invalid-offsetof" "-msse2" "-DNDEBUG=1" "-DLZ4=1" "-DOS_LINUX" "-DROCKSDB_PLATFORM_POSIX" "-DROCKSDB_LIB_IO_POSIX" "-DROCKSDB_SUPPORT_THREAD_LOCAL" "-DHAVE_UINT128_EXTENSION=1" "-o" "/opt/rustwide/target/debug/build/oxrocksdb-sys-c41627a753aed0db/out/rocksdb/cache/compressed_secondary_cache.o" "-c" "rocksdb/cache/compressed_secondary_cache.cc"
[INFO] [stderr]   running: "c++" "-O0" "-ffunction-sections" "-fdata-sections" "-fPIC" "-g" "-fno-omit-frame-pointer" "-m64" "-I" "rocksdb/include/" "-I" "rocksdb/" "-I" "lz4/lib/" "-Wall" "-Wextra" "-std=c++17" "-Wno-invalid-offsetof" "-msse2" "-DNDEBUG=1" "-DLZ4=1" "-DOS_LINUX" "-DROCKSDB_PLATFORM_POSIX" "-DROCKSDB_LIB_IO_POSIX" "-DROCKSDB_SUPPORT_THREAD_LOCAL" "-DHAVE_UINT128_EXTENSION=1" "-o" "/opt/rustwide/target/debug/build/oxrocksdb-sys-c41627a753aed0db/out/rocksdb/cache/sharded_cache.o" "-c" "rocksdb/cache/sharded_cache.cc"
[INFO] [stderr]   exit status: 0
[INFO] [stderr]   running: "c++" "-O0" "-ffunction-sections" "-fdata-sections" "-fPIC" "-g" "-fno-omit-frame-pointer" "-m64" "-I" "rocksdb/include/" "-I" "rocksdb/" "-I" "lz4/lib/" "-Wall" "-Wextra" "-std=c++17" "-Wno-invalid-offsetof" "-msse2" "-DNDEBUG=1" "-DLZ4=1" "-DOS_LINUX" "-DROCKSDB_PLATFORM_POSIX" "-DROCKSDB_LIB_IO_POSIX" "-DROCKSDB_SUPPORT_THREAD_LOCAL" "-DHAVE_UINT128_EXTENSION=1" "-o" "/opt/rustwide/target/debug/build/oxrocksdb-sys-c41627a753aed0db/out/rocksdb/db/arena_wrapped_db_iter.o" "-c" "rocksdb/db/arena_wrapped_db_iter.cc"
[INFO] [stderr]   exit status: 0
[INFO] [stderr]   running: "c++" "-O0" "-ffunction-sections" "-fdata-sections" "-fPIC" "-g" "-fno-omit-frame-pointer" "-m64" "-I" "rocksdb/include/" "-I" "rocksdb/" "-I" "lz4/lib/" "-Wall" "-Wextra" "-std=c++17" "-Wno-invalid-offsetof" "-msse2" "-DNDEBUG=1" "-DLZ4=1" "-DOS_LINUX" "-DROCKSDB_PLATFORM_POSIX" "-DROCKSDB_LIB_IO_POSIX" "-DROCKSDB_SUPPORT_THREAD_LOCAL" "-DHAVE_UINT128_EXTENSION=1" "-o" "/opt/rustwide/target/debug/build/oxrocksdb-sys-c41627a753aed0db/out/rocksdb/db/blob/blob_fetcher.o" "-c" "rocksdb/db/blob/blob_fetcher.cc"
[INFO] [stderr]   running: "c++" "-O0" "-ffunction-sections" "-fdata-sections" "-fPIC" "-g" "-fno-omit-frame-pointer" "-m64" "-I" "rocksdb/include/" "-I" "rocksdb/" "-I" "lz4/lib/" "-Wall" "-Wextra" "-std=c++17" "-Wno-invalid-offsetof" "-msse2" "-DNDEBUG=1" "-DLZ4=1" "-DOS_LINUX" "-DROCKSDB_PLATFORM_POSIX" "-DROCKSDB_LIB_IO_POSIX" "-DROCKSDB_SUPPORT_THREAD_LOCAL" "-DHAVE_UINT128_EXTENSION=1" "-o" "/opt/rustwide/target/debug/build/oxrocksdb-sys-c41627a753aed0db/out/rocksdb/db/blob/blob_file_addition.o" "-c" "rocksdb/db/blob/blob_file_addition.cc"
[INFO] [stderr]   exit status: 0
[INFO] [stderr]   running: "c++" "-O0" "-ffunction-sections" "-fdata-sections" "-fPIC" "-g" "-fno-omit-frame-pointer" "-m64" "-I" "rocksdb/include/" "-I" "rocksdb/" "-I" "lz4/lib/" "-Wall" "-Wextra" "-std=c++17" "-Wno-invalid-offsetof" "-msse2" "-DNDEBUG=1" "-DLZ4=1" "-DOS_LINUX" "-DROCKSDB_PLATFORM_POSIX" "-DROCKSDB_LIB_IO_POSIX" "-DROCKSDB_SUPPORT_THREAD_LOCAL" "-DHAVE_UINT128_EXTENSION=1" "-o" "/opt/rustwide/target/debug/build/oxrocksdb-sys-c41627a753aed0db/out/rocksdb/db/blob/blob_file_builder.o" "-c" "rocksdb/db/blob/blob_file_builder.cc"
[INFO] [stderr]   exit status: 0
[INFO] [stderr]   running: "c++" "-O0" "-ffunction-sections" "-fdata-sections" "-fPIC" "-g" "-fno-omit-frame-pointer" "-m64" "-I" "rocksdb/include/" "-I" "rocksdb/" "-I" "lz4/lib/" "-Wall" "-Wextra" "-std=c++17" "-Wno-invalid-offsetof" "-msse2" "-DNDEBUG=1" "-DLZ4=1" "-DOS_LINUX" "-DROCKSDB_PLATFORM_POSIX" "-DROCKSDB_LIB_IO_POSIX" "-DROCKSDB_SUPPORT_THREAD_LOCAL" "-DHAVE_UINT128_EXTENSION=1" "-o" "/opt/rustwide/target/debug/build/oxrocksdb-sys-c41627a753aed0db/out/rocksdb/db/blob/blob_file_cache.o" "-c" "rocksdb/db/blob/blob_file_cache.cc"
[INFO] [stderr]   exit status: 0
[INFO] [stderr]   running: "c++" "-O0" "-ffunction-sections" "-fdata-sections" "-fPIC" "-g" "-fno-omit-frame-pointer" "-m64" "-I" "rocksdb/include/" "-I" "rocksdb/" "-I" "lz4/lib/" "-Wall" "-Wextra" "-std=c++17" "-Wno-invalid-offsetof" "-msse2" "-DNDEBUG=1" "-DLZ4=1" "-DOS_LINUX" "-DROCKSDB_PLATFORM_POSIX" "-DROCKSDB_LIB_IO_POSIX" "-DROCKSDB_SUPPORT_THREAD_LOCAL" "-DHAVE_UINT128_EXTENSION=1" "-o" "/opt/rustwide/target/debug/build/oxrocksdb-sys-c41627a753aed0db/out/rocksdb/db/blob/blob_file_garbage.o" "-c" "rocksdb/db/blob/blob_file_garbage.cc"
[INFO] [stderr]   exit status: 0
[INFO] [stderr]   running: "c++" "-O0" "-ffunction-sections" "-fdata-sections" "-fPIC" "-g" "-fno-omit-frame-pointer" "-m64" "-I" "rocksdb/include/" "-I" "rocksdb/" "-I" "lz4/lib/" "-Wall" "-Wextra" "-std=c++17" "-Wno-invalid-offsetof" "-msse2" "-DNDEBUG=1" "-DLZ4=1" "-DOS_LINUX" "-DROCKSDB_PLATFORM_POSIX" "-DROCKSDB_LIB_IO_POSIX" "-DROCKSDB_SUPPORT_THREAD_LOCAL" "-DHAVE_UINT128_EXTENSION=1" "-o" "/opt/rustwide/target/debug/build/oxrocksdb-sys-c41627a753aed0db/out/rocksdb/db/blob/blob_file_meta.o" "-c" "rocksdb/db/blob/blob_file_meta.cc"
[INFO] [stderr]   exit status: 0
[INFO] [stderr]   running: "c++" "-O0" "-ffunction-sections" "-fdata-sections" "-fPIC" "-g" "-fno-omit-frame-pointer" "-m64" "-I" "rocksdb/include/" "-I" "rocksdb/" "-I" "lz4/lib/" "-Wall" "-Wextra" "-std=c++17" "-Wno-invalid-offsetof" "-msse2" "-DNDEBUG=1" "-DLZ4=1" "-DOS_LINUX" "-DROCKSDB_PLATFORM_POSIX" "-DROCKSDB_LIB_IO_POSIX" "-DROCKSDB_SUPPORT_THREAD_LOCAL" "-DHAVE_UINT128_EXTENSION=1" "-o" "/opt/rustwide/target/debug/build/oxrocksdb-sys-c41627a753aed0db/out/rocksdb/db/blob/blob_file_reader.o" "-c" "rocksdb/db/blob/blob_file_reader.cc"
[INFO] [stderr]   exit status: 0
[INFO] [stderr]   running: "c++" "-O0" "-ffunction-sections" "-fdata-sections" "-fPIC" "-g" "-fno-omit-frame-pointer" "-m64" "-I" "rocksdb/include/" "-I" "rocksdb/" "-I" "lz4/lib/" "-Wall" "-Wextra" "-std=c++17" "-Wno-invalid-offsetof" "-msse2" "-DNDEBUG=1" "-DLZ4=1" "-DOS_LINUX" "-DROCKSDB_PLATFORM_POSIX" "-DROCKSDB_LIB_IO_POSIX" "-DROCKSDB_SUPPORT_THREAD_LOCAL" "-DHAVE_UINT128_EXTENSION=1" "-o" "/opt/rustwide/target/debug/build/oxrocksdb-sys-c41627a753aed0db/out/rocksdb/db/blob/blob_garbage_meter.o" "-c" "rocksdb/db/blob/blob_garbage_meter.cc"
[INFO] [stderr]   exit status: 0
[INFO] [stderr]   running: "c++" "-O0" "-ffunction-sections" "-fdata-sections" "-fPIC" "-g" "-fno-omit-frame-pointer" "-m64" "-I" "rocksdb/include/" "-I" "rocksdb/" "-I" "lz4/lib/" "-Wall" "-Wextra" "-std=c++17" "-Wno-invalid-offsetof" "-msse2" "-DNDEBUG=1" "-DLZ4=1" "-DOS_LINUX" "-DROCKSDB_PLATFORM_POSIX" "-DROCKSDB_LIB_IO_POSIX" "-DROCKSDB_SUPPORT_THREAD_LOCAL" "-DHAVE_UINT128_EXTENSION=1" "-o" "/opt/rustwide/target/debug/build/oxrocksdb-sys-c41627a753aed0db/out/rocksdb/db/blob/blob_log_format.o" "-c" "rocksdb/db/blob/blob_log_format.cc"
[INFO] [stderr]   exit status: 0
[INFO] [stderr]   running: "c++" "-O0" "-ffunction-sections" "-fdata-sections" "-fPIC" "-g" "-fno-omit-frame-pointer" "-m64" "-I" "rocksdb/include/" "-I" "rocksdb/" "-I" "lz4/lib/" "-Wall" "-Wextra" "-std=c++17" "-Wno-invalid-offsetof" "-msse2" "-DNDEBUG=1" "-DLZ4=1" "-DOS_LINUX" "-DROCKSDB_PLATFORM_POSIX" "-DROCKSDB_LIB_IO_POSIX" "-DROCKSDB_SUPPORT_THREAD_LOCAL" "-DHAVE_UINT128_EXTENSION=1" "-o" "/opt/rustwide/target/debug/build/oxrocksdb-sys-c41627a753aed0db/out/rocksdb/db/blob/blob_log_sequential_reader.o" "-c" "rocksdb/db/blob/blob_log_sequential_reader.cc"
[INFO] [stderr]   exit status: 0
[INFO] [stderr]   running: "c++" "-O0" "-ffunction-sections" "-fdata-sections" "-fPIC" "-g" "-fno-omit-frame-pointer" "-m64" "-I" "rocksdb/include/" "-I" "rocksdb/" "-I" "lz4/lib/" "-Wall" "-Wextra" "-std=c++17" "-Wno-invalid-offsetof" "-msse2" "-DNDEBUG=1" "-DLZ4=1" "-DOS_LINUX" "-DROCKSDB_PLATFORM_POSIX" "-DROCKSDB_LIB_IO_POSIX" "-DROCKSDB_SUPPORT_THREAD_LOCAL" "-DHAVE_UINT128_EXTENSION=1" "-o" "/opt/rustwide/target/debug/build/oxrocksdb-sys-c41627a753aed0db/out/rocksdb/db/blob/blob_log_writer.o" "-c" "rocksdb/db/blob/blob_log_writer.cc"
[INFO] [stderr]   cargo:warning=c++: fatal error: Killed signal terminated program cc1plus
[INFO] [stderr]   cargo:warning=compilation terminated.
[INFO] [stderr]   exit status: 1
[INFO] [stderr]   running: "c++" "-O0" "-ffunction-sections" "-fdata-sections" "-fPIC" "-g" "-fno-omit-frame-pointer" "-m64" "-I" "rocksdb/include/" "-I" "rocksdb/" "-I" "lz4/lib/" "-Wall" "-Wextra" "-std=c++17" "-Wno-invalid-offsetof" "-msse2" "-DNDEBUG=1" "-DLZ4=1" "-DOS_LINUX" "-DROCKSDB_PLATFORM_POSIX" "-DROCKSDB_LIB_IO_POSIX" "-DROCKSDB_SUPPORT_THREAD_LOCAL" "-DHAVE_UINT128_EXTENSION=1" "-o" "/opt/rustwide/target/debug/build/oxrocksdb-sys-c41627a753aed0db/out/rocksdb/db/blob/prefetch_buffer_collection.o" "-c" "rocksdb/db/blob/prefetch_buffer_collection.cc"
[INFO] [stderr]   cargo:warning=c++: fatal error: Killed signal terminated program cc1plus
[INFO] [stderr]   cargo:warning=compilation terminated.
[INFO] [stderr]   exit status: 1
[INFO] [stderr]   exit status: 0
[INFO] [stderr]   exit status: 0
[INFO] [stderr]   exit status: 0
[INFO] [stderr]   exit status: 0
[INFO] [stderr]   exit status: 0
[INFO] [stderr]   exit status: 0
[INFO] [stderr]   exit status: 0
[INFO] [stderr] 
[INFO] [stderr]   --- stderr
[INFO] [stderr]   error: 'rustfmt' is not installed for the toolchain '1.75.0-x86_64-unknown-linux-gnu'
[INFO] [stderr]   To install, run `rustup component add rustfmt --toolchain 1.75.0-x86_64-unknown-linux-gnu`
[INFO] [stderr]   Failed to run rustfmt: Internal rustfmt error (non-fatal, continuing)
[INFO] [stderr] 
[INFO] [stderr] 
[INFO] [stderr]   error occurred: Command "c++" "-O0" "-ffunction-sections" "-fdata-sections" "-fPIC" "-g" "-fno-omit-frame-pointer" "-m64" "-I" "rocksdb/include/" "-I" "rocksdb/" "-I" "lz4/lib/" "-Wall" "-Wextra" "-std=c++17" "-Wno-invalid-offsetof" "-msse2" "-DNDEBUG=1" "-DLZ4=1" "-DOS_LINUX" "-DROCKSDB_PLATFORM_POSIX" "-DROCKSDB_LIB_IO_POSIX" "-DROCKSDB_SUPPORT_THREAD_LOCAL" "-DHAVE_UINT128_EXTENSION=1" "-o" "/opt/rustwide/target/debug/build/oxrocksdb-sys-c41627a753aed0db/out/rocksdb/db/arena_wrapped_db_iter.o" "-c" "rocksdb/db/arena_wrapped_db_iter.cc" with args "c++" did not execute successfully (status code exit status: 1).
[INFO] [stderr] 
[INFO] [stderr] 
[INFO] running `Command { std: "docker" "inspect" "256b9ebe1b90a9bcaf45a2f29ca6ca7372874139cdbb5391cb2a36bf9659d6ea", kill_on_drop: false }`
[INFO] running `Command { std: "docker" "rm" "-f" "256b9ebe1b90a9bcaf45a2f29ca6ca7372874139cdbb5391cb2a36bf9659d6ea", kill_on_drop: false }`
[INFO] [stdout] 256b9ebe1b90a9bcaf45a2f29ca6ca7372874139cdbb5391cb2a36bf9659d6ea
[INFO] documenting ajuvercr/nifi-runner against beta-2023-12-22 for beta-1.76-rustdoc-1
[INFO] running `Command { std: "git" "clone" "/workspace/cache/git-repos/https%3A%2F%2Fgithub.com%2Fajuvercr%2Fnifi-runner" "/workspace/builds/worker-4-tc2/source", kill_on_drop: false }`
[INFO] [stderr] Cloning into '/workspace/builds/worker-4-tc2/source'...
[INFO] [stderr] done.
[INFO] validating manifest of git repo https://github.com/ajuvercr/nifi-runner on toolchain beta-2023-12-22
[INFO] running `Command { std: CARGO_HOME="/workspace/cargo-home" RUSTUP_HOME="/workspace/rustup-home" "/workspace/cargo-home/bin/cargo" "+beta-2023-12-22" "metadata" "--manifest-path" "Cargo.toml" "--no-deps", kill_on_drop: false }`
[INFO] removed /workspace/builds/worker-4-tc2/source/rust-toolchain.toml
[INFO] started tweaking git repo https://github.com/ajuvercr/nifi-runner
[INFO] finished tweaking git repo https://github.com/ajuvercr/nifi-runner
[INFO] tweaked toml for git repo https://github.com/ajuvercr/nifi-runner written to /workspace/builds/worker-4-tc2/source/Cargo.toml
[INFO] crate git repo https://github.com/ajuvercr/nifi-runner already has a lockfile, it will not be regenerated
[INFO] running `Command { std: CARGO_HOME="/workspace/cargo-home" RUSTUP_HOME="/workspace/rustup-home" "/workspace/cargo-home/bin/cargo" "+beta-2023-12-22" "fetch" "--manifest-path" "Cargo.toml", kill_on_drop: false }`
[INFO] running `Command { std: "docker" "create" "-v" "/var/lib/crater-agent-workspace/builds/worker-4-tc2/target:/opt/rustwide/target:rw,Z" "-v" "/var/lib/crater-agent-workspace/builds/worker-4-tc2/source:/opt/rustwide/workdir:ro,Z" "-v" "/var/lib/crater-agent-workspace/cargo-home:/opt/rustwide/cargo-home:ro,Z" "-v" "/var/lib/crater-agent-workspace/rustup-home:/opt/rustwide/rustup-home:ro,Z" "-e" "SOURCE_DIR=/opt/rustwide/workdir" "-e" "CARGO_TARGET_DIR=/opt/rustwide/target" "-e" "CARGO_HOME=/opt/rustwide/cargo-home" "-e" "RUSTUP_HOME=/opt/rustwide/rustup-home" "-w" "/opt/rustwide/workdir" "-m" "1610612736" "--user" "0:0" "--network" "none" "ghcr.io/rust-lang/crates-build-env/linux@sha256:2788e3201cd34a07e3172128adcd8b3090168a8e3bcc40d7c032b9dda1df7d1c" "/opt/rustwide/cargo-home/bin/cargo" "+beta-2023-12-22" "metadata" "--no-deps" "--format-version=1", kill_on_drop: false }`
[INFO] [stdout] fde8ada221935e7722547534543ba3ad4ea28c69e1f9237b151b3f045323bfd8
[INFO] running `Command { std: "docker" "start" "-a" "fde8ada221935e7722547534543ba3ad4ea28c69e1f9237b151b3f045323bfd8", kill_on_drop: false }`
[INFO] running `Command { std: "docker" "inspect" "fde8ada221935e7722547534543ba3ad4ea28c69e1f9237b151b3f045323bfd8", kill_on_drop: false }`
[INFO] running `Command { std: "docker" "rm" "-f" "fde8ada221935e7722547534543ba3ad4ea28c69e1f9237b151b3f045323bfd8", kill_on_drop: false }`
[INFO] [stdout] fde8ada221935e7722547534543ba3ad4ea28c69e1f9237b151b3f045323bfd8
[INFO] running `Command { std: "docker" "create" "-v" "/var/lib/crater-agent-workspace/builds/worker-4-tc2/target:/opt/rustwide/target:rw,Z" "-v" "/var/lib/crater-agent-workspace/builds/worker-4-tc2/source:/opt/rustwide/workdir:ro,Z" "-v" "/var/lib/crater-agent-workspace/cargo-home:/opt/rustwide/cargo-home:ro,Z" "-v" "/var/lib/crater-agent-workspace/rustup-home:/opt/rustwide/rustup-home:ro,Z" "-e" "SOURCE_DIR=/opt/rustwide/workdir" "-e" "CARGO_TARGET_DIR=/opt/rustwide/target" "-e" "CARGO_INCREMENTAL=0" "-e" "RUST_BACKTRACE=full" "-e" "RUSTFLAGS=--cap-lints=warn" "-e" "RUSTDOCFLAGS=--cap-lints=warn" "-e" "CARGO_HOME=/opt/rustwide/cargo-home" "-e" "RUSTUP_HOME=/opt/rustwide/rustup-home" "-w" "/opt/rustwide/workdir" "-m" "1610612736" "--user" "0:0" "--network" "none" "ghcr.io/rust-lang/crates-build-env/linux@sha256:2788e3201cd34a07e3172128adcd8b3090168a8e3bcc40d7c032b9dda1df7d1c" "/opt/rustwide/cargo-home/bin/cargo" "+beta-2023-12-22" "doc" "--frozen" "--no-deps" "--document-private-items" "--message-format=json", kill_on_drop: false }`
[INFO] [stdout] 470b06a5016ca924c460d3add9047eeeab318dce6373e2ecf1dad28c2bc6b149
[INFO] running `Command { std: "docker" "start" "-a" "470b06a5016ca924c460d3add9047eeeab318dce6373e2ecf1dad28c2bc6b149", kill_on_drop: false }`
[INFO] [stderr]    Compiling libc v0.2.137
[INFO] [stderr]    Compiling proc-macro2 v1.0.47
[INFO] [stderr]    Compiling quote v1.0.21
[INFO] [stderr]    Compiling unicode-ident v1.0.5
[INFO] [stderr]    Compiling syn v1.0.104
[INFO] [stderr]     Checking once_cell v1.16.0
[INFO] [stderr]    Compiling pkg-config v0.3.26
[INFO] [stderr]     Checking pin-project-lite v0.2.9
[INFO] [stderr]    Compiling futures-core v0.3.25
[INFO] [stderr]     Checking bytes v1.2.1
[INFO] [stderr]    Compiling crossbeam-utils v0.8.12
[INFO] [stderr]    Compiling typenum v1.15.0
[INFO] [stderr]     Checking itoa v1.0.4
[INFO] [stderr]     Checking tracing-core v0.1.30
[INFO] [stderr]    Compiling tokio v1.21.2
[INFO] [stderr]    Compiling memchr v2.5.0
[INFO] [stderr]     Checking getrandom v0.2.8
[INFO] [stderr]     Checking socket2 v0.4.7
[INFO] [stderr]    Compiling glob v0.3.0
[INFO] [stderr]    Compiling jobserver v0.1.25
[INFO] [stderr]     Checking mio v0.8.5
[INFO] [stderr]    Compiling cc v1.0.74
[INFO] [stderr]    Compiling slab v0.4.7
[INFO] [stderr]    Compiling ahash v0.7.6
[INFO] [stderr]    Compiling memoffset v0.6.5
[INFO] [stderr]    Compiling clang-sys v1.4.0
[INFO] [stderr]    Compiling unicase v2.6.0
[INFO] [stderr]    Compiling futures-task v0.3.25
[INFO] [stderr]    Compiling serde_derive v1.0.147
[INFO] [stderr]     Checking fnv v1.0.7
[INFO] [stderr]     Checking http v0.2.8
[INFO] [stderr]    Compiling indexmap v1.9.1
[INFO] [stderr]    Compiling crossbeam-epoch v0.9.11
[INFO] [stderr]     Checking tinyvec_macros v0.1.0
[INFO] [stderr]     Checking foreign-types-shared v0.1.1
[INFO] [stderr]    Compiling serde v1.0.147
[INFO] [stderr]     Checking generic-array v0.14.6
[INFO] [stderr]    Compiling minimal-lexical v0.2.1
[INFO] [stderr]    Compiling futures-util v0.3.25
[INFO] [stderr]    Compiling openssl-sys v0.9.77
[INFO] [stderr]    Compiling libz-sys v1.1.8
[INFO] [stderr]    Compiling libnghttp2-sys v0.1.7+1.45.0
[INFO] [stderr]    Compiling curl-sys v0.4.59+curl-7.86.0
[INFO] [stderr]    Compiling openssl v0.10.42
[INFO] [stderr]     Checking openssl-probe v0.1.5
[INFO] [stderr]    Compiling nom v7.1.1
[INFO] [stderr]     Checking foreign-types v0.3.2
[INFO] [stderr]     Checking tinyvec v1.6.0
[INFO] [stderr]    Compiling libloading v0.7.4
[INFO] [stderr]     Checking rand_core v0.6.4
[INFO] [stderr]     Checking percent-encoding v2.2.0
[INFO] [stderr]     Checking futures-sink v0.3.25
[INFO] [stderr]    Compiling futures-channel v0.3.25
[INFO] [stderr]    Compiling either v1.8.0
[INFO] [stderr]    Compiling regex-syntax v0.6.28
[INFO] [stderr]    Compiling httparse v1.8.0
[INFO] [stderr]     Checking hashbrown v0.12.3
[INFO] [stderr]    Compiling native-tls v0.2.11
[INFO] [stderr]    Compiling bindgen v0.61.0
[INFO] [stderr]     Checking oxilangtag v0.1.3
[INFO] [stderr]    Compiling rayon-core v1.9.3
[INFO] [stderr]     Checking oxiri v0.2.2
[INFO] [stderr]     Checking pin-utils v0.1.0
[INFO] [stderr]     Checking scopeguard v1.1.0
[INFO] [stderr]     Checking unicode-normalization v0.1.22
[INFO] [stderr]     Checking rand_chacha v0.3.1
[INFO] [stderr]    Compiling which v4.3.0
[INFO] [stderr]     Checking form_urlencoded v1.1.0
[INFO] [stderr]     Checking hashbrown v0.11.2
[INFO] [stderr]     Checking block-buffer v0.10.3
[INFO] [stderr]     Checking crypto-common v0.1.6
[INFO] [stderr]    Compiling log v0.4.17
[INFO] [stderr]    Compiling proc-macro-error-attr v1.0.4
[INFO] [stderr]    Compiling regex v1.7.0
[INFO] [stderr]    Compiling cexpr v0.6.0
[INFO] [stderr]    Compiling lazy_static v1.4.0
[INFO] [stderr]    Compiling serde_json v1.0.87
[INFO] [stderr]    Compiling bitflags v1.3.2
[INFO] [stderr]    Compiling peeking_take_while v0.1.2
[INFO] [stderr]    Compiling encoding_rs v0.8.31
[INFO] [stderr]     Checking unicode-bidi v0.3.8
[INFO] [stderr]     Checking try-lock v0.2.3
[INFO] [stderr]     Checking cache-padded v1.2.0
[INFO] [stderr]    Compiling shlex v1.1.0
[INFO] [stderr]    Compiling rustc-hash v1.1.0
[INFO] [stderr]    Compiling lazycell v1.3.0
[INFO] [stderr]     Checking idna v0.3.0
[INFO] [stderr]     Checking concurrent-queue v1.2.4
[INFO] [stderr]     Checking want v0.3.0
[INFO] [stderr]     Checking lasso v0.6.0
[INFO] [stderr]    Compiling mime_guess v2.0.4
[INFO] [stderr]     Checking digest v0.10.5
[INFO] [stderr]     Checking rand v0.8.5
[INFO] [stderr]     Checking crossbeam-deque v0.8.2
[INFO] [stderr]     Checking http-body v0.4.5
[INFO] [stderr]     Checking crossbeam-channel v0.5.6
[INFO] [stderr]     Checking num_cpus v1.14.0
[INFO] [stderr]    Compiling proc-macro-error v1.0.4
[INFO] [stderr]    Compiling polling v2.4.0
[INFO] [stderr]    Compiling rayon v1.5.3
[INFO] [stderr]    Compiling peg-runtime v0.8.1
[INFO] [stderr]     Checking httpdate v1.0.2
[INFO] [stderr]    Compiling curl v0.4.44
[INFO] [stderr]     Checking futures-io v0.3.25
[INFO] [stderr]     Checking mime v0.3.16
[INFO] [stderr]     Checking tower-service v0.3.2
[INFO] [stderr]     Checking event-listener v2.5.3
[INFO] [stderr]     Checking async-channel v1.7.1
[INFO] [stderr]    Compiling peg-macros v0.8.1
[INFO] [stderr]     Checking oxrdf v0.1.0
[INFO] [stderr]     Checking url v2.3.1
[INFO] [stderr]     Checking quick-xml v0.23.1
[INFO] [stderr]     Checking rio_api v0.7.1
[INFO] [stderr]    Compiling isahc v1.7.2
[INFO] [stderr]     Checking fastrand v1.8.0
[INFO] [stderr]    Compiling async-trait v0.1.58
[INFO] [stderr]     Checking waker-fn v1.1.0
[INFO] [stderr]     Checking parking v2.0.0
[INFO] [stderr]     Checking futures-lite v1.12.0
[INFO] [stderr]    Compiling tracing-attributes v0.1.23
[INFO] [stderr]    Compiling tokio-macros v1.8.0
[INFO] [stderr]    Compiling openssl-macros v0.1.0
[INFO] [stderr]    Compiling pin-project-internal v1.0.12
[INFO] [stderr]     Checking peg v0.8.1
[INFO] [stderr]     Checking sluice v0.5.5
[INFO] [stderr]     Checking aho-corasick v0.7.19
[INFO] [stderr]     Checking json-event-parser v0.1.1
[INFO] [stderr]     Checking base64 v0.13.1
[INFO] [stderr]     Checking tracing v0.1.37
[INFO] [stderr]     Checking os_str_bytes v6.3.1
[INFO] [stderr]     Checking castaway v0.1.2
[INFO] [stderr]     Checking pin-project v1.0.12
[INFO] [stderr]     Checking tracing-futures v0.2.5
[INFO] [stderr]     Checking ipnet v2.5.1
[INFO] [stderr]     Checking clap_lex v0.3.0
[INFO] [stderr]    Compiling clap_derive v4.0.21
[INFO] [stderr]     Checking sysinfo v0.26.7
[INFO] [stderr]     Checking sparesults v0.1.1
[INFO] [stderr]     Checking spargebra v0.2.2
[INFO] [stderr]     Checking tokio-util v0.7.4
[INFO] [stderr]     Checking h2 v0.3.15
[INFO] [stderr]     Checking tokio-native-tls v0.3.0
[INFO] [stderr]    Compiling feignhttp-codegen v0.4.5 (https://github.com/ajuvercr/feignhttp#90269b5b)
[INFO] [stderr]     Checking rio_xml v0.7.3
[INFO] [stderr]     Checking rio_turtle v0.7.1
[INFO] [stderr]     Checking sha2 v0.10.6
[INFO] [stderr]    Compiling oxrocksdb-sys v0.3.7
[INFO] [stderr]     Checking sha-1 v0.10.0
[INFO] [stderr]     Checking md-5 v0.10.5
[INFO] [stderr]     Checking atty v0.2.14
[INFO] [stderr]     Checking hex v0.4.3
[INFO] [stderr]     Checking termcolor v1.1.3
[INFO] [stderr]     Checking siphasher v0.3.10
[INFO] [stderr]    Compiling derive v0.1.0 (/opt/rustwide/workdir/derive)
[INFO] [stderr]     Checking simple-xml v0.1.10
[INFO] [stderr]     Checking clap v4.0.22
[INFO] [stderr]     Checking hyper v0.14.23
[INFO] [stderr]     Checking serde_urlencoded v0.7.1
[INFO] [stderr]     Checking hyper-tls v0.5.0
[INFO] [stderr]     Checking reqwest v0.11.12
[INFO] [stderr]     Checking feignhttp v0.4.5 (https://github.com/ajuvercr/feignhttp#90269b5b)
[INFO] [stderr] The following warnings were emitted during compilation:
[INFO] [stderr] 
[INFO] [stderr] warning: oxrocksdb-sys@0.3.7: c++: fatal error: Killed signal terminated program cc1plus
[INFO] [stderr] warning: oxrocksdb-sys@0.3.7: compilation terminated.
[INFO] [stderr] warning: oxrocksdb-sys@0.3.7: c++: fatal error: Killed signal terminated program cc1plus
[INFO] [stderr] warning: oxrocksdb-sys@0.3.7: compilation terminated.
[INFO] [stderr] 
[INFO] [stderr] error: failed to run custom build command for `oxrocksdb-sys v0.3.7`
[INFO] [stderr] note: To improve backtraces for build dependencies, set the CARGO_PROFILE_DEV_BUILD_OVERRIDE_DEBUG=true environment variable to enable debug information generation.
[INFO] [stderr] 
[INFO] [stderr] Caused by:
[INFO] [stderr]   process didn't exit successfully: `/opt/rustwide/target/debug/build/oxrocksdb-sys-2b43a851779d443e/build-script-build` (exit status: 1)
[INFO] [stderr]   --- stdout
[INFO] [stderr]   cargo:rerun-if-changed=api/
[INFO] [stderr]   TARGET = Some("x86_64-unknown-linux-gnu")
[INFO] [stderr]   OPT_LEVEL = Some("0")
[INFO] [stderr]   HOST = Some("x86_64-unknown-linux-gnu")
[INFO] [stderr]   cargo:rerun-if-env-changed=CC_x86_64-unknown-linux-gnu
[INFO] [stderr]   CC_x86_64-unknown-linux-gnu = None
[INFO] [stderr]   cargo:rerun-if-env-changed=CC_x86_64_unknown_linux_gnu
[INFO] [stderr]   CC_x86_64_unknown_linux_gnu = None
[INFO] [stderr]   cargo:rerun-if-env-changed=HOST_CC
[INFO] [stderr]   HOST_CC = None
[INFO] [stderr]   cargo:rerun-if-env-changed=CC
[INFO] [stderr]   CC = None
[INFO] [stderr]   cargo:rerun-if-env-changed=CFLAGS_x86_64-unknown-linux-gnu
[INFO] [stderr]   CFLAGS_x86_64-unknown-linux-gnu = None
[INFO] [stderr]   cargo:rerun-if-env-changed=CFLAGS_x86_64_unknown_linux_gnu
[INFO] [stderr]   CFLAGS_x86_64_unknown_linux_gnu = None
[INFO] [stderr]   cargo:rerun-if-env-changed=HOST_CFLAGS
[INFO] [stderr]   HOST_CFLAGS = None
[INFO] [stderr]   cargo:rerun-if-env-changed=CFLAGS
[INFO] [stderr]   CFLAGS = None
[INFO] [stderr]   cargo:rerun-if-env-changed=CRATE_CC_NO_DEFAULTS
[INFO] [stderr]   CRATE_CC_NO_DEFAULTS = None
[INFO] [stderr]   DEBUG = Some("true")
[INFO] [stderr]   CARGO_CFG_TARGET_FEATURE = Some("fxsr,sse,sse2")
[INFO] [stderr]   running: "cc" "-O0" "-ffunction-sections" "-fdata-sections" "-fPIC" "-g" "-fno-omit-frame-pointer" "-m64" "-Wall" "-Wextra" "-o" "/opt/rustwide/target/debug/build/oxrocksdb-sys-f1570550ad7ce46f/out/lz4/lib/lz4hc.o" "-c" "lz4/lib/lz4hc.c"
[INFO] [stderr]   running: "cc" "-O0" "-ffunction-sections" "-fdata-sections" "-fPIC" "-g" "-fno-omit-frame-pointer" "-m64" "-Wall" "-Wextra" "-o" "/opt/rustwide/target/debug/build/oxrocksdb-sys-f1570550ad7ce46f/out/lz4/lib/xxhash.o" "-c" "lz4/lib/xxhash.c"
[INFO] [stderr]   running: "cc" "-O0" "-ffunction-sections" "-fdata-sections" "-fPIC" "-g" "-fno-omit-frame-pointer" "-m64" "-Wall" "-Wextra" "-o" "/opt/rustwide/target/debug/build/oxrocksdb-sys-f1570550ad7ce46f/out/lz4/lib/lz4frame.o" "-c" "lz4/lib/lz4frame.c"
[INFO] [stderr]   running: "cc" "-O0" "-ffunction-sections" "-fdata-sections" "-fPIC" "-g" "-fno-omit-frame-pointer" "-m64" "-Wall" "-Wextra" "-o" "/opt/rustwide/target/debug/build/oxrocksdb-sys-f1570550ad7ce46f/out/lz4/lib/lz4.o" "-c" "lz4/lib/lz4.c"
[INFO] [stderr]   exit status: 0
[INFO] [stderr]   exit status: 0
[INFO] [stderr]   exit status: 0
[INFO] [stderr]   exit status: 0
[INFO] [stderr]   cargo:rerun-if-env-changed=AR_x86_64-unknown-linux-gnu
[INFO] [stderr]   AR_x86_64-unknown-linux-gnu = None
[INFO] [stderr]   cargo:rerun-if-env-changed=AR_x86_64_unknown_linux_gnu
[INFO] [stderr]   AR_x86_64_unknown_linux_gnu = None
[INFO] [stderr]   cargo:rerun-if-env-changed=HOST_AR
[INFO] [stderr]   HOST_AR = None
[INFO] [stderr]   cargo:rerun-if-env-changed=AR
[INFO] [stderr]   AR = None
[INFO] [stderr]   running: ZERO_AR_DATE="1" "ar" "cq" "/opt/rustwide/target/debug/build/oxrocksdb-sys-f1570550ad7ce46f/out/liblz4.a" "/opt/rustwide/target/debug/build/oxrocksdb-sys-f1570550ad7ce46f/out/lz4/lib/lz4.o" "/opt/rustwide/target/debug/build/oxrocksdb-sys-f1570550ad7ce46f/out/lz4/lib/lz4frame.o" "/opt/rustwide/target/debug/build/oxrocksdb-sys-f1570550ad7ce46f/out/lz4/lib/lz4hc.o" "/opt/rustwide/target/debug/build/oxrocksdb-sys-f1570550ad7ce46f/out/lz4/lib/xxhash.o"
[INFO] [stderr]   exit status: 0
[INFO] [stderr]   running: "ar" "s" "/opt/rustwide/target/debug/build/oxrocksdb-sys-f1570550ad7ce46f/out/liblz4.a"
[INFO] [stderr]   exit status: 0
[INFO] [stderr]   cargo:rustc-link-lib=static=lz4
[INFO] [stderr]   cargo:rustc-link-search=native=/opt/rustwide/target/debug/build/oxrocksdb-sys-f1570550ad7ce46f/out
[INFO] [stderr]   TARGET = Some("x86_64-unknown-linux-gnu")
[INFO] [stderr]   OPT_LEVEL = Some("0")
[INFO] [stderr]   HOST = Some("x86_64-unknown-linux-gnu")
[INFO] [stderr]   cargo:rerun-if-env-changed=CXX_x86_64-unknown-linux-gnu
[INFO] [stderr]   CXX_x86_64-unknown-linux-gnu = None
[INFO] [stderr]   cargo:rerun-if-env-changed=CXX_x86_64_unknown_linux_gnu
[INFO] [stderr]   CXX_x86_64_unknown_linux_gnu = None
[INFO] [stderr]   cargo:rerun-if-env-changed=HOST_CXX
[INFO] [stderr]   HOST_CXX = None
[INFO] [stderr]   cargo:rerun-if-env-changed=CXX
[INFO] [stderr]   CXX = None
[INFO] [stderr]   cargo:rerun-if-env-changed=CXXFLAGS_x86_64-unknown-linux-gnu
[INFO] [stderr]   CXXFLAGS_x86_64-unknown-linux-gnu = None
[INFO] [stderr]   cargo:rerun-if-env-changed=CXXFLAGS_x86_64_unknown_linux_gnu
[INFO] [stderr]   CXXFLAGS_x86_64_unknown_linux_gnu = None
[INFO] [stderr]   cargo:rerun-if-env-changed=HOST_CXXFLAGS
[INFO] [stderr]   HOST_CXXFLAGS = None
[INFO] [stderr]   cargo:rerun-if-env-changed=CXXFLAGS
[INFO] [stderr]   CXXFLAGS = None
[INFO] [stderr]   cargo:rerun-if-env-changed=CRATE_CC_NO_DEFAULTS
[INFO] [stderr]   CRATE_CC_NO_DEFAULTS = None
[INFO] [stderr]   DEBUG = Some("true")
[INFO] [stderr]   CARGO_CFG_TARGET_FEATURE = Some("fxsr,sse,sse2")
[INFO] [stderr]   cargo:rerun-if-env-changed=CXX_x86_64-unknown-linux-gnu
[INFO] [stderr]   CXX_x86_64-unknown-linux-gnu = None
[INFO] [stderr]   cargo:rerun-if-env-changed=CXX_x86_64_unknown_linux_gnu
[INFO] [stderr]   CXX_x86_64_unknown_linux_gnu = None
[INFO] [stderr]   cargo:rerun-if-env-changed=HOST_CXX
[INFO] [stderr]   HOST_CXX = None
[INFO] [stderr]   cargo:rerun-if-env-changed=CXX
[INFO] [stderr]   CXX = None
[INFO] [stderr]   cargo:rerun-if-env-changed=CXXFLAGS_x86_64-unknown-linux-gnu
[INFO] [stderr]   CXXFLAGS_x86_64-unknown-linux-gnu = None
[INFO] [stderr]   cargo:rerun-if-env-changed=CXXFLAGS_x86_64_unknown_linux_gnu
[INFO] [stderr]   CXXFLAGS_x86_64_unknown_linux_gnu = None
[INFO] [stderr]   cargo:rerun-if-env-changed=HOST_CXXFLAGS
[INFO] [stderr]   HOST_CXXFLAGS = None
[INFO] [stderr]   cargo:rerun-if-env-changed=CXXFLAGS
[INFO] [stderr]   CXXFLAGS = None
[INFO] [stderr]   cargo:rerun-if-env-changed=CRATE_CC_NO_DEFAULTS
[INFO] [stderr]   CRATE_CC_NO_DEFAULTS = None
[INFO] [stderr]   CARGO_CFG_TARGET_FEATURE = Some("fxsr,sse,sse2")
[INFO] [stderr]   running: "c++" "-O0" "-ffunction-sections" "-fdata-sections" "-fPIC" "-g" "-fno-omit-frame-pointer" "-m64" "-I" "rocksdb/include/" "-I" "rocksdb/" "-I" "lz4/lib/" "-Wall" "-Wextra" "-std=c++17" "-Wno-invalid-offsetof" "-msse2" "-DNDEBUG=1" "-DLZ4=1" "-DOS_LINUX" "-DROCKSDB_PLATFORM_POSIX" "-DROCKSDB_LIB_IO_POSIX" "-DROCKSDB_SUPPORT_THREAD_LOCAL" "-DHAVE_UINT128_EXTENSION=1" "-o" "/opt/rustwide/target/debug/build/oxrocksdb-sys-f1570550ad7ce46f/out/rocksdb/cache/cache_key.o" "-c" "rocksdb/cache/cache_key.cc"
[INFO] [stderr]   running: "c++" "-O0" "-ffunction-sections" "-fdata-sections" "-fPIC" "-g" "-fno-omit-frame-pointer" "-m64" "-I" "rocksdb/include/" "-I" "rocksdb/" "-I" "lz4/lib/" "-Wall" "-Wextra" "-std=c++17" "-Wno-invalid-offsetof" "-msse2" "-DNDEBUG=1" "-DLZ4=1" "-DOS_LINUX" "-DROCKSDB_PLATFORM_POSIX" "-DROCKSDB_LIB_IO_POSIX" "-DROCKSDB_SUPPORT_THREAD_LOCAL" "-DHAVE_UINT128_EXTENSION=1" "-o" "/opt/rustwide/target/debug/build/oxrocksdb-sys-f1570550ad7ce46f/out/rocksdb/cache/cache.o" "-c" "rocksdb/cache/cache.cc"
[INFO] [stderr]   running: "c++" "-O0" "-ffunction-sections" "-fdata-sections" "-fPIC" "-g" "-fno-omit-frame-pointer" "-m64" "-I" "rocksdb/include/" "-I" "rocksdb/" "-I" "lz4/lib/" "-Wall" "-Wextra" "-std=c++17" "-Wno-invalid-offsetof" "-msse2" "-DNDEBUG=1" "-DLZ4=1" "-DOS_LINUX" "-DROCKSDB_PLATFORM_POSIX" "-DROCKSDB_LIB_IO_POSIX" "-DROCKSDB_SUPPORT_THREAD_LOCAL" "-DHAVE_UINT128_EXTENSION=1" "-o" "/opt/rustwide/target/debug/build/oxrocksdb-sys-f1570550ad7ce46f/out/api/build_version.o" "-c" "api/build_version.cc"
[INFO] [stderr]   running: "c++" "-O0" "-ffunction-sections" "-fdata-sections" "-fPIC" "-g" "-fno-omit-frame-pointer" "-m64" "-I" "rocksdb/include/" "-I" "rocksdb/" "-I" "lz4/lib/" "-Wall" "-Wextra" "-std=c++17" "-Wno-invalid-offsetof" "-msse2" "-DNDEBUG=1" "-DLZ4=1" "-DOS_LINUX" "-DROCKSDB_PLATFORM_POSIX" "-DROCKSDB_LIB_IO_POSIX" "-DROCKSDB_SUPPORT_THREAD_LOCAL" "-DHAVE_UINT128_EXTENSION=1" "-o" "/opt/rustwide/target/debug/build/oxrocksdb-sys-f1570550ad7ce46f/out/rocksdb/cache/cache_entry_roles.o" "-c" "rocksdb/cache/cache_entry_roles.cc"
[INFO] [stderr]   running: "c++" "-O0" "-ffunction-sections" "-fdata-sections" "-fPIC" "-g" "-fno-omit-frame-pointer" "-m64" "-I" "rocksdb/include/" "-I" "rocksdb/" "-I" "lz4/lib/" "-Wall" "-Wextra" "-std=c++17" "-Wno-invalid-offsetof" "-msse2" "-DNDEBUG=1" "-DLZ4=1" "-DOS_LINUX" "-DROCKSDB_PLATFORM_POSIX" "-DROCKSDB_LIB_IO_POSIX" "-DROCKSDB_SUPPORT_THREAD_LOCAL" "-DHAVE_UINT128_EXTENSION=1" "-o" "/opt/rustwide/target/debug/build/oxrocksdb-sys-f1570550ad7ce46f/out/rocksdb/cache/cache_reservation_manager.o" "-c" "rocksdb/cache/cache_reservation_manager.cc"
[INFO] [stderr]   running: "c++" "-O0" "-ffunction-sections" "-fdata-sections" "-fPIC" "-g" "-fno-omit-frame-pointer" "-m64" "-I" "rocksdb/include/" "-I" "rocksdb/" "-I" "lz4/lib/" "-Wall" "-Wextra" "-std=c++17" "-Wno-invalid-offsetof" "-msse2" "-DNDEBUG=1" "-DLZ4=1" "-DOS_LINUX" "-DROCKSDB_PLATFORM_POSIX" "-DROCKSDB_LIB_IO_POSIX" "-DROCKSDB_SUPPORT_THREAD_LOCAL" "-DHAVE_UINT128_EXTENSION=1" "-o" "/opt/rustwide/target/debug/build/oxrocksdb-sys-f1570550ad7ce46f/out/api/c.o" "-c" "api/c.cc"
[INFO] [stderr]   running: "c++" "-O0" "-ffunction-sections" "-fdata-sections" "-fPIC" "-g" "-fno-omit-frame-pointer" "-m64" "-I" "rocksdb/include/" "-I" "rocksdb/" "-I" "lz4/lib/" "-Wall" "-Wextra" "-std=c++17" "-Wno-invalid-offsetof" "-msse2" "-DNDEBUG=1" "-DLZ4=1" "-DOS_LINUX" "-DROCKSDB_PLATFORM_POSIX" "-DROCKSDB_LIB_IO_POSIX" "-DROCKSDB_SUPPORT_THREAD_LOCAL" "-DHAVE_UINT128_EXTENSION=1" "-o" "/opt/rustwide/target/debug/build/oxrocksdb-sys-f1570550ad7ce46f/out/rocksdb/cache/clock_cache.o" "-c" "rocksdb/cache/clock_cache.cc"
[INFO] [stderr]   exit status: 0
[INFO] [stderr]   running: "c++" "-O0" "-ffunction-sections" "-fdata-sections" "-fPIC" "-g" "-fno-omit-frame-pointer" "-m64" "-I" "rocksdb/include/" "-I" "rocksdb/" "-I" "lz4/lib/" "-Wall" "-Wextra" "-std=c++17" "-Wno-invalid-offsetof" "-msse2" "-DNDEBUG=1" "-DLZ4=1" "-DOS_LINUX" "-DROCKSDB_PLATFORM_POSIX" "-DROCKSDB_LIB_IO_POSIX" "-DROCKSDB_SUPPORT_THREAD_LOCAL" "-DHAVE_UINT128_EXTENSION=1" "-o" "/opt/rustwide/target/debug/build/oxrocksdb-sys-f1570550ad7ce46f/out/rocksdb/cache/fast_lru_cache.o" "-c" "rocksdb/cache/fast_lru_cache.cc"
[INFO] [stderr]   running: "c++" "-O0" "-ffunction-sections" "-fdata-sections" "-fPIC" "-g" "-fno-omit-frame-pointer" "-m64" "-I" "rocksdb/include/" "-I" "rocksdb/" "-I" "lz4/lib/" "-Wall" "-Wextra" "-std=c++17" "-Wno-invalid-offsetof" "-msse2" "-DNDEBUG=1" "-DLZ4=1" "-DOS_LINUX" "-DROCKSDB_PLATFORM_POSIX" "-DROCKSDB_LIB_IO_POSIX" "-DROCKSDB_SUPPORT_THREAD_LOCAL" "-DHAVE_UINT128_EXTENSION=1" "-o" "/opt/rustwide/target/debug/build/oxrocksdb-sys-f1570550ad7ce46f/out/rocksdb/cache/lru_cache.o" "-c" "rocksdb/cache/lru_cache.cc"
[INFO] [stderr]   exit status: 0
[INFO] [stderr]   running: "c++" "-O0" "-ffunction-sections" "-fdata-sections" "-fPIC" "-g" "-fno-omit-frame-pointer" "-m64" "-I" "rocksdb/include/" "-I" "rocksdb/" "-I" "lz4/lib/" "-Wall" "-Wextra" "-std=c++17" "-Wno-invalid-offsetof" "-msse2" "-DNDEBUG=1" "-DLZ4=1" "-DOS_LINUX" "-DROCKSDB_PLATFORM_POSIX" "-DROCKSDB_LIB_IO_POSIX" "-DROCKSDB_SUPPORT_THREAD_LOCAL" "-DHAVE_UINT128_EXTENSION=1" "-o" "/opt/rustwide/target/debug/build/oxrocksdb-sys-f1570550ad7ce46f/out/rocksdb/cache/compressed_secondary_cache.o" "-c" "rocksdb/cache/compressed_secondary_cache.cc"
[INFO] [stderr]   exit status: 0
[INFO] [stderr]   running: "c++" "-O0" "-ffunction-sections" "-fdata-sections" "-fPIC" "-g" "-fno-omit-frame-pointer" "-m64" "-I" "rocksdb/include/" "-I" "rocksdb/" "-I" "lz4/lib/" "-Wall" "-Wextra" "-std=c++17" "-Wno-invalid-offsetof" "-msse2" "-DNDEBUG=1" "-DLZ4=1" "-DOS_LINUX" "-DROCKSDB_PLATFORM_POSIX" "-DROCKSDB_LIB_IO_POSIX" "-DROCKSDB_SUPPORT_THREAD_LOCAL" "-DHAVE_UINT128_EXTENSION=1" "-o" "/opt/rustwide/target/debug/build/oxrocksdb-sys-f1570550ad7ce46f/out/rocksdb/cache/sharded_cache.o" "-c" "rocksdb/cache/sharded_cache.cc"
[INFO] [stderr]   exit status: 0
[INFO] [stderr]   running: "c++" "-O0" "-ffunction-sections" "-fdata-sections" "-fPIC" "-g" "-fno-omit-frame-pointer" "-m64" "-I" "rocksdb/include/" "-I" "rocksdb/" "-I" "lz4/lib/" "-Wall" "-Wextra" "-std=c++17" "-Wno-invalid-offsetof" "-msse2" "-DNDEBUG=1" "-DLZ4=1" "-DOS_LINUX" "-DROCKSDB_PLATFORM_POSIX" "-DROCKSDB_LIB_IO_POSIX" "-DROCKSDB_SUPPORT_THREAD_LOCAL" "-DHAVE_UINT128_EXTENSION=1" "-o" "/opt/rustwide/target/debug/build/oxrocksdb-sys-f1570550ad7ce46f/out/rocksdb/db/arena_wrapped_db_iter.o" "-c" "rocksdb/db/arena_wrapped_db_iter.cc"
[INFO] [stderr]   exit status: 0
[INFO] [stderr]   running: "c++" "-O0" "-ffunction-sections" "-fdata-sections" "-fPIC" "-g" "-fno-omit-frame-pointer" "-m64" "-I" "rocksdb/include/" "-I" "rocksdb/" "-I" "lz4/lib/" "-Wall" "-Wextra" "-std=c++17" "-Wno-invalid-offsetof" "-msse2" "-DNDEBUG=1" "-DLZ4=1" "-DOS_LINUX" "-DROCKSDB_PLATFORM_POSIX" "-DROCKSDB_LIB_IO_POSIX" "-DROCKSDB_SUPPORT_THREAD_LOCAL" "-DHAVE_UINT128_EXTENSION=1" "-o" "/opt/rustwide/target/debug/build/oxrocksdb-sys-f1570550ad7ce46f/out/rocksdb/db/blob/blob_fetcher.o" "-c" "rocksdb/db/blob/blob_fetcher.cc"
[INFO] [stderr]   exit status: 0
[INFO] [stderr]   running: "c++" "-O0" "-ffunction-sections" "-fdata-sections" "-fPIC" "-g" "-fno-omit-frame-pointer" "-m64" "-I" "rocksdb/include/" "-I" "rocksdb/" "-I" "lz4/lib/" "-Wall" "-Wextra" "-std=c++17" "-Wno-invalid-offsetof" "-msse2" "-DNDEBUG=1" "-DLZ4=1" "-DOS_LINUX" "-DROCKSDB_PLATFORM_POSIX" "-DROCKSDB_LIB_IO_POSIX" "-DROCKSDB_SUPPORT_THREAD_LOCAL" "-DHAVE_UINT128_EXTENSION=1" "-o" "/opt/rustwide/target/debug/build/oxrocksdb-sys-f1570550ad7ce46f/out/rocksdb/db/blob/blob_file_addition.o" "-c" "rocksdb/db/blob/blob_file_addition.cc"
[INFO] [stderr]   exit status: 0
[INFO] [stderr]   running: "c++" "-O0" "-ffunction-sections" "-fdata-sections" "-fPIC" "-g" "-fno-omit-frame-pointer" "-m64" "-I" "rocksdb/include/" "-I" "rocksdb/" "-I" "lz4/lib/" "-Wall" "-Wextra" "-std=c++17" "-Wno-invalid-offsetof" "-msse2" "-DNDEBUG=1" "-DLZ4=1" "-DOS_LINUX" "-DROCKSDB_PLATFORM_POSIX" "-DROCKSDB_LIB_IO_POSIX" "-DROCKSDB_SUPPORT_THREAD_LOCAL" "-DHAVE_UINT128_EXTENSION=1" "-o" "/opt/rustwide/target/debug/build/oxrocksdb-sys-f1570550ad7ce46f/out/rocksdb/db/blob/blob_file_builder.o" "-c" "rocksdb/db/blob/blob_file_builder.cc"
[INFO] [stderr]   exit status: 0
[INFO] [stderr]   running: "c++" "-O0" "-ffunction-sections" "-fdata-sections" "-fPIC" "-g" "-fno-omit-frame-pointer" "-m64" "-I" "rocksdb/include/" "-I" "rocksdb/" "-I" "lz4/lib/" "-Wall" "-Wextra" "-std=c++17" "-Wno-invalid-offsetof" "-msse2" "-DNDEBUG=1" "-DLZ4=1" "-DOS_LINUX" "-DROCKSDB_PLATFORM_POSIX" "-DROCKSDB_LIB_IO_POSIX" "-DROCKSDB_SUPPORT_THREAD_LOCAL" "-DHAVE_UINT128_EXTENSION=1" "-o" "/opt/rustwide/target/debug/build/oxrocksdb-sys-f1570550ad7ce46f/out/rocksdb/db/blob/blob_file_cache.o" "-c" "rocksdb/db/blob/blob_file_cache.cc"
[INFO] [stderr]   exit status: 0
[INFO] [stderr]   running: "c++" "-O0" "-ffunction-sections" "-fdata-sections" "-fPIC" "-g" "-fno-omit-frame-pointer" "-m64" "-I" "rocksdb/include/" "-I" "rocksdb/" "-I" "lz4/lib/" "-Wall" "-Wextra" "-std=c++17" "-Wno-invalid-offsetof" "-msse2" "-DNDEBUG=1" "-DLZ4=1" "-DOS_LINUX" "-DROCKSDB_PLATFORM_POSIX" "-DROCKSDB_LIB_IO_POSIX" "-DROCKSDB_SUPPORT_THREAD_LOCAL" "-DHAVE_UINT128_EXTENSION=1" "-o" "/opt/rustwide/target/debug/build/oxrocksdb-sys-f1570550ad7ce46f/out/rocksdb/db/blob/blob_file_garbage.o" "-c" "rocksdb/db/blob/blob_file_garbage.cc"
[INFO] [stderr]   exit status: 0
[INFO] [stderr]   running: "c++" "-O0" "-ffunction-sections" "-fdata-sections" "-fPIC" "-g" "-fno-omit-frame-pointer" "-m64" "-I" "rocksdb/include/" "-I" "rocksdb/" "-I" "lz4/lib/" "-Wall" "-Wextra" "-std=c++17" "-Wno-invalid-offsetof" "-msse2" "-DNDEBUG=1" "-DLZ4=1" "-DOS_LINUX" "-DROCKSDB_PLATFORM_POSIX" "-DROCKSDB_LIB_IO_POSIX" "-DROCKSDB_SUPPORT_THREAD_LOCAL" "-DHAVE_UINT128_EXTENSION=1" "-o" "/opt/rustwide/target/debug/build/oxrocksdb-sys-f1570550ad7ce46f/out/rocksdb/db/blob/blob_file_meta.o" "-c" "rocksdb/db/blob/blob_file_meta.cc"
[INFO] [stderr]   exit status: 0
[INFO] [stderr]   running: "c++" "-O0" "-ffunction-sections" "-fdata-sections" "-fPIC" "-g" "-fno-omit-frame-pointer" "-m64" "-I" "rocksdb/include/" "-I" "rocksdb/" "-I" "lz4/lib/" "-Wall" "-Wextra" "-std=c++17" "-Wno-invalid-offsetof" "-msse2" "-DNDEBUG=1" "-DLZ4=1" "-DOS_LINUX" "-DROCKSDB_PLATFORM_POSIX" "-DROCKSDB_LIB_IO_POSIX" "-DROCKSDB_SUPPORT_THREAD_LOCAL" "-DHAVE_UINT128_EXTENSION=1" "-o" "/opt/rustwide/target/debug/build/oxrocksdb-sys-f1570550ad7ce46f/out/rocksdb/db/blob/blob_file_reader.o" "-c" "rocksdb/db/blob/blob_file_reader.cc"
[INFO] [stderr]   exit status: 0
[INFO] [stderr]   running: "c++" "-O0" "-ffunction-sections" "-fdata-sections" "-fPIC" "-g" "-fno-omit-frame-pointer" "-m64" "-I" "rocksdb/include/" "-I" "rocksdb/" "-I" "lz4/lib/" "-Wall" "-Wextra" "-std=c++17" "-Wno-invalid-offsetof" "-msse2" "-DNDEBUG=1" "-DLZ4=1" "-DOS_LINUX" "-DROCKSDB_PLATFORM_POSIX" "-DROCKSDB_LIB_IO_POSIX" "-DROCKSDB_SUPPORT_THREAD_LOCAL" "-DHAVE_UINT128_EXTENSION=1" "-o" "/opt/rustwide/target/debug/build/oxrocksdb-sys-f1570550ad7ce46f/out/rocksdb/db/blob/blob_garbage_meter.o" "-c" "rocksdb/db/blob/blob_garbage_meter.cc"
[INFO] [stderr]   cargo:warning=c++: fatal error: Killed signal terminated program cc1plus
[INFO] [stderr]   cargo:warning=compilation terminated.
[INFO] [stderr]   exit status: 1
[INFO] [stderr]   running: "c++" "-O0" "-ffunction-sections" "-fdata-sections" "-fPIC" "-g" "-fno-omit-frame-pointer" "-m64" "-I" "rocksdb/include/" "-I" "rocksdb/" "-I" "lz4/lib/" "-Wall" "-Wextra" "-std=c++17" "-Wno-invalid-offsetof" "-msse2" "-DNDEBUG=1" "-DLZ4=1" "-DOS_LINUX" "-DROCKSDB_PLATFORM_POSIX" "-DROCKSDB_LIB_IO_POSIX" "-DROCKSDB_SUPPORT_THREAD_LOCAL" "-DHAVE_UINT128_EXTENSION=1" "-o" "/opt/rustwide/target/debug/build/oxrocksdb-sys-f1570550ad7ce46f/out/rocksdb/db/blob/blob_log_format.o" "-c" "rocksdb/db/blob/blob_log_format.cc"
[INFO] [stderr]   cargo:warning=c++: fatal error: Killed signal terminated program cc1plus
[INFO] [stderr]   cargo:warning=compilation terminated.
[INFO] [stderr]   exit status: 1
[INFO] [stderr]   exit status: 0
[INFO] [stderr]   exit status: 0
[INFO] [stderr]   exit status: 0
[INFO] [stderr]   exit status: 0
[INFO] [stderr]   exit status: 0
[INFO] [stderr]   exit status: 0
[INFO] [stderr]   exit status: 0
[INFO] [stderr] 
[INFO] [stderr]   --- stderr
[INFO] [stderr]   error: 'rustfmt' is not installed for the toolchain 'beta-2023-12-22-x86_64-unknown-linux-gnu'
[INFO] [stderr]   To install, run `rustup component add rustfmt --toolchain beta-2023-12-22-x86_64-unknown-linux-gnu`
[INFO] [stderr]   Failed to run rustfmt: Internal rustfmt error (non-fatal, continuing)
[INFO] [stderr] 
[INFO] [stderr] 
[INFO] [stderr]   error occurred: Command "c++" "-O0" "-ffunction-sections" "-fdata-sections" "-fPIC" "-g" "-fno-omit-frame-pointer" "-m64" "-I" "rocksdb/include/" "-I" "rocksdb/" "-I" "lz4/lib/" "-Wall" "-Wextra" "-std=c++17" "-Wno-invalid-offsetof" "-msse2" "-DNDEBUG=1" "-DLZ4=1" "-DOS_LINUX" "-DROCKSDB_PLATFORM_POSIX" "-DROCKSDB_LIB_IO_POSIX" "-DROCKSDB_SUPPORT_THREAD_LOCAL" "-DHAVE_UINT128_EXTENSION=1" "-o" "/opt/rustwide/target/debug/build/oxrocksdb-sys-f1570550ad7ce46f/out/api/c.o" "-c" "api/c.cc" with args "c++" did not execute successfully (status code exit status: 1).
[INFO] [stderr] 
[INFO] [stderr] 
[INFO] running `Command { std: "docker" "inspect" "470b06a5016ca924c460d3add9047eeeab318dce6373e2ecf1dad28c2bc6b149", kill_on_drop: false }`
[INFO] running `Command { std: "docker" "rm" "-f" "470b06a5016ca924c460d3add9047eeeab318dce6373e2ecf1dad28c2bc6b149", kill_on_drop: false }`
[INFO] [stdout] 470b06a5016ca924c460d3add9047eeeab318dce6373e2ecf1dad28c2bc6b149
