[INFO] cloning repository https://github.com/ajnewlands/serf
[INFO] running `Command { std: "git" "-c" "credential.helper=" "-c" "credential.helper=/workspace/cargo-home/bin/git-credential-null" "clone" "--bare" "https://github.com/ajnewlands/serf" "/workspace/cache/git-repos/https%3A%2F%2Fgithub.com%2Fajnewlands%2Fserf", kill_on_drop: false }`
[INFO] [stderr] Cloning into bare repository '/workspace/cache/git-repos/https%3A%2F%2Fgithub.com%2Fajnewlands%2Fserf'...
[INFO] running `Command { std: "git" "rev-parse" "HEAD", kill_on_drop: false }`
[INFO] [stdout] ac1e5d8c498f608fc5cfea7c13ccd2acb3122059
[INFO] documenting ajnewlands/serf against 1.75.0 for beta-1.76-rustdoc-1
[INFO] running `Command { std: "git" "clone" "/workspace/cache/git-repos/https%3A%2F%2Fgithub.com%2Fajnewlands%2Fserf" "/workspace/builds/worker-5-tc1/source", kill_on_drop: false }`
[INFO] [stderr] Cloning into '/workspace/builds/worker-5-tc1/source'...
[INFO] [stderr] done.
[INFO] validating manifest of git repo https://github.com/ajnewlands/serf on toolchain 1.75.0
[INFO] running `Command { std: CARGO_HOME="/workspace/cargo-home" RUSTUP_HOME="/workspace/rustup-home" "/workspace/cargo-home/bin/cargo" "+1.75.0" "metadata" "--manifest-path" "Cargo.toml" "--no-deps", kill_on_drop: false }`
[INFO] started tweaking git repo https://github.com/ajnewlands/serf
[INFO] finished tweaking git repo https://github.com/ajnewlands/serf
[INFO] tweaked toml for git repo https://github.com/ajnewlands/serf written to /workspace/builds/worker-5-tc1/source/Cargo.toml
[INFO] crate git repo https://github.com/ajnewlands/serf already has a lockfile, it will not be regenerated
[INFO] running `Command { std: CARGO_HOME="/workspace/cargo-home" RUSTUP_HOME="/workspace/rustup-home" "/workspace/cargo-home/bin/cargo" "+1.75.0" "fetch" "--manifest-path" "Cargo.toml", kill_on_drop: false }`
[INFO] [stderr] warning: virtual workspace defaulting to `resolver = "1"` despite one or more workspace members being on edition 2021 which implies `resolver = "2"`
[INFO] [stderr] note: to keep the current resolver, specify `workspace.resolver = "1"` in the workspace root's manifest
[INFO] [stderr] note: to use the edition 2021 resolver, specify `workspace.resolver = "2"` in the workspace root's manifest
[INFO] [stderr] note: for more details see https://doc.rust-lang.org/cargo/reference/resolver.html#resolver-versions
[INFO] [stderr]     Updating crates.io index
[INFO] [stderr]  Downloading crates ...
[INFO] [stderr]   Downloaded vigem-client v0.1.4
[INFO] running `Command { std: "docker" "create" "-v" "/var/lib/crater-agent-workspace/builds/worker-5-tc1/target:/opt/rustwide/target:rw,Z" "-v" "/var/lib/crater-agent-workspace/builds/worker-5-tc1/source:/opt/rustwide/workdir:ro,Z" "-v" "/var/lib/crater-agent-workspace/cargo-home:/opt/rustwide/cargo-home:ro,Z" "-v" "/var/lib/crater-agent-workspace/rustup-home:/opt/rustwide/rustup-home:ro,Z" "-e" "SOURCE_DIR=/opt/rustwide/workdir" "-e" "CARGO_TARGET_DIR=/opt/rustwide/target" "-e" "CARGO_HOME=/opt/rustwide/cargo-home" "-e" "RUSTUP_HOME=/opt/rustwide/rustup-home" "-w" "/opt/rustwide/workdir" "-m" "1610612736" "--user" "0:0" "--network" "none" "ghcr.io/rust-lang/crates-build-env/linux@sha256:2788e3201cd34a07e3172128adcd8b3090168a8e3bcc40d7c032b9dda1df7d1c" "/opt/rustwide/cargo-home/bin/cargo" "+1.75.0" "metadata" "--no-deps" "--format-version=1", kill_on_drop: false }`
[INFO] [stdout] 71a63236ca1dd33ba91377f54c2c25025e48b54dd36d784d6ed41485b798c955
[INFO] running `Command { std: "docker" "start" "-a" "71a63236ca1dd33ba91377f54c2c25025e48b54dd36d784d6ed41485b798c955", kill_on_drop: false }`
[INFO] running `Command { std: "docker" "inspect" "71a63236ca1dd33ba91377f54c2c25025e48b54dd36d784d6ed41485b798c955", kill_on_drop: false }`
[INFO] running `Command { std: "docker" "rm" "-f" "71a63236ca1dd33ba91377f54c2c25025e48b54dd36d784d6ed41485b798c955", kill_on_drop: false }`
[INFO] [stdout] 71a63236ca1dd33ba91377f54c2c25025e48b54dd36d784d6ed41485b798c955
[INFO] running `Command { std: "docker" "create" "-v" "/var/lib/crater-agent-workspace/builds/worker-5-tc1/target:/opt/rustwide/target:rw,Z" "-v" "/var/lib/crater-agent-workspace/builds/worker-5-tc1/source:/opt/rustwide/workdir:ro,Z" "-v" "/var/lib/crater-agent-workspace/cargo-home:/opt/rustwide/cargo-home:ro,Z" "-v" "/var/lib/crater-agent-workspace/rustup-home:/opt/rustwide/rustup-home:ro,Z" "-e" "SOURCE_DIR=/opt/rustwide/workdir" "-e" "CARGO_TARGET_DIR=/opt/rustwide/target" "-e" "CARGO_INCREMENTAL=0" "-e" "RUST_BACKTRACE=full" "-e" "RUSTFLAGS=--cap-lints=warn" "-e" "RUSTDOCFLAGS=--cap-lints=warn" "-e" "CARGO_HOME=/opt/rustwide/cargo-home" "-e" "RUSTUP_HOME=/opt/rustwide/rustup-home" "-w" "/opt/rustwide/workdir" "-m" "1610612736" "--user" "0:0" "--network" "none" "ghcr.io/rust-lang/crates-build-env/linux@sha256:2788e3201cd34a07e3172128adcd8b3090168a8e3bcc40d7c032b9dda1df7d1c" "/opt/rustwide/cargo-home/bin/cargo" "+1.75.0" "doc" "--frozen" "--no-deps" "--document-private-items" "--message-format=json", kill_on_drop: false }`
[INFO] [stdout] 166cfe331fdab84edfb4b8f53050c387abae438fd258fae1d13c5cbe72fcdf70
[INFO] running `Command { std: "docker" "start" "-a" "166cfe331fdab84edfb4b8f53050c387abae438fd258fae1d13c5cbe72fcdf70", kill_on_drop: false }`
[INFO] [stderr] warning: virtual workspace defaulting to `resolver = "1"` despite one or more workspace members being on edition 2021 which implies `resolver = "2"`
[INFO] [stderr] note: to keep the current resolver, specify `workspace.resolver = "1"` in the workspace root's manifest
[INFO] [stderr] note: to use the edition 2021 resolver, specify `workspace.resolver = "2"` in the workspace root's manifest
[INFO] [stderr] note: for more details see https://doc.rust-lang.org/cargo/reference/resolver.html#resolver-versions
[INFO] [stderr]    Compiling libc v0.2.138
[INFO] [stderr]    Compiling proc-macro2 v1.0.47
[INFO] [stderr]    Compiling unicode-ident v1.0.5
[INFO] [stderr]    Compiling quote v1.0.21
[INFO] [stderr]    Compiling syn v1.0.105
[INFO] [stderr]    Compiling pkg-config v0.3.26
[INFO] [stderr]    Compiling log v0.4.17
[INFO] [stderr]     Checking smallvec v1.10.0
[INFO] [stderr]     Checking once_cell v1.16.0
[INFO] [stderr]    Compiling cc v1.0.77
[INFO] [stderr]    Compiling lock_api v0.4.9
[INFO] [stderr]     Checking dlib v0.5.0
[INFO] [stderr]    Compiling serde_derive v1.0.150
[INFO] [stderr]    Compiling parking_lot_core v0.9.5
[INFO] [stderr]    Compiling crossbeam-utils v0.8.14
[INFO] [stderr]    Compiling wayland-sys v0.29.5
[INFO] [stderr]     Checking miniz_oxide v0.6.2
[INFO] [stderr]    Compiling cmake v0.1.49
[INFO] [stderr]    Compiling serde v1.0.150
[INFO] [stderr]    Compiling khronos_api v3.1.0
[INFO] [stderr]    Compiling thiserror v1.0.37
[INFO] [stderr]    Compiling wayland-scanner v0.29.5
[INFO] [stderr]     Checking scoped-tls v1.0.1
[INFO] [stderr]    Compiling memoffset v0.7.1
[INFO] [stderr]     Checking nom v7.1.1
[INFO] [stderr]    Compiling freetype-sys v0.13.1
[INFO] [stderr]    Compiling expat-sys v2.1.6
[INFO] [stderr]     Checking flate2 v1.0.25
[INFO] [stderr]     Checking nix v0.24.3
[INFO] [stderr]     Checking getrandom v0.2.8
[INFO] [stderr]    Compiling servo-fontconfig-sys v5.1.0
[INFO] [stderr]    Compiling crossbeam-epoch v0.9.13
[INFO] [stderr]     Checking parking_lot v0.12.1
[INFO] [stderr]     Checking nix v0.25.1
[INFO] [stderr]    Compiling gl_generator v0.14.0
[INFO] [stderr]    Compiling smithay-client-toolkit v0.16.0
[INFO] [stderr]    Compiling ahash v0.8.2
[INFO] [stderr]    Compiling wayland-client v0.29.5
[INFO] [stderr]    Compiling wayland-protocols v0.29.5
[INFO] [stderr]     Checking ttf-parser v0.17.1
[INFO] [stderr]     Checking xcursor v0.3.4
[INFO] [stderr]     Checking wayland-commons v0.29.5
[INFO] [stderr]     Checking png v0.17.7
[INFO] [stderr]     Checking num_cpus v1.15.0
[INFO] [stderr]     Checking memmap2 v0.5.8
[INFO] [stderr]    Compiling x11-dl v2.20.1
[INFO] [stderr]    Compiling crossfont v0.5.1
[INFO] [stderr]     Checking tinyvec_macros v0.1.0
[INFO] [stderr]     Checking foreign-types-shared v0.3.1
[INFO] [stderr]     Checking ab_glyph_rasterizer v0.1.7
[INFO] [stderr]     Checking percent-encoding v2.2.0
[INFO] [stderr]     Checking arrayref v0.3.6
[INFO] [stderr]     Checking tinyvec v1.6.0
[INFO] [stderr]     Checking crossbeam-deque v0.8.2
[INFO] [stderr]     Checking servo-fontconfig v0.5.1
[INFO] [stderr]     Checking freetype-rs v0.26.0
[INFO] [stderr]     Checking crossbeam-channel v0.5.6
[INFO] [stderr]     Checking tracing-core v0.1.30
[INFO] [stderr]     Checking pin-project-lite v0.2.9
[INFO] [stderr]     Checking nohash-hasher v0.2.0
[INFO] [stderr]    Compiling rayon-core v1.10.1
[INFO] [stderr]     Checking arrayvec v0.5.2
[INFO] [stderr]     Checking owned_ttf_parser v0.17.1
[INFO] [stderr]     Checking tracing v0.1.37
[INFO] [stderr]     Checking unicode-normalization v0.1.22
[INFO] [stderr]     Checking ab_glyph v0.2.18
[INFO] [stderr]    Compiling num-traits v0.2.15
[INFO] [stderr]    Compiling anyhow v1.0.66
[INFO] [stderr]    Compiling serde_json v1.0.89
[INFO] [stderr]     Checking unicode-bidi v0.3.8
[INFO] [stderr]    Compiling futures-core v0.3.25
[INFO] [stderr]     Checking idna v0.3.0
[INFO] [stderr]     Checking raw-window-handle v0.4.3
[INFO] [stderr]     Checking raw-window-handle v0.5.0
[INFO] [stderr]     Checking form_urlencoded v1.1.0
[INFO] [stderr]    Compiling glutin_glx_sys v0.1.8
[INFO] [stderr]    Compiling glutin_egl_sys v0.1.6
[INFO] [stderr]     Checking gethostname v0.2.3
[INFO] [stderr]     Checking mio v0.8.5
[INFO] [stderr]     Checking nix v0.22.3
[INFO] [stderr]     Checking wayland-cursor v0.29.5
[INFO] [stderr]     Checking ryu v1.0.11
[INFO] [stderr]     Checking itoa v1.0.4
[INFO] [stderr]     Checking either v1.8.0
[INFO] [stderr]     Checking url v2.3.1
[INFO] [stderr]     Checking rayon v1.6.1
[INFO] [stderr]     Checking nanorand v0.7.0
[INFO] [stderr]     Checking shared_library v0.1.9
[INFO] [stderr]     Checking spin v0.9.4
[INFO] [stderr]     Checking weezl v0.1.7
[INFO] [stderr]    Compiling winapi v0.3.9
[INFO] [stderr]     Checking regex-syntax v0.6.28
[INFO] [stderr]     Checking futures-sink v0.3.25
[INFO] [stderr]    Compiling crossbeam-queue v0.3.8
[INFO] [stderr]     Checking osmesa-sys v0.1.2
[INFO] [stderr]     Checking num-integer v0.1.45
[INFO] [stderr]     Checking webbrowser v0.7.1
[INFO] [stderr]     Checking wayland-egl v0.29.5
[INFO] [stderr]     Checking threadpool v1.8.1
[INFO] [stderr]     Checking jpeg-decoder v0.3.0
[INFO] [stderr]     Checking atty v0.2.14
[INFO] [stderr]     Checking bit_field v0.10.1
[INFO] [stderr]     Checking half v2.2.0
[INFO] [stderr]     Checking humantime v2.1.0
[INFO] [stderr]     Checking termcolor v1.1.3
[INFO] [stderr]     Checking regex v1.7.0
[INFO] [stderr]     Checking lebe v0.5.2
[INFO] [stderr]    Compiling bytemuck_derive v1.3.0
[INFO] [stderr]    Compiling thiserror-impl v1.0.37
[INFO] [stderr]    Compiling foreign-types-macros v0.2.2
[INFO] [stderr]    Compiling pin-project-internal v1.0.12
[INFO] [stderr]     Checking x11rb v0.9.0
[INFO] [stderr]     Checking env_logger v0.9.3
[INFO] [stderr]     Checking foreign-types v0.5.0
[INFO] [stderr]     Checking tiff v0.8.1
[INFO] [stderr]     Checking bytemuck v1.12.3
[INFO] [stderr]     Checking gif v0.11.4
[INFO] [stderr]     Checking safe_arch v0.5.2
[INFO] [stderr]     Checking emath v0.19.0
[INFO] [stderr]     Checking tiny-skia-path v0.7.0
[INFO] [stderr]     Checking pin-project v1.0.12
[INFO] [stderr]     Checking num-rational v0.4.1
[INFO] [stderr]     Checking epaint v0.19.0
[INFO] [stderr]     Checking calloop v0.10.4
[INFO] [stderr]     Checking flume v0.10.14
[INFO] [stderr]     Checking exr v1.5.2
[INFO] [stderr]     Checking scoped_threadpool v0.1.9
[INFO] [stderr]     Checking tiny-skia v0.7.0
[INFO] [stderr]     Checking windows v0.43.0
[INFO] [stderr]     Checking crossbeam v0.8.2
[INFO] [stderr]     Checking vigem-client v0.1.4
[INFO] [stdout] error[E0433]: failed to resolve: could not find `um` in `winapi`
[INFO] [stdout]  --> /opt/rustwide/cargo-home/registry/src/index.crates.io-6f17d22bba15001f/vigem-client-0.1.4/src/bus.rs:4:13
[INFO] [stdout]   |
[INFO] [stdout] 4 | use winapi::um::handleapi::*;
[INFO] [stdout]   |             ^^ could not find `um` in `winapi`
[INFO] [stdout] 
[INFO] [stdout] 
[INFO] [stdout] error[E0433]: failed to resolve: could not find `um` in `winapi`
[INFO] [stdout]  --> /opt/rustwide/cargo-home/registry/src/index.crates.io-6f17d22bba15001f/vigem-client-0.1.4/src/bus.rs:5:13
[INFO] [stdout]   |
[INFO] [stdout] 5 | use winapi::um::ioapiset::*;
[INFO] [stdout]   |             ^^ could not find `um` in `winapi`
[INFO] [stdout] 
[INFO] [stdout] 
[INFO] [stdout] error[E0433]: failed to resolve: could not find `um` in `winapi`
[INFO] [stdout]  --> /opt/rustwide/cargo-home/registry/src/index.crates.io-6f17d22bba15001f/vigem-client-0.1.4/src/bus.rs:6:13
[INFO] [stdout]   |
[INFO] [stdout] 6 | use winapi::um::minwinbase::*;
[INFO] [stdout]   |             ^^ could not find `um` in `winapi`
[INFO] [stdout] 
[INFO] [stdout] 
[INFO] [stdout] error[E0433]: failed to resolve: could not find `um` in `winapi`
[INFO] [stdout]  --> /opt/rustwide/cargo-home/registry/src/index.crates.io-6f17d22bba15001f/vigem-client-0.1.4/src/bus.rs:7:13
[INFO] [stdout]   |
[INFO] [stdout] 7 | use winapi::um::synchapi::*;
[INFO] [stdout]   |             ^^ could not find `um` in `winapi`
[INFO] [stdout] 
[INFO] [stdout] 
[INFO] [stdout] error[E0433]: failed to resolve: could not find `um` in `winapi`
[INFO] [stdout]  --> /opt/rustwide/cargo-home/registry/src/index.crates.io-6f17d22bba15001f/vigem-client-0.1.4/src/bus.rs:8:13
[INFO] [stdout]   |
[INFO] [stdout] 8 | use winapi::um::errhandlingapi::*;
[INFO] [stdout]   |             ^^ could not find `um` in `winapi`
[INFO] [stdout] 
[INFO] [stdout] 
[INFO] [stdout] error[E0433]: failed to resolve: could not find `shared` in `winapi`
[INFO] [stdout]   --> /opt/rustwide/cargo-home/registry/src/index.crates.io-6f17d22bba15001f/vigem-client-0.1.4/src/bus.rs:10:13
[INFO] [stdout]    |
[INFO] [stdout] 10 | use winapi::shared::ntdef::HANDLE;
[INFO] [stdout]    |             ^^^^^^ could not find `shared` in `winapi`
[INFO] [stdout] 
[INFO] [stdout] 
[INFO] [stdout] error[E0433]: failed to resolve: could not find `shared` in `winapi`
[INFO] [stdout]   --> /opt/rustwide/cargo-home/registry/src/index.crates.io-6f17d22bba15001f/vigem-client-0.1.4/src/bus.rs:11:13
[INFO] [stdout]    |
[INFO] [stdout] 11 | use winapi::shared::guiddef::GUID;
[INFO] [stdout]    |             ^^^^^^ could not find `shared` in `winapi`
[INFO] [stdout] 
[INFO] [stdout] 
[INFO] [stdout] error[E0433]: failed to resolve: could not find `um` in `winapi`
[INFO] [stdout]  --> /opt/rustwide/cargo-home/registry/src/index.crates.io-6f17d22bba15001f/vigem-client-0.1.4/src/event.rs:2:13
[INFO] [stdout]   |
[INFO] [stdout] 2 | use winapi::um::handleapi::*;
[INFO] [stdout]   |             ^^ could not find `um` in `winapi`
[INFO] [stdout] 
[INFO] [stdout] 
[INFO] [stdout] error[E0433]: failed to resolve: could not find `um` in `winapi`
[INFO] [stdout]  --> /opt/rustwide/cargo-home/registry/src/index.crates.io-6f17d22bba15001f/vigem-client-0.1.4/src/event.rs:3:13
[INFO] [stdout]   |
[INFO] [stdout] 3 | use winapi::um::synchapi::*;
[INFO] [stdout]   |             ^^ could not find `um` in `winapi`
[INFO] [stdout] 
[INFO] [stdout] 
[INFO] [stdout] error[E0433]: failed to resolve: could not find `shared` in `winapi`
[INFO] [stdout]  --> /opt/rustwide/cargo-home/registry/src/index.crates.io-6f17d22bba15001f/vigem-client-0.1.4/src/event.rs:4:13
[INFO] [stdout]   |
[INFO] [stdout] 4 | use winapi::shared::ntdef::HANDLE;
[INFO] [stdout]   |             ^^^^^^ could not find `shared` in `winapi`
[INFO] [stdout] 
[INFO] [stdout] 
[INFO] [stdout] error[E0432]: unresolved import `winapi::shared`
[INFO] [stdout]  --> /opt/rustwide/cargo-home/registry/src/index.crates.io-6f17d22bba15001f/vigem-client-0.1.4/src/bus.rs:9:13
[INFO] [stdout]   |
[INFO] [stdout] 9 | use winapi::shared::winerror;
[INFO] [stdout]   |             ^^^^^^ could not find `shared` in `winapi`
[INFO] [stdout] 
[INFO] [stdout] 
[INFO] [stdout] error[E0433]: failed to resolve: could not find `um` in `winapi`
[INFO] [stdout]  --> /opt/rustwide/cargo-home/registry/src/index.crates.io-6f17d22bba15001f/vigem-client-0.1.4/src/client.rs:3:13
[INFO] [stdout]   |
[INFO] [stdout] 3 | use winapi::um::handleapi::*;
[INFO] [stdout]   |             ^^ could not find `um` in `winapi`
[INFO] [stdout] 
[INFO] [stdout] 
[INFO] [stdout] error[E0433]: failed to resolve: could not find `um` in `winapi`
[INFO] [stdout]  --> /opt/rustwide/cargo-home/registry/src/index.crates.io-6f17d22bba15001f/vigem-client-0.1.4/src/client.rs:4:13
[INFO] [stdout]   |
[INFO] [stdout] 4 | use winapi::um::setupapi::*;
[INFO] [stdout]   |             ^^ could not find `um` in `winapi`
[INFO] [stdout] 
[INFO] [stdout] 
[INFO] [stdout] error[E0433]: failed to resolve: could not find `um` in `winapi`
[INFO] [stdout]  --> /opt/rustwide/cargo-home/registry/src/index.crates.io-6f17d22bba15001f/vigem-client-0.1.4/src/client.rs:5:13
[INFO] [stdout]   |
[INFO] [stdout] 5 | use winapi::um::fileapi::*;
[INFO] [stdout]   |             ^^ could not find `um` in `winapi`
[INFO] [stdout] 
[INFO] [stdout] 
[INFO] [stdout] error[E0433]: failed to resolve: could not find `um` in `winapi`
[INFO] [stdout]  --> /opt/rustwide/cargo-home/registry/src/index.crates.io-6f17d22bba15001f/vigem-client-0.1.4/src/client.rs:6:13
[INFO] [stdout]   |
[INFO] [stdout] 6 | use winapi::um::winnt::*;
[INFO] [stdout]   |             ^^ could not find `um` in `winapi`
[INFO] [stdout] 
[INFO] [stdout] 
[INFO] [stdout] error[E0433]: failed to resolve: could not find `um` in `winapi`
[INFO] [stdout]  --> /opt/rustwide/cargo-home/registry/src/index.crates.io-6f17d22bba15001f/vigem-client-0.1.4/src/client.rs:7:13
[INFO] [stdout]   |
[INFO] [stdout] 7 | use winapi::um::winbase::*;
[INFO] [stdout]   |             ^^ could not find `um` in `winapi`
[INFO] [stdout] 
[INFO] [stdout] 
[INFO] [stdout] error[E0433]: failed to resolve: could not find `um` in `winapi`
[INFO] [stdout]  --> /opt/rustwide/cargo-home/registry/src/index.crates.io-6f17d22bba15001f/vigem-client-0.1.4/src/client.rs:8:13
[INFO] [stdout]   |
[INFO] [stdout] 8 | use winapi::um::errhandlingapi::*;
[INFO] [stdout]   |             ^^ could not find `um` in `winapi`
[INFO] [stdout] 
[INFO] [stdout] 
[INFO] [stdout] error[E0433]: failed to resolve: could not find `shared` in `winapi`
[INFO] [stdout]  --> /opt/rustwide/cargo-home/registry/src/index.crates.io-6f17d22bba15001f/vigem-client-0.1.4/src/client.rs:9:13
[INFO] [stdout]   |
[INFO] [stdout] 9 | use winapi::shared::ntdef::HANDLE;
[INFO] [stdout]   |             ^^^^^^ could not find `shared` in `winapi`
[INFO] [stdout] 
[INFO] [stdout] 
[INFO] [stdout] error[E0433]: failed to resolve: could not find `um` in `winapi`
[INFO] [stdout]  --> /opt/rustwide/cargo-home/registry/src/index.crates.io-6f17d22bba15001f/vigem-client-0.1.4/src/x360.rs:5:13
[INFO] [stdout]   |
[INFO] [stdout] 5 | use winapi::um::xinput::XINPUT_GAMEPAD;
[INFO] [stdout]   |             ^^ could not find `um` in `winapi`
[INFO] [stdout] 
[INFO] [stdout] 
[INFO] [stdout] error[E0432]: unresolved import `std::os::windows`
[INFO] [stdout]  --> /opt/rustwide/cargo-home/registry/src/index.crates.io-6f17d22bba15001f/vigem-client-0.1.4/src/client.rs:2:14
[INFO] [stdout]   |
[INFO] [stdout] 2 | use std::os::windows::io as win_io;
[INFO] [stdout]   |              ^^^^^^^ could not find `windows` in `os`
[INFO] [stdout] 
[INFO] [stdout] 
[INFO] [stdout] error[E0432]: unresolved import `winapi::shared`
[INFO] [stdout]  --> /opt/rustwide/cargo-home/registry/src/index.crates.io-6f17d22bba15001f/vigem-client-0.1.4/src/x360.rs:6:13
[INFO] [stdout]   |
[INFO] [stdout] 6 | use winapi::shared::winerror;
[INFO] [stdout]   |             ^^^^^^ could not find `shared` in `winapi`
[INFO] [stdout] 
[INFO] [stdout] 
[INFO] [stdout] error[E0412]: cannot find type `OVERLAPPED` in this scope
[INFO] [stdout]   --> /opt/rustwide/cargo-home/registry/src/index.crates.io-6f17d22bba15001f/vigem-client-0.1.4/src/bus.rs:48:23
[INFO] [stdout]    |
[INFO] [stdout] 48 |         let mut overlapped: OVERLAPPED = mem::zeroed();
[INFO] [stdout]    |                             ^^^^^^^^^^ not found in this scope
[INFO] [stdout] 
[INFO] [stdout] 
[INFO] [stdout] error[E0412]: cannot find type `OVERLAPPED` in this scope
[INFO] [stdout]    --> /opt/rustwide/cargo-home/registry/src/index.crates.io-6f17d22bba15001f/vigem-client-0.1.4/src/bus.rs:100:23
[INFO] [stdout]     |
[INFO] [stdout] 100 |         let mut overlapped: OVERLAPPED = mem::zeroed();
[INFO] [stdout]     |                             ^^^^^^^^^^ not found in this scope
[INFO] [stdout] 
[INFO] [stdout] 
[INFO] [stdout] error[E0412]: cannot find type `OVERLAPPED` in this scope
[INFO] [stdout]    --> /opt/rustwide/cargo-home/registry/src/index.crates.io-6f17d22bba15001f/vigem-client-0.1.4/src/bus.rs:137:23
[INFO] [stdout]     |
[INFO] [stdout] 137 |         let mut overlapped: OVERLAPPED = mem::zeroed();
[INFO] [stdout]     |                             ^^^^^^^^^^ not found in this scope
[INFO] [stdout] 
[INFO] [stdout] 
[INFO] [stdout] error[E0412]: cannot find type `OVERLAPPED` in this scope
[INFO] [stdout]    --> /opt/rustwide/cargo-home/registry/src/index.crates.io-6f17d22bba15001f/vigem-client-0.1.4/src/bus.rs:178:23
[INFO] [stdout]     |
[INFO] [stdout] 178 |         let mut overlapped: OVERLAPPED = mem::zeroed();
[INFO] [stdout]     |                             ^^^^^^^^^^ not found in this scope
[INFO] [stdout] 
[INFO] [stdout] 
[INFO] [stdout] error[E0412]: cannot find type `OVERLAPPED` in this scope
[INFO] [stdout]    --> /opt/rustwide/cargo-home/registry/src/index.crates.io-6f17d22bba15001f/vigem-client-0.1.4/src/bus.rs:217:23
[INFO] [stdout]     |
[INFO] [stdout] 217 |         let mut overlapped: OVERLAPPED = mem::zeroed();
[INFO] [stdout]     |                             ^^^^^^^^^^ not found in this scope
[INFO] [stdout] 
[INFO] [stdout] 
[INFO] [stdout] error[E0412]: cannot find type `OVERLAPPED` in this scope
[INFO] [stdout]    --> /opt/rustwide/cargo-home/registry/src/index.crates.io-6f17d22bba15001f/vigem-client-0.1.4/src/bus.rs:390:23
[INFO] [stdout]     |
[INFO] [stdout] 390 |         let mut overlapped: OVERLAPPED = mem::zeroed();
[INFO] [stdout]     |                             ^^^^^^^^^^ not found in this scope
[INFO] [stdout] 
[INFO] [stdout] 
[INFO] [stdout] error[E0412]: cannot find type `SP_DEVICE_INTERFACE_DATA` in this scope
[INFO] [stdout]   --> /opt/rustwide/cargo-home/registry/src/index.crates.io-6f17d22bba15001f/vigem-client-0.1.4/src/client.rs:25:35
[INFO] [stdout]    |
[INFO] [stdout] 25 |             let mut device_interface_data: SP_DEVICE_INTERFACE_DATA = mem::zeroed();
[INFO] [stdout]    |                                            ^^^^^^^^^^^^^^^^^^^^^^^^ not found in this scope
[INFO] [stdout] 
[INFO] [stdout] 
[INFO] [stdout] error[E0425]: cannot find value `DIGCF_PRESENT` in this scope
[INFO] [stdout]   --> /opt/rustwide/cargo-home/registry/src/index.crates.io-6f17d22bba15001f/vigem-client-0.1.4/src/client.rs:34:5
[INFO] [stdout]    |
[INFO] [stdout] 34 |                 DIGCF_PRESENT | DIGCF_DEVICEINTERFACE);
[INFO] [stdout]    |                 ^^^^^^^^^^^^^ not found in this scope
[INFO] [stdout] 
[INFO] [stdout] 
[INFO] [stdout] error[E0425]: cannot find value `DIGCF_DEVICEINTERFACE` in this scope
[INFO] [stdout]   --> /opt/rustwide/cargo-home/registry/src/index.crates.io-6f17d22bba15001f/vigem-client-0.1.4/src/client.rs:34:21
[INFO] [stdout]    |
[INFO] [stdout] 34 |                 DIGCF_PRESENT | DIGCF_DEVICEINTERFACE);
[INFO] [stdout]    |                                 ^^^^^^^^^^^^^^^^^^^^^ not found in this scope
[INFO] [stdout] 
[INFO] [stdout] 
[INFO] [stdout] error[E0425]: cannot find value `INVALID_HANDLE_VALUE` in this scope
[INFO] [stdout]   --> /opt/rustwide/cargo-home/registry/src/index.crates.io-6f17d22bba15001f/vigem-client-0.1.4/src/client.rs:36:26
[INFO] [stdout]    |
[INFO] [stdout] 36 |             if device_info_set == INVALID_HANDLE_VALUE {
[INFO] [stdout]    |                                   ^^^^^^^^^^^^^^^^^^^^ not found in this scope
[INFO] [stdout] 
[INFO] [stdout] 
[INFO] [stdout] error[E0412]: cannot find type `PSP_DEVICE_INTERFACE_DETAIL_DATA_W` in this scope
[INFO] [stdout]   --> /opt/rustwide/cargo-home/registry/src/index.crates.io-6f17d22bba15001f/vigem-client-0.1.4/src/client.rs:52:62
[INFO] [stdout]    |
[INFO] [stdout] 52 |                 let detail_data_ptr = detail_data_buffer.as_mut_ptr() as PSP_DEVICE_INTERFACE_DETAIL_DATA_W;
[INFO] [stdout]    |                                                                          ^^^^^^^^^^^^^^^^^^^^^^^^^^^^^^^^^^ not found in this scope
[INFO] [stdout] 
[INFO] [stdout] 
[INFO] [stdout] error[E0412]: cannot find type `SP_DEVICE_INTERFACE_DETAIL_DATA_W` in this scope
[INFO] [stdout]   --> /opt/rustwide/cargo-home/registry/src/index.crates.io-6f17d22bba15001f/vigem-client-0.1.4/src/client.rs:53:68
[INFO] [stdout]    |
[INFO] [stdout] 53 |                 *ptr::addr_of_mut!((*detail_data_ptr).cbSize) = mem::size_of::<SP_DEVICE_INTERFACE_DETAIL_DATA_W>() as u32;
[INFO] [stdout]    |                                                                                ^^^^^^^^^^^^^^^^^^^^^^^^^^^^^^^^^ not found in this scope
[INFO] [stdout]    |
[INFO] [stdout] help: you might be missing a type parameter
[INFO] [stdout]    |
[INFO] [stdout] 18 | impl<SP_DEVICE_INTERFACE_DETAIL_DATA_W> Client {
[INFO] [stdout]    |     +++++++++++++++++++++++++++++++++++
[INFO] [stdout] 
[INFO] [stdout] 
[INFO] [stdout] error[E0425]: cannot find value `GENERIC_READ` in this scope
[INFO] [stdout]   --> /opt/rustwide/cargo-home/registry/src/index.crates.io-6f17d22bba15001f/vigem-client-0.1.4/src/client.rs:73:6
[INFO] [stdout]    |
[INFO] [stdout] 73 |                     GENERIC_READ | GENERIC_WRITE,
[INFO] [stdout]    |                     ^^^^^^^^^^^^ not found in this scope
[INFO] [stdout] 
[INFO] [stdout] 
[INFO] [stdout] error[E0425]: cannot find value `GENERIC_WRITE` in this scope
[INFO] [stdout]   --> /opt/rustwide/cargo-home/registry/src/index.crates.io-6f17d22bba15001f/vigem-client-0.1.4/src/client.rs:73:21
[INFO] [stdout]    |
[INFO] [stdout] 73 |                     GENERIC_READ | GENERIC_WRITE,
[INFO] [stdout]    |                                    ^^^^^^^^^^^^^ not found in this scope
[INFO] [stdout] 
[INFO] [stdout] 
[INFO] [stdout] error[E0425]: cannot find value `FILE_SHARE_READ` in this scope
[INFO] [stdout]   --> /opt/rustwide/cargo-home/registry/src/index.crates.io-6f17d22bba15001f/vigem-client-0.1.4/src/client.rs:74:6
[INFO] [stdout]    |
[INFO] [stdout] 74 |                     FILE_SHARE_READ | FILE_SHARE_WRITE,
[INFO] [stdout]    |                     ^^^^^^^^^^^^^^^ not found in this scope
[INFO] [stdout] 
[INFO] [stdout] 
[INFO] [stdout] error[E0425]: cannot find value `FILE_SHARE_WRITE` in this scope
[INFO] [stdout]   --> /opt/rustwide/cargo-home/registry/src/index.crates.io-6f17d22bba15001f/vigem-client-0.1.4/src/client.rs:74:24
[INFO] [stdout]    |
[INFO] [stdout] 74 |                     FILE_SHARE_READ | FILE_SHARE_WRITE,
[INFO] [stdout]    |                                       ^^^^^^^^^^^^^^^^ not found in this scope
[INFO] [stdout] 
[INFO] [stdout] 
[INFO] [stdout] error[E0425]: cannot find value `OPEN_EXISTING` in this scope
[INFO] [stdout]   --> /opt/rustwide/cargo-home/registry/src/index.crates.io-6f17d22bba15001f/vigem-client-0.1.4/src/client.rs:76:6
[INFO] [stdout]    |
[INFO] [stdout] 76 |                     OPEN_EXISTING,
[INFO] [stdout]    |                     ^^^^^^^^^^^^^ not found in this scope
[INFO] [stdout] 
[INFO] [stdout] 
[INFO] [stdout] error[E0425]: cannot find value `FILE_ATTRIBUTE_NORMAL` in this scope
[INFO] [stdout]   --> /opt/rustwide/cargo-home/registry/src/index.crates.io-6f17d22bba15001f/vigem-client-0.1.4/src/client.rs:77:6
[INFO] [stdout]    |
[INFO] [stdout] 77 |                     FILE_ATTRIBUTE_NORMAL | FILE_FLAG_NO_BUFFERING | FILE_FLAG_WRITE_THROUGH | FILE_FLAG_OVERLAPPED,
[INFO] [stdout]    |                     ^^^^^^^^^^^^^^^^^^^^^ not found in this scope
[INFO] [stdout] 
[INFO] [stdout] 
[INFO] [stdout] error[E0425]: cannot find value `FILE_FLAG_NO_BUFFERING` in this scope
[INFO] [stdout]   --> /opt/rustwide/cargo-home/registry/src/index.crates.io-6f17d22bba15001f/vigem-client-0.1.4/src/client.rs:77:30
[INFO] [stdout]    |
[INFO] [stdout] 77 |                     FILE_ATTRIBUTE_NORMAL | FILE_FLAG_NO_BUFFERING | FILE_FLAG_WRITE_THROUGH | FILE_FLAG_OVERLAPPED,
[INFO] [stdout]    |                                             ^^^^^^^^^^^^^^^^^^^^^^ not found in this scope
[INFO] [stdout] 
[INFO] [stdout] 
[INFO] [stdout] error[E0425]: cannot find value `FILE_FLAG_WRITE_THROUGH` in this scope
[INFO] [stdout]   --> /opt/rustwide/cargo-home/registry/src/index.crates.io-6f17d22bba15001f/vigem-client-0.1.4/src/client.rs:77:55
[INFO] [stdout]    |
[INFO] [stdout] 77 |                     FILE_ATTRIBUTE_NORMAL | FILE_FLAG_NO_BUFFERING | FILE_FLAG_WRITE_THROUGH | FILE_FLAG_OVERLAPPED,
[INFO] [stdout]    |                                                                      ^^^^^^^^^^^^^^^^^^^^^^^ not found in this scope
[INFO] [stdout] 
[INFO] [stdout] 
[INFO] [stdout] error[E0425]: cannot find value `FILE_FLAG_OVERLAPPED` in this scope
[INFO] [stdout]   --> /opt/rustwide/cargo-home/registry/src/index.crates.io-6f17d22bba15001f/vigem-client-0.1.4/src/client.rs:77:81
[INFO] [stdout]    |
[INFO] [stdout] 77 |                     FILE_ATTRIBUTE_NORMAL | FILE_FLAG_NO_BUFFERING | FILE_FLAG_WRITE_THROUGH | FILE_FLAG_OVERLAPPED,
[INFO] [stdout]    |                                                                                                ^^^^^^^^^^^^^^^^^^^^ not found in this scope
[INFO] [stdout] 
[INFO] [stdout] 
[INFO] [stdout] error[E0425]: cannot find value `INVALID_HANDLE_VALUE` in this scope
[INFO] [stdout]   --> /opt/rustwide/cargo-home/registry/src/index.crates.io-6f17d22bba15001f/vigem-client-0.1.4/src/client.rs:80:18
[INFO] [stdout]    |
[INFO] [stdout] 80 |                 if device == INVALID_HANDLE_VALUE {
[INFO] [stdout]    |                              ^^^^^^^^^^^^^^^^^^^^ not found in this scope
[INFO] [stdout] 
[INFO] [stdout] 
[INFO] [stdout] error[E0425]: cannot find value `GENERIC_READ` in this scope
[INFO] [stdout]    --> /opt/rustwide/cargo-home/registry/src/index.crates.io-6f17d22bba15001f/vigem-client-0.1.4/src/client.rs:110:5
[INFO] [stdout]     |
[INFO] [stdout] 110 |                 GENERIC_READ | GENERIC_WRITE, 0, DUPLICATE_SAME_ACCESS);
[INFO] [stdout]     |                 ^^^^^^^^^^^^ not found in this scope
[INFO] [stdout] 
[INFO] [stdout] 
[INFO] [stdout] error[E0425]: cannot find value `GENERIC_WRITE` in this scope
[INFO] [stdout]    --> /opt/rustwide/cargo-home/registry/src/index.crates.io-6f17d22bba15001f/vigem-client-0.1.4/src/client.rs:110:20
[INFO] [stdout]     |
[INFO] [stdout] 110 |                 GENERIC_READ | GENERIC_WRITE, 0, DUPLICATE_SAME_ACCESS);
[INFO] [stdout]     |                                ^^^^^^^^^^^^^ not found in this scope
[INFO] [stdout] 
[INFO] [stdout] 
[INFO] [stdout] error[E0425]: cannot find value `DUPLICATE_SAME_ACCESS` in this scope
[INFO] [stdout]    --> /opt/rustwide/cargo-home/registry/src/index.crates.io-6f17d22bba15001f/vigem-client-0.1.4/src/client.rs:110:38
[INFO] [stdout]     |
[INFO] [stdout] 110 |                 GENERIC_READ | GENERIC_WRITE, 0, DUPLICATE_SAME_ACCESS);
[INFO] [stdout]     |                                                  ^^^^^^^^^^^^^^^^^^^^^ not found in this scope
[INFO] [stdout] 
[INFO] [stdout] 
[INFO] [stdout] error[E0425]: cannot find function, tuple struct or tuple variant `CreateEventW` in this scope
[INFO] [stdout]   --> /opt/rustwide/cargo-home/registry/src/index.crates.io-6f17d22bba15001f/vigem-client-0.1.4/src/bus.rs:49:23
[INFO] [stdout]    |
[INFO] [stdout] 49 |         overlapped.hEvent = CreateEventW(ptr::null_mut(), 0, 0, ptr::null());
[INFO] [stdout]    |                             ^^^^^^^^^^^^ not found in this scope
[INFO] [stdout] 
[INFO] [stdout] 
[INFO] [stdout] error[E0425]: cannot find function, tuple struct or tuple variant `DeviceIoControl` in this scope
[INFO] [stdout]   --> /opt/rustwide/cargo-home/registry/src/index.crates.io-6f17d22bba15001f/vigem-client-0.1.4/src/bus.rs:51:3
[INFO] [stdout]    |
[INFO] [stdout] 51 |         DeviceIoControl(
[INFO] [stdout]    |         ^^^^^^^^^^^^^^^ not found in this scope
[INFO] [stdout] 
[INFO] [stdout] 
[INFO] [stdout] error[E0425]: cannot find function, tuple struct or tuple variant `GetOverlappedResult` in this scope
[INFO] [stdout]   --> /opt/rustwide/cargo-home/registry/src/index.crates.io-6f17d22bba15001f/vigem-client-0.1.4/src/bus.rs:61:17
[INFO] [stdout]    |
[INFO] [stdout] 61 |         let success = GetOverlappedResult(device, &mut overlapped, &mut transferred, /*bWait: */1);
[INFO] [stdout]    |                       ^^^^^^^^^^^^^^^^^^^ not found in this scope
[INFO] [stdout] 
[INFO] [stdout] 
[INFO] [stdout] error[E0425]: cannot find function, tuple struct or tuple variant `CloseHandle` in this scope
[INFO] [stdout]   --> /opt/rustwide/cargo-home/registry/src/index.crates.io-6f17d22bba15001f/vigem-client-0.1.4/src/bus.rs:62:3
[INFO] [stdout]    |
[INFO] [stdout] 62 |         CloseHandle(overlapped.hEvent);
[INFO] [stdout]    |         ^^^^^^^^^^^ not found in this scope
[INFO] [stdout] 
[INFO] [stdout] 
[INFO] [stdout] error[E0425]: cannot find function, tuple struct or tuple variant `DeviceIoControl` in this scope
[INFO] [stdout]    --> /opt/rustwide/cargo-home/registry/src/index.crates.io-6f17d22bba15001f/vigem-client-0.1.4/src/bus.rs:103:3
[INFO] [stdout]     |
[INFO] [stdout] 103 |         DeviceIoControl(
[INFO] [stdout]     |         ^^^^^^^^^^^^^^^ not found in this scope
[INFO] [stdout] 
[INFO] [stdout] 
[INFO] [stdout] error[E0425]: cannot find function, tuple struct or tuple variant `GetOverlappedResult` in this scope
[INFO] [stdout]    --> /opt/rustwide/cargo-home/registry/src/index.crates.io-6f17d22bba15001f/vigem-client-0.1.4/src/bus.rs:113:6
[INFO] [stdout]     |
[INFO] [stdout] 113 |         if GetOverlappedResult(device, &mut overlapped, &mut transferred, /*bWait: */1) == 0 {
[INFO] [stdout]     |            ^^^^^^^^^^^^^^^^^^^ not found in this scope
[INFO] [stdout] 
[INFO] [stdout] 
[INFO] [stdout] error[E0425]: cannot find function, tuple struct or tuple variant `GetLastError` in this scope
[INFO] [stdout]    --> /opt/rustwide/cargo-home/registry/src/index.crates.io-6f17d22bba15001f/vigem-client-0.1.4/src/bus.rs:114:15
[INFO] [stdout]     |
[INFO] [stdout] 114 |             return Err(GetLastError());
[INFO] [stdout]     |                        ^^^^^^^^^^^^ not found in this scope
[INFO] [stdout] 
[INFO] [stdout] 
[INFO] [stdout] error[E0425]: cannot find function, tuple struct or tuple variant `DeviceIoControl` in this scope
[INFO] [stdout]    --> /opt/rustwide/cargo-home/registry/src/index.crates.io-6f17d22bba15001f/vigem-client-0.1.4/src/bus.rs:140:3
[INFO] [stdout]     |
[INFO] [stdout] 140 |         DeviceIoControl(
[INFO] [stdout]     |         ^^^^^^^^^^^^^^^ not found in this scope
[INFO] [stdout] 
[INFO] [stdout] 
[INFO] [stdout] error[E0425]: cannot find function, tuple struct or tuple variant `GetOverlappedResult` in this scope
[INFO] [stdout]    --> /opt/rustwide/cargo-home/registry/src/index.crates.io-6f17d22bba15001f/vigem-client-0.1.4/src/bus.rs:150:6
[INFO] [stdout]     |
[INFO] [stdout] 150 |         if GetOverlappedResult(device, &mut overlapped, &mut transferred, /*bWait: */1) == 0 {
[INFO] [stdout]     |            ^^^^^^^^^^^^^^^^^^^ not found in this scope
[INFO] [stdout] 
[INFO] [stdout] 
[INFO] [stdout] error[E0425]: cannot find function, tuple struct or tuple variant `GetLastError` in this scope
[INFO] [stdout]    --> /opt/rustwide/cargo-home/registry/src/index.crates.io-6f17d22bba15001f/vigem-client-0.1.4/src/bus.rs:151:14
[INFO] [stdout]     |
[INFO] [stdout] 151 |             let err = GetLastError();
[INFO] [stdout]     |                       ^^^^^^^^^^^^ not found in this scope
[INFO] [stdout] 
[INFO] [stdout] 
[INFO] [stdout] error[E0425]: cannot find function, tuple struct or tuple variant `DeviceIoControl` in this scope
[INFO] [stdout]    --> /opt/rustwide/cargo-home/registry/src/index.crates.io-6f17d22bba15001f/vigem-client-0.1.4/src/bus.rs:181:3
[INFO] [stdout]     |
[INFO] [stdout] 181 |         DeviceIoControl(
[INFO] [stdout]     |         ^^^^^^^^^^^^^^^ not found in this scope
[INFO] [stdout] 
[INFO] [stdout] 
[INFO] [stdout] error[E0425]: cannot find function, tuple struct or tuple variant `GetOverlappedResult` in this scope
[INFO] [stdout]    --> /opt/rustwide/cargo-home/registry/src/index.crates.io-6f17d22bba15001f/vigem-client-0.1.4/src/bus.rs:191:6
[INFO] [stdout]     |
[INFO] [stdout] 191 |         if GetOverlappedResult(device, &mut overlapped, &mut transferred, /*bWait: */1) == 0 {
[INFO] [stdout]     |            ^^^^^^^^^^^^^^^^^^^ not found in this scope
[INFO] [stdout] 
[INFO] [stdout] 
[INFO] [stdout] error[E0425]: cannot find function, tuple struct or tuple variant `GetLastError` in this scope
[INFO] [stdout]    --> /opt/rustwide/cargo-home/registry/src/index.crates.io-6f17d22bba15001f/vigem-client-0.1.4/src/bus.rs:192:15
[INFO] [stdout]     |
[INFO] [stdout] 192 |             return Err(GetLastError());
[INFO] [stdout]     |                        ^^^^^^^^^^^^ not found in this scope
[INFO] [stdout] 
[INFO] [stdout] 
[INFO] [stdout] error[E0425]: cannot find function, tuple struct or tuple variant `DeviceIoControl` in this scope
[INFO] [stdout]    --> /opt/rustwide/cargo-home/registry/src/index.crates.io-6f17d22bba15001f/vigem-client-0.1.4/src/bus.rs:220:3
[INFO] [stdout]     |
[INFO] [stdout] 220 |         DeviceIoControl(
[INFO] [stdout]     |         ^^^^^^^^^^^^^^^ not found in this scope
[INFO] [stdout] 
[INFO] [stdout] 
[INFO] [stdout] error[E0425]: cannot find function, tuple struct or tuple variant `GetOverlappedResult` in this scope
[INFO] [stdout]    --> /opt/rustwide/cargo-home/registry/src/index.crates.io-6f17d22bba15001f/vigem-client-0.1.4/src/bus.rs:230:6
[INFO] [stdout]     |
[INFO] [stdout] 230 |         if GetOverlappedResult(device, &mut overlapped, &mut transferred, /*bWait: */1) == 0 {
[INFO] [stdout]     |            ^^^^^^^^^^^^^^^^^^^ not found in this scope
[INFO] [stdout] 
[INFO] [stdout] 
[INFO] [stdout] error[E0425]: cannot find function, tuple struct or tuple variant `GetLastError` in this scope
[INFO] [stdout]    --> /opt/rustwide/cargo-home/registry/src/index.crates.io-6f17d22bba15001f/vigem-client-0.1.4/src/bus.rs:231:15
[INFO] [stdout]     |
[INFO] [stdout] 231 |             return Err(GetLastError());
[INFO] [stdout]     |                        ^^^^^^^^^^^^ not found in this scope
[INFO] [stdout] 
[INFO] [stdout] 
[INFO] [stdout] error[E0425]: cannot find function, tuple struct or tuple variant `DeviceIoControl` in this scope
[INFO] [stdout]    --> /opt/rustwide/cargo-home/registry/src/index.crates.io-6f17d22bba15001f/vigem-client-0.1.4/src/bus.rs:393:3
[INFO] [stdout]     |
[INFO] [stdout] 393 |         DeviceIoControl(
[INFO] [stdout]     |         ^^^^^^^^^^^^^^^ not found in this scope
[INFO] [stdout] 
[INFO] [stdout] 
[INFO] [stdout] error[E0425]: cannot find function, tuple struct or tuple variant `GetOverlappedResult` in this scope
[INFO] [stdout]    --> /opt/rustwide/cargo-home/registry/src/index.crates.io-6f17d22bba15001f/vigem-client-0.1.4/src/bus.rs:403:6
[INFO] [stdout]     |
[INFO] [stdout] 403 |         if GetOverlappedResult(device, &mut overlapped, &mut transferred, /*bWait: */1) == 0 {
[INFO] [stdout]     |            ^^^^^^^^^^^^^^^^^^^ not found in this scope
[INFO] [stdout] 
[INFO] [stdout] 
[INFO] [stdout] error[E0425]: cannot find function, tuple struct or tuple variant `GetLastError` in this scope
[INFO] [stdout]    --> /opt/rustwide/cargo-home/registry/src/index.crates.io-6f17d22bba15001f/vigem-client-0.1.4/src/bus.rs:404:15
[INFO] [stdout]     |
[INFO] [stdout] 404 |             return Err(GetLastError());
[INFO] [stdout]     |                        ^^^^^^^^^^^^ not found in this scope
[INFO] [stdout] 
[INFO] [stdout] 
[INFO] [stdout] error[E0425]: cannot find function, tuple struct or tuple variant `CreateEventW` in this scope
[INFO] [stdout]   --> /opt/rustwide/cargo-home/registry/src/index.crates.io-6f17d22bba15001f/vigem-client-0.1.4/src/event.rs:14:17
[INFO] [stdout]    |
[INFO] [stdout] 14 |             let handle = CreateEventW(ptr::null_mut(), manual_reset as i32, initial_state as i32, ptr::null());
[INFO] [stdout]    |                          ^^^^^^^^^^^^ not found in this scope
[INFO] [stdout] 
[INFO] [stdout] 
[INFO] [stdout] error[E0425]: cannot find function, tuple struct or tuple variant `ResetEvent` in this scope
[INFO] [stdout]   --> /opt/rustwide/cargo-home/registry/src/index.crates.io-6f17d22bba15001f/vigem-client-0.1.4/src/event.rs:22:12
[INFO] [stdout]    |
[INFO] [stdout] 22 |         unsafe { ResetEvent(self.handle) };
[INFO] [stdout]    |                  ^^^^^^^^^^ not found in this scope
[INFO] [stdout] 
[INFO] [stdout] 
[INFO] [stdout] error[E0425]: cannot find function, tuple struct or tuple variant `CloseHandle` in this scope
[INFO] [stdout]   --> /opt/rustwide/cargo-home/registry/src/index.crates.io-6f17d22bba15001f/vigem-client-0.1.4/src/event.rs:40:12
[INFO] [stdout]    |
[INFO] [stdout] 40 |         unsafe { CloseHandle(self.handle) };
[INFO] [stdout]    |                  ^^^^^^^^^^^ not found in this scope
[INFO] [stdout] 
[INFO] [stdout] 
[INFO] [stdout] error[E0425]: cannot find function, tuple struct or tuple variant `SetupDiGetClassDevsW` in this scope
[INFO] [stdout]   --> /opt/rustwide/cargo-home/registry/src/index.crates.io-6f17d22bba15001f/vigem-client-0.1.4/src/client.rs:30:26
[INFO] [stdout]    |
[INFO] [stdout] 30 |             let device_info_set = SetupDiGetClassDevsW(
[INFO] [stdout]    |                                   ^^^^^^^^^^^^^^^^^^^^ not found in this scope
[INFO] [stdout] 
[INFO] [stdout] 
[INFO] [stdout] error[E0425]: cannot find function, tuple struct or tuple variant `GetLastError` in this scope
[INFO] [stdout]   --> /opt/rustwide/cargo-home/registry/src/index.crates.io-6f17d22bba15001f/vigem-client-0.1.4/src/client.rs:37:32
[INFO] [stdout]    |
[INFO] [stdout] 37 |                 return Err(Error::WinError(GetLastError()));
[INFO] [stdout]    |                                            ^^^^^^^^^^^^ not found in this scope
[INFO] [stdout] 
[INFO] [stdout] 
[INFO] [stdout] error[E0425]: cannot find function, tuple struct or tuple variant `SetupDiEnumDeviceInterfaces` in this scope
[INFO] [stdout]   --> /opt/rustwide/cargo-home/registry/src/index.crates.io-6f17d22bba15001f/vigem-client-0.1.4/src/client.rs:41:10
[INFO] [stdout]    |
[INFO] [stdout] 41 |             while SetupDiEnumDeviceInterfaces(
[INFO] [stdout]    |                   ^^^^^^^^^^^^^^^^^^^^^^^^^^^ not found in this scope
[INFO] [stdout] 
[INFO] [stdout] 
[INFO] [stdout] error[E0425]: cannot find function, tuple struct or tuple variant `SetupDiGetDeviceInterfaceDetailW` in this scope
[INFO] [stdout]   --> /opt/rustwide/cargo-home/registry/src/index.crates.io-6f17d22bba15001f/vigem-client-0.1.4/src/client.rs:57:8
[INFO] [stdout]    |
[INFO] [stdout] 57 |                 if SetupDiGetDeviceInterfaceDetailW(
[INFO] [stdout]    |                    ^^^^^^^^^^^^^^^^^^^^^^^^^^^^^^^^ not found in this scope
[INFO] [stdout] 
[INFO] [stdout] 
[INFO] [stdout] error[E0425]: cannot find function, tuple struct or tuple variant `GetLastError` in this scope
[INFO] [stdout]   --> /opt/rustwide/cargo-home/registry/src/index.crates.io-6f17d22bba15001f/vigem-client-0.1.4/src/client.rs:65:30
[INFO] [stdout]    |
[INFO] [stdout] 65 |                     error = Error::WinError(GetLastError());
[INFO] [stdout]    |                                             ^^^^^^^^^^^^ not found in this scope
[INFO] [stdout] 
[INFO] [stdout] 
[INFO] [stdout] error[E0425]: cannot find function, tuple struct or tuple variant `CreateFileW` in this scope
[INFO] [stdout]   --> /opt/rustwide/cargo-home/registry/src/index.crates.io-6f17d22bba15001f/vigem-client-0.1.4/src/client.rs:71:18
[INFO] [stdout]    |
[INFO] [stdout] 71 |                 let device = CreateFileW(
[INFO] [stdout]    |                              ^^^^^^^^^^^ not found in this scope
[INFO] [stdout] 
[INFO] [stdout] 
[INFO] [stdout] error[E0425]: cannot find function, tuple struct or tuple variant `GetLastError` in this scope
[INFO] [stdout]   --> /opt/rustwide/cargo-home/registry/src/index.crates.io-6f17d22bba15001f/vigem-client-0.1.4/src/client.rs:81:37
[INFO] [stdout]    |
[INFO] [stdout] 81 |                     error = Error::BusAccessFailed(GetLastError());
[INFO] [stdout]    |                                                    ^^^^^^^^^^^^ not found in this scope
[INFO] [stdout] 
[INFO] [stdout] 
[INFO] [stdout] error[E0425]: cannot find function, tuple struct or tuple variant `SetupDiDestroyDeviceInfoList` in this scope
[INFO] [stdout]   --> /opt/rustwide/cargo-home/registry/src/index.crates.io-6f17d22bba15001f/vigem-client-0.1.4/src/client.rs:87:6
[INFO] [stdout]    |
[INFO] [stdout] 87 |                     SetupDiDestroyDeviceInfoList(device_info_set);
[INFO] [stdout]    |                     ^^^^^^^^^^^^^^^^^^^^^^^^^^^^ not found in this scope
[INFO] [stdout] 
[INFO] [stdout] 
[INFO] [stdout] error[E0425]: cannot find function, tuple struct or tuple variant `CloseHandle` in this scope
[INFO] [stdout]   --> /opt/rustwide/cargo-home/registry/src/index.crates.io-6f17d22bba15001f/vigem-client-0.1.4/src/client.rs:92:5
[INFO] [stdout]    |
[INFO] [stdout] 92 |                 CloseHandle(device);
[INFO] [stdout]    |                 ^^^^^^^^^^^ not found in this scope
[INFO] [stdout] 
[INFO] [stdout] 
[INFO] [stdout] error[E0425]: cannot find function, tuple struct or tuple variant `SetupDiDestroyDeviceInfoList` in this scope
[INFO] [stdout]   --> /opt/rustwide/cargo-home/registry/src/index.crates.io-6f17d22bba15001f/vigem-client-0.1.4/src/client.rs:96:4
[INFO] [stdout]    |
[INFO] [stdout] 96 |             SetupDiDestroyDeviceInfoList(device_info_set);
[INFO] [stdout]    |             ^^^^^^^^^^^^^^^^^^^^^^^^^^^^ not found in this scope
[INFO] [stdout] 
[INFO] [stdout] 
[INFO] [stdout] error[E0425]: cannot find function, tuple struct or tuple variant `DuplicateHandle` in this scope
[INFO] [stdout]    --> /opt/rustwide/cargo-home/registry/src/index.crates.io-6f17d22bba15001f/vigem-client-0.1.4/src/client.rs:107:18
[INFO] [stdout]     |
[INFO] [stdout] 107 |             let success = DuplicateHandle(
[INFO] [stdout]     |                           ^^^^^^^^^^^^^^^ not found in this scope
[INFO] [stdout] 
[INFO] [stdout] 
[INFO] [stdout] error[E0425]: cannot find function, tuple struct or tuple variant `GetLastError` in this scope
[INFO] [stdout]    --> /opt/rustwide/cargo-home/registry/src/index.crates.io-6f17d22bba15001f/vigem-client-0.1.4/src/client.rs:112:15
[INFO] [stdout]     |
[INFO] [stdout] 112 |                 let err = GetLastError();
[INFO] [stdout]     |                           ^^^^^^^^^^^^ not found in this scope
[INFO] [stdout] 
[INFO] [stdout] 
[INFO] [stdout] error[E0425]: cannot find function, tuple struct or tuple variant `CloseHandle` in this scope
[INFO] [stdout]    --> /opt/rustwide/cargo-home/registry/src/index.crates.io-6f17d22bba15001f/vigem-client-0.1.4/src/client.rs:146:4
[INFO] [stdout]     |
[INFO] [stdout] 146 |             CloseHandle(self.device);
[INFO] [stdout]     |             ^^^^^^^^^^^ not found in this scope
[INFO] [stdout] 
[INFO] [stdout] 
[INFO] [stdout] error: aborting due to 81 previous errors
[INFO] [stdout] 
[INFO] [stdout] 
[INFO] [stdout] Some errors have detailed explanations: E0412, E0425, E0432, E0433.
[INFO] [stdout] 
[INFO] [stdout] For more information about an error, try `rustc --explain E0412`.
[INFO] [stdout] 
[INFO] [stderr] error: could not compile `vigem-client` (lib) due to 82 previous errors
[INFO] [stderr] warning: build failed, waiting for other jobs to finish...
[INFO] running `Command { std: "docker" "inspect" "166cfe331fdab84edfb4b8f53050c387abae438fd258fae1d13c5cbe72fcdf70", kill_on_drop: false }`
[INFO] running `Command { std: "docker" "rm" "-f" "166cfe331fdab84edfb4b8f53050c387abae438fd258fae1d13c5cbe72fcdf70", kill_on_drop: false }`
[INFO] [stdout] 166cfe331fdab84edfb4b8f53050c387abae438fd258fae1d13c5cbe72fcdf70
[INFO] documenting ajnewlands/serf against beta-2023-12-22 for beta-1.76-rustdoc-1
[INFO] running `Command { std: "git" "clone" "/workspace/cache/git-repos/https%3A%2F%2Fgithub.com%2Fajnewlands%2Fserf" "/workspace/builds/worker-5-tc2/source", kill_on_drop: false }`
[INFO] [stderr] Cloning into '/workspace/builds/worker-5-tc2/source'...
[INFO] [stderr] done.
[INFO] validating manifest of git repo https://github.com/ajnewlands/serf on toolchain beta-2023-12-22
[INFO] running `Command { std: CARGO_HOME="/workspace/cargo-home" RUSTUP_HOME="/workspace/rustup-home" "/workspace/cargo-home/bin/cargo" "+beta-2023-12-22" "metadata" "--manifest-path" "Cargo.toml" "--no-deps", kill_on_drop: false }`
[INFO] started tweaking git repo https://github.com/ajnewlands/serf
[INFO] finished tweaking git repo https://github.com/ajnewlands/serf
[INFO] tweaked toml for git repo https://github.com/ajnewlands/serf written to /workspace/builds/worker-5-tc2/source/Cargo.toml
[INFO] crate git repo https://github.com/ajnewlands/serf already has a lockfile, it will not be regenerated
[INFO] running `Command { std: CARGO_HOME="/workspace/cargo-home" RUSTUP_HOME="/workspace/rustup-home" "/workspace/cargo-home/bin/cargo" "+beta-2023-12-22" "fetch" "--manifest-path" "Cargo.toml", kill_on_drop: false }`
[INFO] [stderr] warning: virtual workspace defaulting to `resolver = "1"` despite one or more workspace members being on edition 2021 which implies `resolver = "2"`
[INFO] [stderr] note: to keep the current resolver, specify `workspace.resolver = "1"` in the workspace root's manifest
[INFO] [stderr] note: to use the edition 2021 resolver, specify `workspace.resolver = "2"` in the workspace root's manifest
[INFO] [stderr] note: for more details see https://doc.rust-lang.org/cargo/reference/resolver.html#resolver-versions
[INFO] running `Command { std: "docker" "create" "-v" "/var/lib/crater-agent-workspace/builds/worker-5-tc2/target:/opt/rustwide/target:rw,Z" "-v" "/var/lib/crater-agent-workspace/builds/worker-5-tc2/source:/opt/rustwide/workdir:ro,Z" "-v" "/var/lib/crater-agent-workspace/cargo-home:/opt/rustwide/cargo-home:ro,Z" "-v" "/var/lib/crater-agent-workspace/rustup-home:/opt/rustwide/rustup-home:ro,Z" "-e" "SOURCE_DIR=/opt/rustwide/workdir" "-e" "CARGO_TARGET_DIR=/opt/rustwide/target" "-e" "CARGO_HOME=/opt/rustwide/cargo-home" "-e" "RUSTUP_HOME=/opt/rustwide/rustup-home" "-w" "/opt/rustwide/workdir" "-m" "1610612736" "--user" "0:0" "--network" "none" "ghcr.io/rust-lang/crates-build-env/linux@sha256:2788e3201cd34a07e3172128adcd8b3090168a8e3bcc40d7c032b9dda1df7d1c" "/opt/rustwide/cargo-home/bin/cargo" "+beta-2023-12-22" "metadata" "--no-deps" "--format-version=1", kill_on_drop: false }`
[INFO] [stdout] 870844dc7174f184f40c763e943a21feaba6b3a76ef80d3707c6e368d8d07be1
[INFO] running `Command { std: "docker" "start" "-a" "870844dc7174f184f40c763e943a21feaba6b3a76ef80d3707c6e368d8d07be1", kill_on_drop: false }`
[INFO] running `Command { std: "docker" "inspect" "870844dc7174f184f40c763e943a21feaba6b3a76ef80d3707c6e368d8d07be1", kill_on_drop: false }`
[INFO] running `Command { std: "docker" "rm" "-f" "870844dc7174f184f40c763e943a21feaba6b3a76ef80d3707c6e368d8d07be1", kill_on_drop: false }`
[INFO] [stdout] 870844dc7174f184f40c763e943a21feaba6b3a76ef80d3707c6e368d8d07be1
[INFO] running `Command { std: "docker" "create" "-v" "/var/lib/crater-agent-workspace/builds/worker-5-tc2/target:/opt/rustwide/target:rw,Z" "-v" "/var/lib/crater-agent-workspace/builds/worker-5-tc2/source:/opt/rustwide/workdir:ro,Z" "-v" "/var/lib/crater-agent-workspace/cargo-home:/opt/rustwide/cargo-home:ro,Z" "-v" "/var/lib/crater-agent-workspace/rustup-home:/opt/rustwide/rustup-home:ro,Z" "-e" "SOURCE_DIR=/opt/rustwide/workdir" "-e" "CARGO_TARGET_DIR=/opt/rustwide/target" "-e" "CARGO_INCREMENTAL=0" "-e" "RUST_BACKTRACE=full" "-e" "RUSTFLAGS=--cap-lints=warn" "-e" "RUSTDOCFLAGS=--cap-lints=warn" "-e" "CARGO_HOME=/opt/rustwide/cargo-home" "-e" "RUSTUP_HOME=/opt/rustwide/rustup-home" "-w" "/opt/rustwide/workdir" "-m" "1610612736" "--user" "0:0" "--network" "none" "ghcr.io/rust-lang/crates-build-env/linux@sha256:2788e3201cd34a07e3172128adcd8b3090168a8e3bcc40d7c032b9dda1df7d1c" "/opt/rustwide/cargo-home/bin/cargo" "+beta-2023-12-22" "doc" "--frozen" "--no-deps" "--document-private-items" "--message-format=json", kill_on_drop: false }`
[INFO] [stdout] 304206b6dbdbbcab9a50227314b6aad42c72618e4ac514ae76960cccc2aa558e
[INFO] running `Command { std: "docker" "start" "-a" "304206b6dbdbbcab9a50227314b6aad42c72618e4ac514ae76960cccc2aa558e", kill_on_drop: false }`
[INFO] [stderr] warning: virtual workspace defaulting to `resolver = "1"` despite one or more workspace members being on edition 2021 which implies `resolver = "2"`
[INFO] [stderr] note: to keep the current resolver, specify `workspace.resolver = "1"` in the workspace root's manifest
[INFO] [stderr] note: to use the edition 2021 resolver, specify `workspace.resolver = "2"` in the workspace root's manifest
[INFO] [stderr] note: for more details see https://doc.rust-lang.org/cargo/reference/resolver.html#resolver-versions
[INFO] [stderr]    Compiling proc-macro2 v1.0.47
[INFO] [stderr]    Compiling libc v0.2.138
[INFO] [stderr]    Compiling quote v1.0.21
[INFO] [stderr]    Compiling unicode-ident v1.0.5
[INFO] [stderr]    Compiling syn v1.0.105
[INFO] [stderr]    Compiling pkg-config v0.3.26
[INFO] [stderr]    Compiling log v0.4.17
[INFO] [stderr]     Checking smallvec v1.10.0
[INFO] [stderr]     Checking once_cell v1.16.0
[INFO] [stderr]    Compiling cc v1.0.77
[INFO] [stderr]    Compiling lock_api v0.4.9
[INFO] [stderr]     Checking dlib v0.5.0
[INFO] [stderr]    Compiling parking_lot_core v0.9.5
[INFO] [stderr]    Compiling crossbeam-utils v0.8.14
[INFO] [stderr]    Compiling serde_derive v1.0.150
[INFO] [stderr]    Compiling wayland-sys v0.29.5
[INFO] [stderr]     Checking miniz_oxide v0.6.2
[INFO] [stderr]     Checking scoped-tls v1.0.1
[INFO] [stderr]    Compiling cmake v0.1.49
[INFO] [stderr]    Compiling thiserror v1.0.37
[INFO] [stderr]    Compiling khronos_api v3.1.0
[INFO] [stderr]    Compiling wayland-scanner v0.29.5
[INFO] [stderr]    Compiling serde v1.0.150
[INFO] [stderr]    Compiling memoffset v0.7.1
[INFO] [stderr]     Checking nom v7.1.1
[INFO] [stderr]     Checking flate2 v1.0.25
[INFO] [stderr]    Compiling freetype-sys v0.13.1
[INFO] [stderr]    Compiling expat-sys v2.1.6
[INFO] [stderr]     Checking nix v0.24.3
[INFO] [stderr]     Checking getrandom v0.2.8
[INFO] [stderr]    Compiling servo-fontconfig-sys v5.1.0
[INFO] [stderr]    Compiling crossbeam-epoch v0.9.13
[INFO] [stderr]     Checking parking_lot v0.12.1
[INFO] [stderr]    Compiling gl_generator v0.14.0
[INFO] [stderr]     Checking nix v0.25.1
[INFO] [stderr]    Compiling smithay-client-toolkit v0.16.0
[INFO] [stderr]    Compiling ahash v0.8.2
[INFO] [stderr]    Compiling wayland-client v0.29.5
[INFO] [stderr]    Compiling wayland-protocols v0.29.5
[INFO] [stderr]     Checking ttf-parser v0.17.1
[INFO] [stderr]     Checking xcursor v0.3.4
[INFO] [stderr]     Checking wayland-commons v0.29.5
[INFO] [stderr]     Checking png v0.17.7
[INFO] [stderr]     Checking num_cpus v1.15.0
[INFO] [stderr]     Checking memmap2 v0.5.8
[INFO] [stderr]    Compiling crossfont v0.5.1
[INFO] [stderr]    Compiling x11-dl v2.20.1
[INFO] [stderr]     Checking percent-encoding v2.2.0
[INFO] [stderr]     Checking ab_glyph_rasterizer v0.1.7
[INFO] [stderr]     Checking foreign-types-shared v0.3.1
[INFO] [stderr]     Checking arrayref v0.3.6
[INFO] [stderr]     Checking tinyvec_macros v0.1.0
[INFO] [stderr]     Checking servo-fontconfig v0.5.1
[INFO] [stderr]     Checking crossbeam-deque v0.8.2
[INFO] [stderr]     Checking tinyvec v1.6.0
[INFO] [stderr]     Checking freetype-rs v0.26.0
[INFO] [stderr]     Checking crossbeam-channel v0.5.6
[INFO] [stderr]     Checking tracing-core v0.1.30
[INFO] [stderr]    Compiling rayon-core v1.10.1
[INFO] [stderr]     Checking owned_ttf_parser v0.17.1
[INFO] [stderr]     Checking pin-project-lite v0.2.9
[INFO] [stderr]     Checking nohash-hasher v0.2.0
[INFO] [stderr]     Checking ab_glyph v0.2.18
[INFO] [stderr]     Checking arrayvec v0.5.2
[INFO] [stderr]     Checking tracing v0.1.37
[INFO] [stderr]    Compiling num-traits v0.2.15
[INFO] [stderr]     Checking unicode-bidi v0.3.8
[INFO] [stderr]    Compiling anyhow v1.0.66
[INFO] [stderr]     Checking unicode-normalization v0.1.22
[INFO] [stderr]    Compiling serde_json v1.0.89
[INFO] [stderr]    Compiling futures-core v0.3.25
[INFO] [stderr]     Checking raw-window-handle v0.5.0
[INFO] [stderr]     Checking idna v0.3.0
[INFO] [stderr]     Checking raw-window-handle v0.4.3
[INFO] [stderr]     Checking form_urlencoded v1.1.0
[INFO] [stderr]    Compiling glutin_glx_sys v0.1.8
[INFO] [stderr]    Compiling glutin_egl_sys v0.1.6
[INFO] [stderr]     Checking nix v0.22.3
[INFO] [stderr]     Checking mio v0.8.5
[INFO] [stderr]     Checking gethostname v0.2.3
[INFO] [stderr]     Checking ryu v1.0.11
[INFO] [stderr]     Checking itoa v1.0.4
[INFO] [stderr]     Checking either v1.8.0
[INFO] [stderr]     Checking url v2.3.1
[INFO] [stderr]     Checking rayon v1.6.1
[INFO] [stderr]     Checking wayland-cursor v0.29.5
[INFO] [stderr]     Checking nanorand v0.7.0
[INFO] [stderr]     Checking shared_library v0.1.9
[INFO] [stderr]     Checking spin v0.9.4
[INFO] [stderr]    Compiling crossbeam-queue v0.3.8
[INFO] [stderr]     Checking regex-syntax v0.6.28
[INFO] [stderr]    Compiling winapi v0.3.9
[INFO] [stderr]     Checking weezl v0.1.7
[INFO] [stderr]     Checking futures-sink v0.3.25
[INFO] [stderr]     Checking num-integer v0.1.45
[INFO] [stderr]     Checking osmesa-sys v0.1.2
[INFO] [stderr]     Checking webbrowser v0.7.1
[INFO] [stderr]     Checking wayland-egl v0.29.5
[INFO] [stderr]     Checking threadpool v1.8.1
[INFO] [stderr]     Checking atty v0.2.14
[INFO] [stderr]     Checking lebe v0.5.2
[INFO] [stderr]     Checking termcolor v1.1.3
[INFO] [stderr]     Checking half v2.2.0
[INFO] [stderr]     Checking regex v1.7.0
[INFO] [stderr]     Checking humantime v2.1.0
[INFO] [stderr]     Checking bit_field v0.10.1
[INFO] [stderr]     Checking gif v0.11.4
[INFO] [stderr]     Checking num-rational v0.4.1
[INFO] [stderr]     Checking scoped_threadpool v0.1.9
[INFO] [stderr]     Checking windows v0.43.0
[INFO] [stderr]     Checking crossbeam v0.8.2
[INFO] [stderr]     Checking vigem-client v0.1.4
[INFO] [stderr]     Checking jpeg-decoder v0.3.0
[INFO] [stdout] error[E0433]: failed to resolve: could not find `um` in `winapi`
[INFO] [stdout]  --> /opt/rustwide/cargo-home/registry/src/index.crates.io-6f17d22bba15001f/vigem-client-0.1.4/src/bus.rs:4:13
[INFO] [stdout]   |
[INFO] [stdout] 4 | use winapi::um::handleapi::*;
[INFO] [stdout]   |             ^^ could not find `um` in `winapi`
[INFO] [stdout] 
[INFO] [stdout] 
[INFO] [stdout] error[E0433]: failed to resolve: could not find `um` in `winapi`
[INFO] [stdout]  --> /opt/rustwide/cargo-home/registry/src/index.crates.io-6f17d22bba15001f/vigem-client-0.1.4/src/bus.rs:5:13
[INFO] [stdout]   |
[INFO] [stdout] 5 | use winapi::um::ioapiset::*;
[INFO] [stdout]   |             ^^ could not find `um` in `winapi`
[INFO] [stdout] 
[INFO] [stdout] 
[INFO] [stdout] error[E0433]: failed to resolve: could not find `um` in `winapi`
[INFO] [stdout]  --> /opt/rustwide/cargo-home/registry/src/index.crates.io-6f17d22bba15001f/vigem-client-0.1.4/src/bus.rs:6:13
[INFO] [stdout]   |
[INFO] [stdout] 6 | use winapi::um::minwinbase::*;
[INFO] [stdout]   |             ^^ could not find `um` in `winapi`
[INFO] [stdout] 
[INFO] [stdout] 
[INFO] [stdout] error[E0433]: failed to resolve: could not find `um` in `winapi`
[INFO] [stdout]  --> /opt/rustwide/cargo-home/registry/src/index.crates.io-6f17d22bba15001f/vigem-client-0.1.4/src/bus.rs:7:13
[INFO] [stdout]   |
[INFO] [stdout] 7 | use winapi::um::synchapi::*;
[INFO] [stdout]   |             ^^ could not find `um` in `winapi`
[INFO] [stdout] 
[INFO] [stdout] 
[INFO] [stdout] error[E0433]: failed to resolve: could not find `um` in `winapi`
[INFO] [stdout]  --> /opt/rustwide/cargo-home/registry/src/index.crates.io-6f17d22bba15001f/vigem-client-0.1.4/src/bus.rs:8:13
[INFO] [stdout]   |
[INFO] [stdout] 8 | use winapi::um::errhandlingapi::*;
[INFO] [stdout]   |             ^^ could not find `um` in `winapi`
[INFO] [stdout] 
[INFO] [stdout] 
[INFO] [stdout] error[E0433]: failed to resolve: could not find `shared` in `winapi`
[INFO] [stdout]   --> /opt/rustwide/cargo-home/registry/src/index.crates.io-6f17d22bba15001f/vigem-client-0.1.4/src/bus.rs:10:13
[INFO] [stdout]    |
[INFO] [stdout] 10 | use winapi::shared::ntdef::HANDLE;
[INFO] [stdout]    |             ^^^^^^ could not find `shared` in `winapi`
[INFO] [stdout] 
[INFO] [stdout] 
[INFO] [stdout] error[E0433]: failed to resolve: could not find `shared` in `winapi`
[INFO] [stdout]   --> /opt/rustwide/cargo-home/registry/src/index.crates.io-6f17d22bba15001f/vigem-client-0.1.4/src/bus.rs:11:13
[INFO] [stdout]    |
[INFO] [stdout] 11 | use winapi::shared::guiddef::GUID;
[INFO] [stdout]    |             ^^^^^^ could not find `shared` in `winapi`
[INFO] [stdout] 
[INFO] [stdout] 
[INFO] [stdout] error[E0433]: failed to resolve: could not find `um` in `winapi`
[INFO] [stdout]  --> /opt/rustwide/cargo-home/registry/src/index.crates.io-6f17d22bba15001f/vigem-client-0.1.4/src/event.rs:2:13
[INFO] [stdout]   |
[INFO] [stdout] 2 | use winapi::um::handleapi::*;
[INFO] [stdout]   |             ^^ could not find `um` in `winapi`
[INFO] [stdout] 
[INFO] [stdout] 
[INFO] [stdout] error[E0433]: failed to resolve: could not find `um` in `winapi`
[INFO] [stdout]  --> /opt/rustwide/cargo-home/registry/src/index.crates.io-6f17d22bba15001f/vigem-client-0.1.4/src/event.rs:3:13
[INFO] [stdout]   |
[INFO] [stdout] 3 | use winapi::um::synchapi::*;
[INFO] [stdout]   |             ^^ could not find `um` in `winapi`
[INFO] [stdout] 
[INFO] [stdout] 
[INFO] [stdout] error[E0433]: failed to resolve: could not find `shared` in `winapi`
[INFO] [stdout]  --> /opt/rustwide/cargo-home/registry/src/index.crates.io-6f17d22bba15001f/vigem-client-0.1.4/src/event.rs:4:13
[INFO] [stdout]   |
[INFO] [stdout] 4 | use winapi::shared::ntdef::HANDLE;
[INFO] [stdout]   |             ^^^^^^ could not find `shared` in `winapi`
[INFO] [stdout] 
[INFO] [stdout] 
[INFO] [stdout] error[E0432]: unresolved import `winapi::shared`
[INFO] [stdout]  --> /opt/rustwide/cargo-home/registry/src/index.crates.io-6f17d22bba15001f/vigem-client-0.1.4/src/bus.rs:9:13
[INFO] [stdout]   |
[INFO] [stdout] 9 | use winapi::shared::winerror;
[INFO] [stdout]   |             ^^^^^^ could not find `shared` in `winapi`
[INFO] [stdout] 
[INFO] [stdout] 
[INFO] [stdout] error[E0433]: failed to resolve: could not find `um` in `winapi`
[INFO] [stdout]  --> /opt/rustwide/cargo-home/registry/src/index.crates.io-6f17d22bba15001f/vigem-client-0.1.4/src/client.rs:3:13
[INFO] [stdout]   |
[INFO] [stdout] 3 | use winapi::um::handleapi::*;
[INFO] [stdout]   |             ^^ could not find `um` in `winapi`
[INFO] [stdout] 
[INFO] [stdout] 
[INFO] [stdout] error[E0433]: failed to resolve: could not find `um` in `winapi`
[INFO] [stdout]  --> /opt/rustwide/cargo-home/registry/src/index.crates.io-6f17d22bba15001f/vigem-client-0.1.4/src/client.rs:4:13
[INFO] [stdout]   |
[INFO] [stdout] 4 | use winapi::um::setupapi::*;
[INFO] [stdout]   |             ^^ could not find `um` in `winapi`
[INFO] [stdout] 
[INFO] [stdout] 
[INFO] [stdout] error[E0433]: failed to resolve: could not find `um` in `winapi`
[INFO] [stdout]  --> /opt/rustwide/cargo-home/registry/src/index.crates.io-6f17d22bba15001f/vigem-client-0.1.4/src/client.rs:5:13
[INFO] [stdout]   |
[INFO] [stdout] 5 | use winapi::um::fileapi::*;
[INFO] [stdout]   |             ^^ could not find `um` in `winapi`
[INFO] [stdout] 
[INFO] [stdout] 
[INFO] [stdout] error[E0433]: failed to resolve: could not find `um` in `winapi`
[INFO] [stdout]  --> /opt/rustwide/cargo-home/registry/src/index.crates.io-6f17d22bba15001f/vigem-client-0.1.4/src/client.rs:6:13
[INFO] [stdout]   |
[INFO] [stdout] 6 | use winapi::um::winnt::*;
[INFO] [stdout]   |             ^^ could not find `um` in `winapi`
[INFO] [stdout] 
[INFO] [stdout] 
[INFO] [stdout] error[E0433]: failed to resolve: could not find `um` in `winapi`
[INFO] [stdout]  --> /opt/rustwide/cargo-home/registry/src/index.crates.io-6f17d22bba15001f/vigem-client-0.1.4/src/client.rs:7:13
[INFO] [stdout]   |
[INFO] [stdout] 7 | use winapi::um::winbase::*;
[INFO] [stdout]   |             ^^ could not find `um` in `winapi`
[INFO] [stdout] 
[INFO] [stdout] 
[INFO] [stdout] error[E0433]: failed to resolve: could not find `um` in `winapi`
[INFO] [stdout]  --> /opt/rustwide/cargo-home/registry/src/index.crates.io-6f17d22bba15001f/vigem-client-0.1.4/src/client.rs:8:13
[INFO] [stdout]   |
[INFO] [stdout] 8 | use winapi::um::errhandlingapi::*;
[INFO] [stdout]   |             ^^ could not find `um` in `winapi`
[INFO] [stdout] 
[INFO] [stdout] 
[INFO] [stdout] error[E0433]: failed to resolve: could not find `shared` in `winapi`
[INFO] [stdout]  --> /opt/rustwide/cargo-home/registry/src/index.crates.io-6f17d22bba15001f/vigem-client-0.1.4/src/client.rs:9:13
[INFO] [stdout]   |
[INFO] [stdout] 9 | use winapi::shared::ntdef::HANDLE;
[INFO] [stdout]   |             ^^^^^^ could not find `shared` in `winapi`
[INFO] [stdout] 
[INFO] [stdout] 
[INFO] [stdout] error[E0433]: failed to resolve: could not find `um` in `winapi`
[INFO] [stdout]  --> /opt/rustwide/cargo-home/registry/src/index.crates.io-6f17d22bba15001f/vigem-client-0.1.4/src/x360.rs:5:13
[INFO] [stdout]   |
[INFO] [stdout] 5 | use winapi::um::xinput::XINPUT_GAMEPAD;
[INFO] [stdout]   |             ^^ could not find `um` in `winapi`
[INFO] [stdout] 
[INFO] [stdout] 
[INFO] [stdout] error[E0432]: unresolved import `std::os::windows`
[INFO] [stdout]  --> /opt/rustwide/cargo-home/registry/src/index.crates.io-6f17d22bba15001f/vigem-client-0.1.4/src/client.rs:2:14
[INFO] [stdout]   |
[INFO] [stdout] 2 | use std::os::windows::io as win_io;
[INFO] [stdout]   |              ^^^^^^^ could not find `windows` in `os`
[INFO] [stdout] 
[INFO] [stdout] 
[INFO] [stdout] error[E0432]: unresolved import `winapi::shared`
[INFO] [stdout]  --> /opt/rustwide/cargo-home/registry/src/index.crates.io-6f17d22bba15001f/vigem-client-0.1.4/src/x360.rs:6:13
[INFO] [stdout]   |
[INFO] [stdout] 6 | use winapi::shared::winerror;
[INFO] [stdout]   |             ^^^^^^ could not find `shared` in `winapi`
[INFO] [stdout] 
[INFO] [stdout] 
[INFO] [stdout] error[E0412]: cannot find type `OVERLAPPED` in this scope
[INFO] [stdout]   --> /opt/rustwide/cargo-home/registry/src/index.crates.io-6f17d22bba15001f/vigem-client-0.1.4/src/bus.rs:48:23
[INFO] [stdout]    |
[INFO] [stdout] 48 |         let mut overlapped: OVERLAPPED = mem::zeroed();
[INFO] [stdout]    |                             ^^^^^^^^^^ not found in this scope
[INFO] [stdout] 
[INFO] [stdout] 
[INFO] [stdout] error[E0412]: cannot find type `OVERLAPPED` in this scope
[INFO] [stdout]    --> /opt/rustwide/cargo-home/registry/src/index.crates.io-6f17d22bba15001f/vigem-client-0.1.4/src/bus.rs:100:23
[INFO] [stdout]     |
[INFO] [stdout] 100 |         let mut overlapped: OVERLAPPED = mem::zeroed();
[INFO] [stdout]     |                             ^^^^^^^^^^ not found in this scope
[INFO] [stdout] 
[INFO] [stdout] 
[INFO] [stdout] error[E0412]: cannot find type `OVERLAPPED` in this scope
[INFO] [stdout]    --> /opt/rustwide/cargo-home/registry/src/index.crates.io-6f17d22bba15001f/vigem-client-0.1.4/src/bus.rs:137:23
[INFO] [stdout]     |
[INFO] [stdout] 137 |         let mut overlapped: OVERLAPPED = mem::zeroed();
[INFO] [stdout]     |                             ^^^^^^^^^^ not found in this scope
[INFO] [stdout] 
[INFO] [stdout] 
[INFO] [stdout] error[E0412]: cannot find type `OVERLAPPED` in this scope
[INFO] [stdout]    --> /opt/rustwide/cargo-home/registry/src/index.crates.io-6f17d22bba15001f/vigem-client-0.1.4/src/bus.rs:178:23
[INFO] [stdout]     |
[INFO] [stdout] 178 |         let mut overlapped: OVERLAPPED = mem::zeroed();
[INFO] [stdout]     |                             ^^^^^^^^^^ not found in this scope
[INFO] [stdout] 
[INFO] [stdout] 
[INFO] [stdout] error[E0412]: cannot find type `OVERLAPPED` in this scope
[INFO] [stdout]    --> /opt/rustwide/cargo-home/registry/src/index.crates.io-6f17d22bba15001f/vigem-client-0.1.4/src/bus.rs:217:23
[INFO] [stdout]     |
[INFO] [stdout] 217 |         let mut overlapped: OVERLAPPED = mem::zeroed();
[INFO] [stdout]     |                             ^^^^^^^^^^ not found in this scope
[INFO] [stdout] 
[INFO] [stdout] 
[INFO] [stdout] error[E0412]: cannot find type `OVERLAPPED` in this scope
[INFO] [stdout]    --> /opt/rustwide/cargo-home/registry/src/index.crates.io-6f17d22bba15001f/vigem-client-0.1.4/src/bus.rs:390:23
[INFO] [stdout]     |
[INFO] [stdout] 390 |         let mut overlapped: OVERLAPPED = mem::zeroed();
[INFO] [stdout]     |                             ^^^^^^^^^^ not found in this scope
[INFO] [stdout] 
[INFO] [stdout] 
[INFO] [stdout] error[E0412]: cannot find type `SP_DEVICE_INTERFACE_DATA` in this scope
[INFO] [stdout]   --> /opt/rustwide/cargo-home/registry/src/index.crates.io-6f17d22bba15001f/vigem-client-0.1.4/src/client.rs:25:35
[INFO] [stdout]    |
[INFO] [stdout] 25 |             let mut device_interface_data: SP_DEVICE_INTERFACE_DATA = mem::zeroed();
[INFO] [stdout]    |                                            ^^^^^^^^^^^^^^^^^^^^^^^^ not found in this scope
[INFO] [stdout] 
[INFO] [stdout] 
[INFO] [stdout] error[E0425]: cannot find value `DIGCF_PRESENT` in this scope
[INFO] [stdout]   --> /opt/rustwide/cargo-home/registry/src/index.crates.io-6f17d22bba15001f/vigem-client-0.1.4/src/client.rs:34:5
[INFO] [stdout]    |
[INFO] [stdout] 34 |                 DIGCF_PRESENT | DIGCF_DEVICEINTERFACE);
[INFO] [stdout]    |                 ^^^^^^^^^^^^^ not found in this scope
[INFO] [stdout] 
[INFO] [stdout] 
[INFO] [stdout] error[E0425]: cannot find value `DIGCF_DEVICEINTERFACE` in this scope
[INFO] [stdout]   --> /opt/rustwide/cargo-home/registry/src/index.crates.io-6f17d22bba15001f/vigem-client-0.1.4/src/client.rs:34:21
[INFO] [stdout]    |
[INFO] [stdout] 34 |                 DIGCF_PRESENT | DIGCF_DEVICEINTERFACE);
[INFO] [stdout]    |                                 ^^^^^^^^^^^^^^^^^^^^^ not found in this scope
[INFO] [stdout] 
[INFO] [stdout] 
[INFO] [stdout] error[E0425]: cannot find value `INVALID_HANDLE_VALUE` in this scope
[INFO] [stdout]   --> /opt/rustwide/cargo-home/registry/src/index.crates.io-6f17d22bba15001f/vigem-client-0.1.4/src/client.rs:36:26
[INFO] [stdout]    |
[INFO] [stdout] 36 |             if device_info_set == INVALID_HANDLE_VALUE {
[INFO] [stdout]    |                                   ^^^^^^^^^^^^^^^^^^^^ not found in this scope
[INFO] [stdout] 
[INFO] [stdout] 
[INFO] [stdout] error[E0412]: cannot find type `PSP_DEVICE_INTERFACE_DETAIL_DATA_W` in this scope
[INFO] [stdout]   --> /opt/rustwide/cargo-home/registry/src/index.crates.io-6f17d22bba15001f/vigem-client-0.1.4/src/client.rs:52:62
[INFO] [stdout]    |
[INFO] [stdout] 52 |                 let detail_data_ptr = detail_data_buffer.as_mut_ptr() as PSP_DEVICE_INTERFACE_DETAIL_DATA_W;
[INFO] [stdout]    |                                                                          ^^^^^^^^^^^^^^^^^^^^^^^^^^^^^^^^^^ not found in this scope
[INFO] [stdout] 
[INFO] [stdout] 
[INFO] [stdout] error[E0412]: cannot find type `SP_DEVICE_INTERFACE_DETAIL_DATA_W` in this scope
[INFO] [stdout]   --> /opt/rustwide/cargo-home/registry/src/index.crates.io-6f17d22bba15001f/vigem-client-0.1.4/src/client.rs:53:68
[INFO] [stdout]    |
[INFO] [stdout] 53 |                 *ptr::addr_of_mut!((*detail_data_ptr).cbSize) = mem::size_of::<SP_DEVICE_INTERFACE_DETAIL_DATA_W>() as u32;
[INFO] [stdout]    |                                                                                ^^^^^^^^^^^^^^^^^^^^^^^^^^^^^^^^^ not found in this scope
[INFO] [stdout]    |
[INFO] [stdout] help: you might be missing a type parameter
[INFO] [stdout]    |
[INFO] [stdout] 18 | impl<SP_DEVICE_INTERFACE_DETAIL_DATA_W> Client {
[INFO] [stdout]    |     +++++++++++++++++++++++++++++++++++
[INFO] [stdout] 
[INFO] [stdout] 
[INFO] [stdout] error[E0425]: cannot find value `GENERIC_READ` in this scope
[INFO] [stdout]   --> /opt/rustwide/cargo-home/registry/src/index.crates.io-6f17d22bba15001f/vigem-client-0.1.4/src/client.rs:73:6
[INFO] [stdout]    |
[INFO] [stdout] 73 |                     GENERIC_READ | GENERIC_WRITE,
[INFO] [stdout]    |                     ^^^^^^^^^^^^ not found in this scope
[INFO] [stdout] 
[INFO] [stdout] 
[INFO] [stdout] error[E0425]: cannot find value `GENERIC_WRITE` in this scope
[INFO] [stdout]   --> /opt/rustwide/cargo-home/registry/src/index.crates.io-6f17d22bba15001f/vigem-client-0.1.4/src/client.rs:73:21
[INFO] [stdout]    |
[INFO] [stdout] 73 |                     GENERIC_READ | GENERIC_WRITE,
[INFO] [stdout]    |                                    ^^^^^^^^^^^^^ not found in this scope
[INFO] [stdout] 
[INFO] [stdout] 
[INFO] [stdout] error[E0425]: cannot find value `FILE_SHARE_READ` in this scope
[INFO] [stdout]   --> /opt/rustwide/cargo-home/registry/src/index.crates.io-6f17d22bba15001f/vigem-client-0.1.4/src/client.rs:74:6
[INFO] [stdout]    |
[INFO] [stdout] 74 |                     FILE_SHARE_READ | FILE_SHARE_WRITE,
[INFO] [stdout]    |                     ^^^^^^^^^^^^^^^ not found in this scope
[INFO] [stdout] 
[INFO] [stdout] 
[INFO] [stdout] error[E0425]: cannot find value `FILE_SHARE_WRITE` in this scope
[INFO] [stdout]   --> /opt/rustwide/cargo-home/registry/src/index.crates.io-6f17d22bba15001f/vigem-client-0.1.4/src/client.rs:74:24
[INFO] [stdout]    |
[INFO] [stdout] 74 |                     FILE_SHARE_READ | FILE_SHARE_WRITE,
[INFO] [stdout]    |                                       ^^^^^^^^^^^^^^^^ not found in this scope
[INFO] [stdout] 
[INFO] [stdout] 
[INFO] [stdout] error[E0425]: cannot find value `OPEN_EXISTING` in this scope
[INFO] [stdout]   --> /opt/rustwide/cargo-home/registry/src/index.crates.io-6f17d22bba15001f/vigem-client-0.1.4/src/client.rs:76:6
[INFO] [stdout]    |
[INFO] [stdout] 76 |                     OPEN_EXISTING,
[INFO] [stdout]    |                     ^^^^^^^^^^^^^ not found in this scope
[INFO] [stdout] 
[INFO] [stdout] 
[INFO] [stdout] error[E0425]: cannot find value `FILE_ATTRIBUTE_NORMAL` in this scope
[INFO] [stdout]   --> /opt/rustwide/cargo-home/registry/src/index.crates.io-6f17d22bba15001f/vigem-client-0.1.4/src/client.rs:77:6
[INFO] [stdout]    |
[INFO] [stdout] 77 |                     FILE_ATTRIBUTE_NORMAL | FILE_FLAG_NO_BUFFERING | FILE_FLAG_WRITE_THROUGH | FILE_FLAG_OVERLAPPED,
[INFO] [stdout]    |                     ^^^^^^^^^^^^^^^^^^^^^ not found in this scope
[INFO] [stdout] 
[INFO] [stdout] 
[INFO] [stdout] error[E0425]: cannot find value `FILE_FLAG_NO_BUFFERING` in this scope
[INFO] [stdout]   --> /opt/rustwide/cargo-home/registry/src/index.crates.io-6f17d22bba15001f/vigem-client-0.1.4/src/client.rs:77:30
[INFO] [stdout]    |
[INFO] [stdout] 77 |                     FILE_ATTRIBUTE_NORMAL | FILE_FLAG_NO_BUFFERING | FILE_FLAG_WRITE_THROUGH | FILE_FLAG_OVERLAPPED,
[INFO] [stdout]    |                                             ^^^^^^^^^^^^^^^^^^^^^^ not found in this scope
[INFO] [stdout] 
[INFO] [stdout] 
[INFO] [stdout] error[E0425]: cannot find value `FILE_FLAG_WRITE_THROUGH` in this scope
[INFO] [stdout]   --> /opt/rustwide/cargo-home/registry/src/index.crates.io-6f17d22bba15001f/vigem-client-0.1.4/src/client.rs:77:55
[INFO] [stdout]    |
[INFO] [stdout] 77 |                     FILE_ATTRIBUTE_NORMAL | FILE_FLAG_NO_BUFFERING | FILE_FLAG_WRITE_THROUGH | FILE_FLAG_OVERLAPPED,
[INFO] [stdout]    |                                                                      ^^^^^^^^^^^^^^^^^^^^^^^ not found in this scope
[INFO] [stdout] 
[INFO] [stdout] 
[INFO] [stdout] error[E0425]: cannot find value `FILE_FLAG_OVERLAPPED` in this scope
[INFO] [stdout]   --> /opt/rustwide/cargo-home/registry/src/index.crates.io-6f17d22bba15001f/vigem-client-0.1.4/src/client.rs:77:81
[INFO] [stdout]    |
[INFO] [stdout] 77 |                     FILE_ATTRIBUTE_NORMAL | FILE_FLAG_NO_BUFFERING | FILE_FLAG_WRITE_THROUGH | FILE_FLAG_OVERLAPPED,
[INFO] [stdout]    |                                                                                                ^^^^^^^^^^^^^^^^^^^^ not found in this scope
[INFO] [stdout] 
[INFO] [stdout] 
[INFO] [stdout] error[E0425]: cannot find value `INVALID_HANDLE_VALUE` in this scope
[INFO] [stdout]   --> /opt/rustwide/cargo-home/registry/src/index.crates.io-6f17d22bba15001f/vigem-client-0.1.4/src/client.rs:80:18
[INFO] [stdout]    |
[INFO] [stdout] 80 |                 if device == INVALID_HANDLE_VALUE {
[INFO] [stdout]    |                              ^^^^^^^^^^^^^^^^^^^^ not found in this scope
[INFO] [stdout] 
[INFO] [stdout] 
[INFO] [stdout] error[E0425]: cannot find value `GENERIC_READ` in this scope
[INFO] [stdout]    --> /opt/rustwide/cargo-home/registry/src/index.crates.io-6f17d22bba15001f/vigem-client-0.1.4/src/client.rs:110:5
[INFO] [stdout]     |
[INFO] [stdout] 110 |                 GENERIC_READ | GENERIC_WRITE, 0, DUPLICATE_SAME_ACCESS);
[INFO] [stdout]     |                 ^^^^^^^^^^^^ not found in this scope
[INFO] [stdout] 
[INFO] [stdout] 
[INFO] [stdout] error[E0425]: cannot find value `GENERIC_WRITE` in this scope
[INFO] [stdout]    --> /opt/rustwide/cargo-home/registry/src/index.crates.io-6f17d22bba15001f/vigem-client-0.1.4/src/client.rs:110:20
[INFO] [stdout]     |
[INFO] [stdout] 110 |                 GENERIC_READ | GENERIC_WRITE, 0, DUPLICATE_SAME_ACCESS);
[INFO] [stdout]     |                                ^^^^^^^^^^^^^ not found in this scope
[INFO] [stdout] 
[INFO] [stdout] 
[INFO] [stdout] error[E0425]: cannot find value `DUPLICATE_SAME_ACCESS` in this scope
[INFO] [stdout]    --> /opt/rustwide/cargo-home/registry/src/index.crates.io-6f17d22bba15001f/vigem-client-0.1.4/src/client.rs:110:38
[INFO] [stdout]     |
[INFO] [stdout] 110 |                 GENERIC_READ | GENERIC_WRITE, 0, DUPLICATE_SAME_ACCESS);
[INFO] [stdout]     |                                                  ^^^^^^^^^^^^^^^^^^^^^ not found in this scope
[INFO] [stdout] 
[INFO] [stdout] 
[INFO] [stdout] error[E0425]: cannot find function, tuple struct or tuple variant `CreateEventW` in this scope
[INFO] [stdout]   --> /opt/rustwide/cargo-home/registry/src/index.crates.io-6f17d22bba15001f/vigem-client-0.1.4/src/bus.rs:49:23
[INFO] [stdout]    |
[INFO] [stdout] 49 |         overlapped.hEvent = CreateEventW(ptr::null_mut(), 0, 0, ptr::null());
[INFO] [stdout]    |                             ^^^^^^^^^^^^ not found in this scope
[INFO] [stdout] 
[INFO] [stdout] 
[INFO] [stdout] error[E0425]: cannot find function, tuple struct or tuple variant `DeviceIoControl` in this scope
[INFO] [stdout]   --> /opt/rustwide/cargo-home/registry/src/index.crates.io-6f17d22bba15001f/vigem-client-0.1.4/src/bus.rs:51:3
[INFO] [stdout]    |
[INFO] [stdout] 51 |         DeviceIoControl(
[INFO] [stdout]    |         ^^^^^^^^^^^^^^^ not found in this scope
[INFO] [stdout] 
[INFO] [stdout] 
[INFO] [stdout] error[E0425]: cannot find function, tuple struct or tuple variant `GetOverlappedResult` in this scope
[INFO] [stdout]   --> /opt/rustwide/cargo-home/registry/src/index.crates.io-6f17d22bba15001f/vigem-client-0.1.4/src/bus.rs:61:17
[INFO] [stdout]    |
[INFO] [stdout] 61 |         let success = GetOverlappedResult(device, &mut overlapped, &mut transferred, /*bWait: */1);
[INFO] [stdout]    |                       ^^^^^^^^^^^^^^^^^^^ not found in this scope
[INFO] [stdout] 
[INFO] [stdout] 
[INFO] [stdout] error[E0425]: cannot find function, tuple struct or tuple variant `CloseHandle` in this scope
[INFO] [stdout]   --> /opt/rustwide/cargo-home/registry/src/index.crates.io-6f17d22bba15001f/vigem-client-0.1.4/src/bus.rs:62:3
[INFO] [stdout]    |
[INFO] [stdout] 62 |         CloseHandle(overlapped.hEvent);
[INFO] [stdout]    |         ^^^^^^^^^^^ not found in this scope
[INFO] [stdout] 
[INFO] [stdout] 
[INFO] [stdout] error[E0425]: cannot find function, tuple struct or tuple variant `DeviceIoControl` in this scope
[INFO] [stdout]    --> /opt/rustwide/cargo-home/registry/src/index.crates.io-6f17d22bba15001f/vigem-client-0.1.4/src/bus.rs:103:3
[INFO] [stdout]     |
[INFO] [stdout] 103 |         DeviceIoControl(
[INFO] [stdout]     |         ^^^^^^^^^^^^^^^ not found in this scope
[INFO] [stdout] 
[INFO] [stdout] 
[INFO] [stdout] error[E0425]: cannot find function, tuple struct or tuple variant `GetOverlappedResult` in this scope
[INFO] [stdout]    --> /opt/rustwide/cargo-home/registry/src/index.crates.io-6f17d22bba15001f/vigem-client-0.1.4/src/bus.rs:113:6
[INFO] [stdout]     |
[INFO] [stdout] 113 |         if GetOverlappedResult(device, &mut overlapped, &mut transferred, /*bWait: */1) == 0 {
[INFO] [stdout]     |            ^^^^^^^^^^^^^^^^^^^ not found in this scope
[INFO] [stdout] 
[INFO] [stdout] 
[INFO] [stdout] error[E0425]: cannot find function, tuple struct or tuple variant `GetLastError` in this scope
[INFO] [stdout]    --> /opt/rustwide/cargo-home/registry/src/index.crates.io-6f17d22bba15001f/vigem-client-0.1.4/src/bus.rs:114:15
[INFO] [stdout]     |
[INFO] [stdout] 114 |             return Err(GetLastError());
[INFO] [stdout]     |                        ^^^^^^^^^^^^ not found in this scope
[INFO] [stdout] 
[INFO] [stdout] 
[INFO] [stdout] error[E0425]: cannot find function, tuple struct or tuple variant `DeviceIoControl` in this scope
[INFO] [stdout]    --> /opt/rustwide/cargo-home/registry/src/index.crates.io-6f17d22bba15001f/vigem-client-0.1.4/src/bus.rs:140:3
[INFO] [stdout]     |
[INFO] [stdout] 140 |         DeviceIoControl(
[INFO] [stdout]     |         ^^^^^^^^^^^^^^^ not found in this scope
[INFO] [stdout] 
[INFO] [stdout] 
[INFO] [stdout] error[E0425]: cannot find function, tuple struct or tuple variant `GetOverlappedResult` in this scope
[INFO] [stdout]    --> /opt/rustwide/cargo-home/registry/src/index.crates.io-6f17d22bba15001f/vigem-client-0.1.4/src/bus.rs:150:6
[INFO] [stdout]     |
[INFO] [stdout] 150 |         if GetOverlappedResult(device, &mut overlapped, &mut transferred, /*bWait: */1) == 0 {
[INFO] [stdout]     |            ^^^^^^^^^^^^^^^^^^^ not found in this scope
[INFO] [stdout] 
[INFO] [stdout] 
[INFO] [stdout] error[E0425]: cannot find function, tuple struct or tuple variant `GetLastError` in this scope
[INFO] [stdout]    --> /opt/rustwide/cargo-home/registry/src/index.crates.io-6f17d22bba15001f/vigem-client-0.1.4/src/bus.rs:151:14
[INFO] [stdout]     |
[INFO] [stdout] 151 |             let err = GetLastError();
[INFO] [stdout]     |                       ^^^^^^^^^^^^ not found in this scope
[INFO] [stdout] 
[INFO] [stdout] 
[INFO] [stdout] error[E0425]: cannot find function, tuple struct or tuple variant `DeviceIoControl` in this scope
[INFO] [stdout]    --> /opt/rustwide/cargo-home/registry/src/index.crates.io-6f17d22bba15001f/vigem-client-0.1.4/src/bus.rs:181:3
[INFO] [stdout]     |
[INFO] [stdout] 181 |         DeviceIoControl(
[INFO] [stdout]     |         ^^^^^^^^^^^^^^^ not found in this scope
[INFO] [stdout] 
[INFO] [stdout] 
[INFO] [stdout] error[E0425]: cannot find function, tuple struct or tuple variant `GetOverlappedResult` in this scope
[INFO] [stdout]    --> /opt/rustwide/cargo-home/registry/src/index.crates.io-6f17d22bba15001f/vigem-client-0.1.4/src/bus.rs:191:6
[INFO] [stdout]     |
[INFO] [stdout] 191 |         if GetOverlappedResult(device, &mut overlapped, &mut transferred, /*bWait: */1) == 0 {
[INFO] [stdout]     |            ^^^^^^^^^^^^^^^^^^^ not found in this scope
[INFO] [stdout] 
[INFO] [stdout] 
[INFO] [stdout] error[E0425]: cannot find function, tuple struct or tuple variant `GetLastError` in this scope
[INFO] [stdout]    --> /opt/rustwide/cargo-home/registry/src/index.crates.io-6f17d22bba15001f/vigem-client-0.1.4/src/bus.rs:192:15
[INFO] [stdout]     |
[INFO] [stdout] 192 |             return Err(GetLastError());
[INFO] [stdout]     |                        ^^^^^^^^^^^^ not found in this scope
[INFO] [stdout] 
[INFO] [stdout] 
[INFO] [stdout] error[E0425]: cannot find function, tuple struct or tuple variant `DeviceIoControl` in this scope
[INFO] [stdout]    --> /opt/rustwide/cargo-home/registry/src/index.crates.io-6f17d22bba15001f/vigem-client-0.1.4/src/bus.rs:220:3
[INFO] [stdout]     |
[INFO] [stdout] 220 |         DeviceIoControl(
[INFO] [stdout]     |         ^^^^^^^^^^^^^^^ not found in this scope
[INFO] [stdout] 
[INFO] [stdout] 
[INFO] [stdout] error[E0425]: cannot find function, tuple struct or tuple variant `GetOverlappedResult` in this scope
[INFO] [stdout]    --> /opt/rustwide/cargo-home/registry/src/index.crates.io-6f17d22bba15001f/vigem-client-0.1.4/src/bus.rs:230:6
[INFO] [stdout]     |
[INFO] [stdout] 230 |         if GetOverlappedResult(device, &mut overlapped, &mut transferred, /*bWait: */1) == 0 {
[INFO] [stdout]     |            ^^^^^^^^^^^^^^^^^^^ not found in this scope
[INFO] [stdout] 
[INFO] [stdout] 
[INFO] [stdout] error[E0425]: cannot find function, tuple struct or tuple variant `GetLastError` in this scope
[INFO] [stdout]    --> /opt/rustwide/cargo-home/registry/src/index.crates.io-6f17d22bba15001f/vigem-client-0.1.4/src/bus.rs:231:15
[INFO] [stdout]     |
[INFO] [stdout] 231 |             return Err(GetLastError());
[INFO] [stdout]     |                        ^^^^^^^^^^^^ not found in this scope
[INFO] [stdout] 
[INFO] [stdout] 
[INFO] [stdout] error[E0425]: cannot find function, tuple struct or tuple variant `DeviceIoControl` in this scope
[INFO] [stdout]    --> /opt/rustwide/cargo-home/registry/src/index.crates.io-6f17d22bba15001f/vigem-client-0.1.4/src/bus.rs:393:3
[INFO] [stdout]     |
[INFO] [stdout] 393 |         DeviceIoControl(
[INFO] [stdout]     |         ^^^^^^^^^^^^^^^ not found in this scope
[INFO] [stdout] 
[INFO] [stdout] 
[INFO] [stdout] error[E0425]: cannot find function, tuple struct or tuple variant `GetOverlappedResult` in this scope
[INFO] [stdout]    --> /opt/rustwide/cargo-home/registry/src/index.crates.io-6f17d22bba15001f/vigem-client-0.1.4/src/bus.rs:403:6
[INFO] [stdout]     |
[INFO] [stdout] 403 |         if GetOverlappedResult(device, &mut overlapped, &mut transferred, /*bWait: */1) == 0 {
[INFO] [stdout]     |            ^^^^^^^^^^^^^^^^^^^ not found in this scope
[INFO] [stdout] 
[INFO] [stdout] 
[INFO] [stdout] error[E0425]: cannot find function, tuple struct or tuple variant `GetLastError` in this scope
[INFO] [stdout]    --> /opt/rustwide/cargo-home/registry/src/index.crates.io-6f17d22bba15001f/vigem-client-0.1.4/src/bus.rs:404:15
[INFO] [stdout]     |
[INFO] [stdout] 404 |             return Err(GetLastError());
[INFO] [stdout]     |                        ^^^^^^^^^^^^ not found in this scope
[INFO] [stdout] 
[INFO] [stdout] 
[INFO] [stdout] error[E0425]: cannot find function, tuple struct or tuple variant `CreateEventW` in this scope
[INFO] [stdout]   --> /opt/rustwide/cargo-home/registry/src/index.crates.io-6f17d22bba15001f/vigem-client-0.1.4/src/event.rs:14:17
[INFO] [stdout]    |
[INFO] [stdout] 14 |             let handle = CreateEventW(ptr::null_mut(), manual_reset as i32, initial_state as i32, ptr::null());
[INFO] [stdout]    |                          ^^^^^^^^^^^^ not found in this scope
[INFO] [stdout] 
[INFO] [stdout] 
[INFO] [stdout] error[E0425]: cannot find function, tuple struct or tuple variant `ResetEvent` in this scope
[INFO] [stdout]   --> /opt/rustwide/cargo-home/registry/src/index.crates.io-6f17d22bba15001f/vigem-client-0.1.4/src/event.rs:22:12
[INFO] [stdout]    |
[INFO] [stdout] 22 |         unsafe { ResetEvent(self.handle) };
[INFO] [stdout]    |                  ^^^^^^^^^^ not found in this scope
[INFO] [stdout] 
[INFO] [stdout] 
[INFO] [stdout] error[E0425]: cannot find function, tuple struct or tuple variant `CloseHandle` in this scope
[INFO] [stdout]   --> /opt/rustwide/cargo-home/registry/src/index.crates.io-6f17d22bba15001f/vigem-client-0.1.4/src/event.rs:40:12
[INFO] [stdout]    |
[INFO] [stdout] 40 |         unsafe { CloseHandle(self.handle) };
[INFO] [stdout]    |                  ^^^^^^^^^^^ not found in this scope
[INFO] [stdout] 
[INFO] [stdout] 
[INFO] [stdout] error[E0425]: cannot find function, tuple struct or tuple variant `SetupDiGetClassDevsW` in this scope
[INFO] [stdout]   --> /opt/rustwide/cargo-home/registry/src/index.crates.io-6f17d22bba15001f/vigem-client-0.1.4/src/client.rs:30:26
[INFO] [stdout]    |
[INFO] [stdout] 30 |             let device_info_set = SetupDiGetClassDevsW(
[INFO] [stdout]    |                                   ^^^^^^^^^^^^^^^^^^^^ not found in this scope
[INFO] [stdout] 
[INFO] [stdout] 
[INFO] [stdout] error[E0425]: cannot find function, tuple struct or tuple variant `GetLastError` in this scope
[INFO] [stdout]   --> /opt/rustwide/cargo-home/registry/src/index.crates.io-6f17d22bba15001f/vigem-client-0.1.4/src/client.rs:37:32
[INFO] [stdout]    |
[INFO] [stdout] 37 |                 return Err(Error::WinError(GetLastError()));
[INFO] [stdout]    |                                            ^^^^^^^^^^^^ not found in this scope
[INFO] [stdout] 
[INFO] [stdout] 
[INFO] [stdout] error[E0425]: cannot find function, tuple struct or tuple variant `SetupDiEnumDeviceInterfaces` in this scope
[INFO] [stdout]   --> /opt/rustwide/cargo-home/registry/src/index.crates.io-6f17d22bba15001f/vigem-client-0.1.4/src/client.rs:41:10
[INFO] [stdout]    |
[INFO] [stdout] 41 |             while SetupDiEnumDeviceInterfaces(
[INFO] [stdout]    |                   ^^^^^^^^^^^^^^^^^^^^^^^^^^^ not found in this scope
[INFO] [stdout] 
[INFO] [stdout] 
[INFO] [stdout] error[E0425]: cannot find function, tuple struct or tuple variant `SetupDiGetDeviceInterfaceDetailW` in this scope
[INFO] [stdout]   --> /opt/rustwide/cargo-home/registry/src/index.crates.io-6f17d22bba15001f/vigem-client-0.1.4/src/client.rs:57:8
[INFO] [stdout]    |
[INFO] [stdout] 57 |                 if SetupDiGetDeviceInterfaceDetailW(
[INFO] [stdout]    |                    ^^^^^^^^^^^^^^^^^^^^^^^^^^^^^^^^ not found in this scope
[INFO] [stdout] 
[INFO] [stdout] 
[INFO] [stdout] error[E0425]: cannot find function, tuple struct or tuple variant `GetLastError` in this scope
[INFO] [stdout]   --> /opt/rustwide/cargo-home/registry/src/index.crates.io-6f17d22bba15001f/vigem-client-0.1.4/src/client.rs:65:30
[INFO] [stdout]    |
[INFO] [stdout] 65 |                     error = Error::WinError(GetLastError());
[INFO] [stdout]    |                                             ^^^^^^^^^^^^ not found in this scope
[INFO] [stdout] 
[INFO] [stdout] 
[INFO] [stdout] error[E0425]: cannot find function, tuple struct or tuple variant `CreateFileW` in this scope
[INFO] [stdout]   --> /opt/rustwide/cargo-home/registry/src/index.crates.io-6f17d22bba15001f/vigem-client-0.1.4/src/client.rs:71:18
[INFO] [stdout]    |
[INFO] [stdout] 71 |                 let device = CreateFileW(
[INFO] [stdout]    |                              ^^^^^^^^^^^ not found in this scope
[INFO] [stdout] 
[INFO] [stdout] 
[INFO] [stdout] error[E0425]: cannot find function, tuple struct or tuple variant `GetLastError` in this scope
[INFO] [stdout]   --> /opt/rustwide/cargo-home/registry/src/index.crates.io-6f17d22bba15001f/vigem-client-0.1.4/src/client.rs:81:37
[INFO] [stdout]    |
[INFO] [stdout] 81 |                     error = Error::BusAccessFailed(GetLastError());
[INFO] [stdout]    |                                                    ^^^^^^^^^^^^ not found in this scope
[INFO] [stdout] 
[INFO] [stdout] 
[INFO] [stdout] error[E0425]: cannot find function, tuple struct or tuple variant `SetupDiDestroyDeviceInfoList` in this scope
[INFO] [stdout]   --> /opt/rustwide/cargo-home/registry/src/index.crates.io-6f17d22bba15001f/vigem-client-0.1.4/src/client.rs:87:6
[INFO] [stdout]    |
[INFO] [stdout] 87 |                     SetupDiDestroyDeviceInfoList(device_info_set);
[INFO] [stdout]    |                     ^^^^^^^^^^^^^^^^^^^^^^^^^^^^ not found in this scope
[INFO] [stdout] 
[INFO] [stdout] 
[INFO] [stdout] error[E0425]: cannot find function, tuple struct or tuple variant `CloseHandle` in this scope
[INFO] [stdout]   --> /opt/rustwide/cargo-home/registry/src/index.crates.io-6f17d22bba15001f/vigem-client-0.1.4/src/client.rs:92:5
[INFO] [stdout]    |
[INFO] [stdout] 92 |                 CloseHandle(device);
[INFO] [stdout]    |                 ^^^^^^^^^^^ not found in this scope
[INFO] [stdout] 
[INFO] [stdout] 
[INFO] [stdout] error[E0425]: cannot find function, tuple struct or tuple variant `SetupDiDestroyDeviceInfoList` in this scope
[INFO] [stdout]   --> /opt/rustwide/cargo-home/registry/src/index.crates.io-6f17d22bba15001f/vigem-client-0.1.4/src/client.rs:96:4
[INFO] [stdout]    |
[INFO] [stdout] 96 |             SetupDiDestroyDeviceInfoList(device_info_set);
[INFO] [stdout]    |             ^^^^^^^^^^^^^^^^^^^^^^^^^^^^ not found in this scope
[INFO] [stdout] 
[INFO] [stdout] 
[INFO] [stdout] error[E0425]: cannot find function, tuple struct or tuple variant `DuplicateHandle` in this scope
[INFO] [stdout]    --> /opt/rustwide/cargo-home/registry/src/index.crates.io-6f17d22bba15001f/vigem-client-0.1.4/src/client.rs:107:18
[INFO] [stdout]     |
[INFO] [stdout] 107 |             let success = DuplicateHandle(
[INFO] [stdout]     |                           ^^^^^^^^^^^^^^^ not found in this scope
[INFO] [stdout] 
[INFO] [stdout] 
[INFO] [stdout] error[E0425]: cannot find function, tuple struct or tuple variant `GetLastError` in this scope
[INFO] [stdout]    --> /opt/rustwide/cargo-home/registry/src/index.crates.io-6f17d22bba15001f/vigem-client-0.1.4/src/client.rs:112:15
[INFO] [stdout]     |
[INFO] [stdout] 112 |                 let err = GetLastError();
[INFO] [stdout]     |                           ^^^^^^^^^^^^ not found in this scope
[INFO] [stdout] 
[INFO] [stdout] 
[INFO] [stdout] error[E0425]: cannot find function, tuple struct or tuple variant `CloseHandle` in this scope
[INFO] [stdout]    --> /opt/rustwide/cargo-home/registry/src/index.crates.io-6f17d22bba15001f/vigem-client-0.1.4/src/client.rs:146:4
[INFO] [stdout]     |
[INFO] [stdout] 146 |             CloseHandle(self.device);
[INFO] [stdout]     |             ^^^^^^^^^^^ not found in this scope
[INFO] [stdout] 
[INFO] [stdout] 
[INFO] [stdout] error: aborting due to 81 previous errors
[INFO] [stdout] 
[INFO] [stdout] 
[INFO] [stdout] Some errors have detailed explanations: E0412, E0425, E0432, E0433.
[INFO] [stdout] 
[INFO] [stdout] For more information about an error, try `rustc --explain E0412`.
[INFO] [stdout] 
[INFO] [stderr] error: could not compile `vigem-client` (lib) due to 82 previous errors
[INFO] [stderr] warning: build failed, waiting for other jobs to finish...
[INFO] running `Command { std: "docker" "inspect" "304206b6dbdbbcab9a50227314b6aad42c72618e4ac514ae76960cccc2aa558e", kill_on_drop: false }`
[INFO] running `Command { std: "docker" "rm" "-f" "304206b6dbdbbcab9a50227314b6aad42c72618e4ac514ae76960cccc2aa558e", kill_on_drop: false }`
[INFO] [stdout] 304206b6dbdbbcab9a50227314b6aad42c72618e4ac514ae76960cccc2aa558e
