[INFO] cloning repository https://github.com/ajh/intermix
[INFO] running `Command { std: "git" "-c" "credential.helper=" "-c" "credential.helper=/workspace/cargo-home/bin/git-credential-null" "clone" "--bare" "https://github.com/ajh/intermix" "/workspace/cache/git-repos/https%3A%2F%2Fgithub.com%2Fajh%2Fintermix", kill_on_drop: false }`
[INFO] [stderr] Cloning into bare repository '/workspace/cache/git-repos/https%3A%2F%2Fgithub.com%2Fajh%2Fintermix'...
[INFO] running `Command { std: "git" "rev-parse" "HEAD", kill_on_drop: false }`
[INFO] [stdout] e75b81c05b58250b162fc929836a644bed85e6e1
[INFO] documenting ajh/intermix against 1.75.0 for beta-1.76-rustdoc-1
[INFO] running `Command { std: "git" "clone" "/workspace/cache/git-repos/https%3A%2F%2Fgithub.com%2Fajh%2Fintermix" "/workspace/builds/worker-6-tc1/source", kill_on_drop: false }`
[INFO] [stderr] Cloning into '/workspace/builds/worker-6-tc1/source'...
[INFO] [stderr] done.
[INFO] validating manifest of git repo https://github.com/ajh/intermix on toolchain 1.75.0
[INFO] running `Command { std: CARGO_HOME="/workspace/cargo-home" RUSTUP_HOME="/workspace/rustup-home" "/workspace/cargo-home/bin/cargo" "+1.75.0" "metadata" "--manifest-path" "Cargo.toml" "--no-deps", kill_on_drop: false }`
[INFO] started tweaking git repo https://github.com/ajh/intermix
[INFO] finished tweaking git repo https://github.com/ajh/intermix
[INFO] tweaked toml for git repo https://github.com/ajh/intermix written to /workspace/builds/worker-6-tc1/source/Cargo.toml
[INFO] crate git repo https://github.com/ajh/intermix already has a lockfile, it will not be regenerated
[INFO] running `Command { std: CARGO_HOME="/workspace/cargo-home" RUSTUP_HOME="/workspace/rustup-home" "/workspace/cargo-home/bin/cargo" "+1.75.0" "fetch" "--manifest-path" "Cargo.toml", kill_on_drop: false }`
[INFO] [stderr]     Updating crates.io index
[INFO] [stderr]  Downloading crates ...
[INFO] [stderr]   Downloaded strsim v0.3.0
[INFO] [stderr]   Downloaded ego-tree v0.1.0
[INFO] [stderr]   Downloaded ioctl-rs v0.1.5
[INFO] [stderr]   Downloaded ordered-float v0.1.0
[INFO] [stderr]   Downloaded serde-value v0.2.1
[INFO] [stderr]   Downloaded pty v0.1.6
[INFO] [stderr]   Downloaded serde_yaml v0.2.4
[INFO] [stderr]   Downloaded antidote v0.1.0
[INFO] [stderr]   Downloaded aho-corasick v0.5.1
[INFO] [stderr]   Downloaded euclid v0.6.6
[INFO] [stderr]   Downloaded serde v0.7.0
[INFO] [stderr]   Downloaded docopt v0.6.80
[INFO] [stderr]   Downloaded gcc v0.3.27
[INFO] [stderr]   Downloaded nix v0.4.2
[INFO] [stderr]   Downloaded log4rs v0.4.3
[INFO] [stderr]   Downloaded libc v0.2.10
[INFO] [stderr]   Downloaded itertools v0.4.13
[INFO] [stderr]   Downloaded chrono v0.2.22
[INFO] [stderr]   Downloaded vterm-sys v0.1.0
[INFO] [stderr]   Downloaded regex-syntax v0.3.1
[INFO] [stderr]   Downloaded regex v0.1.67
[INFO] [stderr]   Downloaded yaml-rust v0.3.2
[INFO] [stderr]   Downloaded winapi v0.2.6
[INFO] running `Command { std: "docker" "create" "-v" "/var/lib/crater-agent-workspace/builds/worker-6-tc1/target:/opt/rustwide/target:rw,Z" "-v" "/var/lib/crater-agent-workspace/builds/worker-6-tc1/source:/opt/rustwide/workdir:ro,Z" "-v" "/var/lib/crater-agent-workspace/cargo-home:/opt/rustwide/cargo-home:ro,Z" "-v" "/var/lib/crater-agent-workspace/rustup-home:/opt/rustwide/rustup-home:ro,Z" "-e" "SOURCE_DIR=/opt/rustwide/workdir" "-e" "CARGO_TARGET_DIR=/opt/rustwide/target" "-e" "CARGO_HOME=/opt/rustwide/cargo-home" "-e" "RUSTUP_HOME=/opt/rustwide/rustup-home" "-w" "/opt/rustwide/workdir" "-m" "1610612736" "--user" "0:0" "--network" "none" "ghcr.io/rust-lang/crates-build-env/linux@sha256:2788e3201cd34a07e3172128adcd8b3090168a8e3bcc40d7c032b9dda1df7d1c" "/opt/rustwide/cargo-home/bin/cargo" "+1.75.0" "metadata" "--no-deps" "--format-version=1", kill_on_drop: false }`
[INFO] [stdout] db3f817d287dbc9cf21e6a88ff13818e9bd5c908d5cd1448778110300adc5779
[INFO] running `Command { std: "docker" "start" "-a" "db3f817d287dbc9cf21e6a88ff13818e9bd5c908d5cd1448778110300adc5779", kill_on_drop: false }`
[INFO] running `Command { std: "docker" "inspect" "db3f817d287dbc9cf21e6a88ff13818e9bd5c908d5cd1448778110300adc5779", kill_on_drop: false }`
[INFO] running `Command { std: "docker" "rm" "-f" "db3f817d287dbc9cf21e6a88ff13818e9bd5c908d5cd1448778110300adc5779", kill_on_drop: false }`
[INFO] [stdout] db3f817d287dbc9cf21e6a88ff13818e9bd5c908d5cd1448778110300adc5779
[INFO] running `Command { std: "docker" "create" "-v" "/var/lib/crater-agent-workspace/builds/worker-6-tc1/target:/opt/rustwide/target:rw,Z" "-v" "/var/lib/crater-agent-workspace/builds/worker-6-tc1/source:/opt/rustwide/workdir:ro,Z" "-v" "/var/lib/crater-agent-workspace/cargo-home:/opt/rustwide/cargo-home:ro,Z" "-v" "/var/lib/crater-agent-workspace/rustup-home:/opt/rustwide/rustup-home:ro,Z" "-e" "SOURCE_DIR=/opt/rustwide/workdir" "-e" "CARGO_TARGET_DIR=/opt/rustwide/target" "-e" "CARGO_INCREMENTAL=0" "-e" "RUST_BACKTRACE=full" "-e" "RUSTFLAGS=--cap-lints=warn" "-e" "RUSTDOCFLAGS=--cap-lints=warn" "-e" "CARGO_HOME=/opt/rustwide/cargo-home" "-e" "RUSTUP_HOME=/opt/rustwide/rustup-home" "-w" "/opt/rustwide/workdir" "-m" "1610612736" "--user" "0:0" "--network" "none" "ghcr.io/rust-lang/crates-build-env/linux@sha256:2788e3201cd34a07e3172128adcd8b3090168a8e3bcc40d7c032b9dda1df7d1c" "/opt/rustwide/cargo-home/bin/cargo" "+1.75.0" "doc" "--frozen" "--no-deps" "--document-private-items" "--message-format=json", kill_on_drop: false }`
[INFO] [stdout] b82e12f255a1ef93ef2ccb70cdb3d17a19cd1d4bfbb06f1ac50a12cad2a63dc9
[INFO] running `Command { std: "docker" "start" "-a" "b82e12f255a1ef93ef2ccb70cdb3d17a19cd1d4bfbb06f1ac50a12cad2a63dc9", kill_on_drop: false }`
[INFO] [stderr]     Checking libc v0.2.10
[INFO] [stderr]    Compiling winapi-build v0.1.1
[INFO] [stderr]     Checking winapi v0.2.6
[INFO] [stderr]     Checking num-traits v0.1.32
[INFO] [stderr]     Checking rustc-serialize v0.3.19
[INFO] [stderr]    Compiling glob v0.2.11
[INFO] [stderr]     Checking log v0.3.6
[INFO] [stderr]     Checking traitobject v0.0.3
[INFO] [stderr]    Compiling gcc v0.3.27
[INFO] [stderr]     Checking serde v0.7.0
[INFO] [stderr]     Checking utf8-ranges v0.1.3
[INFO] [stderr]     Checking bitflags v0.3.3
[INFO] [stderr]     Checking regex-syntax v0.3.1
[INFO] [stderr]     Checking yaml-rust v0.3.2
[INFO] [stderr]     Checking libc v0.1.12
[INFO] [stderr]     Checking crossbeam v0.2.9
[INFO] [stderr]     Checking antidote v0.1.0
[INFO] [stderr]     Checking strsim v0.3.0
[INFO] [stderr]     Checking unsafe-any v0.4.1
[INFO] [stderr]     Checking itertools v0.4.13
[INFO] [stderr]     Checking ego-tree v0.1.0
[INFO] [stderr]    Compiling kernel32-sys v0.2.2
[INFO] [stdout] error[E0642]: patterns aren't allowed in functions without bodies
[INFO] [stdout]    --> /opt/rustwide/cargo-home/registry/src/index.crates.io-6f17d22bba15001f/rustc-serialize-0.3.19/src/serialize.rs:147:45
[INFO] [stdout]     |
[INFO] [stdout] 147 | ...                   &f_name: &str,
[INFO] [stdout]     |                       ^^^^^^^ pattern not allowed in function without body
[INFO] [stdout] 
[INFO] [stdout] 
[INFO] [stderr]     Checking typemap v0.3.3
[INFO] [stderr]     Checking nix v0.4.2
[INFO] [stderr]     Checking memchr v0.1.11
[INFO] [stderr]     Checking rand v0.3.14
[INFO] [stderr]     Checking termios v0.2.2
[INFO] [stderr]     Checking ioctl-rs v0.1.5
[INFO] [stderr]     Checking aho-corasick v0.5.1
[INFO] [stderr]     Checking num-integer v0.1.32
[INFO] [stderr]    Compiling vterm-sys v0.1.0
[INFO] [stderr]     Checking thread-id v2.0.0
[INFO] [stderr]     Checking time v0.1.35
[INFO] [stderr]     Checking term v0.4.4
[INFO] [stderr]     Checking thread_local v0.2.5
[INFO] [stderr]     Checking num-iter v0.1.32
[INFO] [stderr]     Checking num v0.1.32
[INFO] [stderr]     Checking ordered-float v0.1.0
[INFO] [stderr]     Checking chrono v0.2.22
[INFO] [stdout] error[E0591]: can't transmute zero-sized type
[INFO] [stdout]    --> /opt/rustwide/cargo-home/registry/src/index.crates.io-6f17d22bba15001f/nix-0.4.2/src/sched.rs:168:20
[INFO] [stdout]     |
[INFO] [stdout] 168 |         ffi::clone(mem::transmute(callback), ptr as *mut c_void, flags, &mut cb)
[INFO] [stdout]     |                    ^^^^^^^^^^^^^^
[INFO] [stdout]     |
[INFO] [stdout]     = note: source type: for<'a> extern "C" fn(*mut Box<(dyn FnMut() -> isize + 'a)>) -> i32 {callback}
[INFO] [stdout]     = note: target type: *const for<'a> extern "C" fn(*const Box<(dyn FnMut() -> isize + 'a)>) -> i32
[INFO] [stdout]     = help: cast with `as` to a pointer instead
[INFO] [stdout] 
[INFO] [stdout] 
[INFO] [stderr] error: failed to run custom build command for `vterm-sys v0.1.0`
[INFO] [stderr] note: To improve backtraces for build dependencies, set the CARGO_PROFILE_DEV_BUILD_OVERRIDE_DEBUG=true environment variable to enable debug information generation.
[INFO] [stderr] 
[INFO] [stderr] Caused by:
[INFO] [stderr]   process didn't exit successfully: `/opt/rustwide/target/debug/build/vterm-sys-5549b2d4d4414f51/build-script-build` (exit status: 101)
[INFO] [stderr]   --- stdout
[INFO] [stderr]   TARGET = Some("x86_64-unknown-linux-gnu")
[INFO] [stderr]   OPT_LEVEL = Some("0")
[INFO] [stderr]   PROFILE = Some("debug")
[INFO] [stderr]   TARGET = Some("x86_64-unknown-linux-gnu")
[INFO] [stderr]   debug=true opt-level=0
[INFO] [stderr]   HOST = Some("x86_64-unknown-linux-gnu")
[INFO] [stderr]   TARGET = Some("x86_64-unknown-linux-gnu")
[INFO] [stderr]   TARGET = Some("x86_64-unknown-linux-gnu")
[INFO] [stderr]   HOST = Some("x86_64-unknown-linux-gnu")
[INFO] [stderr]   CC_x86_64-unknown-linux-gnu = None
[INFO] [stderr]   CC_x86_64_unknown_linux_gnu = None
[INFO] [stderr]   HOST_CC = None
[INFO] [stderr]   CC = None
[INFO] [stderr]   HOST = Some("x86_64-unknown-linux-gnu")
[INFO] [stderr]   TARGET = Some("x86_64-unknown-linux-gnu")
[INFO] [stderr]   HOST = Some("x86_64-unknown-linux-gnu")
[INFO] [stderr]   CFLAGS_x86_64-unknown-linux-gnu = None
[INFO] [stderr]   CFLAGS_x86_64_unknown_linux_gnu = None
[INFO] [stderr]   HOST_CFLAGS = None
[INFO] [stderr]   CFLAGS = None
[INFO] [stderr]   running: "cc" "-O0" "-ffunction-sections" "-fdata-sections" "-g" "-m64" "-fPIC" "-I" "/opt/rustwide/cargo-home/registry/src/index.crates.io-6f17d22bba15001f/vterm-sys-0.1.0/vendor/libvterm/include" "-I" "/opt/rustwide/cargo-home/registry/src/index.crates.io-6f17d22bba15001f/vterm-sys-0.1.0/vendor/libvterm/src" "-o" "/opt/rustwide/cargo-home/registry/src/index.crates.io-6f17d22bba15001f/vterm-sys-0.1.0/vendor/libvterm/src/encoding.o" "-c" "/opt/rustwide/cargo-home/registry/src/index.crates.io-6f17d22bba15001f/vterm-sys-0.1.0/vendor/libvterm/src/encoding.c"
[INFO] [stderr]   ExitStatus(unix_wait_status(256))
[INFO] [stderr] 
[INFO] [stderr] 
[INFO] [stderr]   command did not execute successfully, got: exit status: 1
[INFO] [stderr] 
[INFO] [stderr] 
[INFO] [stderr] 
[INFO] [stderr]   --- stderr
[INFO] [stderr]   Assembler messages:
[INFO] [stderr]   Fatal error: can't create /opt/rustwide/cargo-home/registry/src/index.crates.io-6f17d22bba15001f/vterm-sys-0.1.0/vendor/libvterm/src/encoding.o: Read-only file system
[INFO] [stderr]   thread 'main' panicked at /opt/rustwide/cargo-home/registry/src/index.crates.io-6f17d22bba15001f/gcc-0.3.27/src/lib.rs:834:5:
[INFO] [stderr]   explicit panic
[INFO] [stderr]   stack backtrace:
[INFO] [stderr]      0:     0x5602e007fdcc - std::backtrace_rs::backtrace::libunwind::trace::ha637c64ce894333a
[INFO] [stderr]                                  at /rustc/82e1608dfa6e0b5569232559e3d385fea5a93112/library/std/src/../../backtrace/src/backtrace/libunwind.rs:104:5
[INFO] [stderr]      1:     0x5602e007fdcc - std::backtrace_rs::backtrace::trace_unsynchronized::h47f62dea28e0c88d
[INFO] [stderr]                                  at /rustc/82e1608dfa6e0b5569232559e3d385fea5a93112/library/std/src/../../backtrace/src/backtrace/mod.rs:66:5
[INFO] [stderr]      2:     0x5602e007fdcc - std::sys_common::backtrace::_print_fmt::h9eef0abe20ede486
[INFO] [stderr]                                  at /rustc/82e1608dfa6e0b5569232559e3d385fea5a93112/library/std/src/sys_common/backtrace.rs:67:5
[INFO] [stderr]      3:     0x5602e007fdcc - <std::sys_common::backtrace::_print::DisplayBacktrace as core::fmt::Display>::fmt::hed7f999df88cc644
[INFO] [stderr]                                  at /rustc/82e1608dfa6e0b5569232559e3d385fea5a93112/library/std/src/sys_common/backtrace.rs:44:22
[INFO] [stderr]      4:     0x5602e00a5700 - core::fmt::rt::Argument::fmt::h1539a9308b8d058d
[INFO] [stderr]                                  at /rustc/82e1608dfa6e0b5569232559e3d385fea5a93112/library/core/src/fmt/rt.rs:142:9
[INFO] [stderr]      5:     0x5602e00a5700 - core::fmt::write::h3a39390d8560d9c9
[INFO] [stderr]                                  at /rustc/82e1608dfa6e0b5569232559e3d385fea5a93112/library/core/src/fmt/mod.rs:1120:17
[INFO] [stderr]      6:     0x5602e007d40f - std::io::Write::write_fmt::h5fc9997dfe05f882
[INFO] [stderr]                                  at /rustc/82e1608dfa6e0b5569232559e3d385fea5a93112/library/std/src/io/mod.rs:1762:15
[INFO] [stderr]      7:     0x5602e007fbb4 - std::sys_common::backtrace::_print::h894006fb5c6f3d45
[INFO] [stderr]                                  at /rustc/82e1608dfa6e0b5569232559e3d385fea5a93112/library/std/src/sys_common/backtrace.rs:47:5
[INFO] [stderr]      8:     0x5602e007fbb4 - std::sys_common::backtrace::print::h23a2d212c6fff936
[INFO] [stderr]                                  at /rustc/82e1608dfa6e0b5569232559e3d385fea5a93112/library/std/src/sys_common/backtrace.rs:34:9
[INFO] [stderr]      9:     0x5602e00812d7 - std::panicking::default_hook::{{closure}}::h8a1d2ee00185001a
[INFO] [stderr]     10:     0x5602e008103f - std::panicking::default_hook::h6038f2eba384e475
[INFO] [stderr]                                  at /rustc/82e1608dfa6e0b5569232559e3d385fea5a93112/library/std/src/panicking.rs:292:9
[INFO] [stderr]     11:     0x5602e0081758 - std::panicking::rust_panic_with_hook::h2b5517d590cab22e
[INFO] [stderr]                                  at /rustc/82e1608dfa6e0b5569232559e3d385fea5a93112/library/std/src/panicking.rs:779:13
[INFO] [stderr]     12:     0x5602e005821e - std::panicking::begin_panic::{{closure}}::hbed873404c915159
[INFO] [stderr]     13:     0x5602e005b0ea - std::sys_common::backtrace::__rust_end_short_backtrace::h237c745736ec1930
[INFO] [stderr]     14:     0x5602e005819b - std::panicking::begin_panic::h9c543e985d082c01
[INFO] [stderr]     15:     0x5602e0054d46 - gcc::fail::h626aeb082ea3de8d
[INFO] [stderr]     16:     0x5602e005489b - gcc::run::h329b549d0b0ef494
[INFO] [stderr]     17:     0x5602e004dca4 - gcc::Config::compile_object::h42268ad6b5ab0b01
[INFO] [stderr]     18:     0x5602e004d457 - gcc::Config::compile::h477e7c3043dd53c4
[INFO] [stderr]     19:     0x5602e002dd26 - build_script_build::main::h2b91a7be7d103c0d
[INFO] [stderr]     20:     0x5602e002d1c3 - core::ops::function::FnOnce::call_once::h9804352ee0990429
[INFO] [stderr]     21:     0x5602e002cfe6 - std::sys_common::backtrace::__rust_begin_short_backtrace::hc4fd9b7ac0ef32df
[INFO] [stderr]     22:     0x5602e002d039 - std::rt::lang_start::{{closure}}::h7233480d5fe6a50e
[INFO] [stderr]     23:     0x5602e0079ac7 - core::ops::function::impls::<impl core::ops::function::FnOnce<A> for &F>::call_once::hd95060ecd5e1ca24
[INFO] [stderr]                                  at /rustc/82e1608dfa6e0b5569232559e3d385fea5a93112/library/core/src/ops/function.rs:284:13
[INFO] [stderr]     24:     0x5602e0079ac7 - std::panicking::try::do_call::h6e8cf51db32a6e4b
[INFO] [stderr]                                  at /rustc/82e1608dfa6e0b5569232559e3d385fea5a93112/library/std/src/panicking.rs:552:40
[INFO] [stderr]     25:     0x5602e0079ac7 - std::panicking::try::h3a52eefe24fe3c29
[INFO] [stderr]                                  at /rustc/82e1608dfa6e0b5569232559e3d385fea5a93112/library/std/src/panicking.rs:516:19
[INFO] [stderr]     26:     0x5602e0079ac7 - std::panic::catch_unwind::h24c28c23c02c3841
[INFO] [stderr]                                  at /rustc/82e1608dfa6e0b5569232559e3d385fea5a93112/library/std/src/panic.rs:142:14
[INFO] [stderr]     27:     0x5602e0079ac7 - std::rt::lang_start_internal::{{closure}}::h705d3c9cbc06ef47
[INFO] [stderr]                                  at /rustc/82e1608dfa6e0b5569232559e3d385fea5a93112/library/std/src/rt.rs:148:48
[INFO] [stderr]     28:     0x5602e0079ac7 - std::panicking::try::do_call::ha21f52ba13158470
[INFO] [stderr]                                  at /rustc/82e1608dfa6e0b5569232559e3d385fea5a93112/library/std/src/panicking.rs:552:40
[INFO] [stderr]     29:     0x5602e0079ac7 - std::panicking::try::h5581346bf6aeb1f8
[INFO] [stderr]                                  at /rustc/82e1608dfa6e0b5569232559e3d385fea5a93112/library/std/src/panicking.rs:516:19
[INFO] [stderr]     30:     0x5602e0079ac7 - std::panic::catch_unwind::h7919645a6b72e25b
[INFO] [stderr]                                  at /rustc/82e1608dfa6e0b5569232559e3d385fea5a93112/library/std/src/panic.rs:142:14
[INFO] [stderr]     31:     0x5602e0079ac7 - std::rt::lang_start_internal::h12de51168669836e
[INFO] [stderr]                                  at /rustc/82e1608dfa6e0b5569232559e3d385fea5a93112/library/std/src/rt.rs:148:20
[INFO] [stderr]     32:     0x5602e002d017 - std::rt::lang_start::hdaf9087cf19b905e
[INFO] [stderr]     33:     0x5602e002dda5 - main
[INFO] [stderr]     34:     0x7f7ebc693d90 - <unknown>
[INFO] [stderr]     35:     0x7f7ebc693e40 - __libc_start_main
[INFO] [stderr]     36:     0x5602e002cdd5 - _start
[INFO] [stderr]     37:                0x0 - <unknown>
[INFO] [stderr] warning: build failed, waiting for other jobs to finish...
[INFO] [stdout] error: aborting due to previous error
[INFO] [stdout] 
[INFO] [stdout] 
[INFO] [stdout] For more information about this error, try `rustc --explain E0591`.
[INFO] [stdout] 
[INFO] [stderr] error: could not compile `nix` (lib) due to 2 previous errors
[INFO] [stdout] error: aborting due to previous error
[INFO] [stdout] 
[INFO] [stdout] 
[INFO] [stdout] For more information about this error, try `rustc --explain E0642`.
[INFO] [stdout] 
[INFO] [stderr] error: could not compile `rustc-serialize` (lib) due to 2 previous errors; 1 warning emitted
[INFO] [stdout] error: to use a constant of type `format::ParseError` in a pattern, `format::ParseError` must be annotated with `#[derive(PartialEq, Eq)]`
[INFO] [stdout]    --> /opt/rustwide/cargo-home/registry/src/index.crates.io-6f17d22bba15001f/chrono-0.2.22/src/format/parsed.rs:476:22
[INFO] [stdout]     |
[INFO] [stdout] 476 |                 (Err(OUT_OF_RANGE), _) | (_, Err(OUT_OF_RANGE)) => return Err(OUT_OF_RANGE),
[INFO] [stdout]     |                      ^^^^^^^^^^^^
[INFO] [stdout]     |
[INFO] [stdout]     = note: the traits must be derived, manual `impl`s are not sufficient
[INFO] [stdout]     = note: see https://doc.rust-lang.org/stable/std/marker/trait.StructuralEq.html for details
[INFO] [stdout] 
[INFO] [stdout] 
[INFO] [stdout] error: to use a constant of type `format::ParseError` in a pattern, `format::ParseError` must be annotated with `#[derive(PartialEq, Eq)]`
[INFO] [stdout]    --> /opt/rustwide/cargo-home/registry/src/index.crates.io-6f17d22bba15001f/chrono-0.2.22/src/format/parsed.rs:476:50
[INFO] [stdout]     |
[INFO] [stdout] 476 |                 (Err(OUT_OF_RANGE), _) | (_, Err(OUT_OF_RANGE)) => return Err(OUT_OF_RANGE),
[INFO] [stdout]     |                                                  ^^^^^^^^^^^^
[INFO] [stdout]     |
[INFO] [stdout]     = note: the traits must be derived, manual `impl`s are not sufficient
[INFO] [stdout]     = note: see https://doc.rust-lang.org/stable/std/marker/trait.StructuralEq.html for details
[INFO] [stdout] 
[INFO] [stdout] 
[INFO] [stdout] error: to use a constant of type `format::ParseError` in a pattern, `format::ParseError` must be annotated with `#[derive(PartialEq, Eq)]`
[INFO] [stdout]    --> /opt/rustwide/cargo-home/registry/src/index.crates.io-6f17d22bba15001f/chrono-0.2.22/src/format/parsed.rs:477:22
[INFO] [stdout]     |
[INFO] [stdout] 477 |                 (Err(IMPOSSIBLE), _) | (_, Err(IMPOSSIBLE)) => return Err(IMPOSSIBLE),
[INFO] [stdout]     |                      ^^^^^^^^^^
[INFO] [stdout]     |
[INFO] [stdout]     = note: the traits must be derived, manual `impl`s are not sufficient
[INFO] [stdout]     = note: see https://doc.rust-lang.org/stable/std/marker/trait.StructuralEq.html for details
[INFO] [stdout] 
[INFO] [stdout] 
[INFO] [stdout] error: to use a constant of type `format::ParseError` in a pattern, `format::ParseError` must be annotated with `#[derive(PartialEq, Eq)]`
[INFO] [stdout]    --> /opt/rustwide/cargo-home/registry/src/index.crates.io-6f17d22bba15001f/chrono-0.2.22/src/format/parsed.rs:477:48
[INFO] [stdout]     |
[INFO] [stdout] 477 |                 (Err(IMPOSSIBLE), _) | (_, Err(IMPOSSIBLE)) => return Err(IMPOSSIBLE),
[INFO] [stdout]     |                                                ^^^^^^^^^^
[INFO] [stdout]     |
[INFO] [stdout]     = note: the traits must be derived, manual `impl`s are not sufficient
[INFO] [stdout]     = note: see https://doc.rust-lang.org/stable/std/marker/trait.StructuralEq.html for details
[INFO] [stdout] 
[INFO] [stdout] 
[INFO] [stdout] error: aborting due to 4 previous errors
[INFO] [stdout] 
[INFO] [stdout] 
[INFO] [stderr] error: could not compile `chrono` (lib) due to 5 previous errors
[INFO] running `Command { std: "docker" "inspect" "b82e12f255a1ef93ef2ccb70cdb3d17a19cd1d4bfbb06f1ac50a12cad2a63dc9", kill_on_drop: false }`
[INFO] running `Command { std: "docker" "rm" "-f" "b82e12f255a1ef93ef2ccb70cdb3d17a19cd1d4bfbb06f1ac50a12cad2a63dc9", kill_on_drop: false }`
[INFO] [stdout] b82e12f255a1ef93ef2ccb70cdb3d17a19cd1d4bfbb06f1ac50a12cad2a63dc9
[INFO] documenting ajh/intermix against beta-2023-12-22 for beta-1.76-rustdoc-1
[INFO] running `Command { std: "git" "clone" "/workspace/cache/git-repos/https%3A%2F%2Fgithub.com%2Fajh%2Fintermix" "/workspace/builds/worker-6-tc2/source", kill_on_drop: false }`
[INFO] [stderr] Cloning into '/workspace/builds/worker-6-tc2/source'...
[INFO] [stderr] done.
[INFO] validating manifest of git repo https://github.com/ajh/intermix on toolchain beta-2023-12-22
[INFO] running `Command { std: CARGO_HOME="/workspace/cargo-home" RUSTUP_HOME="/workspace/rustup-home" "/workspace/cargo-home/bin/cargo" "+beta-2023-12-22" "metadata" "--manifest-path" "Cargo.toml" "--no-deps", kill_on_drop: false }`
[INFO] started tweaking git repo https://github.com/ajh/intermix
[INFO] finished tweaking git repo https://github.com/ajh/intermix
[INFO] tweaked toml for git repo https://github.com/ajh/intermix written to /workspace/builds/worker-6-tc2/source/Cargo.toml
[INFO] crate git repo https://github.com/ajh/intermix already has a lockfile, it will not be regenerated
[INFO] running `Command { std: CARGO_HOME="/workspace/cargo-home" RUSTUP_HOME="/workspace/rustup-home" "/workspace/cargo-home/bin/cargo" "+beta-2023-12-22" "fetch" "--manifest-path" "Cargo.toml", kill_on_drop: false }`
[INFO] running `Command { std: "docker" "create" "-v" "/var/lib/crater-agent-workspace/builds/worker-6-tc2/target:/opt/rustwide/target:rw,Z" "-v" "/var/lib/crater-agent-workspace/builds/worker-6-tc2/source:/opt/rustwide/workdir:ro,Z" "-v" "/var/lib/crater-agent-workspace/cargo-home:/opt/rustwide/cargo-home:ro,Z" "-v" "/var/lib/crater-agent-workspace/rustup-home:/opt/rustwide/rustup-home:ro,Z" "-e" "SOURCE_DIR=/opt/rustwide/workdir" "-e" "CARGO_TARGET_DIR=/opt/rustwide/target" "-e" "CARGO_HOME=/opt/rustwide/cargo-home" "-e" "RUSTUP_HOME=/opt/rustwide/rustup-home" "-w" "/opt/rustwide/workdir" "-m" "1610612736" "--user" "0:0" "--network" "none" "ghcr.io/rust-lang/crates-build-env/linux@sha256:2788e3201cd34a07e3172128adcd8b3090168a8e3bcc40d7c032b9dda1df7d1c" "/opt/rustwide/cargo-home/bin/cargo" "+beta-2023-12-22" "metadata" "--no-deps" "--format-version=1", kill_on_drop: false }`
[INFO] [stdout] 13264bab55314cadbee8292dcd316083473d662a3ca906222855957e1f95420e
[INFO] running `Command { std: "docker" "start" "-a" "13264bab55314cadbee8292dcd316083473d662a3ca906222855957e1f95420e", kill_on_drop: false }`
[INFO] running `Command { std: "docker" "inspect" "13264bab55314cadbee8292dcd316083473d662a3ca906222855957e1f95420e", kill_on_drop: false }`
[INFO] running `Command { std: "docker" "rm" "-f" "13264bab55314cadbee8292dcd316083473d662a3ca906222855957e1f95420e", kill_on_drop: false }`
[INFO] [stdout] 13264bab55314cadbee8292dcd316083473d662a3ca906222855957e1f95420e
[INFO] running `Command { std: "docker" "create" "-v" "/var/lib/crater-agent-workspace/builds/worker-6-tc2/target:/opt/rustwide/target:rw,Z" "-v" "/var/lib/crater-agent-workspace/builds/worker-6-tc2/source:/opt/rustwide/workdir:ro,Z" "-v" "/var/lib/crater-agent-workspace/cargo-home:/opt/rustwide/cargo-home:ro,Z" "-v" "/var/lib/crater-agent-workspace/rustup-home:/opt/rustwide/rustup-home:ro,Z" "-e" "SOURCE_DIR=/opt/rustwide/workdir" "-e" "CARGO_TARGET_DIR=/opt/rustwide/target" "-e" "CARGO_INCREMENTAL=0" "-e" "RUST_BACKTRACE=full" "-e" "RUSTFLAGS=--cap-lints=warn" "-e" "RUSTDOCFLAGS=--cap-lints=warn" "-e" "CARGO_HOME=/opt/rustwide/cargo-home" "-e" "RUSTUP_HOME=/opt/rustwide/rustup-home" "-w" "/opt/rustwide/workdir" "-m" "1610612736" "--user" "0:0" "--network" "none" "ghcr.io/rust-lang/crates-build-env/linux@sha256:2788e3201cd34a07e3172128adcd8b3090168a8e3bcc40d7c032b9dda1df7d1c" "/opt/rustwide/cargo-home/bin/cargo" "+beta-2023-12-22" "doc" "--frozen" "--no-deps" "--document-private-items" "--message-format=json", kill_on_drop: false }`
[INFO] [stdout] 3f4dc04882d29f9a140e6710dece5be59cba0d2ab642eb4ea7e75fa2a2fbfb6c
[INFO] running `Command { std: "docker" "start" "-a" "3f4dc04882d29f9a140e6710dece5be59cba0d2ab642eb4ea7e75fa2a2fbfb6c", kill_on_drop: false }`
[INFO] [stderr]     Checking libc v0.2.10
[INFO] [stderr]    Compiling winapi-build v0.1.1
[INFO] [stderr]     Checking winapi v0.2.6
[INFO] [stderr]     Checking num-traits v0.1.32
[INFO] [stderr]     Checking rustc-serialize v0.3.19
[INFO] [stderr]     Checking log v0.3.6
[INFO] [stderr]    Compiling gcc v0.3.27
[INFO] [stderr]     Checking serde v0.7.0
[INFO] [stderr]    Compiling glob v0.2.11
[INFO] [stderr]     Checking traitobject v0.0.3
[INFO] [stderr]     Checking bitflags v0.3.3
[INFO] [stderr]     Checking regex-syntax v0.3.1
[INFO] [stderr]     Checking yaml-rust v0.3.2
[INFO] [stderr]     Checking libc v0.1.12
[INFO] [stderr]     Checking utf8-ranges v0.1.3
[INFO] [stderr]     Checking crossbeam v0.2.9
[INFO] [stderr]     Checking strsim v0.3.0
[INFO] [stderr]     Checking antidote v0.1.0
[INFO] [stderr]     Checking unsafe-any v0.4.1
[INFO] [stderr]     Checking ego-tree v0.1.0
[INFO] [stdout] error[E0642]: patterns aren't allowed in functions without bodies
[INFO] [stdout]    --> /opt/rustwide/cargo-home/registry/src/index.crates.io-6f17d22bba15001f/rustc-serialize-0.3.19/src/serialize.rs:147:45
[INFO] [stdout]     |
[INFO] [stdout] 147 | ...                   &f_name: &str,
[INFO] [stdout]     |                       ^^^^^^^ pattern not allowed in function without body
[INFO] [stdout] 
[INFO] [stdout] 
[INFO] [stderr]     Checking itertools v0.4.13
[INFO] [stderr]    Compiling kernel32-sys v0.2.2
[INFO] [stderr]     Checking nix v0.4.2
[INFO] [stderr]     Checking typemap v0.3.3
[INFO] [stderr]     Checking memchr v0.1.11
[INFO] [stderr]     Checking rand v0.3.14
[INFO] [stderr]     Checking ioctl-rs v0.1.5
[INFO] [stderr]     Checking termios v0.2.2
[INFO] [stderr]     Checking aho-corasick v0.5.1
[INFO] [stdout] error[E0310]: the parameter type `T` may not live long enough
[INFO] [stdout]    --> /opt/rustwide/cargo-home/registry/src/index.crates.io-6f17d22bba15001f/rustc-serialize-0.3.19/src/serialize.rs:454:5
[INFO] [stdout]     |
[INFO] [stdout] 454 |     fn decode<D: Decoder>(d: &mut D) -> Result<Cow<'static, T>, D::Error> {
[INFO] [stdout]     |     ^^^^^^^^^^^^^^^^^^^^^^^^^^^^^^^^^^^^^^^^^^^^^^^^^^^^^^^^^^^^^^^^^^^^^
[INFO] [stdout]     |     |
[INFO] [stdout]     |     the parameter type `T` must be valid for the static lifetime...
[INFO] [stdout]     |     ...so that the type `T` will meet its required lifetime bounds...
[INFO] [stdout]     |
[INFO] [stdout] note: ...that is required by this bound
[INFO] [stdout]    --> /rustc/0e09125c6c3c2fd70d7de961bcf0e51575235fad/library/alloc/src/borrow.rs:180:30
[INFO] [stdout] help: consider adding an explicit lifetime bound
[INFO] [stdout]     |
[INFO] [stdout] 450 | impl<'a, T: ?Sized + 'static> Decodable for Cow<'a, T>
[INFO] [stdout]     |                    +++++++++
[INFO] [stdout] 
[INFO] [stdout] 
[INFO] [stderr]     Checking num-integer v0.1.32
[INFO] [stderr]     Checking thread-id v2.0.0
[INFO] [stderr]     Checking time v0.1.35
[INFO] [stderr]     Checking term v0.4.4
[INFO] [stderr]     Checking thread_local v0.2.5
[INFO] [stderr]     Checking num-iter v0.1.32
[INFO] [stderr]    Compiling vterm-sys v0.1.0
[INFO] [stderr]     Checking num v0.1.32
[INFO] [stderr]     Checking ordered-float v0.1.0
[INFO] [stdout] error[E0591]: can't transmute zero-sized type
[INFO] [stdout]    --> /opt/rustwide/cargo-home/registry/src/index.crates.io-6f17d22bba15001f/nix-0.4.2/src/sched.rs:168:20
[INFO] [stdout]     |
[INFO] [stdout] 168 |         ffi::clone(mem::transmute(callback), ptr as *mut c_void, flags, &mut cb)
[INFO] [stdout]     |                    ^^^^^^^^^^^^^^
[INFO] [stdout]     |
[INFO] [stdout]     = note: source type: for<'a> extern "C" fn(*mut Box<(dyn FnMut() -> isize + 'a)>) -> i32 {callback}
[INFO] [stdout]     = note: target type: *const for<'a> extern "C" fn(*const Box<(dyn FnMut() -> isize + 'a)>) -> i32
[INFO] [stdout]     = help: cast with `as` to a pointer instead
[INFO] [stdout] 
[INFO] [stdout] 
[INFO] [stderr]     Checking regex v0.1.67
[INFO] [stderr]     Checking chrono v0.2.22
[INFO] [stderr] error: failed to run custom build command for `vterm-sys v0.1.0`
[INFO] [stderr] note: To improve backtraces for build dependencies, set the CARGO_PROFILE_DEV_BUILD_OVERRIDE_DEBUG=true environment variable to enable debug information generation.
[INFO] [stderr] 
[INFO] [stderr] Caused by:
[INFO] [stderr]   process didn't exit successfully: `/opt/rustwide/target/debug/build/vterm-sys-ec436bb3e4be95f3/build-script-build` (exit status: 101)
[INFO] [stderr]   --- stdout
[INFO] [stderr]   TARGET = Some("x86_64-unknown-linux-gnu")
[INFO] [stderr]   OPT_LEVEL = Some("0")
[INFO] [stderr]   PROFILE = Some("debug")
[INFO] [stderr]   TARGET = Some("x86_64-unknown-linux-gnu")
[INFO] [stderr]   debug=true opt-level=0
[INFO] [stderr]   HOST = Some("x86_64-unknown-linux-gnu")
[INFO] [stderr]   TARGET = Some("x86_64-unknown-linux-gnu")
[INFO] [stderr]   TARGET = Some("x86_64-unknown-linux-gnu")
[INFO] [stderr]   HOST = Some("x86_64-unknown-linux-gnu")
[INFO] [stderr]   CC_x86_64-unknown-linux-gnu = None
[INFO] [stderr]   CC_x86_64_unknown_linux_gnu = None
[INFO] [stderr]   HOST_CC = None
[INFO] [stderr]   CC = None
[INFO] [stderr]   HOST = Some("x86_64-unknown-linux-gnu")
[INFO] [stderr]   TARGET = Some("x86_64-unknown-linux-gnu")
[INFO] [stderr]   HOST = Some("x86_64-unknown-linux-gnu")
[INFO] [stderr]   CFLAGS_x86_64-unknown-linux-gnu = None
[INFO] [stderr]   CFLAGS_x86_64_unknown_linux_gnu = None
[INFO] [stderr]   HOST_CFLAGS = None
[INFO] [stderr]   CFLAGS = None
[INFO] [stderr]   running: "cc" "-O0" "-ffunction-sections" "-fdata-sections" "-g" "-m64" "-fPIC" "-I" "/opt/rustwide/cargo-home/registry/src/index.crates.io-6f17d22bba15001f/vterm-sys-0.1.0/vendor/libvterm/include" "-I" "/opt/rustwide/cargo-home/registry/src/index.crates.io-6f17d22bba15001f/vterm-sys-0.1.0/vendor/libvterm/src" "-o" "/opt/rustwide/cargo-home/registry/src/index.crates.io-6f17d22bba15001f/vterm-sys-0.1.0/vendor/libvterm/src/encoding.o" "-c" "/opt/rustwide/cargo-home/registry/src/index.crates.io-6f17d22bba15001f/vterm-sys-0.1.0/vendor/libvterm/src/encoding.c"
[INFO] [stderr]   ExitStatus(unix_wait_status(256))
[INFO] [stderr] 
[INFO] [stderr] 
[INFO] [stderr]   command did not execute successfully, got: exit status: 1
[INFO] [stderr] 
[INFO] [stderr] 
[INFO] [stderr] 
[INFO] [stderr]   --- stderr
[INFO] [stderr]   Assembler messages:
[INFO] [stderr]   Fatal error: can't create /opt/rustwide/cargo-home/registry/src/index.crates.io-6f17d22bba15001f/vterm-sys-0.1.0/vendor/libvterm/src/encoding.o: Read-only file system
[INFO] [stderr]   thread 'main' panicked at /opt/rustwide/cargo-home/registry/src/index.crates.io-6f17d22bba15001f/gcc-0.3.27/src/lib.rs:834:5:
[INFO] [stderr]   explicit panic
[INFO] [stderr]   stack backtrace:
[INFO] [stderr]      0:     0x56427c72d5e6 - std::backtrace_rs::backtrace::libunwind::trace::h261606ad26a499c1
[INFO] [stderr]                                  at /rustc/0e09125c6c3c2fd70d7de961bcf0e51575235fad/library/std/src/../../backtrace/src/backtrace/libunwind.rs:104:5
[INFO] [stderr]      1:     0x56427c72d5e6 - std::backtrace_rs::backtrace::trace_unsynchronized::hd183f0625477fb28
[INFO] [stderr]                                  at /rustc/0e09125c6c3c2fd70d7de961bcf0e51575235fad/library/std/src/../../backtrace/src/backtrace/mod.rs:66:5
[INFO] [stderr]      2:     0x56427c72d5e6 - std::sys_common::backtrace::_print_fmt::hd7f8fef21b4eda67
[INFO] [stderr]                                  at /rustc/0e09125c6c3c2fd70d7de961bcf0e51575235fad/library/std/src/sys_common/backtrace.rs:68:5
[INFO] [stderr]      3:     0x56427c72d5e6 - <std::sys_common::backtrace::_print::DisplayBacktrace as core::fmt::Display>::fmt::h623d9b51f2f453f1
[INFO] [stderr]                                  at /rustc/0e09125c6c3c2fd70d7de961bcf0e51575235fad/library/std/src/sys_common/backtrace.rs:44:22
[INFO] [stderr]      4:     0x56427c752260 - core::fmt::rt::Argument::fmt::h9f417ac76a86f368
[INFO] [stderr]                                  at /rustc/0e09125c6c3c2fd70d7de961bcf0e51575235fad/library/core/src/fmt/rt.rs:142:9
[INFO] [stderr]      5:     0x56427c752260 - core::fmt::write::hc9b6faf4ac2aeff7
[INFO] [stderr]                                  at /rustc/0e09125c6c3c2fd70d7de961bcf0e51575235fad/library/core/src/fmt/mod.rs:1120:17
[INFO] [stderr]      6:     0x56427c72ad4f - std::io::Write::write_fmt::hfead1eee52c2e65e
[INFO] [stderr]                                  at /rustc/0e09125c6c3c2fd70d7de961bcf0e51575235fad/library/std/src/io/mod.rs:1810:15
[INFO] [stderr]      7:     0x56427c72d3c4 - std::sys_common::backtrace::_print::hd5d66399c7df88a2
[INFO] [stderr]                                  at /rustc/0e09125c6c3c2fd70d7de961bcf0e51575235fad/library/std/src/sys_common/backtrace.rs:47:5
[INFO] [stderr]      8:     0x56427c72d3c4 - std::sys_common::backtrace::print::he81ed2da642d37e5
[INFO] [stderr]                                  at /rustc/0e09125c6c3c2fd70d7de961bcf0e51575235fad/library/std/src/sys_common/backtrace.rs:34:9
[INFO] [stderr]      9:     0x56427c72eb37 - std::panicking::default_hook::{{closure}}::h85773f4fa117163d
[INFO] [stderr]     10:     0x56427c72e899 - std::panicking::default_hook::h6a1694a91d09b278
[INFO] [stderr]                                  at /rustc/0e09125c6c3c2fd70d7de961bcf0e51575235fad/library/std/src/panicking.rs:292:9
[INFO] [stderr]     11:     0x56427c72efc8 - std::panicking::rust_panic_with_hook::h0a7ad96e90f7145b
[INFO] [stderr]                                  at /rustc/0e09125c6c3c2fd70d7de961bcf0e51575235fad/library/std/src/panicking.rs:779:13
[INFO] [stderr]     12:     0x56427c7014ae - std::panicking::begin_panic::{{closure}}::ha0e63802b04de898
[INFO] [stderr]     13:     0x56427c6f0aca - std::sys_common::backtrace::__rust_end_short_backtrace::h678055002800ebcb
[INFO] [stderr]     14:     0x56427c70142b - std::panicking::begin_panic::h47926cf39270699e
[INFO] [stderr]     15:     0x56427c701216 - gcc::fail::h2e67ac6fb54dfd73
[INFO] [stderr]     16:     0x56427c700d7b - gcc::run::h30d49840e79e4121
[INFO] [stderr]     17:     0x56427c6fa19d - gcc::Config::compile_object::hc0d608992d768cd0
[INFO] [stderr]     18:     0x56427c6f9958 - gcc::Config::compile::h9ee8f08dbc0fb9cd
[INFO] [stderr]     19:     0x56427c6dad9e - build_script_build::main::h0999d3570eaeafda
[INFO] [stderr]     20:     0x56427c6da1b3 - core::ops::function::FnOnce::call_once::h407f32505fbb476c
[INFO] [stderr]     21:     0x56427c6da016 - std::sys_common::backtrace::__rust_begin_short_backtrace::ha61629b3dcf24097
[INFO] [stderr]     22:     0x56427c6da069 - std::rt::lang_start::{{closure}}::hb26944f63f155aef
[INFO] [stderr]     23:     0x56427c727171 - core::ops::function::impls::<impl core::ops::function::FnOnce<A> for &F>::call_once::h4eb4c5e1620f29b0
[INFO] [stderr]                                  at /rustc/0e09125c6c3c2fd70d7de961bcf0e51575235fad/library/core/src/ops/function.rs:284:13
[INFO] [stderr]     24:     0x56427c727171 - std::panicking::try::do_call::h73fd26535faffcdf
[INFO] [stderr]                                  at /rustc/0e09125c6c3c2fd70d7de961bcf0e51575235fad/library/std/src/panicking.rs:552:40
[INFO] [stderr]     25:     0x56427c727171 - std::panicking::try::h77ff1d98f0fb9f39
[INFO] [stderr]                                  at /rustc/0e09125c6c3c2fd70d7de961bcf0e51575235fad/library/std/src/panicking.rs:516:19
[INFO] [stderr]     26:     0x56427c727171 - std::panic::catch_unwind::hab3caf2448b95e37
[INFO] [stderr]                                  at /rustc/0e09125c6c3c2fd70d7de961bcf0e51575235fad/library/std/src/panic.rs:142:14
[INFO] [stderr]     27:     0x56427c727171 - std::rt::lang_start_internal::{{closure}}::h8086711f9c783f78
[INFO] [stderr]                                  at /rustc/0e09125c6c3c2fd70d7de961bcf0e51575235fad/library/std/src/rt.rs:148:48
[INFO] [stderr]     28:     0x56427c727171 - std::panicking::try::do_call::hf920d4dc291cd6ca
[INFO] [stderr]                                  at /rustc/0e09125c6c3c2fd70d7de961bcf0e51575235fad/library/std/src/panicking.rs:552:40
[INFO] [stderr]     29:     0x56427c727171 - std::panicking::try::h2b806ccc0a85db74
[INFO] [stderr]                                  at /rustc/0e09125c6c3c2fd70d7de961bcf0e51575235fad/library/std/src/panicking.rs:516:19
[INFO] [stderr]     30:     0x56427c727171 - std::panic::catch_unwind::h038489539c507df2
[INFO] [stderr]                                  at /rustc/0e09125c6c3c2fd70d7de961bcf0e51575235fad/library/std/src/panic.rs:142:14
[INFO] [stderr]     31:     0x56427c727171 - std::rt::lang_start_internal::h28503b88912e8a5c
[INFO] [stderr]                                  at /rustc/0e09125c6c3c2fd70d7de961bcf0e51575235fad/library/std/src/rt.rs:148:20
[INFO] [stderr]     32:     0x56427c6da047 - std::rt::lang_start::h2b297625bdd0e50e
[INFO] [stderr]     33:     0x56427c6dae15 - main
[INFO] [stderr]     34:     0x7f5597df7d90 - <unknown>
[INFO] [stderr]     35:     0x7f5597df7e40 - __libc_start_main
[INFO] [stderr]     36:     0x56427c6d9e15 - _start
[INFO] [stderr]     37:                0x0 - <unknown>
[INFO] [stderr] warning: build failed, waiting for other jobs to finish...
[INFO] [stdout] error: aborting due to 1 previous error
[INFO] [stdout] 
[INFO] [stdout] 
[INFO] [stdout] For more information about this error, try `rustc --explain E0591`.
[INFO] [stdout] 
[INFO] [stderr] error: could not compile `nix` (lib) due to 2 previous errors
[INFO] [stdout] error: aborting due to 2 previous errors
[INFO] [stdout] 
[INFO] [stdout] 
[INFO] [stdout] Some errors have detailed explanations: E0310, E0642.
[INFO] [stdout] 
[INFO] [stdout] For more information about an error, try `rustc --explain E0310`.
[INFO] [stdout] 
[INFO] [stderr] error: could not compile `rustc-serialize` (lib) due to 3 previous errors
[INFO] [stdout] error: to use a constant of type `format::ParseError` in a pattern, `format::ParseError` must be annotated with `#[derive(PartialEq, Eq)]`
[INFO] [stdout]    --> /opt/rustwide/cargo-home/registry/src/index.crates.io-6f17d22bba15001f/chrono-0.2.22/src/format/parsed.rs:476:22
[INFO] [stdout]     |
[INFO] [stdout] 476 |                 (Err(OUT_OF_RANGE), _) | (_, Err(OUT_OF_RANGE)) => return Err(OUT_OF_RANGE),
[INFO] [stdout]     |                      ^^^^^^^^^^^^
[INFO] [stdout]     |
[INFO] [stdout]     = note: the traits must be derived, manual `impl`s are not sufficient
[INFO] [stdout]     = note: see https://doc.rust-lang.org/stable/std/marker/trait.StructuralEq.html for details
[INFO] [stdout] 
[INFO] [stdout] 
[INFO] [stdout] error: to use a constant of type `format::ParseError` in a pattern, `format::ParseError` must be annotated with `#[derive(PartialEq, Eq)]`
[INFO] [stdout]    --> /opt/rustwide/cargo-home/registry/src/index.crates.io-6f17d22bba15001f/chrono-0.2.22/src/format/parsed.rs:476:50
[INFO] [stdout]     |
[INFO] [stdout] 476 |                 (Err(OUT_OF_RANGE), _) | (_, Err(OUT_OF_RANGE)) => return Err(OUT_OF_RANGE),
[INFO] [stdout]     |                                                  ^^^^^^^^^^^^
[INFO] [stdout]     |
[INFO] [stdout]     = note: the traits must be derived, manual `impl`s are not sufficient
[INFO] [stdout]     = note: see https://doc.rust-lang.org/stable/std/marker/trait.StructuralEq.html for details
[INFO] [stdout] 
[INFO] [stdout] 
[INFO] [stdout] error: to use a constant of type `format::ParseError` in a pattern, `format::ParseError` must be annotated with `#[derive(PartialEq, Eq)]`
[INFO] [stdout]    --> /opt/rustwide/cargo-home/registry/src/index.crates.io-6f17d22bba15001f/chrono-0.2.22/src/format/parsed.rs:477:22
[INFO] [stdout]     |
[INFO] [stdout] 477 |                 (Err(IMPOSSIBLE), _) | (_, Err(IMPOSSIBLE)) => return Err(IMPOSSIBLE),
[INFO] [stdout]     |                      ^^^^^^^^^^
[INFO] [stdout]     |
[INFO] [stdout]     = note: the traits must be derived, manual `impl`s are not sufficient
[INFO] [stdout]     = note: see https://doc.rust-lang.org/stable/std/marker/trait.StructuralEq.html for details
[INFO] [stdout] 
[INFO] [stdout] 
[INFO] [stdout] error: to use a constant of type `format::ParseError` in a pattern, `format::ParseError` must be annotated with `#[derive(PartialEq, Eq)]`
[INFO] [stdout]    --> /opt/rustwide/cargo-home/registry/src/index.crates.io-6f17d22bba15001f/chrono-0.2.22/src/format/parsed.rs:477:48
[INFO] [stdout]     |
[INFO] [stdout] 477 |                 (Err(IMPOSSIBLE), _) | (_, Err(IMPOSSIBLE)) => return Err(IMPOSSIBLE),
[INFO] [stdout]     |                                                ^^^^^^^^^^
[INFO] [stdout]     |
[INFO] [stdout]     = note: the traits must be derived, manual `impl`s are not sufficient
[INFO] [stdout]     = note: see https://doc.rust-lang.org/stable/std/marker/trait.StructuralEq.html for details
[INFO] [stdout] 
[INFO] [stdout] 
[INFO] [stdout] error: aborting due to 4 previous errors
[INFO] [stdout] 
[INFO] [stdout] 
[INFO] [stderr] error: could not compile `chrono` (lib) due to 5 previous errors
[INFO] running `Command { std: "docker" "inspect" "3f4dc04882d29f9a140e6710dece5be59cba0d2ab642eb4ea7e75fa2a2fbfb6c", kill_on_drop: false }`
[INFO] running `Command { std: "docker" "rm" "-f" "3f4dc04882d29f9a140e6710dece5be59cba0d2ab642eb4ea7e75fa2a2fbfb6c", kill_on_drop: false }`
[INFO] [stdout] 3f4dc04882d29f9a140e6710dece5be59cba0d2ab642eb4ea7e75fa2a2fbfb6c
