[INFO] cloning repository https://github.com/aitvann/Rustenger
[INFO] running `Command { std: "git" "-c" "credential.helper=" "-c" "credential.helper=/workspace/cargo-home/bin/git-credential-null" "clone" "--bare" "https://github.com/aitvann/Rustenger" "/workspace/cache/git-repos/https%3A%2F%2Fgithub.com%2Faitvann%2FRustenger", kill_on_drop: false }`
[INFO] [stderr] Cloning into bare repository '/workspace/cache/git-repos/https%3A%2F%2Fgithub.com%2Faitvann%2FRustenger'...
[INFO] running `Command { std: "git" "rev-parse" "HEAD", kill_on_drop: false }`
[INFO] [stdout] d65362a5867b371cefddb230c18b2e60a02aeea7
[INFO] documenting aitvann/Rustenger against 1.75.0 for beta-1.76-rustdoc-1
[INFO] running `Command { std: "git" "clone" "/workspace/cache/git-repos/https%3A%2F%2Fgithub.com%2Faitvann%2FRustenger" "/workspace/builds/worker-5-tc1/source", kill_on_drop: false }`
[INFO] [stderr] Cloning into '/workspace/builds/worker-5-tc1/source'...
[INFO] [stderr] done.
[INFO] validating manifest of git repo https://github.com/aitvann/Rustenger on toolchain 1.75.0
[INFO] running `Command { std: CARGO_HOME="/workspace/cargo-home" RUSTUP_HOME="/workspace/rustup-home" "/workspace/cargo-home/bin/cargo" "+1.75.0" "metadata" "--manifest-path" "Cargo.toml" "--no-deps", kill_on_drop: false }`
[INFO] started tweaking git repo https://github.com/aitvann/Rustenger
[INFO] finished tweaking git repo https://github.com/aitvann/Rustenger
[INFO] tweaked toml for git repo https://github.com/aitvann/Rustenger written to /workspace/builds/worker-5-tc1/source/Cargo.toml
[INFO] crate git repo https://github.com/aitvann/Rustenger already has a lockfile, it will not be regenerated
[INFO] running `Command { std: CARGO_HOME="/workspace/cargo-home" RUSTUP_HOME="/workspace/rustup-home" "/workspace/cargo-home/bin/cargo" "+1.75.0" "fetch" "--manifest-path" "Cargo.toml", kill_on_drop: false }`
[INFO] [stderr]  Downloading crates ...
[INFO] [stderr]   Downloaded once_cell v1.2.0
[INFO] [stderr]   Downloaded tokio-macros v0.2.4
[INFO] [stderr]   Downloaded thiserror-impl v1.0.10
[INFO] [stderr]   Downloaded thiserror v1.0.10
[INFO] [stderr]   Downloaded colored v1.9.2
[INFO] [stderr]   Downloaded tokio v0.2.11
[INFO] [stderr]   Downloaded enum_dispatch v0.2.0
[INFO] running `Command { std: "docker" "create" "-v" "/var/lib/crater-agent-workspace/builds/worker-5-tc1/target:/opt/rustwide/target:rw,Z" "-v" "/var/lib/crater-agent-workspace/builds/worker-5-tc1/source:/opt/rustwide/workdir:ro,Z" "-v" "/var/lib/crater-agent-workspace/cargo-home:/opt/rustwide/cargo-home:ro,Z" "-v" "/var/lib/crater-agent-workspace/rustup-home:/opt/rustwide/rustup-home:ro,Z" "-e" "SOURCE_DIR=/opt/rustwide/workdir" "-e" "CARGO_TARGET_DIR=/opt/rustwide/target" "-e" "CARGO_HOME=/opt/rustwide/cargo-home" "-e" "RUSTUP_HOME=/opt/rustwide/rustup-home" "-w" "/opt/rustwide/workdir" "-m" "1610612736" "--user" "0:0" "--network" "none" "ghcr.io/rust-lang/crates-build-env/linux@sha256:2788e3201cd34a07e3172128adcd8b3090168a8e3bcc40d7c032b9dda1df7d1c" "/opt/rustwide/cargo-home/bin/cargo" "+1.75.0" "metadata" "--no-deps" "--format-version=1", kill_on_drop: false }`
[INFO] [stdout] 5f1168aeae28f9bdbfd1bb9e53240b8d7db11b995a8552012501495887326d17
[INFO] running `Command { std: "docker" "start" "-a" "5f1168aeae28f9bdbfd1bb9e53240b8d7db11b995a8552012501495887326d17", kill_on_drop: false }`
[INFO] running `Command { std: "docker" "inspect" "5f1168aeae28f9bdbfd1bb9e53240b8d7db11b995a8552012501495887326d17", kill_on_drop: false }`
[INFO] running `Command { std: "docker" "rm" "-f" "5f1168aeae28f9bdbfd1bb9e53240b8d7db11b995a8552012501495887326d17", kill_on_drop: false }`
[INFO] [stdout] 5f1168aeae28f9bdbfd1bb9e53240b8d7db11b995a8552012501495887326d17
[INFO] running `Command { std: "docker" "create" "-v" "/var/lib/crater-agent-workspace/builds/worker-5-tc1/target:/opt/rustwide/target:rw,Z" "-v" "/var/lib/crater-agent-workspace/builds/worker-5-tc1/source:/opt/rustwide/workdir:ro,Z" "-v" "/var/lib/crater-agent-workspace/cargo-home:/opt/rustwide/cargo-home:ro,Z" "-v" "/var/lib/crater-agent-workspace/rustup-home:/opt/rustwide/rustup-home:ro,Z" "-e" "SOURCE_DIR=/opt/rustwide/workdir" "-e" "CARGO_TARGET_DIR=/opt/rustwide/target" "-e" "CARGO_INCREMENTAL=0" "-e" "RUST_BACKTRACE=full" "-e" "RUSTFLAGS=--cap-lints=warn" "-e" "RUSTDOCFLAGS=--cap-lints=warn" "-e" "CARGO_HOME=/opt/rustwide/cargo-home" "-e" "RUSTUP_HOME=/opt/rustwide/rustup-home" "-w" "/opt/rustwide/workdir" "-m" "1610612736" "--user" "0:0" "--network" "none" "ghcr.io/rust-lang/crates-build-env/linux@sha256:2788e3201cd34a07e3172128adcd8b3090168a8e3bcc40d7c032b9dda1df7d1c" "/opt/rustwide/cargo-home/bin/cargo" "+1.75.0" "doc" "--frozen" "--no-deps" "--document-private-items" "--message-format=json", kill_on_drop: false }`
[INFO] [stdout] 4d88573228ca582bb69cb71a99cb35f003484c20d4d25ebd5fda0afd9f2d534b
[INFO] running `Command { std: "docker" "start" "-a" "4d88573228ca582bb69cb71a99cb35f003484c20d4d25ebd5fda0afd9f2d534b", kill_on_drop: false }`
[INFO] [stderr]    Compiling proc-macro2 v1.0.8
[INFO] [stderr]    Compiling unicode-xid v0.2.0
[INFO] [stderr]    Compiling syn v1.0.14
[INFO] [stderr]    Compiling libc v0.2.66
[INFO] [stderr]    Compiling autocfg v1.0.0
[INFO] [stderr]    Compiling memchr v2.3.0
[INFO] [stderr]    Compiling log v0.4.8
[INFO] [stderr]     Checking slab v0.4.2
[INFO] [stderr]     Checking cfg-if v0.1.10
[INFO] [stderr]    Compiling serde v1.0.104
[INFO] [stderr]     Checking futures-core v0.3.1
[INFO] [stderr]     Checking futures-sink v0.3.1
[INFO] [stderr]     Checking lazy_static v1.4.0
[INFO] [stderr]    Compiling byteorder v1.3.2
[INFO] [stderr]    Compiling proc-macro-nested v0.1.3
[INFO] [stderr]     Checking fnv v1.0.6
[INFO] [stderr]     Checking pin-project-lite v0.1.4
[INFO] [stderr]     Checking bytes v0.5.4
[INFO] [stderr]    Compiling once_cell v1.2.0
[INFO] [stderr]    Compiling bitflags v1.2.1
[INFO] [stderr]     Checking unicode-width v0.1.7
[INFO] [stderr]     Checking pin-utils v0.1.0-alpha.4
[INFO] [stderr]     Checking futures-io v0.3.1
[INFO] [stderr]     Checking futures-task v0.3.1
[INFO] [stderr]     Checking textwrap v0.11.0
[INFO] [stderr]     Checking futures-channel v0.3.1
[INFO] [stderr]     Checking vec_map v0.8.1
[INFO] [stderr]     Checking ansi_term v0.11.0
[INFO] [stderr]     Checking strsim v0.8.0
[INFO] [stderr]    Compiling num-traits v0.2.11
[INFO] [stderr]    Compiling num-integer v0.1.42
[INFO] [stderr]    Compiling quote v1.0.2
[INFO] [stderr]     Checking net2 v0.2.33
[INFO] [stderr]     Checking iovec v0.1.4
[INFO] [stderr]     Checking time v0.1.42
[INFO] [stderr]     Checking atty v0.2.14
[INFO] [stderr]     Checking colored v1.9.2
[INFO] [stderr]     Checking clap v2.33.0
[INFO] [stderr]     Checking mio v0.6.21
[INFO] [stderr]     Checking mio-uds v0.6.7
[INFO] [stderr]    Compiling serde_derive v1.0.104
[INFO] [stderr]    Compiling tokio-macros v0.2.4
[INFO] [stderr]    Compiling proc-macro-hack v0.5.11
[INFO] [stderr]    Compiling thiserror-impl v1.0.10
[INFO] [stderr]    Compiling enum_dispatch v0.2.0
[INFO] [stderr]     Checking tokio v0.2.11
[INFO] [stderr]    Compiling futures-macro v0.3.1
[INFO] [stderr]     Checking thiserror v1.0.10
[INFO] [stderr]     Checking futures-util v0.3.1
[INFO] [stderr]     Checking tokio-util v0.2.0
[INFO] [stderr]     Checking futures-executor v0.3.1
[INFO] [stderr]     Checking futures v0.3.1
[INFO] [stderr]     Checking chrono v0.4.10
[INFO] [stderr]     Checking bincode v1.2.1
[INFO] [stderr]     Checking arrayvec v0.5.1
[INFO] [stderr]     Checking rustenger-shared v0.0.0 (/opt/rustwide/workdir/rustenger-shared)
[INFO] [stderr]     Checking fern v0.5.9
[INFO] [stderr]  Documenting rustenger-shared v0.0.0 (/opt/rustwide/workdir/rustenger-shared)
[INFO] [stderr]  Documenting rustenger-server v0.0.0 (/opt/rustwide/workdir/rustenger-server)
[INFO] [stderr]  Documenting rustenger-client-console v0.0.0 (/opt/rustwide/workdir/rustenger-client-console)
[INFO] [stdout] error[E0432]: unresolved import `rustenger_shared::codec::ClientCodec`
[INFO] [stdout]  --> rustenger-client-console/src/main.rs:1:5
[INFO] [stdout]   |
[INFO] [stdout] 1 | use rustenger_shared::codec::ClientCodec;
[INFO] [stdout]   |     ^^^^^^^^^^^^^^^^^^^^^^^^^^^^^^^^^^^^ no `ClientCodec` in `codec`
[INFO] [stdout] 
[INFO] [stdout] 
[INFO] [stdout] error[E0554]: `#![feature]` may not be used on the stable release channel
[INFO] [stdout]  --> rustenger-server/src/main.rs:1:1
[INFO] [stdout]   |
[INFO] [stdout] 1 | #![feature(async_closure)]
[INFO] [stdout]   | ^^^^^^^^^^^^^^^^^^^^^^^^^^
[INFO] [stdout] 
[INFO] [stdout] 
[INFO] [stdout] error: aborting due to previous error
[INFO] [stdout] 
[INFO] [stdout] 
[INFO] [stdout] For more information about this error, try `rustc --explain E0432`.
[INFO] [stdout] 
[INFO] [stderr] error: could not document `rustenger-client-console`
[INFO] [stderr] 
[INFO] [stderr] Caused by:
[INFO] [stderr]   process didn't exit successfully: `/opt/rustwide/rustup-home/toolchains/1.75.0-x86_64-unknown-linux-gnu/bin/rustdoc --edition=2018 --crate-type bin --crate-name rustenger_client_console rustenger-client-console/src/main.rs -o /opt/rustwide/target/doc --error-format=json --json=diagnostic-rendered-ansi,artifacts,future-incompat --document-private-items '-Arustdoc::private-intra-doc-links' -C metadata=798264e29e52260a -L dependency=/opt/rustwide/target/debug/deps --extern arrayvec=/opt/rustwide/target/debug/deps/libarrayvec-cb8ded88bf787cde.rmeta --extern bytes=/opt/rustwide/target/debug/deps/libbytes-0bd07d15552bc634.rmeta --extern chrono=/opt/rustwide/target/debug/deps/libchrono-6b03af95169bcc58.rmeta --extern clap=/opt/rustwide/target/debug/deps/libclap-ad54bde744b2daf1.rmeta --extern rustenger_shared=/opt/rustwide/target/debug/deps/librustenger_shared-07b171c14daafdf8.rmeta --extern thiserror=/opt/rustwide/target/debug/deps/libthiserror-dfaf8804d0baa155.rmeta --extern tokio_util=/opt/rustwide/target/debug/deps/libtokio_util-3b8eff84e6471bed.rmeta --cap-lints=warn --crate-version 0.0.0` (exit status: 1)
[INFO] [stdout] error: aborting due to previous error
[INFO] [stdout] 
[INFO] [stdout] 
[INFO] [stderr] warning: build failed, waiting for other jobs to finish...
[INFO] [stdout] For more information about this error, try `rustc --explain E0554`.
[INFO] [stdout] 
[INFO] [stderr] error: could not document `rustenger-server`
[INFO] [stderr] 
[INFO] [stderr] Caused by:
[INFO] [stderr]   process didn't exit successfully: `/opt/rustwide/rustup-home/toolchains/1.75.0-x86_64-unknown-linux-gnu/bin/rustdoc --edition=2018 --crate-type bin --crate-name rustenger_server rustenger-server/src/main.rs -o /opt/rustwide/target/doc --error-format=json --json=diagnostic-rendered-ansi,artifacts,future-incompat --document-private-items '-Arustdoc::private-intra-doc-links' -C metadata=19e8f8fbaec44ce6 -L dependency=/opt/rustwide/target/debug/deps --extern bincode=/opt/rustwide/target/debug/deps/libbincode-d0ce047ffd5f1dd7.rmeta --extern chrono=/opt/rustwide/target/debug/deps/libchrono-6b03af95169bcc58.rmeta --extern clap=/opt/rustwide/target/debug/deps/libclap-ad54bde744b2daf1.rmeta --extern fern=/opt/rustwide/target/debug/deps/libfern-0bc18e900e9a6c7d.rmeta --extern futures=/opt/rustwide/target/debug/deps/libfutures-757f0376ffe7991a.rmeta --extern log=/opt/rustwide/target/debug/deps/liblog-0288beb9e3a90422.rmeta --extern rustenger_shared=/opt/rustwide/target/debug/deps/librustenger_shared-07b171c14daafdf8.rmeta --extern serde=/opt/rustwide/target/debug/deps/libserde-d000829cb83765c9.rmeta --extern thiserror=/opt/rustwide/target/debug/deps/libthiserror-dfaf8804d0baa155.rmeta --extern tokio=/opt/rustwide/target/debug/deps/libtokio-9583319943f356cf.rmeta --extern tokio_util=/opt/rustwide/target/debug/deps/libtokio_util-3b8eff84e6471bed.rmeta --cap-lints=warn --crate-version 0.0.0` (exit status: 1)
[INFO] running `Command { std: "docker" "inspect" "4d88573228ca582bb69cb71a99cb35f003484c20d4d25ebd5fda0afd9f2d534b", kill_on_drop: false }`
[INFO] running `Command { std: "docker" "rm" "-f" "4d88573228ca582bb69cb71a99cb35f003484c20d4d25ebd5fda0afd9f2d534b", kill_on_drop: false }`
[INFO] [stdout] 4d88573228ca582bb69cb71a99cb35f003484c20d4d25ebd5fda0afd9f2d534b
[INFO] documenting aitvann/Rustenger against beta-2023-12-22 for beta-1.76-rustdoc-1
[INFO] running `Command { std: "git" "clone" "/workspace/cache/git-repos/https%3A%2F%2Fgithub.com%2Faitvann%2FRustenger" "/workspace/builds/worker-5-tc2/source", kill_on_drop: false }`
[INFO] [stderr] Cloning into '/workspace/builds/worker-5-tc2/source'...
[INFO] [stderr] done.
[INFO] validating manifest of git repo https://github.com/aitvann/Rustenger on toolchain beta-2023-12-22
[INFO] running `Command { std: CARGO_HOME="/workspace/cargo-home" RUSTUP_HOME="/workspace/rustup-home" "/workspace/cargo-home/bin/cargo" "+beta-2023-12-22" "metadata" "--manifest-path" "Cargo.toml" "--no-deps", kill_on_drop: false }`
[INFO] started tweaking git repo https://github.com/aitvann/Rustenger
[INFO] finished tweaking git repo https://github.com/aitvann/Rustenger
[INFO] tweaked toml for git repo https://github.com/aitvann/Rustenger written to /workspace/builds/worker-5-tc2/source/Cargo.toml
[INFO] crate git repo https://github.com/aitvann/Rustenger already has a lockfile, it will not be regenerated
[INFO] running `Command { std: CARGO_HOME="/workspace/cargo-home" RUSTUP_HOME="/workspace/rustup-home" "/workspace/cargo-home/bin/cargo" "+beta-2023-12-22" "fetch" "--manifest-path" "Cargo.toml", kill_on_drop: false }`
[INFO] running `Command { std: "docker" "create" "-v" "/var/lib/crater-agent-workspace/builds/worker-5-tc2/target:/opt/rustwide/target:rw,Z" "-v" "/var/lib/crater-agent-workspace/builds/worker-5-tc2/source:/opt/rustwide/workdir:ro,Z" "-v" "/var/lib/crater-agent-workspace/cargo-home:/opt/rustwide/cargo-home:ro,Z" "-v" "/var/lib/crater-agent-workspace/rustup-home:/opt/rustwide/rustup-home:ro,Z" "-e" "SOURCE_DIR=/opt/rustwide/workdir" "-e" "CARGO_TARGET_DIR=/opt/rustwide/target" "-e" "CARGO_HOME=/opt/rustwide/cargo-home" "-e" "RUSTUP_HOME=/opt/rustwide/rustup-home" "-w" "/opt/rustwide/workdir" "-m" "1610612736" "--user" "0:0" "--network" "none" "ghcr.io/rust-lang/crates-build-env/linux@sha256:2788e3201cd34a07e3172128adcd8b3090168a8e3bcc40d7c032b9dda1df7d1c" "/opt/rustwide/cargo-home/bin/cargo" "+beta-2023-12-22" "metadata" "--no-deps" "--format-version=1", kill_on_drop: false }`
[INFO] [stdout] a12ea592f5674b3eda574a34d5b59c9b83de70428cad3745512fefc53da41413
[INFO] running `Command { std: "docker" "start" "-a" "a12ea592f5674b3eda574a34d5b59c9b83de70428cad3745512fefc53da41413", kill_on_drop: false }`
[INFO] running `Command { std: "docker" "inspect" "a12ea592f5674b3eda574a34d5b59c9b83de70428cad3745512fefc53da41413", kill_on_drop: false }`
[INFO] running `Command { std: "docker" "rm" "-f" "a12ea592f5674b3eda574a34d5b59c9b83de70428cad3745512fefc53da41413", kill_on_drop: false }`
[INFO] [stdout] a12ea592f5674b3eda574a34d5b59c9b83de70428cad3745512fefc53da41413
[INFO] running `Command { std: "docker" "create" "-v" "/var/lib/crater-agent-workspace/builds/worker-5-tc2/target:/opt/rustwide/target:rw,Z" "-v" "/var/lib/crater-agent-workspace/builds/worker-5-tc2/source:/opt/rustwide/workdir:ro,Z" "-v" "/var/lib/crater-agent-workspace/cargo-home:/opt/rustwide/cargo-home:ro,Z" "-v" "/var/lib/crater-agent-workspace/rustup-home:/opt/rustwide/rustup-home:ro,Z" "-e" "SOURCE_DIR=/opt/rustwide/workdir" "-e" "CARGO_TARGET_DIR=/opt/rustwide/target" "-e" "CARGO_INCREMENTAL=0" "-e" "RUST_BACKTRACE=full" "-e" "RUSTFLAGS=--cap-lints=warn" "-e" "RUSTDOCFLAGS=--cap-lints=warn" "-e" "CARGO_HOME=/opt/rustwide/cargo-home" "-e" "RUSTUP_HOME=/opt/rustwide/rustup-home" "-w" "/opt/rustwide/workdir" "-m" "1610612736" "--user" "0:0" "--network" "none" "ghcr.io/rust-lang/crates-build-env/linux@sha256:2788e3201cd34a07e3172128adcd8b3090168a8e3bcc40d7c032b9dda1df7d1c" "/opt/rustwide/cargo-home/bin/cargo" "+beta-2023-12-22" "doc" "--frozen" "--no-deps" "--document-private-items" "--message-format=json", kill_on_drop: false }`
[INFO] [stdout] 495f5fe4d91c0de05b12bda49eebf0a145f5b2dd42a7a5d2c338415ed438593a
[INFO] running `Command { std: "docker" "start" "-a" "495f5fe4d91c0de05b12bda49eebf0a145f5b2dd42a7a5d2c338415ed438593a", kill_on_drop: false }`
[INFO] [stderr]    Compiling proc-macro2 v1.0.8
[INFO] [stderr]    Compiling unicode-xid v0.2.0
[INFO] [stderr]    Compiling syn v1.0.14
[INFO] [stderr]    Compiling libc v0.2.66
[INFO] [stderr]    Compiling autocfg v1.0.0
[INFO] [stderr]     Checking slab v0.4.2
[INFO] [stderr]     Checking cfg-if v0.1.10
[INFO] [stderr]    Compiling log v0.4.8
[INFO] [stderr]    Compiling memchr v2.3.0
[INFO] [stderr]     Checking futures-core v0.3.1
[INFO] [stderr]    Compiling serde v1.0.104
[INFO] [stderr]     Checking futures-sink v0.3.1
[INFO] [stderr]     Checking lazy_static v1.4.0
[INFO] [stderr]    Compiling byteorder v1.3.2
[INFO] [stderr]     Checking bytes v0.5.4
[INFO] [stderr]     Checking pin-project-lite v0.1.4
[INFO] [stderr]    Compiling proc-macro-nested v0.1.3
[INFO] [stderr]     Checking fnv v1.0.6
[INFO] [stderr]    Compiling once_cell v1.2.0
[INFO] [stderr]    Compiling bitflags v1.2.1
[INFO] [stderr]     Checking pin-utils v0.1.0-alpha.4
[INFO] [stderr]     Checking futures-task v0.3.1
[INFO] [stderr]     Checking futures-channel v0.3.1
[INFO] [stderr]     Checking futures-io v0.3.1
[INFO] [stderr]     Checking unicode-width v0.1.7
[INFO] [stderr]     Checking ansi_term v0.11.0
[INFO] [stderr]     Checking textwrap v0.11.0
[INFO] [stderr]     Checking strsim v0.8.0
[INFO] [stderr]     Checking vec_map v0.8.1
[INFO] [stderr]    Compiling num-traits v0.2.11
[INFO] [stderr]    Compiling num-integer v0.1.42
[INFO] [stderr]    Compiling quote v1.0.2
[INFO] [stderr]     Checking net2 v0.2.33
[INFO] [stderr]     Checking iovec v0.1.4
[INFO] [stderr]     Checking time v0.1.42
[INFO] [stderr]     Checking atty v0.2.14
[INFO] [stderr]     Checking clap v2.33.0
[INFO] [stderr]     Checking colored v1.9.2
[INFO] [stderr]     Checking mio v0.6.21
[INFO] [stderr]     Checking mio-uds v0.6.7
[INFO] [stderr]    Compiling serde_derive v1.0.104
[INFO] [stderr]    Compiling tokio-macros v0.2.4
[INFO] [stderr]    Compiling proc-macro-hack v0.5.11
[INFO] [stderr]    Compiling thiserror-impl v1.0.10
[INFO] [stderr]    Compiling enum_dispatch v0.2.0
[INFO] [stderr]     Checking tokio v0.2.11
[INFO] [stderr]    Compiling futures-macro v0.3.1
[INFO] [stderr]     Checking thiserror v1.0.10
[INFO] [stderr]     Checking futures-util v0.3.1
[INFO] [stderr]     Checking tokio-util v0.2.0
[INFO] [stderr]     Checking futures-executor v0.3.1
[INFO] [stderr]     Checking futures v0.3.1
[INFO] [stderr]     Checking chrono v0.4.10
[INFO] [stderr]     Checking bincode v1.2.1
[INFO] [stderr]     Checking arrayvec v0.5.1
[INFO] [stderr]     Checking rustenger-shared v0.0.0 (/opt/rustwide/workdir/rustenger-shared)
[INFO] [stderr]     Checking fern v0.5.9
[INFO] [stderr]  Documenting rustenger-shared v0.0.0 (/opt/rustwide/workdir/rustenger-shared)
[INFO] [stderr]  Documenting rustenger-server v0.0.0 (/opt/rustwide/workdir/rustenger-server)
[INFO] [stderr]  Documenting rustenger-client-console v0.0.0 (/opt/rustwide/workdir/rustenger-client-console)
[INFO] [stdout] error[E0432]: unresolved import `rustenger_shared::codec::ClientCodec`
[INFO] [stdout]  --> rustenger-client-console/src/main.rs:1:5
[INFO] [stdout]   |
[INFO] [stdout] 1 | use rustenger_shared::codec::ClientCodec;
[INFO] [stdout]   |     ^^^^^^^^^^^^^^^^^^^^^^^^^^^^^^^^^^^^ no `ClientCodec` in `codec`
[INFO] [stdout] 
[INFO] [stdout] 
[INFO] [stdout] error[E0554]: `#![feature]` may not be used on the beta release channel
[INFO] [stdout]  --> rustenger-server/src/main.rs:1:1
[INFO] [stdout]   |
[INFO] [stdout] 1 | #![feature(async_closure)]
[INFO] [stdout]   | ^^^^^^^^^^^^^^^^^^^^^^^^^^
[INFO] [stdout] 
[INFO] [stdout] 
[INFO] [stdout] error: aborting due to 1 previous error
[INFO] [stdout] 
[INFO] [stdout] 
[INFO] [stdout] For more information about this error, try `rustc --explain E0432`.
[INFO] [stdout] 
[INFO] [stderr] error: could not document `rustenger-client-console`
[INFO] [stderr] 
[INFO] [stderr] Caused by:
[INFO] [stderr]   process didn't exit successfully: `/opt/rustwide/rustup-home/toolchains/beta-2023-12-22-x86_64-unknown-linux-gnu/bin/rustdoc --edition=2018 --crate-type bin --crate-name rustenger_client_console rustenger-client-console/src/main.rs -o /opt/rustwide/target/doc --error-format=json --json=diagnostic-rendered-ansi,artifacts,future-incompat --document-private-items '-Arustdoc::private-intra-doc-links' -C metadata=69e7ef9b607f663a -L dependency=/opt/rustwide/target/debug/deps --extern arrayvec=/opt/rustwide/target/debug/deps/libarrayvec-3b728dd5b48bf71c.rmeta --extern bytes=/opt/rustwide/target/debug/deps/libbytes-9bd50fa154882c28.rmeta --extern chrono=/opt/rustwide/target/debug/deps/libchrono-9d3f204303e83436.rmeta --extern clap=/opt/rustwide/target/debug/deps/libclap-71d9340efc53153f.rmeta --extern rustenger_shared=/opt/rustwide/target/debug/deps/librustenger_shared-6cbbc98068080bf3.rmeta --extern thiserror=/opt/rustwide/target/debug/deps/libthiserror-81fe9477e96f1298.rmeta --extern tokio_util=/opt/rustwide/target/debug/deps/libtokio_util-bf53fbdea8153eb3.rmeta --cap-lints=warn --crate-version 0.0.0` (exit status: 1)
[INFO] [stderr] warning: build failed, waiting for other jobs to finish...
[INFO] [stdout] error: aborting due to 1 previous error
[INFO] [stdout] 
[INFO] [stdout] 
[INFO] [stdout] For more information about this error, try `rustc --explain E0554`.
[INFO] [stdout] 
[INFO] [stderr] error: could not document `rustenger-server`
[INFO] [stderr] 
[INFO] [stderr] Caused by:
[INFO] [stderr]   process didn't exit successfully: `/opt/rustwide/rustup-home/toolchains/beta-2023-12-22-x86_64-unknown-linux-gnu/bin/rustdoc --edition=2018 --crate-type bin --crate-name rustenger_server rustenger-server/src/main.rs -o /opt/rustwide/target/doc --error-format=json --json=diagnostic-rendered-ansi,artifacts,future-incompat --document-private-items '-Arustdoc::private-intra-doc-links' -C metadata=f05bf26348021592 -L dependency=/opt/rustwide/target/debug/deps --extern bincode=/opt/rustwide/target/debug/deps/libbincode-16edc4bc22fd2f7c.rmeta --extern chrono=/opt/rustwide/target/debug/deps/libchrono-9d3f204303e83436.rmeta --extern clap=/opt/rustwide/target/debug/deps/libclap-71d9340efc53153f.rmeta --extern fern=/opt/rustwide/target/debug/deps/libfern-d7b558e924af3abb.rmeta --extern futures=/opt/rustwide/target/debug/deps/libfutures-7f70b9d507ef9b2f.rmeta --extern log=/opt/rustwide/target/debug/deps/liblog-e441b9233434653c.rmeta --extern rustenger_shared=/opt/rustwide/target/debug/deps/librustenger_shared-6cbbc98068080bf3.rmeta --extern serde=/opt/rustwide/target/debug/deps/libserde-35ff187942413e70.rmeta --extern thiserror=/opt/rustwide/target/debug/deps/libthiserror-81fe9477e96f1298.rmeta --extern tokio=/opt/rustwide/target/debug/deps/libtokio-af76a220059881fb.rmeta --extern tokio_util=/opt/rustwide/target/debug/deps/libtokio_util-bf53fbdea8153eb3.rmeta --cap-lints=warn --crate-version 0.0.0` (exit status: 1)
[INFO] running `Command { std: "docker" "inspect" "495f5fe4d91c0de05b12bda49eebf0a145f5b2dd42a7a5d2c338415ed438593a", kill_on_drop: false }`
[INFO] running `Command { std: "docker" "rm" "-f" "495f5fe4d91c0de05b12bda49eebf0a145f5b2dd42a7a5d2c338415ed438593a", kill_on_drop: false }`
[INFO] [stdout] 495f5fe4d91c0de05b12bda49eebf0a145f5b2dd42a7a5d2c338415ed438593a
