[INFO] cloning repository https://github.com/aishsingh/nine-mens-morris
[INFO] running `Command { std: "git" "-c" "credential.helper=" "-c" "credential.helper=/workspace/cargo-home/bin/git-credential-null" "clone" "--bare" "https://github.com/aishsingh/nine-mens-morris" "/workspace/cache/git-repos/https%3A%2F%2Fgithub.com%2Faishsingh%2Fnine-mens-morris", kill_on_drop: false }`
[INFO] [stderr] Cloning into bare repository '/workspace/cache/git-repos/https%3A%2F%2Fgithub.com%2Faishsingh%2Fnine-mens-morris'...
[INFO] running `Command { std: "git" "rev-parse" "HEAD", kill_on_drop: false }`
[INFO] [stdout] 057e60876ac6d8a707f59aa69650745c7a1ebc5c
[INFO] documenting aishsingh/nine-mens-morris against 1.75.0 for beta-1.76-rustdoc-1
[INFO] running `Command { std: "git" "clone" "/workspace/cache/git-repos/https%3A%2F%2Fgithub.com%2Faishsingh%2Fnine-mens-morris" "/workspace/builds/worker-7-tc1/source", kill_on_drop: false }`
[INFO] [stderr] Cloning into '/workspace/builds/worker-7-tc1/source'...
[INFO] [stderr] done.
[INFO] validating manifest of git repo https://github.com/aishsingh/nine-mens-morris on toolchain 1.75.0
[INFO] running `Command { std: CARGO_HOME="/workspace/cargo-home" RUSTUP_HOME="/workspace/rustup-home" "/workspace/cargo-home/bin/cargo" "+1.75.0" "metadata" "--manifest-path" "Cargo.toml" "--no-deps", kill_on_drop: false }`
[INFO] started tweaking git repo https://github.com/aishsingh/nine-mens-morris
[INFO] finished tweaking git repo https://github.com/aishsingh/nine-mens-morris
[INFO] tweaked toml for git repo https://github.com/aishsingh/nine-mens-morris written to /workspace/builds/worker-7-tc1/source/Cargo.toml
[INFO] crate git repo https://github.com/aishsingh/nine-mens-morris already has a lockfile, it will not be regenerated
[INFO] running `Command { std: CARGO_HOME="/workspace/cargo-home" RUSTUP_HOME="/workspace/rustup-home" "/workspace/cargo-home/bin/cargo" "+1.75.0" "fetch" "--manifest-path" "Cargo.toml", kill_on_drop: false }`
[INFO] [stderr]     Updating crates.io index
[INFO] [stderr]  Downloading crates ...
[INFO] [stderr]   Downloaded sdl2-sys v0.19.0
[INFO] [stderr]   Downloaded sdl2 v0.19.0
[INFO] [stderr]   Downloaded sdl2_ttf v0.19.0
[INFO] running `Command { std: "docker" "create" "-v" "/var/lib/crater-agent-workspace/builds/worker-7-tc1/target:/opt/rustwide/target:rw,Z" "-v" "/var/lib/crater-agent-workspace/builds/worker-7-tc1/source:/opt/rustwide/workdir:ro,Z" "-v" "/var/lib/crater-agent-workspace/cargo-home:/opt/rustwide/cargo-home:ro,Z" "-v" "/var/lib/crater-agent-workspace/rustup-home:/opt/rustwide/rustup-home:ro,Z" "-e" "SOURCE_DIR=/opt/rustwide/workdir" "-e" "CARGO_TARGET_DIR=/opt/rustwide/target" "-e" "CARGO_HOME=/opt/rustwide/cargo-home" "-e" "RUSTUP_HOME=/opt/rustwide/rustup-home" "-w" "/opt/rustwide/workdir" "-m" "1610612736" "--user" "0:0" "--network" "none" "ghcr.io/rust-lang/crates-build-env/linux@sha256:2788e3201cd34a07e3172128adcd8b3090168a8e3bcc40d7c032b9dda1df7d1c" "/opt/rustwide/cargo-home/bin/cargo" "+1.75.0" "metadata" "--no-deps" "--format-version=1", kill_on_drop: false }`
[INFO] [stdout] 86ea7e2f1c857871a74e0815325f57c69fd4e629bdcd40750f90b322c6d7a1a3
[INFO] running `Command { std: "docker" "start" "-a" "86ea7e2f1c857871a74e0815325f57c69fd4e629bdcd40750f90b322c6d7a1a3", kill_on_drop: false }`
[INFO] running `Command { std: "docker" "inspect" "86ea7e2f1c857871a74e0815325f57c69fd4e629bdcd40750f90b322c6d7a1a3", kill_on_drop: false }`
[INFO] running `Command { std: "docker" "rm" "-f" "86ea7e2f1c857871a74e0815325f57c69fd4e629bdcd40750f90b322c6d7a1a3", kill_on_drop: false }`
[INFO] [stdout] 86ea7e2f1c857871a74e0815325f57c69fd4e629bdcd40750f90b322c6d7a1a3
[INFO] running `Command { std: "docker" "create" "-v" "/var/lib/crater-agent-workspace/builds/worker-7-tc1/target:/opt/rustwide/target:rw,Z" "-v" "/var/lib/crater-agent-workspace/builds/worker-7-tc1/source:/opt/rustwide/workdir:ro,Z" "-v" "/var/lib/crater-agent-workspace/cargo-home:/opt/rustwide/cargo-home:ro,Z" "-v" "/var/lib/crater-agent-workspace/rustup-home:/opt/rustwide/rustup-home:ro,Z" "-e" "SOURCE_DIR=/opt/rustwide/workdir" "-e" "CARGO_TARGET_DIR=/opt/rustwide/target" "-e" "CARGO_INCREMENTAL=0" "-e" "RUST_BACKTRACE=full" "-e" "RUSTFLAGS=--cap-lints=warn" "-e" "RUSTDOCFLAGS=--cap-lints=warn" "-e" "CARGO_HOME=/opt/rustwide/cargo-home" "-e" "RUSTUP_HOME=/opt/rustwide/rustup-home" "-w" "/opt/rustwide/workdir" "-m" "1610612736" "--user" "0:0" "--network" "none" "ghcr.io/rust-lang/crates-build-env/linux@sha256:2788e3201cd34a07e3172128adcd8b3090168a8e3bcc40d7c032b9dda1df7d1c" "/opt/rustwide/cargo-home/bin/cargo" "+1.75.0" "doc" "--frozen" "--no-deps" "--document-private-items" "--message-format=json", kill_on_drop: false }`
[INFO] [stdout] a097a1658bccc5e52c2dc7716bf374c544ef92a21609e8fe6325fb748f8a463e
[INFO] running `Command { std: "docker" "start" "-a" "a097a1658bccc5e52c2dc7716bf374c544ef92a21609e8fe6325fb748f8a463e", kill_on_drop: false }`
[INFO] [stderr]     Checking num-traits v0.1.32
[INFO] [stderr]     Checking libc v0.2.11
[INFO] [stderr]     Checking rustc-serialize v0.3.19
[INFO] [stderr]    Compiling sdl2-sys v0.19.0
[INFO] [stderr]     Checking bitflags v0.6.0
[INFO] [stderr]     Checking lazy_static v0.2.1
[INFO] [stderr]     Checking bitflags v0.5.0
[INFO] [stdout] error[E0642]: patterns aren't allowed in functions without bodies
[INFO] [stdout]    --> /opt/rustwide/cargo-home/registry/src/index.crates.io-6f17d22bba15001f/rustc-serialize-0.3.19/src/serialize.rs:147:45
[INFO] [stdout]     |
[INFO] [stdout] 147 | ...                   &f_name: &str,
[INFO] [stdout]     |                       ^^^^^^^ pattern not allowed in function without body
[INFO] [stdout] 
[INFO] [stdout] 
[INFO] [stderr]     Checking rand v0.3.14
[INFO] [stderr]     Checking num-integer v0.1.32
[INFO] [stderr]     Checking num-iter v0.1.32
[INFO] [stdout] error: aborting due to previous error
[INFO] [stdout] 
[INFO] [stdout] 
[INFO] [stdout] For more information about this error, try `rustc --explain E0642`.
[INFO] [stdout] 
[INFO] [stderr] error: could not compile `rustc-serialize` (lib) due to 2 previous errors; 1 warning emitted
[INFO] running `Command { std: "docker" "inspect" "a097a1658bccc5e52c2dc7716bf374c544ef92a21609e8fe6325fb748f8a463e", kill_on_drop: false }`
[INFO] running `Command { std: "docker" "rm" "-f" "a097a1658bccc5e52c2dc7716bf374c544ef92a21609e8fe6325fb748f8a463e", kill_on_drop: false }`
[INFO] [stdout] a097a1658bccc5e52c2dc7716bf374c544ef92a21609e8fe6325fb748f8a463e
[INFO] documenting aishsingh/nine-mens-morris against beta-2023-12-22 for beta-1.76-rustdoc-1
[INFO] running `Command { std: "git" "clone" "/workspace/cache/git-repos/https%3A%2F%2Fgithub.com%2Faishsingh%2Fnine-mens-morris" "/workspace/builds/worker-7-tc2/source", kill_on_drop: false }`
[INFO] [stderr] Cloning into '/workspace/builds/worker-7-tc2/source'...
[INFO] [stderr] done.
[INFO] validating manifest of git repo https://github.com/aishsingh/nine-mens-morris on toolchain beta-2023-12-22
[INFO] running `Command { std: CARGO_HOME="/workspace/cargo-home" RUSTUP_HOME="/workspace/rustup-home" "/workspace/cargo-home/bin/cargo" "+beta-2023-12-22" "metadata" "--manifest-path" "Cargo.toml" "--no-deps", kill_on_drop: false }`
[INFO] started tweaking git repo https://github.com/aishsingh/nine-mens-morris
[INFO] finished tweaking git repo https://github.com/aishsingh/nine-mens-morris
[INFO] tweaked toml for git repo https://github.com/aishsingh/nine-mens-morris written to /workspace/builds/worker-7-tc2/source/Cargo.toml
[INFO] crate git repo https://github.com/aishsingh/nine-mens-morris already has a lockfile, it will not be regenerated
[INFO] running `Command { std: CARGO_HOME="/workspace/cargo-home" RUSTUP_HOME="/workspace/rustup-home" "/workspace/cargo-home/bin/cargo" "+beta-2023-12-22" "fetch" "--manifest-path" "Cargo.toml", kill_on_drop: false }`
[INFO] running `Command { std: "docker" "create" "-v" "/var/lib/crater-agent-workspace/builds/worker-7-tc2/target:/opt/rustwide/target:rw,Z" "-v" "/var/lib/crater-agent-workspace/builds/worker-7-tc2/source:/opt/rustwide/workdir:ro,Z" "-v" "/var/lib/crater-agent-workspace/cargo-home:/opt/rustwide/cargo-home:ro,Z" "-v" "/var/lib/crater-agent-workspace/rustup-home:/opt/rustwide/rustup-home:ro,Z" "-e" "SOURCE_DIR=/opt/rustwide/workdir" "-e" "CARGO_TARGET_DIR=/opt/rustwide/target" "-e" "CARGO_HOME=/opt/rustwide/cargo-home" "-e" "RUSTUP_HOME=/opt/rustwide/rustup-home" "-w" "/opt/rustwide/workdir" "-m" "1610612736" "--user" "0:0" "--network" "none" "ghcr.io/rust-lang/crates-build-env/linux@sha256:2788e3201cd34a07e3172128adcd8b3090168a8e3bcc40d7c032b9dda1df7d1c" "/opt/rustwide/cargo-home/bin/cargo" "+beta-2023-12-22" "metadata" "--no-deps" "--format-version=1", kill_on_drop: false }`
[INFO] [stdout] fd70eb1c3311edfa95d77747ff60f87b860bbe9bd9eb6bfe2e03239fcea79a7e
[INFO] running `Command { std: "docker" "start" "-a" "fd70eb1c3311edfa95d77747ff60f87b860bbe9bd9eb6bfe2e03239fcea79a7e", kill_on_drop: false }`
[INFO] running `Command { std: "docker" "inspect" "fd70eb1c3311edfa95d77747ff60f87b860bbe9bd9eb6bfe2e03239fcea79a7e", kill_on_drop: false }`
[INFO] running `Command { std: "docker" "rm" "-f" "fd70eb1c3311edfa95d77747ff60f87b860bbe9bd9eb6bfe2e03239fcea79a7e", kill_on_drop: false }`
[INFO] [stdout] fd70eb1c3311edfa95d77747ff60f87b860bbe9bd9eb6bfe2e03239fcea79a7e
[INFO] running `Command { std: "docker" "create" "-v" "/var/lib/crater-agent-workspace/builds/worker-7-tc2/target:/opt/rustwide/target:rw,Z" "-v" "/var/lib/crater-agent-workspace/builds/worker-7-tc2/source:/opt/rustwide/workdir:ro,Z" "-v" "/var/lib/crater-agent-workspace/cargo-home:/opt/rustwide/cargo-home:ro,Z" "-v" "/var/lib/crater-agent-workspace/rustup-home:/opt/rustwide/rustup-home:ro,Z" "-e" "SOURCE_DIR=/opt/rustwide/workdir" "-e" "CARGO_TARGET_DIR=/opt/rustwide/target" "-e" "CARGO_INCREMENTAL=0" "-e" "RUST_BACKTRACE=full" "-e" "RUSTFLAGS=--cap-lints=warn" "-e" "RUSTDOCFLAGS=--cap-lints=warn" "-e" "CARGO_HOME=/opt/rustwide/cargo-home" "-e" "RUSTUP_HOME=/opt/rustwide/rustup-home" "-w" "/opt/rustwide/workdir" "-m" "1610612736" "--user" "0:0" "--network" "none" "ghcr.io/rust-lang/crates-build-env/linux@sha256:2788e3201cd34a07e3172128adcd8b3090168a8e3bcc40d7c032b9dda1df7d1c" "/opt/rustwide/cargo-home/bin/cargo" "+beta-2023-12-22" "doc" "--frozen" "--no-deps" "--document-private-items" "--message-format=json", kill_on_drop: false }`
[INFO] [stdout] 4543cc87c3d9385adc292226100ad40942e5fc9bfc764213a7587e09c4d598ab
[INFO] running `Command { std: "docker" "start" "-a" "4543cc87c3d9385adc292226100ad40942e5fc9bfc764213a7587e09c4d598ab", kill_on_drop: false }`
[INFO] [stderr]     Checking num-traits v0.1.32
[INFO] [stderr]     Checking libc v0.2.11
[INFO] [stderr]     Checking rustc-serialize v0.3.19
[INFO] [stderr]    Compiling sdl2-sys v0.19.0
[INFO] [stderr]     Checking lazy_static v0.2.1
[INFO] [stderr]     Checking bitflags v0.6.0
[INFO] [stderr]     Checking bitflags v0.5.0
[INFO] [stdout] error[E0642]: patterns aren't allowed in functions without bodies
[INFO] [stdout]    --> /opt/rustwide/cargo-home/registry/src/index.crates.io-6f17d22bba15001f/rustc-serialize-0.3.19/src/serialize.rs:147:45
[INFO] [stdout]     |
[INFO] [stdout] 147 | ...                   &f_name: &str,
[INFO] [stdout]     |                       ^^^^^^^ pattern not allowed in function without body
[INFO] [stdout] 
[INFO] [stdout] 
[INFO] [stderr]     Checking rand v0.3.14
[INFO] [stdout] error[E0310]: the parameter type `T` may not live long enough
[INFO] [stdout]    --> /opt/rustwide/cargo-home/registry/src/index.crates.io-6f17d22bba15001f/rustc-serialize-0.3.19/src/serialize.rs:454:5
[INFO] [stdout]     |
[INFO] [stdout] 454 |     fn decode<D: Decoder>(d: &mut D) -> Result<Cow<'static, T>, D::Error> {
[INFO] [stdout]     |     ^^^^^^^^^^^^^^^^^^^^^^^^^^^^^^^^^^^^^^^^^^^^^^^^^^^^^^^^^^^^^^^^^^^^^
[INFO] [stdout]     |     |
[INFO] [stdout]     |     the parameter type `T` must be valid for the static lifetime...
[INFO] [stdout]     |     ...so that the type `T` will meet its required lifetime bounds...
[INFO] [stdout]     |
[INFO] [stdout] note: ...that is required by this bound
[INFO] [stdout]    --> /rustc/0e09125c6c3c2fd70d7de961bcf0e51575235fad/library/alloc/src/borrow.rs:180:30
[INFO] [stdout] help: consider adding an explicit lifetime bound
[INFO] [stdout]     |
[INFO] [stdout] 450 | impl<'a, T: ?Sized + 'static> Decodable for Cow<'a, T>
[INFO] [stdout]     |                    +++++++++
[INFO] [stdout] 
[INFO] [stdout] 
[INFO] [stderr]     Checking num-integer v0.1.32
[INFO] [stderr]     Checking num-iter v0.1.32
[INFO] [stdout] error: aborting due to 2 previous errors
[INFO] [stdout] 
[INFO] [stdout] 
[INFO] [stdout] Some errors have detailed explanations: E0310, E0642.
[INFO] [stdout] 
[INFO] [stdout] For more information about an error, try `rustc --explain E0310`.
[INFO] [stdout] 
[INFO] [stderr] error: could not compile `rustc-serialize` (lib) due to 3 previous errors
[INFO] running `Command { std: "docker" "inspect" "4543cc87c3d9385adc292226100ad40942e5fc9bfc764213a7587e09c4d598ab", kill_on_drop: false }`
[INFO] running `Command { std: "docker" "rm" "-f" "4543cc87c3d9385adc292226100ad40942e5fc9bfc764213a7587e09c4d598ab", kill_on_drop: false }`
[INFO] [stdout] 4543cc87c3d9385adc292226100ad40942e5fc9bfc764213a7587e09c4d598ab
