[INFO] cloning repository https://github.com/airchains-network/rollup-svm
[INFO] running `Command { std: "git" "-c" "credential.helper=" "-c" "credential.helper=/workspace/cargo-home/bin/git-credential-null" "clone" "--bare" "https://github.com/airchains-network/rollup-svm" "/workspace/cache/git-repos/https%3A%2F%2Fgithub.com%2Fairchains-network%2Frollup-svm", kill_on_drop: false }`
[INFO] [stderr] Cloning into bare repository '/workspace/cache/git-repos/https%3A%2F%2Fgithub.com%2Fairchains-network%2Frollup-svm'...
[INFO] running `Command { std: "git" "rev-parse" "HEAD", kill_on_drop: false }`
[INFO] [stdout] 6d955c737dc54cf16e12ad854e07652fe131bd1d
[INFO] documenting airchains-network/rollup-svm against 1.75.0 for beta-1.76-rustdoc-1
[INFO] running `Command { std: "git" "clone" "/workspace/cache/git-repos/https%3A%2F%2Fgithub.com%2Fairchains-network%2Frollup-svm" "/workspace/builds/worker-4-tc1/source", kill_on_drop: false }`
[INFO] [stderr] Cloning into '/workspace/builds/worker-4-tc1/source'...
[INFO] [stderr] done.
[INFO] validating manifest of git repo https://github.com/airchains-network/rollup-svm on toolchain 1.75.0
[INFO] running `Command { std: CARGO_HOME="/workspace/cargo-home" RUSTUP_HOME="/workspace/rustup-home" "/workspace/cargo-home/bin/cargo" "+1.75.0" "metadata" "--manifest-path" "Cargo.toml" "--no-deps", kill_on_drop: false }`
[INFO] removed /workspace/builds/worker-4-tc1/source/rust-toolchain.toml
[INFO] started tweaking git repo https://github.com/airchains-network/rollup-svm
[INFO] finished tweaking git repo https://github.com/airchains-network/rollup-svm
[INFO] tweaked toml for git repo https://github.com/airchains-network/rollup-svm written to /workspace/builds/worker-4-tc1/source/Cargo.toml
[INFO] crate git repo https://github.com/airchains-network/rollup-svm already has a lockfile, it will not be regenerated
[INFO] running `Command { std: CARGO_HOME="/workspace/cargo-home" RUSTUP_HOME="/workspace/rustup-home" "/workspace/cargo-home/bin/cargo" "+1.75.0" "fetch" "--manifest-path" "Cargo.toml", kill_on_drop: false }`
[INFO] [stderr]     Updating git repository `https://github.com/RustCrypto/AEADs`
[INFO] [stderr]     Updating git repository `https://github.com/solana-labs/crossbeam`
[INFO] [stderr]     Updating git repository `https://github.com/solana-labs/curve25519-dalek.git`
[INFO] [stderr]     Updating crates.io index
[INFO] [stderr]  Downloading crates ...
[INFO] [stderr]   Downloaded termtree v0.2.3
[INFO] [stderr]   Downloaded solana-nohash-hasher v0.2.1
[INFO] [stderr]   Downloaded base64ct v1.3.3
[INFO] [stderr]   Downloaded prio-graph v0.2.0
[INFO] [stderr]   Downloaded tikv-jemallocator v0.4.1
[INFO] [stderr]   Downloaded hidapi v2.4.1
[INFO] [stderr]   Downloaded core_affinity v0.5.10
[INFO] [stderr]   Downloaded smpl_jwt v0.7.1
[INFO] [stderr]   Downloaded prettyplease v0.1.9
[INFO] [stderr]   Downloaded utf8-width v0.1.5
[INFO] [stderr]   Downloaded raptorq v1.8.0
[INFO] [stderr]   Downloaded tracing-subscriber v0.3.7
[INFO] [stderr]   Downloaded zstd-safe v5.0.1+zstd.1.5.2
[INFO] [stderr]   Downloaded spl-instruction-padding v0.1.0
[INFO] [stderr]   Downloaded educe v0.4.18
[INFO] [stderr]   Downloaded protobuf-src v1.1.0+21.5
[INFO] [stderr]   Downloaded gag v1.0.0
[INFO] [stderr]   Downloaded autotools v0.2.5
[INFO] [stderr]   Downloaded assert_cmd v2.0.8
[INFO] [stderr]   Downloaded rolling-file v0.2.0
[INFO] [stderr]   Downloaded thread-scoped v1.0.2
[INFO] [stderr]   Downloaded portable-atomic v1.3.2
[INFO] [stderr]   Downloaded enum-ordinalize v3.1.10
[INFO] [stderr]   Downloaded sysctl v0.4.6
[INFO] [stderr]   Downloaded min-max-heap v1.3.0
[INFO] [stderr]   Downloaded simpl v0.1.0
[INFO] [stderr]   Downloaded etcd-client v0.11.1
[INFO] [stderr]   Downloaded stream-cancel v0.8.1
[INFO] [stderr]   Downloaded filedescriptor v0.8.1
[INFO] [stderr]   Downloaded async-compression v0.4.1
[INFO] [stderr]   Downloaded predicates-tree v1.0.4
[INFO] [stderr]   Downloaded trees v0.4.2
[INFO] [stderr]   Downloaded minimal-lexical v0.1.4
[INFO] [stderr]   Downloaded pickledb v0.5.1
[INFO] [stderr]   Downloaded seqlock v0.2.0
[INFO] [stderr]   Downloaded criterion-stats v0.3.0
[INFO] [stderr]   Downloaded gdbstub v0.6.3
[INFO] [stderr]   Downloaded tracing-opentelemetry v0.17.2
[INFO] [stderr]   Downloaded goauth v0.13.1
[INFO] [stderr]   Downloaded goblin v0.5.1
[INFO] running `Command { std: "docker" "create" "-v" "/var/lib/crater-agent-workspace/builds/worker-4-tc1/target:/opt/rustwide/target:rw,Z" "-v" "/var/lib/crater-agent-workspace/builds/worker-4-tc1/source:/opt/rustwide/workdir:ro,Z" "-v" "/var/lib/crater-agent-workspace/cargo-home:/opt/rustwide/cargo-home:ro,Z" "-v" "/var/lib/crater-agent-workspace/rustup-home:/opt/rustwide/rustup-home:ro,Z" "-e" "SOURCE_DIR=/opt/rustwide/workdir" "-e" "CARGO_TARGET_DIR=/opt/rustwide/target" "-e" "CARGO_HOME=/opt/rustwide/cargo-home" "-e" "RUSTUP_HOME=/opt/rustwide/rustup-home" "-w" "/opt/rustwide/workdir" "-m" "1610612736" "--user" "0:0" "--network" "none" "ghcr.io/rust-lang/crates-build-env/linux@sha256:2788e3201cd34a07e3172128adcd8b3090168a8e3bcc40d7c032b9dda1df7d1c" "/opt/rustwide/cargo-home/bin/cargo" "+1.75.0" "metadata" "--no-deps" "--format-version=1", kill_on_drop: false }`
[INFO] [stdout] 346b1fe3966bfcd5dd5eec93aaee7480e2e738d37056bd6c306efe59a9f7fdd8
[INFO] running `Command { std: "docker" "start" "-a" "346b1fe3966bfcd5dd5eec93aaee7480e2e738d37056bd6c306efe59a9f7fdd8", kill_on_drop: false }`
[INFO] running `Command { std: "docker" "inspect" "346b1fe3966bfcd5dd5eec93aaee7480e2e738d37056bd6c306efe59a9f7fdd8", kill_on_drop: false }`
[INFO] running `Command { std: "docker" "rm" "-f" "346b1fe3966bfcd5dd5eec93aaee7480e2e738d37056bd6c306efe59a9f7fdd8", kill_on_drop: false }`
[INFO] [stdout] 346b1fe3966bfcd5dd5eec93aaee7480e2e738d37056bd6c306efe59a9f7fdd8
[INFO] running `Command { std: "docker" "create" "-v" "/var/lib/crater-agent-workspace/builds/worker-4-tc1/target:/opt/rustwide/target:rw,Z" "-v" "/var/lib/crater-agent-workspace/builds/worker-4-tc1/source:/opt/rustwide/workdir:ro,Z" "-v" "/var/lib/crater-agent-workspace/cargo-home:/opt/rustwide/cargo-home:ro,Z" "-v" "/var/lib/crater-agent-workspace/rustup-home:/opt/rustwide/rustup-home:ro,Z" "-e" "SOURCE_DIR=/opt/rustwide/workdir" "-e" "CARGO_TARGET_DIR=/opt/rustwide/target" "-e" "CARGO_INCREMENTAL=0" "-e" "RUST_BACKTRACE=full" "-e" "RUSTFLAGS=--cap-lints=warn" "-e" "RUSTDOCFLAGS=--cap-lints=warn" "-e" "CARGO_HOME=/opt/rustwide/cargo-home" "-e" "RUSTUP_HOME=/opt/rustwide/rustup-home" "-w" "/opt/rustwide/workdir" "-m" "1610612736" "--user" "0:0" "--network" "none" "ghcr.io/rust-lang/crates-build-env/linux@sha256:2788e3201cd34a07e3172128adcd8b3090168a8e3bcc40d7c032b9dda1df7d1c" "/opt/rustwide/cargo-home/bin/cargo" "+1.75.0" "doc" "--frozen" "--no-deps" "--document-private-items" "--message-format=json", kill_on_drop: false }`
[INFO] [stdout] b1c40310c97dd22f2a8d8377340294a2a9168c067e6a9590fff3ea25f4884428
[INFO] running `Command { std: "docker" "start" "-a" "b1c40310c97dd22f2a8d8377340294a2a9168c067e6a9590fff3ea25f4884428", kill_on_drop: false }`
[INFO] [stderr] warning: output filename collision.
[INFO] [stderr] The bin target `solana-faucet` in package `solana-faucet v1.18.0 (/opt/rustwide/workdir/faucet)` has the same output filename as the lib target `solana_faucet` in package `solana-faucet v1.18.0 (/opt/rustwide/workdir/faucet)`.
[INFO] [stderr] Colliding filename is: /opt/rustwide/target/doc/solana_faucet/index.html
[INFO] [stderr] The output filenames should be unique.
[INFO] [stderr] This is a known bug where multiple crates with the same name use
[INFO] [stderr] the same path; see <https://github.com/rust-lang/cargo/issues/6313>.
[INFO] [stderr] If this looks unexpected, it may be a bug in Cargo. Please file a bug report at
[INFO] [stderr] https://github.com/rust-lang/cargo/issues/ with as much information as you
[INFO] [stderr] can provide.
[INFO] [stderr] cargo 1.75.0 (1d8b05cdd 2023-11-20) running on `x86_64-unknown-linux-gnu` target `x86_64-unknown-linux-gnu`
[INFO] [stderr] First unit: Unit { pkg: Package { id: PackageId { name: "solana-faucet", version: "1.18.0", source: "/opt/rustwide/workdir/faucet" }, ..: ".." }, target: TargetInner { name: "solana-faucet", doc: true, ..: with_path("/opt/rustwide/workdir/faucet/src/bin/faucet.rs", Edition2021) }, profile: Profile { incremental: false, ..: default_dev() }, kind: Host, mode: Doc { deps: false }, features: [], artifact: false, artifact_target_for_features: None, is_std: false, dep_hash: 14174041120441681719 }
[INFO] [stderr] Second unit: Unit { pkg: Package { id: PackageId { name: "solana-faucet", version: "1.18.0", source: "/opt/rustwide/workdir/faucet" }, ..: ".." }, target: TargetInner { ..: lib_target("solana_faucet", ["lib"], "/opt/rustwide/workdir/faucet/src/lib.rs", Edition2021) }, profile: Profile { incremental: false, ..: default_dev() }, kind: Host, mode: Doc { deps: false }, features: [], artifact: false, artifact_target_for_features: None, is_std: false, dep_hash: 10592984369457502916 }
[INFO] [stderr] warning: output filename collision.
[INFO] [stderr] The bin target `solana-genesis` in package `solana-genesis v1.18.0 (/opt/rustwide/workdir/genesis)` has the same output filename as the lib target `solana_genesis` in package `solana-genesis v1.18.0 (/opt/rustwide/workdir/genesis)`.
[INFO] [stderr] Colliding filename is: /opt/rustwide/target/doc/solana_genesis/index.html
[INFO] [stderr] The output filenames should be unique.
[INFO] [stderr] This is a known bug where multiple crates with the same name use
[INFO] [stderr] the same path; see <https://github.com/rust-lang/cargo/issues/6313>.
[INFO] [stderr] If this looks unexpected, it may be a bug in Cargo. Please file a bug report at
[INFO] [stderr] https://github.com/rust-lang/cargo/issues/ with as much information as you
[INFO] [stderr] can provide.
[INFO] [stderr] cargo 1.75.0 (1d8b05cdd 2023-11-20) running on `x86_64-unknown-linux-gnu` target `x86_64-unknown-linux-gnu`
[INFO] [stderr] First unit: Unit { pkg: Package { id: PackageId { name: "solana-genesis", version: "1.18.0", source: "/opt/rustwide/workdir/genesis" }, ..: ".." }, target: TargetInner { name: "solana-genesis", doc: true, ..: with_path("/opt/rustwide/workdir/genesis/src/main.rs", Edition2021) }, profile: Profile { incremental: false, ..: default_dev() }, kind: Host, mode: Doc { deps: false }, features: [], artifact: false, artifact_target_for_features: None, is_std: false, dep_hash: 6864389106522534229 }
[INFO] [stderr] Second unit: Unit { pkg: Package { id: PackageId { name: "solana-genesis", version: "1.18.0", source: "/opt/rustwide/workdir/genesis" }, ..: ".." }, target: TargetInner { ..: lib_target("solana_genesis", ["lib"], "/opt/rustwide/workdir/genesis/src/lib.rs", Edition2021) }, profile: Profile { incremental: false, ..: default_dev() }, kind: Host, mode: Doc { deps: false }, features: [], artifact: false, artifact_target_for_features: None, is_std: false, dep_hash: 17028504927879277859 }
[INFO] [stderr] warning: output filename collision.
[INFO] [stderr] The bin target `air-solana` in package `solana-validator v1.18.0 (/opt/rustwide/workdir/validator)` has the same output filename as the lib target `air-solana` in package `air-solana v1.18.0 (/opt/rustwide/workdir/test-validator)`.
[INFO] [stderr] Colliding filename is: /opt/rustwide/target/doc/air_solana/index.html
[INFO] [stderr] The targets should have unique names.
[INFO] [stderr] This is a known bug where multiple crates with the same name use
[INFO] [stderr] the same path; see <https://github.com/rust-lang/cargo/issues/6313>.
[INFO] [stderr]    Compiling proc-macro2 v1.0.70
[INFO] [stderr]    Compiling unicode-ident v1.0.2
[INFO] [stderr]    Compiling libc v0.2.150
[INFO] [stderr]    Compiling syn v1.0.109
[INFO] [stderr]    Compiling serde v1.0.193
[INFO] [stderr]     Checking once_cell v1.18.0
[INFO] [stderr]     Checking log v0.4.20
[INFO] [stderr]    Compiling semver v1.0.20
[INFO] [stderr]     Checking memchr v2.6.3
[INFO] [stderr]     Checking scopeguard v1.2.0
[INFO] [stderr]    Compiling generic-array v0.14.7
[INFO] [stderr]     Checking itoa v1.0.9
[INFO] [stderr]    Compiling num-traits v0.2.17
[INFO] [stderr]     Checking ppv-lite86 v0.2.15
[INFO] [stderr]     Checking subtle v2.4.1
[INFO] [stderr]    Compiling thiserror v1.0.50
[INFO] [stderr]    Compiling ahash v0.7.6
[INFO] [stderr]     Checking either v1.9.0
[INFO] [stderr]    Compiling num-integer v0.1.44
[INFO] [stderr]    Compiling anyhow v1.0.75
[INFO] [stderr]    Compiling ryu v1.0.5
[INFO] [stderr]    Compiling crossbeam-utils v0.8.14
[INFO] [stderr]     Checking cpufeatures v0.2.7
[INFO] [stderr]    Compiling serde_json v1.0.108
[INFO] [stderr]    Compiling num-bigint v0.4.4
[INFO] [stderr]    Compiling typenum v1.15.0
[INFO] [stderr]    Compiling getrandom v0.1.16
[INFO] [stderr]     Checking tinyvec v1.5.0
[INFO] [stderr]    Compiling memoffset v0.6.4
[INFO] [stderr]    Compiling rustversion v1.0.14
[INFO] [stderr]    Compiling rustc_version v0.4.0
[INFO] [stderr]    Compiling crossbeam-epoch v0.9.5 (https://github.com/solana-labs/crossbeam?rev=fd279d707025f0e60951e429bf778b4813d1b6bf#fd279d70)
[INFO] [stderr]     Checking aho-corasick v1.0.1
[INFO] [stderr]     Checking regex-syntax v0.8.2
[INFO] [stderr]    Compiling quote v1.0.33
[INFO] [stderr]     Checking itertools v0.10.5
[INFO] [stderr]    Compiling rayon-core v1.12.0
[INFO] [stderr]    Compiling lock_api v0.4.10
[INFO] [stderr]    Compiling syn v2.0.39
[INFO] [stderr]    Compiling jobserver v0.1.24
[INFO] [stderr]     Checking unicode-normalization v0.1.22
[INFO] [stderr]    Compiling crunchy v0.2.2
[INFO] [stderr]     Checking smallvec v1.11.2
[INFO] [stderr]    Compiling cc v1.0.83
[INFO] [stderr]     Checking crossbeam-deque v0.8.1
[INFO] [stderr]     Checking byteorder v1.5.0
[INFO] [stderr]     Checking block-padding v0.2.1
[INFO] [stderr]     Checking getrandom v0.2.10
[INFO] [stderr]    Compiling ahash v0.8.6
[INFO] [stderr]     Checking zerocopy v0.7.15
[INFO] [stderr]     Checking rand_core v0.6.4
[INFO] [stderr]     Checking rand_core v0.5.1
[INFO] [stderr]    Compiling parking_lot_core v0.9.8
[INFO] [stderr]     Checking rand_chacha v0.3.1
[INFO] [stderr]    Compiling paste v1.0.9
[INFO] [stderr]     Checking rand_chacha v0.2.2
[INFO] [stderr]    Compiling digest v0.9.0
[INFO] [stderr]     Checking rayon v1.8.0
[INFO] [stderr]    Compiling wasm-bindgen-shared v0.2.88
[INFO] [stderr]     Checking rand v0.8.5
[INFO] [stderr]     Checking rand v0.7.3
[INFO] [stderr]     Checking bytes v1.5.0
[INFO] [stderr]    Compiling libsecp256k1-core v0.2.2
[INFO] [stderr]     Checking hashbrown v0.13.2
[INFO] [stderr]    Compiling solana-frozen-abi-macro v1.18.0 (/opt/rustwide/workdir/frozen-abi/macro)
[INFO] [stderr]     Checking percent-encoding v2.3.1
[INFO] [stderr]     Checking regex-automata v0.4.3
[INFO] [stderr]    Compiling feature-probe v0.1.1
[INFO] [stderr]    Compiling bv v0.11.1
[INFO] [stderr]     Checking num_cpus v1.16.0
[INFO] [stderr]     Checking bitmaps v2.1.0
[INFO] [stderr]    Compiling im v15.1.0
[INFO] [stderr]     Checking pin-project-lite v0.2.7
[INFO] [stderr]     Checking ark-std v0.4.0
[INFO] [stderr]    Compiling bumpalo v3.12.0
[INFO] [stderr]     Checking base64 v0.21.5
[INFO] [stderr]     Checking parking_lot v0.12.1
[INFO] [stderr]    Compiling libsecp256k1-gen-genmult v0.2.1
[INFO] [stderr]    Compiling libsecp256k1-gen-ecmult v0.2.1
[INFO] [stderr]     Checking rand_xoshiro v0.6.0
[INFO] [stderr]    Compiling solana-frozen-abi v1.18.0 (/opt/rustwide/workdir/frozen-abi)
[INFO] [stderr]     Checking rustc-hash v1.1.0
[INFO] [stderr]     Checking keccak v0.1.0
[INFO] [stderr]     Checking bs58 v0.4.0
[INFO] [stderr]    Compiling blake3 v1.5.0
[INFO] [stderr]     Checking memmap2 v0.5.10
[INFO] [stderr]    Compiling memoffset v0.9.0
[INFO] [stderr]     Checking arrayref v0.3.7
[INFO] [stderr]    Compiling wasm-bindgen v0.2.88
[INFO] [stderr]    Compiling solana-program v1.18.0 (/opt/rustwide/workdir/sdk/program)
[INFO] [stderr]     Checking hashbrown v0.11.2
[INFO] [stderr]     Checking arrayvec v0.7.4
[INFO] [stderr]    Compiling libsecp256k1 v0.6.0
[INFO] [stderr]     Checking base64 v0.12.3
[INFO] [stderr]     Checking constant_time_eq v0.3.0
[INFO] [stderr]     Checking sized-chunks v0.6.5
[INFO] [stderr]     Checking atty v0.2.14
[INFO] [stderr]     Checking termcolor v1.1.2
[INFO] [stderr]     Checking humantime v2.1.0
[INFO] [stderr]    Compiling futures-core v0.3.29
[INFO] [stderr]     Checking iana-time-zone v0.1.46
[INFO] [stderr]     Checking signature v1.4.0
[INFO] [stderr]     Checking signal-hook-registry v1.4.0
[INFO] [stderr]    Compiling solana-sdk v1.18.0 (/opt/rustwide/workdir/sdk)
[INFO] [stderr]     Checking ed25519 v1.2.0
[INFO] [stderr]    Compiling tokio v1.29.1
[INFO] [stderr]     Checking derivation-path v0.2.0
[INFO] [stderr]     Checking qstring v0.7.2
[INFO] [stderr]     Checking mio v0.8.8
[INFO] [stderr]     Checking socket2 v0.4.9
[INFO] [stderr]     Checking uriparse v0.6.4
[INFO] [stderr]     Checking assert_matches v1.5.0
[INFO] [stderr]     Checking futures-sink v0.3.29
[INFO] [stderr]     Checking slab v0.4.5
[INFO] [stderr]    Compiling futures-task v0.3.29
[INFO] [stderr]    Compiling futures-channel v0.3.29
[INFO] [stderr]     Checking hashbrown v0.12.3
[INFO] [stderr]    Compiling toml v0.5.8
[INFO] [stderr]    Compiling futures-util v0.3.29
[INFO] [stderr]     Checking futures-io v0.3.29
[INFO] [stderr]    Compiling indexmap v1.9.3
[INFO] [stderr]     Checking futures v0.1.31
[INFO] [stderr]    Compiling pkg-config v0.3.22
[INFO] [stderr]     Checking tracing-core v0.1.21
[INFO] [stderr]     Checking unicode-bidi v0.3.13
[INFO] [stderr]     Checking form_urlencoded v1.2.1
[INFO] [stderr]     Checking http v0.2.11
[INFO] [stderr]    Compiling ring v0.17.3
[INFO] [stderr]     Checking base64 v0.13.1
[INFO] [stderr]    Compiling ring v0.16.20
[INFO] [stderr]     Checking spin v0.9.2
[INFO] [stderr]     Checking idna v0.5.0
[INFO] [stderr]     Checking untrusted v0.9.0
[INFO] [stderr]    Compiling openssl-src v300.1.6+3.1.4
[INFO] [stderr]    Compiling vcpkg v0.2.15
[INFO] [stderr]     Checking httpdate v1.0.1
[INFO] [stderr]     Checking regex v1.10.2
[INFO] [stderr]    Compiling rustls v0.21.9
[INFO] [stderr]     Checking want v0.3.0
[INFO] [stderr]     Checking crossbeam-channel v0.5.8
[INFO] [stderr]     Checking openssl-probe v0.1.4
[INFO] [stderr]    Compiling openssl v0.10.60
[INFO] [stderr]    Compiling native-tls v0.2.11
[INFO] [stderr]    Compiling wasm-bindgen-backend v0.2.88
[INFO] [stderr]    Compiling darling_core v0.20.1
[INFO] [stderr]     Checking url v2.5.0
[INFO] [stderr]     Checking env_logger v0.9.3
[INFO] [stderr]     Checking http-body v0.4.5
[INFO] [stderr]    Compiling proc-macro-crate v0.1.5
[INFO] [stderr]     Checking alloc-no-stdlib v2.0.3
[INFO] [stderr]    Compiling crc32fast v1.2.1
[INFO] [stderr]     Checking adler v1.0.2
[INFO] [stderr]     Checking rustls-pemfile v1.0.0
[INFO] [stderr]     Checking alloc-stdlib v0.2.1
[INFO] [stderr]     Checking miniz_oxide v0.7.1
[INFO] [stderr]     Checking solana-logger v1.18.0 (/opt/rustwide/workdir/logger)
[INFO] [stderr]    Compiling encoding_rs v0.8.29
[INFO] [stderr]     Checking brotli-decompressor v2.3.2
[INFO] [stderr]     Checking webpki-roots v0.25.2
[INFO] [stderr]     Checking ipnet v2.3.1
[INFO] [stderr]     Checking gethostname v0.2.3
[INFO] [stderr]    Compiling num-bigint v0.2.6
[INFO] [stderr]    Compiling num-iter v0.1.43
[INFO] [stderr]    Compiling num-complex v0.2.4
[INFO] [stderr]    Compiling openssl-sys v0.9.96
[INFO] [stderr]    Compiling num-rational v0.2.4
[INFO] [stderr]     Checking flate2 v1.0.28
[INFO] [stderr]     Checking void v1.0.2
[INFO] [stderr]    Compiling borsh-schema-derive-internal v0.9.3
[INFO] [stderr]    Compiling borsh-schema-derive-internal v0.10.3
[INFO] [stderr]    Compiling borsh-derive-internal v0.10.3
[INFO] [stderr]    Compiling borsh-derive-internal v0.9.3
[INFO] [stderr]     Checking unreachable v1.0.0
[INFO] [stderr]     Checking ascii v0.9.3
[INFO] [stderr]    Compiling wasm-bindgen-macro-support v0.2.88
[INFO] [stderr]     Checking managed v0.8.0
[INFO] [stderr]     Checking plain v0.2.3
[INFO] [stderr]     Checking hash32 v0.2.1
[INFO] [stderr]    Compiling solana-program-runtime v1.18.0 (/opt/rustwide/workdir/program-runtime)
[INFO] [stderr]     Checking rustc-demangle v0.1.21
[INFO] [stderr]     Checking combine v3.8.1
[INFO] [stderr]     Checking gdbstub v0.6.3
[INFO] [stderr]     Checking brotli v3.3.4
[INFO] [stderr]     Checking eager v0.1.0
[INFO] [stderr]    Compiling rustix v0.38.21
[INFO] [stderr]    Compiling solana-vote-program v1.18.0 (/opt/rustwide/workdir/programs/vote)
[INFO] [stderr]    Compiling solana-version v1.18.0 (/opt/rustwide/workdir/version)
[INFO] [stderr]    Compiling block-buffer v0.10.4
[INFO] [stderr]    Compiling crypto-common v0.1.3
[INFO] [stderr]     Checking hashbrown v0.14.1
[INFO] [stderr]    Compiling digest v0.10.7
[INFO] [stderr]     Checking linux-raw-sys v0.4.10
[INFO] [stderr]    Compiling zstd-sys v2.0.1+zstd.1.5.2
[INFO] [stderr]     Checking fastrand v2.0.0
[INFO] [stderr]    Compiling sha2 v0.10.8
[INFO] [stderr]     Checking num v0.2.1
[INFO] [stderr]    Compiling zstd-safe v5.0.1+zstd.1.5.2
[INFO] [stderr]    Compiling proc-macro-error-attr v1.0.4
[INFO] [stderr]     Checking percentage v0.1.0
[INFO] [stderr]    Compiling proc-macro-error v1.0.4
[INFO] [stderr]     Checking unicode-width v0.1.9
[INFO] [stderr]    Compiling async-trait v0.1.74
[INFO] [stderr]     Checking Inflector v0.11.4
[INFO] [stderr]     Checking console v0.15.7
[INFO] [stderr]    Compiling memoffset v0.7.1
[INFO] [stderr]     Checking equivalent v1.0.0
[INFO] [stderr]     Checking indexmap v2.1.0
[INFO] [stderr]     Checking solana-rayon-threadlimit v1.18.0 (/opt/rustwide/workdir/rayon-threadlimit)
[INFO] [stderr]    Compiling time-macros v0.2.4
[INFO] [stderr]     Checking num_threads v0.1.3
[INFO] [stderr]    Compiling hidapi v2.4.1
[INFO] [stderr]     Checking shell-words v1.1.0
[INFO] [stderr]    Compiling solana-perf v1.18.0 (/opt/rustwide/workdir/perf)
[INFO] [stderr]     Checking textwrap v0.11.0
[INFO] [stderr]     Checking nix v0.26.4
[INFO] [stderr]     Checking vec_map v0.8.2
[INFO] [stderr]    Compiling serde_derive v1.0.193
[INFO] [stderr]    Compiling thiserror-impl v1.0.50
[INFO] [stderr]    Compiling zeroize_derive v1.4.2
[INFO] [stderr]    Compiling wasm-bindgen-macro v0.2.88
[INFO] [stderr]    Compiling num-derive v0.4.1
[INFO] [stderr]    Compiling solana-sdk-macro v1.18.0 (/opt/rustwide/workdir/sdk/macro)
[INFO] [stderr]    Compiling darling_macro v0.20.1
[INFO] [stderr]    Compiling qualifier_attr v0.2.2
[INFO] [stderr]    Compiling tokio-macros v2.1.0
[INFO] [stderr]    Compiling ark-serialize-derive v0.4.2
[INFO] [stderr]     Checking zeroize v1.3.0
[INFO] [stderr]    Compiling ark-ff-asm v0.4.2
[INFO] [stderr]    Compiling derivative v2.2.0
[INFO] [stderr]    Compiling ark-ff-macros v0.4.2
[INFO] [stderr]    Compiling borsh-derive v0.9.3
[INFO] [stderr]    Compiling borsh-derive v0.10.3
[INFO] [stderr]    Compiling bytemuck_derive v1.4.0
[INFO] [stderr]    Compiling darling v0.20.1
[INFO] [stderr]    Compiling futures-macro v0.3.29
[INFO] [stderr]    Compiling serde_with_macros v2.3.3
[INFO] [stderr]    Compiling tracing-attributes v0.1.18
[INFO] [stderr]     Checking sct v0.7.0
[INFO] [stderr]    Compiling proc-macro-crate v1.1.0
[INFO] [stderr]    Compiling openssl-macros v0.1.0
[INFO] [stderr]    Compiling scroll_derive v0.11.0
[INFO] [stderr]     Checking borsh v0.9.3
[INFO] [stderr]    Compiling enum-iterator-derive v1.2.1
[INFO] [stderr]     Checking borsh v0.10.3
[INFO] [stderr]    Compiling num_enum_derive v0.7.1
[INFO] [stderr]     Checking merlin v3.0.0
[INFO] [stderr]     Checking bytemuck v1.14.0
[INFO] [stderr]    Compiling spl-discriminator-syn v0.1.1
[INFO] [stderr]    Compiling spl-program-error-derive v0.3.1
[INFO] [stderr]    Compiling num_enum_derive v0.6.1
[INFO] [stderr]    Compiling num-derive v0.3.3
[INFO] [stderr]     Checking scroll v0.11.0
[INFO] [stderr]     Checking time v0.3.9
[INFO] [stderr]     Checking goblin v0.5.1
[INFO] [stderr]    Compiling spl-discriminator-derive v0.1.1
[INFO] [stderr]     Checking enum-iterator v1.4.1
[INFO] [stderr]     Checking tracing v0.1.29
[INFO] [stderr]    Compiling dlopen2_derive v0.3.0
[INFO] [stderr]     Checking caps v0.5.5
[INFO] [stderr]     Checking strsim v0.8.0
[INFO] [stderr]     Checking ansi_term v0.11.0
[INFO] [stderr]     Checking rtoolbox v0.0.1
[INFO] [stderr]     Checking num_enum v0.7.1
[INFO] [stderr]    Compiling portable-atomic v1.3.2
[INFO] [stderr]     Checking rpassword v7.3.1
[INFO] [stderr]    Compiling bzip2-sys v0.1.11+1.0.8
[INFO] [stderr]     Checking clap v2.33.3
[INFO] [stderr]     Checking os_str_bytes v6.0.0
[INFO] [stderr]    Compiling clap_derive v3.2.18
[INFO] [stderr]     Checking clap_lex v0.2.4
[INFO] [stderr]     Checking dashmap v5.5.3
[INFO] [stderr]     Checking num_enum v0.6.1
[INFO] [stderr]    Compiling lz4-sys v1.9.4
[INFO] [stderr]    Compiling solana-stake-program v1.18.0 (/opt/rustwide/workdir/programs/stake)
[INFO] [stderr]     Checking dlopen2 v0.5.0
[INFO] [stderr]     Checking textwrap v0.16.0
[INFO] [stderr]     Checking filetime v0.2.15
[INFO] [stderr]     Checking xattr v1.0.1
[INFO] [stderr]    Compiling modular-bitfield-impl v0.11.2
[INFO] [stderr]     Checking tar v0.4.40
[INFO] [stderr]    Compiling pin-project-internal v1.0.12
[INFO] [stderr]     Checking indicatif v0.17.7
[INFO] [stderr]    Compiling fs-err v2.11.0
[INFO] [stderr]    Compiling prost-derive v0.11.9
[INFO] [stderr]    Compiling unicode-xid v0.2.2
[INFO] [stderr]     Checking tokio-util v0.7.1
[INFO] [stderr]     Checking async-compression v0.4.1
[INFO] [stderr]     Checking tokio-stream v0.1.14
[INFO] [stderr]    Compiling ouroboros_macro v0.15.6
[INFO] [stderr]     Checking yasna v0.5.0
[INFO] [stderr]     Checking futures-executor v0.3.29
[INFO] [stderr]     Checking h2 v0.3.18
[INFO] [stderr]    Compiling strum_macros v0.24.3
[INFO] [stderr]     Checking futures v0.3.29
[INFO] [stderr]     Checking pem v1.1.1
[INFO] [stderr]    Compiling solana-accounts-db v1.18.0 (/opt/rustwide/workdir/accounts-db)
[INFO] [stderr]    Compiling nom v7.0.0
[INFO] [stderr]     Checking solana_rbpf v0.8.0
[INFO] [stderr]     Checking aliasable v0.1.3
[INFO] [stderr]     Checking data-encoding v2.3.2
[INFO] [stderr]     Checking rcgen v0.10.0
[INFO] [stderr]     Checking seqlock v0.2.0
[INFO] [stderr]     Checking socket2 v0.5.5
[INFO] [stderr]    Compiling solana-address-lookup-table-program v1.18.0 (/opt/rustwide/workdir/programs/address-lookup-table)
[INFO] [stderr]     Checking solana-nohash-hasher v0.2.1
[INFO] [stderr]     Checking minimal-lexical v0.1.4
[INFO] [stderr]     Checking pin-project v1.0.12
[INFO] [stderr]     Checking modular-bitfield v0.11.2
[INFO] [stderr]     Checking index_list v0.2.11
[INFO] [stderr]    Compiling synstructure v0.12.6
[INFO] [stderr]    Compiling displaydoc v0.2.3
[INFO] [stderr]    Compiling asn1-rs-impl v0.1.0
[INFO] [stderr]    Compiling solana-cost-model v1.18.0 (/opt/rustwide/workdir/cost-model)
[INFO] [stderr]     Checking clap v3.2.23
[INFO] [stderr]    Compiling solana-vote v1.18.0 (/opt/rustwide/workdir/vote)
[INFO] [stderr]     Checking bitflags v2.4.1
[INFO] [stderr]     Checking bincode v1.3.3
[INFO] [stderr]     Checking serde_bytes v0.11.12
[INFO] [stderr]     Checking chrono v0.4.31
[INFO] [stderr]     Checking serde_with v2.3.3
[INFO] [stderr]     Checking serde_urlencoded v0.7.1
[INFO] [stderr]     Checking block-buffer v0.9.0
[INFO] [stderr]     Checking crypto-mac v0.8.0
[INFO] [stderr]     Checking curve25519-dalek v3.2.1 (https://github.com/solana-labs/curve25519-dalek.git?rev=b500cdc2a920cd5bff9e2dd974d7b97349d61464#b500cdc2)
[INFO] [stderr]     Checking sha2 v0.9.9
[INFO] [stderr]     Checking hmac v0.8.1
[INFO] [stderr]     Checking pbkdf2 v0.4.0
[INFO] [stderr]     Checking ark-serialize v0.4.2
[INFO] [stderr]     Checking hmac-drbg v0.3.0
[INFO] [stderr]     Checking sha3 v0.10.4
[INFO] [stderr]     Checking hmac v0.12.1
[INFO] [stderr]     Checking tiny-bip39 v0.8.2
[INFO] [stderr]     Checking ark-ff v0.4.2
[INFO] [stderr]     Checking pbkdf2 v0.11.0
[INFO] [stderr]     Checking cipher v0.3.0
[INFO] [stderr]     Checking universal-hash v0.4.1
[INFO] [stderr]     Checking aead v0.4.3
[INFO] [stderr]     Checking sha3 v0.9.1
[INFO] [stderr]     Checking polyval v0.5.3
[INFO] [stderr]     Checking ctr v0.8.0
[INFO] [stderr]     Checking aes v0.7.5
[INFO] [stderr]     Checking jsonrpc-core v18.0.0
[INFO] [stderr]     Checking strum v0.24.0
[INFO] [stderr]     Checking ouroboros v0.15.6
[INFO] [stderr]     Checking ed25519-dalek v1.0.1
[INFO] [stderr]     Checking rusticata-macros v4.1.0
[INFO] [stderr]    Compiling asn1-rs-derive v0.4.0
[INFO] [stderr]     Checking predicates-core v1.0.2
[INFO] [stderr]     Checking walkdir v2.3.2
[INFO] [stderr]     Checking hyper v0.14.27
[INFO] [stderr]     Checking ed25519-dalek-bip32 v0.2.0
[INFO] [stderr]     Checking aes-gcm-siv v0.10.3 (https://github.com/RustCrypto/AEADs?rev=6105d7a5591aefa646a95d12b5e8d3f55a9214ef#6105d7a5)
[INFO] [stderr]     Checking rustls-pemfile v0.2.1
[INFO] [stderr]     Checking float-cmp v0.9.0
[INFO] [stderr]    Compiling include_dir_macros v0.7.3
[INFO] [stderr]     Checking termtree v0.2.3
[INFO] [stderr]     Checking const-oid v0.7.1
[INFO] [stderr]     Checking normalize-line-endings v0.3.0
[INFO] [stderr]    Compiling oid-registry v0.6.0
[INFO] [stderr]     Checking difflib v0.4.0
[INFO] [stderr]     Checking der v0.5.1
[INFO] [stderr]     Checking predicates-tree v1.0.4
[INFO] [stderr]     Checking predicates v2.1.5
[INFO] [stderr]    Compiling prost v0.11.9
[INFO] [stderr]    Compiling include_dir v0.7.3
[INFO] [stderr]     Checking rustls-native-certs v0.6.1
[INFO] [stderr]    Compiling mockall_derive v0.11.4
[INFO] [stderr]     Checking lru v0.7.8
[INFO] [stderr]    Compiling solana-runtime v1.18.0 (/opt/rustwide/workdir/runtime)
[INFO] [stderr]     Checking fragile v2.0.0
[INFO] [stderr]     Checking downcast v0.11.0
[INFO] [stderr]     Checking event-listener v2.5.2
[INFO] [stderr]    Compiling fixedbitset v0.4.0
[INFO] [stderr]     Checking base64ct v1.3.3
[INFO] [stderr]    Compiling prost-types v0.11.9
[INFO] [stderr]    Compiling aquamarine v0.3.2
[INFO] [stderr]     Checking asn1-rs v0.5.1
[INFO] [stderr]     Checking spki v0.5.4
[INFO] [stderr]    Compiling petgraph v0.6.0
[INFO] [stderr]     Checking dir-diff v0.3.2
[INFO] [stderr]     Checking quinn-udp v0.4.0
[INFO] [stderr]    Compiling which v4.2.2
[INFO] [stderr]    Compiling prettyplease v0.1.9
[INFO] [stderr]    Compiling autotools v0.2.5
[INFO] [stderr]     Checking tempfile v3.8.1
[INFO] [stderr]     Checking concurrent-queue v2.1.0
[INFO] [stderr]     Checking dialoguer v0.10.4
[INFO] [stderr]    Compiling multimap v0.8.3
[INFO] [stderr]     Checking symlink v0.1.0
[INFO] [stderr]     Checking siphasher v0.3.11
[INFO] [stderr]    Compiling protobuf-src v1.1.0+21.5
[INFO] [stderr]     Checking async-channel v1.9.0
[INFO] [stderr]     Checking pkcs8 v0.8.0
[INFO] [stderr]     Checking dirs-sys-next v0.1.2
[INFO] [stderr]     Checking der-parser v8.1.0
[INFO] [stderr]     Checking histogram v0.6.9
[INFO] [stderr]     Checking unsafe-libyaml v0.2.8
[INFO] [stderr]     Checking dirs-next v2.0.0
[INFO] [stderr]     Checking sha1 v0.10.5
[INFO] [stderr]    Compiling glob v0.3.0
[INFO] [stderr]    Compiling prost-build v0.11.9
[INFO] [stderr]     Checking x509-parser v0.14.0
[INFO] [stderr]    Compiling prettyplease v0.2.4
[INFO] [stderr]     Checking parking_lot_core v0.8.5
[INFO] [stderr]     Checking async-mutex v1.4.0
[INFO] [stderr]    Compiling axum-core v0.3.4
[INFO] [stderr]     Checking tower-layer v0.3.2
[INFO] [stderr]    Compiling clang-sys v1.2.2
[INFO] [stderr]     Checking serde_yaml v0.9.27
[INFO] [stderr]     Checking parking_lot v0.11.2
[INFO] [stderr]    Compiling axum v0.6.20
[INFO] [stderr]     Checking ieee754 v0.2.6
[INFO] [stderr]    Compiling bindgen v0.65.1
[INFO] [stderr]     Checking fast-math v0.1.1
[INFO] [stderr] error: could not compile `libsecp256k1` (lib)
[INFO] [stderr] 
[INFO] [stderr] Caused by:
[INFO] [stderr]   process didn't exit successfully: `/opt/rustwide/rustup-home/toolchains/1.75.0-x86_64-unknown-linux-gnu/bin/rustc --crate-name libsecp256k1 --edition=2018 /opt/rustwide/cargo-home/registry/src/index.crates.io-6f17d22bba15001f/libsecp256k1-0.6.0/src/lib.rs --error-format=json --json=diagnostic-rendered-ansi,artifacts,future-incompat --crate-type lib --emit=dep-info,metadata -C embed-bitcode=no -C debuginfo=2 --cfg 'feature="default"' --cfg 'feature="hmac"' --cfg 'feature="hmac-drbg"' --cfg 'feature="sha2"' --cfg 'feature="static-context"' --cfg 'feature="std"' --cfg 'feature="typenum"' -C metadata=7a61cfffdeb80b70 -C extra-filename=-7a61cfffdeb80b70 --out-dir /opt/rustwide/target/debug/deps -L dependency=/opt/rustwide/target/debug/deps --extern arrayref=/opt/rustwide/target/debug/deps/libarrayref-6b787c8d3386d75e.rmeta --extern base64=/opt/rustwide/target/debug/deps/libbase64-da389ce952c32537.rmeta --extern digest=/opt/rustwide/target/debug/deps/libdigest-d5df010da087d757.rmeta --extern hmac_drbg=/opt/rustwide/target/debug/deps/libhmac_drbg-a5fbc755dd7356fa.rmeta --extern libsecp256k1_core=/opt/rustwide/target/debug/deps/liblibsecp256k1_core-ba200487acb222f9.rmeta --extern rand=/opt/rustwide/target/debug/deps/librand-6142873fd0279cb9.rmeta --extern serde=/opt/rustwide/target/debug/deps/libserde-8921deb130c98524.rmeta --extern sha2=/opt/rustwide/target/debug/deps/libsha2-610cdb694e20a271.rmeta --extern typenum=/opt/rustwide/target/debug/deps/libtypenum-8d88a20d674ea0c5.rmeta --cap-lints allow --cap-lints=warn` (signal: 9, SIGKILL: kill)
[INFO] [stderr] warning: build failed, waiting for other jobs to finish...
[INFO] [stderr] error: failed to run custom build command for `protobuf-src v1.1.0+21.5`
[INFO] [stderr] note: To improve backtraces for build dependencies, set the CARGO_PROFILE_DEV_BUILD_OVERRIDE_DEBUG=true environment variable to enable debug information generation.
[INFO] [stderr] 
[INFO] [stderr] Caused by:
[INFO] [stderr]   process didn't exit successfully: `/opt/rustwide/target/debug/build/protobuf-src-4dd0cc8a5f4624e3/build-script-build` (exit status: 101)
[INFO] [stderr]   --- stdout
[INFO] [stderr]   running: cd "/opt/rustwide/target/debug/build/protobuf-src-bc7b2399d6c2a6da/out/install/build" && CC="cc" CFLAGS="-O0 -ffunction-sections -fdata-sections -fPIC -gdwarf-4 -fno-omit-frame-pointer -m64" CXX="c++" CXXFLAGS="-O0 -ffunction-sections -fdata-sections -fPIC -gdwarf-4 -fno-omit-frame-pointer -m64" "sh" "-c" "exec \"$0\" \"$@\"" "/opt/rustwide/cargo-home/registry/src/index.crates.io-6f17d22bba15001f/protobuf-src-1.1.0+21.5/protobuf/configure" "--prefix=/opt/rustwide/target/debug/build/protobuf-src-bc7b2399d6c2a6da/out/install" "--disable-shared" "--enable-static" "--disable-maintainer-mode"
[INFO] [stderr]   checking whether to enable maintainer-specific portions of Makefiles... no
[INFO] [stderr]   checking build system type... x86_64-pc-linux-gnu
[INFO] [stderr]   checking host system type... x86_64-pc-linux-gnu
[INFO] [stderr]   checking target system type... x86_64-pc-linux-gnu
[INFO] [stderr]   checking for a BSD-compatible install... /usr/bin/install -c
[INFO] [stderr]   checking whether build environment is sane... yes
[INFO] [stderr]   checking for a race-free mkdir -p... /usr/bin/mkdir -p
[INFO] [stderr]   checking for gawk... no
[INFO] [stderr]   checking for mawk... mawk
[INFO] [stderr]   checking whether make sets $(MAKE)... yes
[INFO] [stderr]   checking whether make supports nested variables... yes
[INFO] [stderr]   checking whether UID '0' is supported by ustar format... yes
[INFO] [stderr]   checking whether GID '0' is supported by ustar format... yes
[INFO] [stderr]   checking how to create a ustar tar archive... gnutar
[INFO] [stderr]   checking whether make supports nested variables... (cached) yes
[INFO] [stderr]   checking for gcc... cc
[INFO] [stderr]   checking whether the C compiler works... yes
[INFO] [stderr]   checking for C compiler default output file name... a.out
[INFO] [stderr]   checking for suffix of executables... 
[INFO] [stderr]   checking whether we are cross compiling... no
[INFO] [stderr]   checking for suffix of object files... o
[INFO] [stderr]   checking whether the compiler supports GNU C... yes
[INFO] [stderr]   checking whether cc accepts -g... yes
[INFO] [stderr]   checking for cc option to enable C11 features... none needed
[INFO] [stderr]   checking whether cc understands -c and -o together... yes
[INFO] [stderr]   checking whether make supports the include directive... yes (GNU style)
[INFO] [stderr]   checking dependency style of cc... gcc3
[INFO] [stderr]   checking whether the compiler supports GNU C++... yes
[INFO] [stderr]   checking whether c++ accepts -g... yes
[INFO] [stderr]   checking for c++ option to enable C++11 features... none needed
[INFO] [stderr]   checking dependency style of c++... gcc3
[INFO] [stderr]   checking how to run the C preprocessor... cc -E
[INFO] [stderr]   checking for gcc... gcc
[INFO] [stderr]   checking whether the compiler supports GNU C... (cached) yes
[INFO] [stderr]   checking whether gcc accepts -g... yes
[INFO] [stderr]   checking for gcc option to enable C11 features... (cached) none needed
[INFO] [stderr]   checking whether gcc understands -c and -o together... (cached) yes
[INFO] [stderr]   checking dependency style of gcc... (cached) gcc3
[INFO] [stderr]   checking how to run the C preprocessor... gcc -E
[INFO] [stderr]   checking how to run the C++ preprocessor... c++ -E
[INFO] [stderr]   checking for g++... g++
[INFO] [stderr]   checking whether the compiler supports GNU C++... (cached) yes
[INFO] [stderr]   checking whether g++ accepts -g... yes
[INFO] [stderr]   checking for g++ option to enable C++11 features... (cached) none needed
[INFO] [stderr]   checking dependency style of g++... (cached) gcc3
[INFO] [stderr]   checking how to run the C++ preprocessor... g++ -E
[INFO] [stderr]   checking for stdio.h... yes
[INFO] [stderr]   checking for stdlib.h... yes
[INFO] [stderr]   checking for string.h... yes
[INFO] [stderr]   checking for inttypes.h... yes
[INFO] [stderr]   checking for stdint.h... yes
[INFO] [stderr]   checking for strings.h... yes
[INFO] [stderr]   checking for sys/stat.h... yes
[INFO] [stderr]   checking for sys/types.h... yes
[INFO] [stderr]   checking for unistd.h... yes
[INFO] [stderr]   checking for wchar.h... yes
[INFO] [stderr]   checking for minix/config.h... no
[INFO] [stderr]   checking whether it is safe to define __EXTENSIONS__... yes
[INFO] [stderr]   checking whether _XOPEN_SOURCE should be defined... no
[INFO] [stderr]   checking for ar... ar
[INFO] [stderr]   checking the archiver (ar) interface... ar
[INFO] [stderr]   checking C++ compiler flags...... use user-supplied: -O0 -ffunction-sections -fdata-sections -fPIC -gdwarf-4 -fno-omit-frame-pointer -m64
[INFO] [stderr]   checking for c++ options needed to detect all undeclared functions... none needed
[INFO] [stderr]   checking whether __SUNPRO_CC is declared... no
[INFO] [stderr]   checking how to print strings... printf
[INFO] [stderr]   checking for a sed that does not truncate output... /usr/bin/sed
[INFO] [stderr]   checking for grep that handles long lines and -e... /usr/bin/grep
[INFO] [stderr]   checking for egrep... /usr/bin/grep -E
[INFO] [stderr]   checking for fgrep... /usr/bin/grep -F
[INFO] [stderr]   checking for ld used by cc... /usr/bin/ld
[INFO] [stderr]   checking if the linker (/usr/bin/ld) is GNU ld... yes
[INFO] [stderr]   checking for BSD- or MS-compatible name lister (nm)... /usr/bin/nm -B
[INFO] [stderr]   checking the name lister (/usr/bin/nm -B) interface... BSD nm
[INFO] [stderr]   checking whether ln -s works... yes
[INFO] [stderr]   checking the maximum length of command line arguments... 1572864
[INFO] [stderr]   checking how to convert x86_64-pc-linux-gnu file names to x86_64-pc-linux-gnu format... func_convert_file_noop
[INFO] [stderr]   checking how to convert x86_64-pc-linux-gnu file names to toolchain format... func_convert_file_noop
[INFO] [stderr]   checking for /usr/bin/ld option to reload object files... -r
[INFO] [stderr]   checking for file... file
[INFO] [stderr]   checking for objdump... objdump
[INFO] [stderr]   checking how to recognize dependent libraries... pass_all
[INFO] [stderr]   checking for dlltool... no
[INFO] [stderr]   checking how to associate runtime and link libraries... printf %s\n
[INFO] [stderr]   checking for archiver @FILE support... @
[INFO] [stderr]   checking for strip... strip
[INFO] [stderr]   checking for ranlib... ranlib
[INFO] [stderr]   checking command to parse /usr/bin/nm -B output from cc object... ok
[INFO] [stderr]   checking for sysroot... no
[INFO] [stderr]   checking for a working dd... /usr/bin/dd
[INFO] [stderr]   checking how to truncate binary pipes... /usr/bin/dd bs=4096 count=1
[INFO] [stderr]   checking for mt... no
[INFO] [stderr]   checking if : is a manifest tool... no
[INFO] [stderr]   checking for dlfcn.h... yes
[INFO] [stderr]   checking for objdir... .libs
[INFO] [stderr]   checking if cc supports -fno-rtti -fno-exceptions... no
[INFO] [stderr]   checking for cc option to produce PIC... -fPIC -DPIC
[INFO] [stderr]   checking if cc PIC flag -fPIC -DPIC works... yes
[INFO] [stderr]   checking if cc static flag -static works... yes
[INFO] [stderr]   checking if cc supports -c -o file.o... yes
[INFO] [stderr]   checking if cc supports -c -o file.o... (cached) yes
[INFO] [stderr]   checking whether the cc linker (/usr/bin/ld -m elf_x86_64) supports shared libraries... yes
[INFO] [stderr]   checking dynamic linker characteristics... GNU/Linux ld.so
[INFO] [stderr]   checking how to hardcode library paths into programs... immediate
[INFO] [stderr]   checking whether stripping libraries is possible... yes
[INFO] [stderr]   checking if libtool supports shared libraries... yes
[INFO] [stderr]   checking whether to build shared libraries... no
[INFO] [stderr]   checking whether to build static libraries... yes
[INFO] [stderr]   checking how to run the C++ preprocessor... c++ -E
[INFO] [stderr]   checking for ld used by c++... /usr/bin/ld -m elf_x86_64
[INFO] [stderr]   checking if the linker (/usr/bin/ld -m elf_x86_64) is GNU ld... yes
[INFO] [stderr]   checking whether the c++ linker (/usr/bin/ld -m elf_x86_64) supports shared libraries... yes
[INFO] [stderr]   checking for c++ option to produce PIC... -fPIC -DPIC
[INFO] [stderr]   checking if c++ PIC flag -fPIC -DPIC works... yes
[INFO] [stderr]   checking if c++ static flag -static works... yes
[INFO] [stderr]   checking if c++ supports -c -o file.o... yes
[INFO] [stderr]   checking if c++ supports -c -o file.o... (cached) yes
[INFO] [stderr]   checking whether the c++ linker (/usr/bin/ld -m elf_x86_64) supports shared libraries... yes
[INFO] [stderr]   checking dynamic linker characteristics... (cached) GNU/Linux ld.so
[INFO] [stderr]   checking how to hardcode library paths into programs... immediate
[INFO] [stderr]   checking whether the linker supports version scripts... yes
[INFO] [stderr]   checking for egrep... (cached) /usr/bin/grep -E
[INFO] [stderr]   checking for fcntl.h... yes
[INFO] [stderr]   checking for inttypes.h... (cached) yes
[INFO] [stderr]   checking for limits.h... yes
[INFO] [stderr]   checking for stdlib.h... (cached) yes
[INFO] [stderr]   checking for unistd.h... (cached) yes
[INFO] [stderr]   checking for working memcmp... yes
[INFO] [stderr]   checking for working strtod... yes
[INFO] [stderr]   checking for ftruncate... yes
[INFO] [stderr]   checking for memset... yes
[INFO] [stderr]   checking for mkdir... yes
[INFO] [stderr]   checking for strchr... yes
[INFO] [stderr]   checking for strerror... yes
[INFO] [stderr]   checking for strtol... yes
[INFO] [stderr]   checking zlib version... ok (1.2.0.4 or later)
[INFO] [stderr]   checking for library containing zlibVersion... -lz
[INFO] [stderr]   checking whether c++ supports C++11 features by default... yes
[INFO] [stderr]   checking whether -latomic is needed... no
[INFO] [stderr]   checking whether cc is Clang... no
[INFO] [stderr]   checking whether pthreads work with "-pthread" and "-lpthread"... yes
[INFO] [stderr]   checking for joinable pthread attribute... PTHREAD_CREATE_JOINABLE
[INFO] [stderr]   checking whether more special flags are required for pthreads... no
[INFO] [stderr]   checking for PTHREAD_PRIO_INHERIT... yes
[INFO] [stderr]   checking the location of hash_map... <unordered_map>
[INFO] [stderr]   checking whether -llog is needed... no
[INFO] [stderr]   checking that generated files are newer than configure... done
[INFO] [stderr]   configure: creating ./config.status
[INFO] [stderr]   config.status: creating Makefile
[INFO] [stderr]   config.status: creating src/Makefile
[INFO] [stderr]   config.status: creating benchmarks/Makefile
[INFO] [stderr]   config.status: creating conformance/Makefile
[INFO] [stderr]   config.status: creating protobuf.pc
[INFO] [stderr]   config.status: creating protobuf-lite.pc
[INFO] [stderr]   config.status: creating config.h
[INFO] [stderr]   config.status: executing depfiles commands
[INFO] [stderr]   config.status: executing libtool commands
[INFO] [stderr]   === configuring in third_party/googletest (/opt/rustwide/target/debug/build/protobuf-src-bc7b2399d6c2a6da/out/install/build/third_party/googletest)
[INFO] [stderr]   configure: running /bin/bash /opt/rustwide/cargo-home/registry/src/index.crates.io-6f17d22bba15001f/protobuf-src-1.1.0+21.5/protobuf/third_party/googletest/configure --disable-option-checking '--prefix=/opt/rustwide/target/debug/build/protobuf-src-bc7b2399d6c2a6da/out/install'  '--disable-shared' '--enable-static' '--disable-maintainer-mode' 'CC=cc' 'CFLAGS=-O0 -ffunction-sections -fdata-sections -fPIC -gdwarf-4 -fno-omit-frame-pointer -m64' 'CXX=c++' 'CXXFLAGS=-O0 -ffunction-sections -fdata-sections -fPIC -gdwarf-4 -fno-omit-frame-pointer -m64' --cache-file=/dev/null --srcdir=/opt/rustwide/cargo-home/registry/src/index.crates.io-6f17d22bba15001f/protobuf-src-1.1.0+21.5/protobuf/third_party/googletest
[INFO] [stderr]   checking for a BSD-compatible install... /usr/bin/install -c
[INFO] [stderr]   checking whether build environment is sane... yes
[INFO] [stderr]   checking for a race-free mkdir -p... /usr/bin/mkdir -p
[INFO] [stderr]   checking for gawk... no
[INFO] [stderr]   checking for mawk... mawk
[INFO] [stderr]   checking whether make sets $(MAKE)... yes
[INFO] [stderr]   checking whether make supports nested variables... yes
[INFO] [stderr]   checking that generated files are newer than configure... done
[INFO] [stderr]   configure: creating ./config.status
[INFO] [stderr]   config.status: creating Makefile
[INFO] [stderr]   === configuring in googletest (/opt/rustwide/target/debug/build/protobuf-src-bc7b2399d6c2a6da/out/install/build/third_party/googletest/googletest)
[INFO] [stderr]   configure: running /bin/bash /opt/rustwide/cargo-home/registry/src/index.crates.io-6f17d22bba15001f/protobuf-src-1.1.0+21.5/protobuf/third_party/googletest/googletest/configure --disable-option-checking '--prefix=/opt/rustwide/target/debug/build/protobuf-src-bc7b2399d6c2a6da/out/install'  '--disable-shared' '--enable-static' '--disable-maintainer-mode' 'CC=cc' 'CFLAGS=-O0 -ffunction-sections -fdata-sections -fPIC -gdwarf-4 -fno-omit-frame-pointer -m64' 'CXX=c++' 'CXXFLAGS=-O0 -ffunction-sections -fdata-sections -fPIC -gdwarf-4 -fno-omit-frame-pointer -m64' --cache-file=/dev/null --srcdir=/opt/rustwide/cargo-home/registry/src/index.crates.io-6f17d22bba15001f/protobuf-src-1.1.0+21.5/protobuf/third_party/googletest/googletest
[INFO] [stderr]   checking for a BSD-compatible install... /usr/bin/install -c
[INFO] [stderr]   checking whether build environment is sane... yes
[INFO] [stderr]   checking for a race-free mkdir -p... /usr/bin/mkdir -p
[INFO] [stderr]   checking for gawk... no
[INFO] [stderr]   checking for mawk... mawk
[INFO] [stderr]   checking whether make sets $(MAKE)... yes
[INFO] [stderr]   checking whether make supports nested variables... yes
[INFO] [stderr]   checking for gcc... cc
[INFO] [stderr]   checking whether the C compiler works... yes
[INFO] [stderr]   checking for C compiler default output file name... a.out
[INFO] [stderr]   checking for suffix of executables... 
[INFO] [stderr]   checking whether we are cross compiling... no
[INFO] [stderr]   checking for suffix of object files... o
[INFO] [stderr]   checking whether the compiler supports GNU C... yes
[INFO] [stderr]   checking whether cc accepts -g... yes
[INFO] [stderr]   checking for cc option to enable C11 features... none needed
[INFO] [stderr]   checking whether cc understands -c and -o together... yes
[INFO] [stderr]   checking whether make supports the include directive... yes (GNU style)
[INFO] [stderr]   checking dependency style of cc... gcc3
[INFO] [stderr]   checking whether the compiler supports GNU C++... yes
[INFO] [stderr]   checking whether c++ accepts -g... yes
[INFO] [stderr]   checking for c++ option to enable C++11 features... none needed
[INFO] [stderr]   checking dependency style of c++... gcc3
[INFO] [stderr]   checking build system type... x86_64-pc-linux-gnu
[INFO] [stderr]   checking host system type... x86_64-pc-linux-gnu
[INFO] [stderr]   checking how to print strings... printf
[INFO] [stderr]   checking for a sed that does not truncate output... /usr/bin/sed
[INFO] [stderr]   checking for grep that handles long lines and -e... /usr/bin/grep
[INFO] [stderr]   checking for egrep... /usr/bin/grep -E
[INFO] [stderr]   checking for fgrep... /usr/bin/grep -F
[INFO] [stderr]   checking for ld used by cc... /usr/bin/ld
[INFO] [stderr]   checking if the linker (/usr/bin/ld) is GNU ld... yes
[INFO] [stderr]   checking for BSD- or MS-compatible name lister (nm)... /usr/bin/nm -B
[INFO] [stderr]   checking the name lister (/usr/bin/nm -B) interface... BSD nm
[INFO] [stderr]   checking whether ln -s works... yes
[INFO] [stderr]   checking the maximum length of command line arguments... 1572864
[INFO] [stderr]   checking how to convert x86_64-pc-linux-gnu file names to x86_64-pc-linux-gnu format... func_convert_file_noop
[INFO] [stderr]   checking how to convert x86_64-pc-linux-gnu file names to toolchain format... func_convert_file_noop
[INFO] [stderr]   checking for /usr/bin/ld option to reload object files... -r
[INFO] [stderr]   checking for file... file
[INFO] [stderr]   checking for objdump... objdump
[INFO] [stderr]   checking how to recognize dependent libraries... pass_all
[INFO] [stderr]   checking for dlltool... no
[INFO] [stderr]   checking how to associate runtime and link libraries... printf %s\n
[INFO] [stderr]   checking for ar... ar
[INFO] [stderr]   checking for archiver @FILE support... @
[INFO] [stderr]   checking for strip... strip
[INFO] [stderr]   checking for ranlib... ranlib
[INFO] [stderr]   checking command to parse /usr/bin/nm -B output from cc object... ok
[INFO] [stderr]   checking for sysroot... no
[INFO] [stderr]   checking for a working dd... /usr/bin/dd
[INFO] [stderr]   checking how to truncate binary pipes... /usr/bin/dd bs=4096 count=1
[INFO] [stderr]   checking for mt... no
[INFO] [stderr]   checking if : is a manifest tool... no
[INFO] [stderr]   checking for stdio.h... yes
[INFO] [stderr]   checking for stdlib.h... yes
[INFO] [stderr]   checking for string.h... yes
[INFO] [stderr]   checking for inttypes.h... yes
[INFO] [stderr]   checking for stdint.h... yes
[INFO] [stderr]   checking for strings.h... yes
[INFO] [stderr]   checking for sys/stat.h... yes
[INFO] [stderr]   checking for sys/types.h... yes
[INFO] [stderr]   checking for unistd.h... yes
[INFO] [stderr]   checking for dlfcn.h... yes
[INFO] [stderr]   checking for objdir... .libs
[INFO] [stderr]   checking if cc supports -fno-rtti -fno-exceptions... no
[INFO] [stderr]   checking for cc option to produce PIC... -fPIC -DPIC
[INFO] [stderr]   checking if cc PIC flag -fPIC -DPIC works... yes
[INFO] [stderr]   checking if cc static flag -static works... yes
[INFO] [stderr]   checking if cc supports -c -o file.o... yes
[INFO] [stderr]   checking if cc supports -c -o file.o... (cached) yes
[INFO] [stderr]   checking whether the cc linker (/usr/bin/ld -m elf_x86_64) supports shared libraries... yes
[INFO] [stderr]   checking dynamic linker characteristics... GNU/Linux ld.so
[INFO] [stderr]   checking how to hardcode library paths into programs... immediate
[INFO] [stderr]   checking whether stripping libraries is possible... yes
[INFO] [stderr]   checking if libtool supports shared libraries... yes
[INFO] [stderr]   checking whether to build shared libraries... no
[INFO] [stderr]   checking whether to build static libraries... yes
[INFO] [stderr]   checking how to run the C++ preprocessor... c++ -E
[INFO] [stderr]   checking for ld used by c++... /usr/bin/ld -m elf_x86_64
[INFO] [stderr]   checking if the linker (/usr/bin/ld -m elf_x86_64) is GNU ld... yes
[INFO] [stderr]   checking whether the c++ linker (/usr/bin/ld -m elf_x86_64) supports shared libraries... yes
[INFO] [stderr]   checking for c++ option to produce PIC... -fPIC -DPIC
[INFO] [stderr]   checking if c++ PIC flag -fPIC -DPIC works... yes
[INFO] [stderr]   checking if c++ static flag -static works... yes
[INFO] [stderr]   checking if c++ supports -c -o file.o... yes
[INFO] [stderr]   checking if c++ supports -c -o file.o... (cached) yes
[INFO] [stderr]   checking whether the c++ linker (/usr/bin/ld -m elf_x86_64) supports shared libraries... yes
[INFO] [stderr]   checking dynamic linker characteristics... (cached) GNU/Linux ld.so
[INFO] [stderr]   checking how to hardcode library paths into programs... immediate
[INFO] [stderr]   checking for python... :
[INFO] [stderr]   checking for the pthreads library -lpthreads... no
[INFO] [stderr]   checking whether pthreads work without any flags... yes
[INFO] [stderr]   checking for joinable pthread attribute... PTHREAD_CREATE_JOINABLE
[INFO] [stderr]   checking if more special flags are required for pthreads... no
[INFO] [stderr]   checking whether to check for GCC pthread/shared inconsistencies... yes
[INFO] [stderr]   checking whether -pthread is sufficient with -shared... yes
[INFO] [stderr]   checking that generated files are newer than configure... done
[INFO] [stderr]   configure: creating ./config.status
[INFO] [stderr]   config.status: creating Makefile
[INFO] [stderr]   config.status: creating scripts/gtest-config
[INFO] [stderr]   config.status: creating build-aux/config.h
[INFO] [stderr]   config.status: executing depfiles commands
[INFO] [stderr]   config.status: executing libtool commands
[INFO] [stderr]   === configuring in googlemock (/opt/rustwide/target/debug/build/protobuf-src-bc7b2399d6c2a6da/out/install/build/third_party/googletest/googlemock)
[INFO] [stderr]   configure: running /bin/bash /opt/rustwide/cargo-home/registry/src/index.crates.io-6f17d22bba15001f/protobuf-src-1.1.0+21.5/protobuf/third_party/googletest/googlemock/configure --disable-option-checking '--prefix=/opt/rustwide/target/debug/build/protobuf-src-bc7b2399d6c2a6da/out/install'  '--disable-shared' '--enable-static' '--disable-maintainer-mode' 'CC=cc' 'CFLAGS=-O0 -ffunction-sections -fdata-sections -fPIC -gdwarf-4 -fno-omit-frame-pointer -m64' 'CXX=c++' 'CXXFLAGS=-O0 -ffunction-sections -fdata-sections -fPIC -gdwarf-4 -fno-omit-frame-pointer -m64' --cache-file=/dev/null --srcdir=/opt/rustwide/cargo-home/registry/src/index.crates.io-6f17d22bba15001f/protobuf-src-1.1.0+21.5/protobuf/third_party/googletest/googlemock
[INFO] [stderr]   checking for a BSD-compatible install... /usr/bin/install -c
[INFO] [stderr]   checking whether build environment is sane... yes
[INFO] [stderr]   checking for a race-free mkdir -p... /usr/bin/mkdir -p
[INFO] [stderr]   checking for gawk... no
[INFO] [stderr]   checking for mawk... mawk
[INFO] [stderr]   checking whether make sets $(MAKE)... yes
[INFO] [stderr]   checking whether make supports nested variables... yes
[INFO] [stderr]   checking for gcc... cc
[INFO] [stderr]   checking whether the C compiler works... yes
[INFO] [stderr]   checking for C compiler default output file name... a.out
[INFO] [stderr]   checking for suffix of executables... 
[INFO] [stderr]   checking whether we are cross compiling... no
[INFO] [stderr]   checking for suffix of object files... o
[INFO] [stderr]   checking whether the compiler supports GNU C... yes
[INFO] [stderr]   checking whether cc accepts -g... yes
[INFO] [stderr]   checking for cc option to enable C11 features... none needed
[INFO] [stderr]   checking whether cc understands -c and -o together... yes
[INFO] [stderr]   checking whether make supports the include directive... yes (GNU style)
[INFO] [stderr]   checking dependency style of cc... gcc3
[INFO] [stderr]   checking whether the compiler supports GNU C++... yes
[INFO] [stderr]   checking whether c++ accepts -g... yes
[INFO] [stderr]   checking for c++ option to enable C++11 features... none needed
[INFO] [stderr]   checking dependency style of c++... gcc3
[INFO] [stderr]   checking build system type... x86_64-pc-linux-gnu
[INFO] [stderr]   checking host system type... x86_64-pc-linux-gnu
[INFO] [stderr]   checking how to print strings... printf
[INFO] [stderr]   checking for a sed that does not truncate output... /usr/bin/sed
[INFO] [stderr]   checking for grep that handles long lines and -e... /usr/bin/grep
[INFO] [stderr]   checking for egrep... /usr/bin/grep -E
[INFO] [stderr]   checking for fgrep... /usr/bin/grep -F
[INFO] [stderr]   checking for ld used by cc... /usr/bin/ld
[INFO] [stderr]   checking if the linker (/usr/bin/ld) is GNU ld... yes
[INFO] [stderr]   checking for BSD- or MS-compatible name lister (nm)... /usr/bin/nm -B
[INFO] [stderr]   checking the name lister (/usr/bin/nm -B) interface... BSD nm
[INFO] [stderr]   checking whether ln -s works... yes
[INFO] [stderr]   checking the maximum length of command line arguments... 1572864
[INFO] [stderr]   checking how to convert x86_64-pc-linux-gnu file names to x86_64-pc-linux-gnu format... func_convert_file_noop
[INFO] [stderr]   checking how to convert x86_64-pc-linux-gnu file names to toolchain format... func_convert_file_noop
[INFO] [stderr]   checking for /usr/bin/ld option to reload object files... -r
[INFO] [stderr]   checking for file... file
[INFO] [stderr]   checking for objdump... objdump
[INFO] [stderr]   checking how to recognize dependent libraries... pass_all
[INFO] [stderr]   checking for dlltool... no
[INFO] [stderr]   checking how to associate runtime and link libraries... printf %s\n
[INFO] [stderr]   checking for ar... ar
[INFO] [stderr]   checking for archiver @FILE support... @
[INFO] [stderr]   checking for strip... strip
[INFO] [stderr]   checking for ranlib... ranlib
[INFO] [stderr]   checking command to parse /usr/bin/nm -B output from cc object... ok
[INFO] [stderr]   checking for sysroot... no
[INFO] [stderr]   checking for a working dd... /usr/bin/dd
[INFO] [stderr]   checking how to truncate binary pipes... /usr/bin/dd bs=4096 count=1
[INFO] [stderr]   checking for mt... no
[INFO] [stderr]   checking if : is a manifest tool... no
[INFO] [stderr]   checking for stdio.h... yes
[INFO] [stderr]   checking for stdlib.h... yes
[INFO] [stderr]   checking for string.h... yes
[INFO] [stderr]   checking for inttypes.h... yes
[INFO] [stderr]   checking for stdint.h... yes
[INFO] [stderr]   checking for strings.h... yes
[INFO] [stderr]   checking for sys/stat.h... yes
[INFO] [stderr]   checking for sys/types.h... yes
[INFO] [stderr]   checking for unistd.h... yes
[INFO] [stderr]   checking for dlfcn.h... yes
[INFO] [stderr]   checking for objdir... .libs
[INFO] [stderr]   checking if cc supports -fno-rtti -fno-exceptions... no
[INFO] [stderr]   checking for cc option to produce PIC... -fPIC -DPIC
[INFO] [stderr]   checking if cc PIC flag -fPIC -DPIC works... yes
[INFO] [stderr]   checking if cc static flag -static works... yes
[INFO] [stderr]   checking if cc supports -c -o file.o... yes
[INFO] [stderr]   checking if cc supports -c -o file.o... (cached) yes
[INFO] [stderr]   checking whether the cc linker (/usr/bin/ld -m elf_x86_64) supports shared libraries... yes
[INFO] [stderr]   checking dynamic linker characteristics... GNU/Linux ld.so
[INFO] [stderr]   checking how to hardcode library paths into programs... immediate
[INFO] [stderr]   checking whether stripping libraries is possible... yes
[INFO] [stderr]   checking if libtool supports shared libraries... yes
[INFO] [stderr]   checking whether to build shared libraries... no
[INFO] [stderr]   checking whether to build static libraries... yes
[INFO] [stderr]   checking how to run the C++ preprocessor... c++ -E
[INFO] [stderr]   checking for ld used by c++... /usr/bin/ld -m elf_x86_64
[INFO] [stderr]   checking if the linker (/usr/bin/ld -m elf_x86_64) is GNU ld... yes
[INFO] [stderr]   checking whether the c++ linker (/usr/bin/ld -m elf_x86_64) supports shared libraries... yes
[INFO] [stderr]   checking for c++ option to produce PIC... -fPIC -DPIC
[INFO] [stderr]   checking if c++ PIC flag -fPIC -DPIC works... yes
[INFO] [stderr]   checking if c++ static flag -static works... yes
[INFO] [stderr]   checking if c++ supports -c -o file.o... yes
[INFO] [stderr]   checking if c++ supports -c -o file.o... (cached) yes
[INFO] [stderr]   checking whether the c++ linker (/usr/bin/ld -m elf_x86_64) supports shared libraries... yes
[INFO] [stderr]   checking dynamic linker characteristics... (cached) GNU/Linux ld.so
[INFO] [stderr]   checking how to hardcode library paths into programs... immediate
[INFO] [stderr]   checking for python... :
[INFO] [stderr]   checking for the pthreads library -lpthreads... no
[INFO] [stderr]   checking whether pthreads work without any flags... yes
[INFO] [stderr]   checking for joinable pthread attribute... PTHREAD_CREATE_JOINABLE
[INFO] [stderr]   checking if more special flags are required for pthreads... no
[INFO] [stderr]   checking whether to check for GCC pthread/shared inconsistencies... yes
[INFO] [stderr]   checking whether -pthread is sufficient with -shared... yes
[INFO] [stderr]   checking for gtest-config... no
[INFO] [stderr]   checking that generated files are newer than configure... done
[INFO] [stderr]   configure: creating ./config.status
[INFO] [stderr]   config.status: creating Makefile
[INFO] [stderr]   config.status: creating scripts/gmock-config
[INFO] [stderr]   config.status: creating build-aux/config.h
[INFO] [stderr]   config.status: executing depfiles commands
[INFO] [stderr]   config.status: executing libtool commands
[INFO] [stderr]   running: cd "/opt/rustwide/target/debug/build/protobuf-src-bc7b2399d6c2a6da/out/install/build" && MAKEFLAGS="-j --jobserver-fds=7,8 --jobserver-auth=7,8" "sh" "-c" "exec \"$0\" \"$@\"" "make" "install"
[INFO] [stderr]   Making install in .
[INFO] [stderr]   make[1]: Entering directory '/opt/rustwide/target/debug/build/protobuf-src-bc7b2399d6c2a6da/out/install/build'
[INFO] [stderr]   make[2]: Entering directory '/opt/rustwide/target/debug/build/protobuf-src-bc7b2399d6c2a6da/out/install/build'
[INFO] [stderr]   make[2]: Nothing to be done for 'install-exec-am'.
[INFO] [stderr]    /usr/bin/mkdir -p '/opt/rustwide/target/debug/build/protobuf-src-bc7b2399d6c2a6da/out/install/lib/pkgconfig'
[INFO] [stderr]    /usr/bin/install -c -m 644 protobuf.pc protobuf-lite.pc '/opt/rustwide/target/debug/build/protobuf-src-bc7b2399d6c2a6da/out/install/lib/pkgconfig'
[INFO] [stderr]   make[2]: Leaving directory '/opt/rustwide/target/debug/build/protobuf-src-bc7b2399d6c2a6da/out/install/build'
[INFO] [stderr]   make[1]: Leaving directory '/opt/rustwide/target/debug/build/protobuf-src-bc7b2399d6c2a6da/out/install/build'
[INFO] [stderr]   Making install in src
[INFO] [stderr]   make[1]: Entering directory '/opt/rustwide/target/debug/build/protobuf-src-bc7b2399d6c2a6da/out/install/build/src'
[INFO] [stderr]     CXX      google/protobuf/compiler/importer.lo
[INFO] [stderr]     CXX      google/protobuf/compiler/parser.lo
[INFO] [stderr]     CXX      google/protobuf/descriptor.pb.lo
[INFO] [stderr]     CXX      google/protobuf/descriptor.lo
[INFO] [stderr]     CXX      google/protobuf/descriptor_database.lo
[INFO] [stderr]     CXX      google/protobuf/duration.pb.lo
[INFO] [stderr]     CXX      google/protobuf/dynamic_message.lo
[INFO] [stderr]     CXX      google/protobuf/empty.pb.lo
[INFO] [stderr]     CXX      google/protobuf/field_mask.pb.lo
[INFO] [stderr]     CXX      google/protobuf/extension_set_heavy.lo
[INFO] [stderr]     CXX      google/protobuf/generated_message_bases.lo
[INFO] [stderr]     CXX      google/protobuf/generated_message_reflection.lo
[INFO] [stderr]     CXX      google/protobuf/generated_message_tctable_full.lo
[INFO] [stderr]     CXX      google/protobuf/io/gzip_stream.lo
[INFO] [stderr]     CXX      google/protobuf/io/printer.lo
[INFO] [stderr]     CXX      google/protobuf/io/tokenizer.lo
[INFO] [stderr]   make[1]: Leaving directory '/opt/rustwide/target/debug/build/protobuf-src-bc7b2399d6c2a6da/out/install/build/src'
[INFO] [stderr] 
[INFO] [stderr]   --- stderr
[INFO] [stderr]   c++: fatal error: Killed signal terminated program cc1plus
[INFO] [stderr]   compilation terminated.
[INFO] [stderr]   make[1]: *** [Makefile:4514: google/protobuf/extension_set_heavy.lo] Error 1
[INFO] [stderr]   make[1]: *** Waiting for unfinished jobs....
[INFO] [stderr]   c++: fatal error: Killed signal terminated program cc1plus
[INFO] [stderr]   compilation terminated.
[INFO] [stderr]   make[1]: *** [Makefile:4514: google/protobuf/generated_message_reflection.lo] Error 1
[INFO] [stderr]   c++: fatal error: Killed signal terminated program cc1plus
[INFO] [stderr]   compilation terminated.
[INFO] [stderr]   make[1]: *** [Makefile:4514: google/protobuf/descriptor.pb.lo] Error 1
[INFO] [stderr]   c++: fatal error: Killed signal terminated program cc1plus
[INFO] [stderr]   compilation terminated.
[INFO] [stderr]   make[1]: *** [Makefile:4514: google/protobuf/descriptor_database.lo] Error 1
[INFO] [stderr]   make: *** [Makefile:1757: install-recursive] Error 1
[INFO] [stderr]   thread 'main' panicked at /opt/rustwide/cargo-home/registry/src/index.crates.io-6f17d22bba15001f/autotools-0.2.5/src/lib.rs:715:5:
[INFO] [stderr] 
[INFO] [stderr]   command did not execute successfully, got: exit status: 2
[INFO] [stderr] 
[INFO] [stderr]   build script failed, must exit now
[INFO] [stderr]   stack backtrace:
[INFO] [stderr]      0:     0x5642e81fec6c - std::backtrace_rs::backtrace::libunwind::trace::ha637c64ce894333a
[INFO] [stderr]                                  at /rustc/82e1608dfa6e0b5569232559e3d385fea5a93112/library/std/src/../../backtrace/src/backtrace/libunwind.rs:104:5
[INFO] [stderr]      1:     0x5642e81fec6c - std::backtrace_rs::backtrace::trace_unsynchronized::h47f62dea28e0c88d
[INFO] [stderr]                                  at /rustc/82e1608dfa6e0b5569232559e3d385fea5a93112/library/std/src/../../backtrace/src/backtrace/mod.rs:66:5
[INFO] [stderr]      2:     0x5642e81fec6c - std::sys_common::backtrace::_print_fmt::h9eef0abe20ede486
[INFO] [stderr]                                  at /rustc/82e1608dfa6e0b5569232559e3d385fea5a93112/library/std/src/sys_common/backtrace.rs:67:5
[INFO] [stderr]      3:     0x5642e81fec6c - <std::sys_common::backtrace::_print::DisplayBacktrace as core::fmt::Display>::fmt::hed7f999df88cc644
[INFO] [stderr]                                  at /rustc/82e1608dfa6e0b5569232559e3d385fea5a93112/library/std/src/sys_common/backtrace.rs:44:22
[INFO] [stderr]      4:     0x5642e8224dc0 - core::fmt::rt::Argument::fmt::h1539a9308b8d058d
[INFO] [stderr]                                  at /rustc/82e1608dfa6e0b5569232559e3d385fea5a93112/library/core/src/fmt/rt.rs:142:9
[INFO] [stderr]      5:     0x5642e8224dc0 - core::fmt::write::h3a39390d8560d9c9
[INFO] [stderr]                                  at /rustc/82e1608dfa6e0b5569232559e3d385fea5a93112/library/core/src/fmt/mod.rs:1120:17
[INFO] [stderr]      6:     0x5642e81fc52f - std::io::Write::write_fmt::h5fc9997dfe05f882
[INFO] [stderr]                                  at /rustc/82e1608dfa6e0b5569232559e3d385fea5a93112/library/std/src/io/mod.rs:1762:15
[INFO] [stderr]      7:     0x5642e81fea54 - std::sys_common::backtrace::_print::h894006fb5c6f3d45
[INFO] [stderr]                                  at /rustc/82e1608dfa6e0b5569232559e3d385fea5a93112/library/std/src/sys_common/backtrace.rs:47:5
[INFO] [stderr]      8:     0x5642e81fea54 - std::sys_common::backtrace::print::h23a2d212c6fff936
[INFO] [stderr]                                  at /rustc/82e1608dfa6e0b5569232559e3d385fea5a93112/library/std/src/sys_common/backtrace.rs:34:9
[INFO] [stderr]      9:     0x5642e8200267 - std::panicking::default_hook::{{closure}}::h8a1d2ee00185001a
[INFO] [stderr]     10:     0x5642e81fffcf - std::panicking::default_hook::h6038f2eba384e475
[INFO] [stderr]                                  at /rustc/82e1608dfa6e0b5569232559e3d385fea5a93112/library/std/src/panicking.rs:292:9
[INFO] [stderr]     11:     0x5642e82006e8 - std::panicking::rust_panic_with_hook::h2b5517d590cab22e
[INFO] [stderr]                                  at /rustc/82e1608dfa6e0b5569232559e3d385fea5a93112/library/std/src/panicking.rs:779:13
[INFO] [stderr]     12:     0x5642e82005ce - std::panicking::begin_panic_handler::{{closure}}::h233112c06e0ef43e
[INFO] [stderr]                                  at /rustc/82e1608dfa6e0b5569232559e3d385fea5a93112/library/std/src/panicking.rs:657:13
[INFO] [stderr]     13:     0x5642e81ff136 - std::sys_common::backtrace::__rust_end_short_backtrace::h6e893f24d7ebbff8
[INFO] [stderr]                                  at /rustc/82e1608dfa6e0b5569232559e3d385fea5a93112/library/std/src/sys_common/backtrace.rs:170:18
[INFO] [stderr]     14:     0x5642e8200332 - rust_begin_unwind
[INFO] [stderr]                                  at /rustc/82e1608dfa6e0b5569232559e3d385fea5a93112/library/std/src/panicking.rs:645:5
[INFO] [stderr]     15:     0x5642e8189815 - core::panicking::panic_fmt::hbf0e066aabfa482c
[INFO] [stderr]                                  at /rustc/82e1608dfa6e0b5569232559e3d385fea5a93112/library/core/src/panicking.rs:72:14
[INFO] [stderr]     16:     0x5642e8197701 - autotools::fail::hb888861b49c24e53
[INFO] [stderr]     17:     0x5642e8196d1b - autotools::run::h319e6dccd0982d60
[INFO] [stderr]     18:     0x5642e8196360 - autotools::Config::build::hbeaf6990269a5280
[INFO] [stderr]     19:     0x5642e818dc78 - build_script_build::main::h1df142cc45cad3dc
[INFO] [stderr]     20:     0x5642e818f4b3 - core::ops::function::FnOnce::call_once::hf2fbc90858ddd909
[INFO] [stderr]     21:     0x5642e818a496 - std::sys_common::backtrace::__rust_begin_short_backtrace::h29f25308b4cca92f
[INFO] [stderr]     22:     0x5642e818f269 - std::rt::lang_start::{{closure}}::hd2cbf409765e549c
[INFO] [stderr]     23:     0x5642e81f7fb7 - core::ops::function::impls::<impl core::ops::function::FnOnce<A> for &F>::call_once::hd95060ecd5e1ca24
[INFO] [stderr]                                  at /rustc/82e1608dfa6e0b5569232559e3d385fea5a93112/library/core/src/ops/function.rs:284:13
[INFO] [stderr]     24:     0x5642e81f7fb7 - std::panicking::try::do_call::h6e8cf51db32a6e4b
[INFO] [stderr]                                  at /rustc/82e1608dfa6e0b5569232559e3d385fea5a93112/library/std/src/panicking.rs:552:40
[INFO] [stderr]     25:     0x5642e81f7fb7 - std::panicking::try::h3a52eefe24fe3c29
[INFO] [stderr]                                  at /rustc/82e1608dfa6e0b5569232559e3d385fea5a93112/library/std/src/panicking.rs:516:19
[INFO] [stderr]     26:     0x5642e81f7fb7 - std::panic::catch_unwind::h24c28c23c02c3841
[INFO] [stderr]                                  at /rustc/82e1608dfa6e0b5569232559e3d385fea5a93112/library/std/src/panic.rs:142:14
[INFO] [stderr]     27:     0x5642e81f7fb7 - std::rt::lang_start_internal::{{closure}}::h705d3c9cbc06ef47
[INFO] [stderr]                                  at /rustc/82e1608dfa6e0b5569232559e3d385fea5a93112/library/std/src/rt.rs:148:48
[INFO] [stderr]     28:     0x5642e81f7fb7 - std::panicking::try::do_call::ha21f52ba13158470
[INFO] [stderr]                                  at /rustc/82e1608dfa6e0b5569232559e3d385fea5a93112/library/std/src/panicking.rs:552:40
[INFO] [stderr]     29:     0x5642e81f7fb7 - std::panicking::try::h5581346bf6aeb1f8
[INFO] [stderr]                                  at /rustc/82e1608dfa6e0b5569232559e3d385fea5a93112/library/std/src/panicking.rs:516:19
[INFO] [stderr]     30:     0x5642e81f7fb7 - std::panic::catch_unwind::h7919645a6b72e25b
[INFO] [stderr]                                  at /rustc/82e1608dfa6e0b5569232559e3d385fea5a93112/library/std/src/panic.rs:142:14
[INFO] [stderr]     31:     0x5642e81f7fb7 - std::rt::lang_start_internal::h12de51168669836e
[INFO] [stderr]                                  at /rustc/82e1608dfa6e0b5569232559e3d385fea5a93112/library/std/src/rt.rs:148:20
[INFO] [stderr]     32:     0x5642e818f247 - std::rt::lang_start::h738c99b8f78adc93
[INFO] [stderr]     33:     0x5642e818e135 - main
[INFO] [stderr]     34:     0x7f92b850bd90 - <unknown>
[INFO] [stderr]     35:     0x7f92b850be40 - __libc_start_main
[INFO] [stderr]     36:     0x5642e818a025 - _start
[INFO] [stderr]     37:                0x0 - <unknown>
[INFO] running `Command { std: "docker" "inspect" "b1c40310c97dd22f2a8d8377340294a2a9168c067e6a9590fff3ea25f4884428", kill_on_drop: false }`
[INFO] running `Command { std: "docker" "rm" "-f" "b1c40310c97dd22f2a8d8377340294a2a9168c067e6a9590fff3ea25f4884428", kill_on_drop: false }`
[INFO] [stdout] b1c40310c97dd22f2a8d8377340294a2a9168c067e6a9590fff3ea25f4884428
