[INFO] cloning repository https://github.com/ahunger603/RustArcadeShooter
[INFO] running `Command { std: "git" "-c" "credential.helper=" "-c" "credential.helper=/workspace/cargo-home/bin/git-credential-null" "clone" "--bare" "https://github.com/ahunger603/RustArcadeShooter" "/workspace/cache/git-repos/https%3A%2F%2Fgithub.com%2Fahunger603%2FRustArcadeShooter", kill_on_drop: false }`
[INFO] [stderr] Cloning into bare repository '/workspace/cache/git-repos/https%3A%2F%2Fgithub.com%2Fahunger603%2FRustArcadeShooter'...
[INFO] running `Command { std: "git" "rev-parse" "HEAD", kill_on_drop: false }`
[INFO] [stdout] b43b71bfc87057ac8163366bc97bcb8ec4bc7553
[INFO] documenting ahunger603/RustArcadeShooter against 1.75.0 for beta-1.76-rustdoc-1
[INFO] running `Command { std: "git" "clone" "/workspace/cache/git-repos/https%3A%2F%2Fgithub.com%2Fahunger603%2FRustArcadeShooter" "/workspace/builds/worker-2-tc1/source", kill_on_drop: false }`
[INFO] [stderr] Cloning into '/workspace/builds/worker-2-tc1/source'...
[INFO] [stderr] done.
[INFO] validating manifest of git repo https://github.com/ahunger603/RustArcadeShooter on toolchain 1.75.0
[INFO] running `Command { std: CARGO_HOME="/workspace/cargo-home" RUSTUP_HOME="/workspace/rustup-home" "/workspace/cargo-home/bin/cargo" "+1.75.0" "metadata" "--manifest-path" "Cargo.toml" "--no-deps", kill_on_drop: false }`
[INFO] started tweaking git repo https://github.com/ahunger603/RustArcadeShooter
[INFO] finished tweaking git repo https://github.com/ahunger603/RustArcadeShooter
[INFO] tweaked toml for git repo https://github.com/ahunger603/RustArcadeShooter written to /workspace/builds/worker-2-tc1/source/Cargo.toml
[INFO] crate git repo https://github.com/ahunger603/RustArcadeShooter already has a lockfile, it will not be regenerated
[INFO] running `Command { std: CARGO_HOME="/workspace/cargo-home" RUSTUP_HOME="/workspace/rustup-home" "/workspace/cargo-home/bin/cargo" "+1.75.0" "fetch" "--manifest-path" "Cargo.toml", kill_on_drop: false }`
[INFO] [stderr]     Updating crates.io index
[INFO] [stderr]  Downloading crates ...
[INFO] [stderr]   Downloaded num-traits v0.2.4
[INFO] [stderr]   Downloaded lyon_path v0.10.0
[INFO] [stderr]   Downloaded ncollide_procedural v0.9.0
[INFO] [stderr]   Downloaded hound v1.1.0
[INFO] [stderr]   Downloaded ncollide_utils v0.9.0
[INFO] [stderr]   Downloaded ncollide v0.14.1
[INFO] [stderr]   Downloaded ncollide_pipeline v0.13.1
[INFO] [stderr]   Downloaded lyon v0.10.0
[INFO] [stderr]   Downloaded ncollide_math v0.9.0
[INFO] [stderr]   Downloaded ncollide_transformation v0.9.0
[INFO] [stderr]   Downloaded cpal v0.6.0
[INFO] [stderr]   Downloaded ncollide_geometry v0.6.3
[INFO] [stderr]   Downloaded ggez v0.4.2
[INFO] [stderr]   Downloaded coreaudio-sys v0.1.2
[INFO] [stderr]   Downloaded lyon_tessellation v0.10.0
[INFO] [stderr]   Downloaded lyon_geom v0.10.0
[INFO] [stderr]   Downloaded coreaudio-rs v0.7.0
[INFO] [stderr]   Downloaded sid v0.5.0
[INFO] [stderr]   Downloaded zip v0.3.2
[INFO] [stderr]   Downloaded num-integer v0.1.38
[INFO] [stderr]   Downloaded rodio v0.6.0
[INFO] [stderr]   Downloaded gfx_device_gl v0.15.2
[INFO] [stderr]   Downloaded nalgebra v0.14.3
[INFO] running `Command { std: "docker" "create" "-v" "/var/lib/crater-agent-workspace/builds/worker-2-tc1/target:/opt/rustwide/target:rw,Z" "-v" "/var/lib/crater-agent-workspace/builds/worker-2-tc1/source:/opt/rustwide/workdir:ro,Z" "-v" "/var/lib/crater-agent-workspace/cargo-home:/opt/rustwide/cargo-home:ro,Z" "-v" "/var/lib/crater-agent-workspace/rustup-home:/opt/rustwide/rustup-home:ro,Z" "-e" "SOURCE_DIR=/opt/rustwide/workdir" "-e" "CARGO_TARGET_DIR=/opt/rustwide/target" "-e" "CARGO_HOME=/opt/rustwide/cargo-home" "-e" "RUSTUP_HOME=/opt/rustwide/rustup-home" "-w" "/opt/rustwide/workdir" "-m" "1610612736" "--user" "0:0" "--network" "none" "ghcr.io/rust-lang/crates-build-env/linux@sha256:2788e3201cd34a07e3172128adcd8b3090168a8e3bcc40d7c032b9dda1df7d1c" "/opt/rustwide/cargo-home/bin/cargo" "+1.75.0" "metadata" "--no-deps" "--format-version=1", kill_on_drop: false }`
[INFO] [stdout] b26e74d4d89c1b66d00f9ab8910fa42f8040e55feeec33d37442be78960c49d8
[INFO] running `Command { std: "docker" "start" "-a" "b26e74d4d89c1b66d00f9ab8910fa42f8040e55feeec33d37442be78960c49d8", kill_on_drop: false }`
[INFO] running `Command { std: "docker" "inspect" "b26e74d4d89c1b66d00f9ab8910fa42f8040e55feeec33d37442be78960c49d8", kill_on_drop: false }`
[INFO] running `Command { std: "docker" "rm" "-f" "b26e74d4d89c1b66d00f9ab8910fa42f8040e55feeec33d37442be78960c49d8", kill_on_drop: false }`
[INFO] [stdout] b26e74d4d89c1b66d00f9ab8910fa42f8040e55feeec33d37442be78960c49d8
[INFO] running `Command { std: "docker" "create" "-v" "/var/lib/crater-agent-workspace/builds/worker-2-tc1/target:/opt/rustwide/target:rw,Z" "-v" "/var/lib/crater-agent-workspace/builds/worker-2-tc1/source:/opt/rustwide/workdir:ro,Z" "-v" "/var/lib/crater-agent-workspace/cargo-home:/opt/rustwide/cargo-home:ro,Z" "-v" "/var/lib/crater-agent-workspace/rustup-home:/opt/rustwide/rustup-home:ro,Z" "-e" "SOURCE_DIR=/opt/rustwide/workdir" "-e" "CARGO_TARGET_DIR=/opt/rustwide/target" "-e" "CARGO_INCREMENTAL=0" "-e" "RUST_BACKTRACE=full" "-e" "RUSTFLAGS=--cap-lints=warn" "-e" "RUSTDOCFLAGS=--cap-lints=warn" "-e" "CARGO_HOME=/opt/rustwide/cargo-home" "-e" "RUSTUP_HOME=/opt/rustwide/rustup-home" "-w" "/opt/rustwide/workdir" "-m" "1610612736" "--user" "0:0" "--network" "none" "ghcr.io/rust-lang/crates-build-env/linux@sha256:2788e3201cd34a07e3172128adcd8b3090168a8e3bcc40d7c032b9dda1df7d1c" "/opt/rustwide/cargo-home/bin/cargo" "+1.75.0" "doc" "--frozen" "--no-deps" "--document-private-items" "--message-format=json", kill_on_drop: false }`
[INFO] [stdout] eb77f4b7b32d2727e01625de5f32448ac176c62a24f2ae804937e310a668ba58
[INFO] running `Command { std: "docker" "start" "-a" "eb77f4b7b32d2727e01625de5f32448ac176c62a24f2ae804937e310a668ba58", kill_on_drop: false }`
[INFO] [stderr]    Compiling num-traits v0.2.4
[INFO] [stderr]     Checking libc v0.2.40
[INFO] [stderr]     Checking nodrop v0.1.12
[INFO] [stderr]     Checking cfg-if v0.1.3
[INFO] [stderr]     Checking approx v0.1.1
[INFO] [stderr]    Compiling typenum v1.10.0
[INFO] [stderr]    Compiling matrixmultiply v0.1.14
[INFO] [stderr]    Compiling num-integer v0.1.38
[INFO] [stderr]     Checking rawpointer v0.1.0
[INFO] [stderr]     Checking arrayvec v0.4.7
[INFO] [stderr]    Compiling unicode-xid v0.0.4
[INFO] [stderr]     Checking byteorder v1.2.3
[INFO] [stderr]    Compiling khronos_api v2.2.0
[INFO] [stderr]    Compiling quote v0.3.15
[INFO] [stderr]     Checking bitflags v1.0.3
[INFO] [stderr]     Checking lazy_static v1.0.0
[INFO] [stderr]    Compiling num-iter v0.1.37
[INFO] [stderr]    Compiling xml-rs v0.7.0
[INFO] [stderr]     Checking rand v0.4.2
[INFO] [stderr]     Checking crossbeam-utils v0.2.2
[INFO] [stderr]    Compiling log v0.4.1
[INFO] [stderr]     Checking memoffset v0.2.1
[INFO] [stderr]    Compiling either v1.5.0
[INFO] [stderr]     Checking scopeguard v0.3.3
[INFO] [stderr]     Checking crossbeam-epoch v0.3.1
[INFO] [stderr]    Compiling itertools v0.5.10
[INFO] [stderr]    Compiling syn v0.10.8
[INFO] [stderr]    Compiling cc v1.0.15
[INFO] [stderr]    Compiling gl_generator v0.9.0
[INFO] [stderr]    Compiling rayon-core v1.4.0
[INFO] [stderr]     Checking num-traits v0.1.43
[INFO] [stderr]     Checking num-complex v0.1.43
[INFO] [stderr]    Compiling pkg-config v0.3.11
[INFO] [stderr]     Checking generic-array v0.8.3
[INFO] [stderr]     Checking euclid v0.17.3
[INFO] [stderr]     Checking alga v0.5.4
[INFO] [stderr]     Checking rand v0.3.22
[INFO] [stderr]     Checking crossbeam-deque v0.2.0
[INFO] [stderr]     Checking num_cpus v1.8.0
[INFO] [stderr]     Checking draw_state v0.8.0
[INFO] [stderr]    Compiling sdl2-sys v0.31.0
[INFO] [stderr]    Compiling gfx_gl v0.5.0
[INFO] [stderr]    Compiling bzip2-sys v0.1.6
[INFO] [stderr]     Checking nalgebra v0.14.3
[INFO] [stderr]    Compiling alsa-sys v0.1.2
[INFO] [stderr]    Compiling unicode-xid v0.1.0
[INFO] [stderr]     Checking adler32 v1.0.2
[INFO] [stderr]     Checking lazy_static v0.2.11
[INFO] [stderr]    Compiling proc-macro2 v0.3.8
[INFO] [stderr]     Checking lyon_geom v0.10.0
[INFO] [stderr]     Checking void v1.0.2
[INFO] [stderr]     Checking unreachable v0.1.1
[INFO] [stderr]     Checking rayon v1.0.1
[INFO] [stderr]     Checking lyon_path v0.10.0
[INFO] [stderr]    Compiling quote v0.5.2
[INFO] [stderr]     Checking inflate v0.3.4
[INFO] [stderr]     Checking deflate v0.7.18
[INFO] [stdout] error[E0592]: duplicate definitions with name `new`
[INFO] [stdout]    --> /opt/rustwide/cargo-home/registry/src/index.crates.io-6f17d22bba15001f/nalgebra-0.14.3/src/core/construction.rs:489:13
[INFO] [stdout]     |
[INFO] [stdout] 489 |               pub fn new($($args: N),*) -> Self {
[INFO] [stdout]     |               ^^^^^^^^^^^^^^^^^^^^^^^^^^^^^^^^^ duplicate definitions for `new`
[INFO] [stdout] ...
[INFO] [stdout] 501 | / componentwise_constructors_impl!(
[INFO] [stdout] 502 | |     /*
[INFO] [stdout] 503 | |      * Square matrices 1 .. 6.
[INFO] [stdout] 504 | |      */
[INFO] [stdout] ...   |
[INFO] [stdout] 643 | |     U6, U1, x:(0,0), y:(1,0), z:(2,0), w:(3,0), a:(4,0), b:(5,0);
[INFO] [stdout] 644 | | );
[INFO] [stdout]     | |_- in this macro invocation
[INFO] [stdout]     |
[INFO] [stdout]    ::: /opt/rustwide/cargo-home/registry/src/index.crates.io-6f17d22bba15001f/nalgebra-0.14.3/src/core/construction_slice_deprecated.rs:171:13
[INFO] [stdout]     |
[INFO] [stdout] 171 |               pub fn new(data: &'a [N], $($args: usize),*) -> Self {
[INFO] [stdout]     |               ---------------------------------------------------- other definition for `new`
[INFO] [stdout]     |
[INFO] [stdout]     = note: this error originates in the macro `componentwise_constructors_impl` (in Nightly builds, run with -Z macro-backtrace for more info)
[INFO] [stdout] 
[INFO] [stdout] 
[INFO] [stdout] error[E0592]: duplicate definitions with name `new`
[INFO] [stdout]    --> /opt/rustwide/cargo-home/registry/src/index.crates.io-6f17d22bba15001f/nalgebra-0.14.3/src/core/construction.rs:489:13
[INFO] [stdout]     |
[INFO] [stdout] 489 |               pub fn new($($args: N),*) -> Self {
[INFO] [stdout]     |               ^^^^^^^^^^^^^^^^^^^^^^^^^^^^^^^^^ duplicate definitions for `new`
[INFO] [stdout] ...
[INFO] [stdout] 501 | / componentwise_constructors_impl!(
[INFO] [stdout] 502 | |     /*
[INFO] [stdout] 503 | |      * Square matrices 1 .. 6.
[INFO] [stdout] 504 | |      */
[INFO] [stdout] ...   |
[INFO] [stdout] 643 | |     U6, U1, x:(0,0), y:(1,0), z:(2,0), w:(3,0), a:(4,0), b:(5,0);
[INFO] [stdout] 644 | | );
[INFO] [stdout]     | |_- in this macro invocation
[INFO] [stdout]     |
[INFO] [stdout]    ::: /opt/rustwide/cargo-home/registry/src/index.crates.io-6f17d22bba15001f/nalgebra-0.14.3/src/core/construction_slice_deprecated.rs:232:13
[INFO] [stdout]     |
[INFO] [stdout] 232 |               pub fn new(data: &'a mut [N], $($args: usize),*) -> Self {
[INFO] [stdout]     |               -------------------------------------------------------- other definition for `new`
[INFO] [stdout]     |
[INFO] [stdout]     = note: this error originates in the macro `componentwise_constructors_impl` (in Nightly builds, run with -Z macro-backtrace for more info)
[INFO] [stdout] 
[INFO] [stdout] 
[INFO] [stderr]     Checking num v0.1.42
[INFO] [stderr]     Checking sid v0.5.0
[INFO] [stderr]     Checking time v0.1.40
[INFO] [stderr]     Checking ogg v0.4.1
[INFO] [stdout] error: aborting due to 2 previous errors
[INFO] [stdout] 
[INFO] [stdout] 
[INFO] [stdout] For more information about this error, try `rustc --explain E0592`.
[INFO] [stdout] 
[INFO] [stderr] error: could not compile `nalgebra` (lib) due to 3 previous errors
[INFO] [stderr] warning: build failed, waiting for other jobs to finish...
[INFO] running `Command { std: "docker" "inspect" "eb77f4b7b32d2727e01625de5f32448ac176c62a24f2ae804937e310a668ba58", kill_on_drop: false }`
[INFO] running `Command { std: "docker" "rm" "-f" "eb77f4b7b32d2727e01625de5f32448ac176c62a24f2ae804937e310a668ba58", kill_on_drop: false }`
[INFO] [stdout] eb77f4b7b32d2727e01625de5f32448ac176c62a24f2ae804937e310a668ba58
[INFO] documenting ahunger603/RustArcadeShooter against beta-2023-12-22 for beta-1.76-rustdoc-1
[INFO] running `Command { std: "git" "clone" "/workspace/cache/git-repos/https%3A%2F%2Fgithub.com%2Fahunger603%2FRustArcadeShooter" "/workspace/builds/worker-2-tc2/source", kill_on_drop: false }`
[INFO] [stderr] Cloning into '/workspace/builds/worker-2-tc2/source'...
[INFO] [stderr] done.
[INFO] validating manifest of git repo https://github.com/ahunger603/RustArcadeShooter on toolchain beta-2023-12-22
[INFO] running `Command { std: CARGO_HOME="/workspace/cargo-home" RUSTUP_HOME="/workspace/rustup-home" "/workspace/cargo-home/bin/cargo" "+beta-2023-12-22" "metadata" "--manifest-path" "Cargo.toml" "--no-deps", kill_on_drop: false }`
[INFO] started tweaking git repo https://github.com/ahunger603/RustArcadeShooter
[INFO] finished tweaking git repo https://github.com/ahunger603/RustArcadeShooter
[INFO] tweaked toml for git repo https://github.com/ahunger603/RustArcadeShooter written to /workspace/builds/worker-2-tc2/source/Cargo.toml
[INFO] crate git repo https://github.com/ahunger603/RustArcadeShooter already has a lockfile, it will not be regenerated
[INFO] running `Command { std: CARGO_HOME="/workspace/cargo-home" RUSTUP_HOME="/workspace/rustup-home" "/workspace/cargo-home/bin/cargo" "+beta-2023-12-22" "fetch" "--manifest-path" "Cargo.toml", kill_on_drop: false }`
[INFO] running `Command { std: "docker" "create" "-v" "/var/lib/crater-agent-workspace/builds/worker-2-tc2/target:/opt/rustwide/target:rw,Z" "-v" "/var/lib/crater-agent-workspace/builds/worker-2-tc2/source:/opt/rustwide/workdir:ro,Z" "-v" "/var/lib/crater-agent-workspace/cargo-home:/opt/rustwide/cargo-home:ro,Z" "-v" "/var/lib/crater-agent-workspace/rustup-home:/opt/rustwide/rustup-home:ro,Z" "-e" "SOURCE_DIR=/opt/rustwide/workdir" "-e" "CARGO_TARGET_DIR=/opt/rustwide/target" "-e" "CARGO_HOME=/opt/rustwide/cargo-home" "-e" "RUSTUP_HOME=/opt/rustwide/rustup-home" "-w" "/opt/rustwide/workdir" "-m" "1610612736" "--user" "0:0" "--network" "none" "ghcr.io/rust-lang/crates-build-env/linux@sha256:2788e3201cd34a07e3172128adcd8b3090168a8e3bcc40d7c032b9dda1df7d1c" "/opt/rustwide/cargo-home/bin/cargo" "+beta-2023-12-22" "metadata" "--no-deps" "--format-version=1", kill_on_drop: false }`
[INFO] [stdout] 9f262909bfd072c3562164c1f3dd59b1922f7014cf78cb4c648f4926fa06aba9
[INFO] running `Command { std: "docker" "start" "-a" "9f262909bfd072c3562164c1f3dd59b1922f7014cf78cb4c648f4926fa06aba9", kill_on_drop: false }`
[INFO] running `Command { std: "docker" "inspect" "9f262909bfd072c3562164c1f3dd59b1922f7014cf78cb4c648f4926fa06aba9", kill_on_drop: false }`
[INFO] running `Command { std: "docker" "rm" "-f" "9f262909bfd072c3562164c1f3dd59b1922f7014cf78cb4c648f4926fa06aba9", kill_on_drop: false }`
[INFO] [stdout] 9f262909bfd072c3562164c1f3dd59b1922f7014cf78cb4c648f4926fa06aba9
[INFO] running `Command { std: "docker" "create" "-v" "/var/lib/crater-agent-workspace/builds/worker-2-tc2/target:/opt/rustwide/target:rw,Z" "-v" "/var/lib/crater-agent-workspace/builds/worker-2-tc2/source:/opt/rustwide/workdir:ro,Z" "-v" "/var/lib/crater-agent-workspace/cargo-home:/opt/rustwide/cargo-home:ro,Z" "-v" "/var/lib/crater-agent-workspace/rustup-home:/opt/rustwide/rustup-home:ro,Z" "-e" "SOURCE_DIR=/opt/rustwide/workdir" "-e" "CARGO_TARGET_DIR=/opt/rustwide/target" "-e" "CARGO_INCREMENTAL=0" "-e" "RUST_BACKTRACE=full" "-e" "RUSTFLAGS=--cap-lints=warn" "-e" "RUSTDOCFLAGS=--cap-lints=warn" "-e" "CARGO_HOME=/opt/rustwide/cargo-home" "-e" "RUSTUP_HOME=/opt/rustwide/rustup-home" "-w" "/opt/rustwide/workdir" "-m" "1610612736" "--user" "0:0" "--network" "none" "ghcr.io/rust-lang/crates-build-env/linux@sha256:2788e3201cd34a07e3172128adcd8b3090168a8e3bcc40d7c032b9dda1df7d1c" "/opt/rustwide/cargo-home/bin/cargo" "+beta-2023-12-22" "doc" "--frozen" "--no-deps" "--document-private-items" "--message-format=json", kill_on_drop: false }`
[INFO] [stdout] 6f5788e980b75bc0ed2d97e53520730e98427965af0239a03c0e7d9cf6478a64
[INFO] running `Command { std: "docker" "start" "-a" "6f5788e980b75bc0ed2d97e53520730e98427965af0239a03c0e7d9cf6478a64", kill_on_drop: false }`
[INFO] [stderr]    Compiling num-traits v0.2.4
[INFO] [stderr]     Checking libc v0.2.40
[INFO] [stderr]     Checking nodrop v0.1.12
[INFO] [stderr]     Checking cfg-if v0.1.3
[INFO] [stderr]     Checking approx v0.1.1
[INFO] [stderr]    Compiling typenum v1.10.0
[INFO] [stderr]    Compiling matrixmultiply v0.1.14
[INFO] [stderr]    Compiling num-integer v0.1.38
[INFO] [stderr]     Checking byteorder v1.2.3
[INFO] [stderr]     Checking arrayvec v0.4.7
[INFO] [stderr]    Compiling unicode-xid v0.0.4
[INFO] [stderr]     Checking rawpointer v0.1.0
[INFO] [stderr]    Compiling khronos_api v2.2.0
[INFO] [stderr]    Compiling quote v0.3.15
[INFO] [stderr]     Checking lazy_static v1.0.0
[INFO] [stderr]     Checking bitflags v1.0.3
[INFO] [stderr]    Compiling num-iter v0.1.37
[INFO] [stderr]     Checking rand v0.4.2
[INFO] [stderr]     Checking crossbeam-utils v0.2.2
[INFO] [stderr]    Compiling xml-rs v0.7.0
[INFO] [stderr]    Compiling log v0.4.1
[INFO] [stderr]     Checking scopeguard v0.3.3
[INFO] [stderr]    Compiling either v1.5.0
[INFO] [stderr]     Checking memoffset v0.2.1
[INFO] [stderr]    Compiling itertools v0.5.10
[INFO] [stderr]     Checking crossbeam-epoch v0.3.1
[INFO] [stderr]    Compiling syn v0.10.8
[INFO] [stderr]    Compiling cc v1.0.15
[INFO] [stderr]    Compiling pkg-config v0.3.11
[INFO] [stderr]    Compiling rayon-core v1.4.0
[INFO] [stderr]     Checking num-traits v0.1.43
[INFO] [stderr]     Checking num-complex v0.1.43
[INFO] [stderr]     Checking generic-array v0.8.3
[INFO] [stderr]    Compiling gl_generator v0.9.0
[INFO] [stderr]     Checking euclid v0.17.3
[INFO] [stderr]     Checking rand v0.3.22
[INFO] [stderr]     Checking crossbeam-deque v0.2.0
[INFO] [stderr]    Compiling alsa-sys v0.1.2
[INFO] [stderr]     Checking alga v0.5.4
[INFO] [stderr]     Checking num_cpus v1.8.0
[INFO] [stderr]     Checking draw_state v0.8.0
[INFO] [stderr]    Compiling sdl2-sys v0.31.0
[INFO] [stderr]     Checking adler32 v1.0.2
[INFO] [stderr]    Compiling bzip2-sys v0.1.6
[INFO] [stderr]     Checking lazy_static v0.2.11
[INFO] [stderr]    Compiling unicode-xid v0.1.0
[INFO] [stderr]     Checking lyon_geom v0.10.0
[INFO] [stderr]     Checking nalgebra v0.14.3
[INFO] [stderr]    Compiling proc-macro2 v0.3.8
[INFO] [stderr]    Compiling gfx_gl v0.5.0
[INFO] [stderr]     Checking void v1.0.2
[INFO] [stderr]     Checking rayon v1.0.1
[INFO] [stderr]     Checking unreachable v0.1.1
[INFO] [stderr]     Checking lyon_path v0.10.0
[INFO] [stderr]    Compiling quote v0.5.2
[INFO] [stderr]     Checking deflate v0.7.18
[INFO] [stderr]     Checking inflate v0.3.4
[INFO] [stderr]     Checking num v0.1.42
[INFO] [stderr]     Checking sid v0.5.0
[INFO] [stderr]     Checking time v0.1.40
[INFO] [stdout] error[E0592]: duplicate definitions with name `new`
[INFO] [stdout]    --> /opt/rustwide/cargo-home/registry/src/index.crates.io-6f17d22bba15001f/nalgebra-0.14.3/src/core/construction.rs:489:13
[INFO] [stdout]     |
[INFO] [stdout] 489 |               pub fn new($($args: N),*) -> Self {
[INFO] [stdout]     |               ^^^^^^^^^^^^^^^^^^^^^^^^^^^^^^^^^ duplicate definitions for `new`
[INFO] [stdout] ...
[INFO] [stdout] 501 | / componentwise_constructors_impl!(
[INFO] [stdout] 502 | |     /*
[INFO] [stdout] 503 | |      * Square matrices 1 .. 6.
[INFO] [stdout] 504 | |      */
[INFO] [stdout] ...   |
[INFO] [stdout] 643 | |     U6, U1, x:(0,0), y:(1,0), z:(2,0), w:(3,0), a:(4,0), b:(5,0);
[INFO] [stdout] 644 | | );
[INFO] [stdout]     | |_- in this macro invocation
[INFO] [stdout]     |
[INFO] [stdout]    ::: /opt/rustwide/cargo-home/registry/src/index.crates.io-6f17d22bba15001f/nalgebra-0.14.3/src/core/construction_slice_deprecated.rs:171:13
[INFO] [stdout]     |
[INFO] [stdout] 171 |               pub fn new(data: &'a [N], $($args: usize),*) -> Self {
[INFO] [stdout]     |               ---------------------------------------------------- other definition for `new`
[INFO] [stdout]     |
[INFO] [stdout]     = note: this error originates in the macro `componentwise_constructors_impl` (in Nightly builds, run with -Z macro-backtrace for more info)
[INFO] [stdout] 
[INFO] [stdout] 
[INFO] [stdout] error[E0592]: duplicate definitions with name `new`
[INFO] [stdout]    --> /opt/rustwide/cargo-home/registry/src/index.crates.io-6f17d22bba15001f/nalgebra-0.14.3/src/core/construction.rs:489:13
[INFO] [stdout]     |
[INFO] [stdout] 489 |               pub fn new($($args: N),*) -> Self {
[INFO] [stdout]     |               ^^^^^^^^^^^^^^^^^^^^^^^^^^^^^^^^^ duplicate definitions for `new`
[INFO] [stdout] ...
[INFO] [stdout] 501 | / componentwise_constructors_impl!(
[INFO] [stdout] 502 | |     /*
[INFO] [stdout] 503 | |      * Square matrices 1 .. 6.
[INFO] [stdout] 504 | |      */
[INFO] [stdout] ...   |
[INFO] [stdout] 643 | |     U6, U1, x:(0,0), y:(1,0), z:(2,0), w:(3,0), a:(4,0), b:(5,0);
[INFO] [stdout] 644 | | );
[INFO] [stdout]     | |_- in this macro invocation
[INFO] [stdout]     |
[INFO] [stdout]    ::: /opt/rustwide/cargo-home/registry/src/index.crates.io-6f17d22bba15001f/nalgebra-0.14.3/src/core/construction_slice_deprecated.rs:232:13
[INFO] [stdout]     |
[INFO] [stdout] 232 |               pub fn new(data: &'a mut [N], $($args: usize),*) -> Self {
[INFO] [stdout]     |               -------------------------------------------------------- other definition for `new`
[INFO] [stdout]     |
[INFO] [stdout]     = note: this error originates in the macro `componentwise_constructors_impl` (in Nightly builds, run with -Z macro-backtrace for more info)
[INFO] [stdout] 
[INFO] [stdout] 
[INFO] [stderr]     Checking ogg v0.4.1
[INFO] [stderr]    Compiling synom v0.11.3
[INFO] [stderr]     Checking color_quant v1.0.0
[INFO] [stderr]     Checking bitflags v0.7.0
[INFO] [stderr]     Checking lzw v0.10.0
[INFO] [stderr]     Checking sdl2 v0.31.0
[INFO] [stderr]    Compiling syn v0.11.11
[INFO] [stderr]     Checking msdos_time v0.1.6
[INFO] [stdout] error: aborting due to 2 previous errors
[INFO] [stdout] 
[INFO] [stdout] 
[INFO] [stderr]     Checking gif v0.9.2
[INFO] [stdout] For more information about this error, try `rustc --explain E0592`.
[INFO] [stdout] 
[INFO] [stderr]     Checking lewton v0.5.2
[INFO] [stderr] error: could not compile `nalgebra` (lib) due to 3 previous errors
[INFO] [stderr] warning: build failed, waiting for other jobs to finish...
[INFO] running `Command { std: "docker" "inspect" "6f5788e980b75bc0ed2d97e53520730e98427965af0239a03c0e7d9cf6478a64", kill_on_drop: false }`
[INFO] running `Command { std: "docker" "rm" "-f" "6f5788e980b75bc0ed2d97e53520730e98427965af0239a03c0e7d9cf6478a64", kill_on_drop: false }`
[INFO] [stdout] 6f5788e980b75bc0ed2d97e53520730e98427965af0239a03c0e7d9cf6478a64
