[INFO] cloning repository https://github.com/ahicks92/hwsurvey
[INFO] running `Command { std: "git" "-c" "credential.helper=" "-c" "credential.helper=/workspace/cargo-home/bin/git-credential-null" "clone" "--bare" "https://github.com/ahicks92/hwsurvey" "/workspace/cache/git-repos/https%3A%2F%2Fgithub.com%2Fahicks92%2Fhwsurvey", kill_on_drop: false }`
[INFO] [stderr] Cloning into bare repository '/workspace/cache/git-repos/https%3A%2F%2Fgithub.com%2Fahicks92%2Fhwsurvey'...
[INFO] running `Command { std: "git" "rev-parse" "HEAD", kill_on_drop: false }`
[INFO] [stdout] ea723f24bc490c341cb3c1b358c4d8232972c9a7
[INFO] documenting ahicks92/hwsurvey against 1.75.0 for beta-1.76-rustdoc-1
[INFO] running `Command { std: "git" "clone" "/workspace/cache/git-repos/https%3A%2F%2Fgithub.com%2Fahicks92%2Fhwsurvey" "/workspace/builds/worker-5-tc1/source", kill_on_drop: false }`
[INFO] [stderr] Cloning into '/workspace/builds/worker-5-tc1/source'...
[INFO] [stderr] done.
[INFO] validating manifest of git repo https://github.com/ahicks92/hwsurvey on toolchain 1.75.0
[INFO] running `Command { std: CARGO_HOME="/workspace/cargo-home" RUSTUP_HOME="/workspace/rustup-home" "/workspace/cargo-home/bin/cargo" "+1.75.0" "metadata" "--manifest-path" "Cargo.toml" "--no-deps", kill_on_drop: false }`
[INFO] started tweaking git repo https://github.com/ahicks92/hwsurvey
[INFO] finished tweaking git repo https://github.com/ahicks92/hwsurvey
[INFO] tweaked toml for git repo https://github.com/ahicks92/hwsurvey written to /workspace/builds/worker-5-tc1/source/Cargo.toml
[INFO] crate git repo https://github.com/ahicks92/hwsurvey already has a lockfile, it will not be regenerated
[INFO] running `Command { std: CARGO_HOME="/workspace/cargo-home" RUSTUP_HOME="/workspace/rustup-home" "/workspace/cargo-home/bin/cargo" "+1.75.0" "fetch" "--manifest-path" "Cargo.toml", kill_on_drop: false }`
[INFO] [stderr] warning: virtual workspace defaulting to `resolver = "1"` despite one or more workspace members being on edition 2021 which implies `resolver = "2"`
[INFO] [stderr] note: to keep the current resolver, specify `workspace.resolver = "1"` in the workspace root's manifest
[INFO] [stderr] note: to use the edition 2021 resolver, specify `workspace.resolver = "2"` in the workspace root's manifest
[INFO] [stderr] note: for more details see https://doc.rust-lang.org/cargo/reference/resolver.html#resolver-versions
[INFO] [stderr]     Updating crates.io index
[INFO] [stderr]  Downloading crates ...
[INFO] [stderr]   Downloaded tokio-postgres v0.7.6
[INFO] [stderr]   Downloaded uuid v1.1.1
[INFO] [stderr]   Downloaded mac_address v1.1.3
[INFO] [stderr]   Downloaded sysinfo v0.23.13
[INFO] [stderr]   Downloaded only_every v0.1.0
[INFO] running `Command { std: "docker" "create" "-v" "/var/lib/crater-agent-workspace/builds/worker-5-tc1/target:/opt/rustwide/target:rw,Z" "-v" "/var/lib/crater-agent-workspace/builds/worker-5-tc1/source:/opt/rustwide/workdir:ro,Z" "-v" "/var/lib/crater-agent-workspace/cargo-home:/opt/rustwide/cargo-home:ro,Z" "-v" "/var/lib/crater-agent-workspace/rustup-home:/opt/rustwide/rustup-home:ro,Z" "-e" "SOURCE_DIR=/opt/rustwide/workdir" "-e" "CARGO_TARGET_DIR=/opt/rustwide/target" "-e" "CARGO_HOME=/opt/rustwide/cargo-home" "-e" "RUSTUP_HOME=/opt/rustwide/rustup-home" "-w" "/opt/rustwide/workdir" "-m" "1610612736" "--user" "0:0" "--network" "none" "ghcr.io/rust-lang/crates-build-env/linux@sha256:2788e3201cd34a07e3172128adcd8b3090168a8e3bcc40d7c032b9dda1df7d1c" "/opt/rustwide/cargo-home/bin/cargo" "+1.75.0" "metadata" "--no-deps" "--format-version=1", kill_on_drop: false }`
[INFO] [stdout] 00b8597371cf4e52466308e850ec27af899e6e63d86ff821c5bdb43241f53553
[INFO] running `Command { std: "docker" "start" "-a" "00b8597371cf4e52466308e850ec27af899e6e63d86ff821c5bdb43241f53553", kill_on_drop: false }`
[INFO] running `Command { std: "docker" "inspect" "00b8597371cf4e52466308e850ec27af899e6e63d86ff821c5bdb43241f53553", kill_on_drop: false }`
[INFO] running `Command { std: "docker" "rm" "-f" "00b8597371cf4e52466308e850ec27af899e6e63d86ff821c5bdb43241f53553", kill_on_drop: false }`
[INFO] [stdout] 00b8597371cf4e52466308e850ec27af899e6e63d86ff821c5bdb43241f53553
[INFO] running `Command { std: "docker" "create" "-v" "/var/lib/crater-agent-workspace/builds/worker-5-tc1/target:/opt/rustwide/target:rw,Z" "-v" "/var/lib/crater-agent-workspace/builds/worker-5-tc1/source:/opt/rustwide/workdir:ro,Z" "-v" "/var/lib/crater-agent-workspace/cargo-home:/opt/rustwide/cargo-home:ro,Z" "-v" "/var/lib/crater-agent-workspace/rustup-home:/opt/rustwide/rustup-home:ro,Z" "-e" "SOURCE_DIR=/opt/rustwide/workdir" "-e" "CARGO_TARGET_DIR=/opt/rustwide/target" "-e" "CARGO_INCREMENTAL=0" "-e" "RUST_BACKTRACE=full" "-e" "RUSTFLAGS=--cap-lints=warn" "-e" "RUSTDOCFLAGS=--cap-lints=warn" "-e" "CARGO_HOME=/opt/rustwide/cargo-home" "-e" "RUSTUP_HOME=/opt/rustwide/rustup-home" "-w" "/opt/rustwide/workdir" "-m" "1610612736" "--user" "0:0" "--network" "none" "ghcr.io/rust-lang/crates-build-env/linux@sha256:2788e3201cd34a07e3172128adcd8b3090168a8e3bcc40d7c032b9dda1df7d1c" "/opt/rustwide/cargo-home/bin/cargo" "+1.75.0" "doc" "--frozen" "--no-deps" "--document-private-items" "--message-format=json", kill_on_drop: false }`
[INFO] [stdout] bef1d4f1de1974d02077a48c42654152806e592eca6488d264aaea58512f71c9
[INFO] running `Command { std: "docker" "start" "-a" "bef1d4f1de1974d02077a48c42654152806e592eca6488d264aaea58512f71c9", kill_on_drop: false }`
[INFO] [stderr] warning: virtual workspace defaulting to `resolver = "1"` despite one or more workspace members being on edition 2021 which implies `resolver = "2"`
[INFO] [stderr] note: to keep the current resolver, specify `workspace.resolver = "1"` in the workspace root's manifest
[INFO] [stderr] note: to use the edition 2021 resolver, specify `workspace.resolver = "2"` in the workspace root's manifest
[INFO] [stderr] note: for more details see https://doc.rust-lang.org/cargo/reference/resolver.html#resolver-versions
[INFO] [stderr]    Compiling proc-macro2 v1.0.39
[INFO] [stderr]    Compiling unicode-ident v1.0.0
[INFO] [stderr]    Compiling syn v1.0.95
[INFO] [stderr]    Compiling libc v0.2.126
[INFO] [stderr]    Compiling version_check v0.9.4
[INFO] [stderr]    Compiling memchr v2.5.0
[INFO] [stderr]    Compiling log v0.4.17
[INFO] [stderr]    Compiling typenum v1.15.0
[INFO] [stderr]     Checking bytes v1.1.0
[INFO] [stderr]    Compiling generic-array v0.14.5
[INFO] [stderr]     Checking scopeguard v1.1.0
[INFO] [stderr]    Compiling futures-core v0.3.21
[INFO] [stderr]     Checking itoa v1.0.2
[INFO] [stderr]     Checking pin-project-lite v0.2.9
[INFO] [stderr]     Checking lazy_static v1.4.0
[INFO] [stderr]    Compiling lock_api v0.4.7
[INFO] [stderr]    Compiling parking_lot_core v0.9.3
[INFO] [stderr]     Checking once_cell v1.12.0
[INFO] [stderr]    Compiling cc v1.0.73
[INFO] [stderr]    Compiling quote v1.0.18
[INFO] [stderr]    Compiling serde_derive v1.0.137
[INFO] [stderr]     Checking smallvec v1.8.0
[INFO] [stderr]    Compiling serde v1.0.137
[INFO] [stderr]     Checking futures-sink v0.3.21
[INFO] [stderr]    Compiling futures-channel v0.3.21
[INFO] [stderr]     Checking tinyvec_macros v0.1.0
[INFO] [stderr]    Compiling futures-task v0.3.21
[INFO] [stderr]     Checking tinyvec v1.6.0
[INFO] [stderr]    Compiling futures-util v0.3.21
[INFO] [stderr]     Checking fnv v1.0.7
[INFO] [stderr]     Checking http v0.2.7
[INFO] [stderr]     Checking num_cpus v1.13.1
[INFO] [stderr]     Checking socket2 v0.4.4
[INFO] [stderr]     Checking signal-hook-registry v1.4.0
[INFO] [stderr]     Checking mio v0.8.3
[INFO] [stderr]     Checking parking_lot v0.12.0
[INFO] [stderr]     Checking getrandom v0.2.6
[INFO] [stderr]     Checking crypto-common v0.1.3
[INFO] [stderr]     Checking block-buffer v0.10.2
[INFO] [stderr]     Checking subtle v2.4.1
[INFO] [stderr]     Checking unicode-bidi v0.3.8
[INFO] [stderr]     Checking pin-utils v0.1.0
[INFO] [stderr]     Checking cpufeatures v0.2.2
[INFO] [stderr]     Checking unicode-normalization v0.1.19
[INFO] [stderr]     Checking futures-io v0.3.21
[INFO] [stderr]     Checking slab v0.4.6
[INFO] [stderr]     Checking digest v0.10.3
[INFO] [stderr]     Checking rand_core v0.6.3
[INFO] [stderr]    Compiling pkg-config v0.3.25
[INFO] [stderr]    Compiling httparse v1.7.1
[INFO] [stderr]     Checking tracing-core v0.1.26
[INFO] [stderr]    Compiling indexmap v1.8.2
[INFO] [stderr]     Checking rand_chacha v0.3.1
[INFO] [stderr]    Compiling memoffset v0.6.5
[INFO] [stderr]     Checking percent-encoding v2.1.0
[INFO] [stderr]     Checking ryu v1.0.10
[INFO] [stderr]     Checking matches v0.1.9
[INFO] [stderr]     Checking base64 v0.13.0
[INFO] [stderr]     Checking rand v0.8.5
[INFO] [stderr]    Compiling crossbeam-utils v0.8.8
[INFO] [stderr]    Compiling openssl-sys v0.9.73
[INFO] [stderr]    Compiling serde_json v1.0.81
[INFO] [stderr]     Checking hashbrown v0.11.2
[INFO] [stderr]     Checking form_urlencoded v1.0.1
[INFO] [stderr]     Checking idna v0.2.3
[INFO] [stderr]    Compiling unicase v2.6.0
[INFO] [stderr]    Compiling crossbeam-epoch v0.9.8
[INFO] [stderr]    Compiling openssl v0.10.40
[INFO] [stderr]     Checking mime v0.3.16
[INFO] [stderr]     Checking httpdate v1.0.2
[INFO] [stderr]     Checking try-lock v0.2.3
[INFO] [stderr]     Checking foreign-types-shared v0.1.1
[INFO] [stderr]     Checking url v2.2.2
[INFO] [stderr]     Checking want v0.3.0
[INFO] [stderr]     Checking foreign-types v0.3.2
[INFO] [stderr]     Checking http-body v0.4.5
[INFO] [stderr]    Compiling anyhow v1.0.57
[INFO] [stderr]    Compiling native-tls v0.2.10
[INFO] [stderr]     Checking strum v0.24.0
[INFO] [stderr]    Compiling rayon-core v1.9.3
[INFO] [stderr]     Checking tower-service v0.3.1
[INFO] [stderr]     Checking sha2 v0.10.2
[INFO] [stderr]    Compiling cmake v0.1.48
[INFO] [stderr]    Compiling proc-macro-error-attr v1.0.4
[INFO] [stderr]    Compiling num-traits v0.2.15
[INFO] [stderr]     Checking byteorder v1.4.3
[INFO] [stderr]     Checking openssl-probe v0.1.5
[INFO] [stderr]     Checking either v1.6.1
[INFO] [stderr]     Checking crossbeam-deque v0.8.1
[INFO] [stderr]     Checking crossbeam-channel v0.5.4
[INFO] [stderr]    Compiling hwsurvey_simdsp_bridger v0.1.0 (/opt/rustwide/workdir/simdsp_bridger)
[INFO] [stderr]    Compiling proc-macro-error v1.0.4
[INFO] [stderr]    Compiling rayon v1.5.3
[INFO] [stderr]    Compiling num-integer v0.1.45
[INFO] [stderr]    Compiling encoding_rs v0.8.31
[INFO] [stderr]    Compiling mime_guess v2.0.4
[INFO] [stderr]     Checking digest v0.9.0
[INFO] [stderr]     Checking block-buffer v0.9.0
[INFO] [stderr]    Compiling sysinfo v0.23.13
[INFO] [stderr]     Checking opaque-debug v0.3.0
[INFO] [stderr]     Checking sha-1 v0.9.8
[INFO] [stderr]     Checking nix v0.23.1
[INFO] [stderr]     Checking stringprep v0.1.2
[INFO] [stderr]     Checking hmac v0.12.1
[INFO] [stderr]     Checking md-5 v0.10.1
[INFO] [stderr]     Checking time v0.1.44
[INFO] [stderr]     Checking atty v0.2.14
[INFO] [stderr]     Checking aho-corasick v0.7.18
[INFO] [stderr]    Compiling heck v0.4.0
[INFO] [stderr]     Checking fastrand v1.7.0
[INFO] [stderr]    Compiling async-trait v0.1.53
[INFO] [stderr]     Checking regex-syntax v0.6.26
[INFO] [stderr]     Checking ipnet v2.5.0
[INFO] [stderr]     Checking siphasher v0.3.10
[INFO] [stderr]     Checking os_str_bytes v6.1.0
[INFO] [stderr]     Checking termcolor v1.1.3
[INFO] [stderr]     Checking remove_dir_all v0.5.3
[INFO] [stderr]     Checking fallible-iterator v0.2.0
[INFO] [stderr]     Checking utf-8 v0.7.6
[INFO] [stderr] error: failed to run custom build command for `hwsurvey_simdsp_bridger v0.1.0 (/opt/rustwide/workdir/simdsp_bridger)`
[INFO] [stderr] note: To improve backtraces for build dependencies, set the CARGO_PROFILE_DEV_BUILD_OVERRIDE_DEBUG=true environment variable to enable debug information generation.
[INFO] [stderr] 
[INFO] [stderr] Caused by:
[INFO] [stderr]   process didn't exit successfully: `/opt/rustwide/target/debug/build/hwsurvey_simdsp_bridger-9a6e4ff5971a1075/build-script-build` (exit status: 101)
[INFO] [stderr]   --- stdout
[INFO] [stderr]   cargo:rerun-if-changed=simdsp_bridge
[INFO] [stderr]   CMAKE_TOOLCHAIN_FILE_x86_64-unknown-linux-gnu = None
[INFO] [stderr]   CMAKE_TOOLCHAIN_FILE_x86_64_unknown_linux_gnu = None
[INFO] [stderr]   HOST_CMAKE_TOOLCHAIN_FILE = None
[INFO] [stderr]   CMAKE_TOOLCHAIN_FILE = None
[INFO] [stderr]   CMAKE_GENERATOR_x86_64-unknown-linux-gnu = None
[INFO] [stderr]   CMAKE_GENERATOR_x86_64_unknown_linux_gnu = None
[INFO] [stderr]   HOST_CMAKE_GENERATOR = None
[INFO] [stderr]   CMAKE_GENERATOR = None
[INFO] [stderr]   CMAKE_PREFIX_PATH_x86_64-unknown-linux-gnu = None
[INFO] [stderr]   CMAKE_PREFIX_PATH_x86_64_unknown_linux_gnu = None
[INFO] [stderr]   HOST_CMAKE_PREFIX_PATH = None
[INFO] [stderr]   CMAKE_PREFIX_PATH = None
[INFO] [stderr]   CMAKE_x86_64-unknown-linux-gnu = None
[INFO] [stderr]   CMAKE_x86_64_unknown_linux_gnu = None
[INFO] [stderr]   HOST_CMAKE = None
[INFO] [stderr]   CMAKE = None
[INFO] [stderr]   running: cd "/opt/rustwide/target/debug/build/hwsurvey_simdsp_bridger-1ba31f31eb68265c/out/build" && CMAKE_PREFIX_PATH="" "cmake" "/opt/rustwide/workdir/simdsp_bridger/simdsp_bridge" "-DCMAKE_INSTALL_PREFIX=/opt/rustwide/target/debug/build/hwsurvey_simdsp_bridger-1ba31f31eb68265c/out" "-DCMAKE_C_FLAGS= -ffunction-sections -fdata-sections -fPIC -m64" "-DCMAKE_C_COMPILER=/usr/bin/cc" "-DCMAKE_CXX_FLAGS= -ffunction-sections -fdata-sections -fPIC -m64" "-DCMAKE_CXX_COMPILER=/usr/bin/c++" "-DCMAKE_ASM_FLAGS= -ffunction-sections -fdata-sections -fPIC -m64" "-DCMAKE_ASM_COMPILER=/usr/bin/cc" "-DCMAKE_BUILD_TYPE=Debug" "-DCMAKE_MSVC_RUNTIME_LIBRARY=MultiThreadedDLL"
[INFO] [stderr]   -- The C compiler identification is GNU 11.4.0
[INFO] [stderr]   -- The CXX compiler identification is GNU 11.4.0
[INFO] [stderr]   -- Detecting C compiler ABI info
[INFO] [stderr]   -- Detecting C compiler ABI info - done
[INFO] [stderr]   -- Check for working C compiler: /usr/bin/cc - skipped
[INFO] [stderr]   -- Detecting C compile features
[INFO] [stderr]   -- Detecting C compile features - done
[INFO] [stderr]   -- Detecting CXX compiler ABI info
[INFO] [stderr]   -- Detecting CXX compiler ABI info - done
[INFO] [stderr]   -- Check for working CXX compiler: /usr/bin/c++ - skipped
[INFO] [stderr]   -- Detecting CXX compile features
[INFO] [stderr]   -- Detecting CXX compile features - done
[INFO] [stderr]   -- Configuring incomplete, errors occurred!
[INFO] [stderr]   See also "/opt/rustwide/target/debug/build/hwsurvey_simdsp_bridger-1ba31f31eb68265c/out/build/CMakeFiles/CMakeOutput.log".
[INFO] [stderr] 
[INFO] [stderr]   --- stderr
[INFO] [stderr]   [ 11%] Creating directories for 'benchmark-populate'
[INFO] [stderr]   [ 22%] Performing download step (git clone) for 'benchmark-populate'
[INFO] [stderr]   Cloning into 'benchmark-src'...
[INFO] [stderr]   fatal: unable to access 'https://github.com/google/benchmark/': Could not resolve host: github.com
[INFO] [stderr]   Cloning into 'benchmark-src'...
[INFO] [stderr]   fatal: unable to access 'https://github.com/google/benchmark/': Could not resolve host: github.com
[INFO] [stderr]   Cloning into 'benchmark-src'...
[INFO] [stderr]   fatal: unable to access 'https://github.com/google/benchmark/': Could not resolve host: github.com
[INFO] [stderr]   -- Had to git clone more than once:
[INFO] [stderr]             3 times.
[INFO] [stderr]   CMake Error at benchmark-subbuild/benchmark-populate-prefix/tmp/benchmark-populate-gitclone.cmake:31 (message):
[INFO] [stderr]     Failed to clone repository: 'https://github.com/google/benchmark'
[INFO] [stderr] 
[INFO] [stderr] 
[INFO] [stderr]   gmake[2]: *** [CMakeFiles/benchmark-populate.dir/build.make:102: benchmark-populate-prefix/src/benchmark-populate-stamp/benchmark-populate-download] Error 1
[INFO] [stderr]   gmake[1]: *** [CMakeFiles/Makefile2:83: CMakeFiles/benchmark-populate.dir/all] Error 2
[INFO] [stderr]   gmake: *** [Makefile:91: all] Error 2
[INFO] [stderr] 
[INFO] [stderr]   CMake Error at /usr/share/cmake-3.22/Modules/FetchContent.cmake:1087 (message):
[INFO] [stderr]     Build step for benchmark failed: 2
[INFO] [stderr]   Call Stack (most recent call first):
[INFO] [stderr]     /usr/share/cmake-3.22/Modules/FetchContent.cmake:1216:EVAL:2 (__FetchContent_directPopulate)
[INFO] [stderr]     /usr/share/cmake-3.22/Modules/FetchContent.cmake:1216 (cmake_language)
[INFO] [stderr]     /usr/share/cmake-3.22/Modules/FetchContent.cmake:1259 (FetchContent_Populate)
[INFO] [stderr]     CMakeLists.txt:25 (FetchContent_MakeAvailable)
[INFO] [stderr] 
[INFO] [stderr] 
[INFO] [stderr]   thread 'main' panicked at /opt/rustwide/cargo-home/registry/src/index.crates.io-6f17d22bba15001f/cmake-0.1.48/src/lib.rs:975:5:
[INFO] [stderr] 
[INFO] [stderr]   command did not execute successfully, got: exit status: 1
[INFO] [stderr] 
[INFO] [stderr]   build script failed, must exit now
[INFO] [stderr]   stack backtrace:
[INFO] [stderr]      0:     0x563aea49884c - std::backtrace_rs::backtrace::libunwind::trace::ha637c64ce894333a
[INFO] [stderr]                                  at /rustc/82e1608dfa6e0b5569232559e3d385fea5a93112/library/std/src/../../backtrace/src/backtrace/libunwind.rs:104:5
[INFO] [stderr]      1:     0x563aea49884c - std::backtrace_rs::backtrace::trace_unsynchronized::h47f62dea28e0c88d
[INFO] [stderr]                                  at /rustc/82e1608dfa6e0b5569232559e3d385fea5a93112/library/std/src/../../backtrace/src/backtrace/mod.rs:66:5
[INFO] [stderr]      2:     0x563aea49884c - std::sys_common::backtrace::_print_fmt::h9eef0abe20ede486
[INFO] [stderr]                                  at /rustc/82e1608dfa6e0b5569232559e3d385fea5a93112/library/std/src/sys_common/backtrace.rs:67:5
[INFO] [stderr]      3:     0x563aea49884c - <std::sys_common::backtrace::_print::DisplayBacktrace as core::fmt::Display>::fmt::hed7f999df88cc644
[INFO] [stderr]                                  at /rustc/82e1608dfa6e0b5569232559e3d385fea5a93112/library/std/src/sys_common/backtrace.rs:44:22
[INFO] [stderr]      4:     0x563aea4bed40 - core::fmt::rt::Argument::fmt::h1539a9308b8d058d
[INFO] [stderr]                                  at /rustc/82e1608dfa6e0b5569232559e3d385fea5a93112/library/core/src/fmt/rt.rs:142:9
[INFO] [stderr]      5:     0x563aea4bed40 - core::fmt::write::h3a39390d8560d9c9
[INFO] [stderr]                                  at /rustc/82e1608dfa6e0b5569232559e3d385fea5a93112/library/core/src/fmt/mod.rs:1120:17
[INFO] [stderr]      6:     0x563aea495f0f - std::io::Write::write_fmt::h5fc9997dfe05f882
[INFO] [stderr]                                  at /rustc/82e1608dfa6e0b5569232559e3d385fea5a93112/library/std/src/io/mod.rs:1762:15
[INFO] [stderr]      7:     0x563aea498634 - std::sys_common::backtrace::_print::h894006fb5c6f3d45
[INFO] [stderr]                                  at /rustc/82e1608dfa6e0b5569232559e3d385fea5a93112/library/std/src/sys_common/backtrace.rs:47:5
[INFO] [stderr]      8:     0x563aea498634 - std::sys_common::backtrace::print::h23a2d212c6fff936
[INFO] [stderr]                                  at /rustc/82e1608dfa6e0b5569232559e3d385fea5a93112/library/std/src/sys_common/backtrace.rs:34:9
[INFO] [stderr]      9:     0x563aea499e47 - std::panicking::default_hook::{{closure}}::h8a1d2ee00185001a
[INFO] [stderr]     10:     0x563aea499baf - std::panicking::default_hook::h6038f2eba384e475
[INFO] [stderr]                                  at /rustc/82e1608dfa6e0b5569232559e3d385fea5a93112/library/std/src/panicking.rs:292:9
[INFO] [stderr]     11:     0x563aea49a2c8 - std::panicking::rust_panic_with_hook::h2b5517d590cab22e
[INFO] [stderr]                                  at /rustc/82e1608dfa6e0b5569232559e3d385fea5a93112/library/std/src/panicking.rs:779:13
[INFO] [stderr]     12:     0x563aea49a1ae - std::panicking::begin_panic_handler::{{closure}}::h233112c06e0ef43e
[INFO] [stderr]                                  at /rustc/82e1608dfa6e0b5569232559e3d385fea5a93112/library/std/src/panicking.rs:657:13
[INFO] [stderr]     13:     0x563aea498d16 - std::sys_common::backtrace::__rust_end_short_backtrace::h6e893f24d7ebbff8
[INFO] [stderr]                                  at /rustc/82e1608dfa6e0b5569232559e3d385fea5a93112/library/std/src/sys_common/backtrace.rs:170:18
[INFO] [stderr]     14:     0x563aea499f12 - rust_begin_unwind
[INFO] [stderr]                                  at /rustc/82e1608dfa6e0b5569232559e3d385fea5a93112/library/std/src/panicking.rs:645:5
[INFO] [stderr]     15:     0x563aea421625 - core::panicking::panic_fmt::hbf0e066aabfa482c
[INFO] [stderr]                                  at /rustc/82e1608dfa6e0b5569232559e3d385fea5a93112/library/core/src/panicking.rs:72:14
[INFO] [stderr]     16:     0x563aea435ac1 - cmake::fail::h4684a5c31c166c91
[INFO] [stderr]     17:     0x563aea4351c7 - cmake::run::h953481bdfb54d7fe
[INFO] [stderr]     18:     0x563aea431c07 - cmake::Config::build::h4640391b4ca0ba63
[INFO] [stderr]     19:     0x563aea4238f0 - build_script_build::main::ha6218389ff83c085
[INFO] [stderr]     20:     0x563aea4221e3 - core::ops::function::FnOnce::call_once::h31d9969fca1f7abd
[INFO] [stderr]     21:     0x563aea421e16 - std::sys_common::backtrace::__rust_begin_short_backtrace::hea5c1c10f3e5fa6c
[INFO] [stderr]     22:     0x563aea421f59 - std::rt::lang_start::{{closure}}::hc53c36045f84ced6
[INFO] [stderr]     23:     0x563aea491dd7 - core::ops::function::impls::<impl core::ops::function::FnOnce<A> for &F>::call_once::hd95060ecd5e1ca24
[INFO] [stderr]                                  at /rustc/82e1608dfa6e0b5569232559e3d385fea5a93112/library/core/src/ops/function.rs:284:13
[INFO] [stderr]     24:     0x563aea491dd7 - std::panicking::try::do_call::h6e8cf51db32a6e4b
[INFO] [stderr]                                  at /rustc/82e1608dfa6e0b5569232559e3d385fea5a93112/library/std/src/panicking.rs:552:40
[INFO] [stderr]     25:     0x563aea491dd7 - std::panicking::try::h3a52eefe24fe3c29
[INFO] [stderr]                                  at /rustc/82e1608dfa6e0b5569232559e3d385fea5a93112/library/std/src/panicking.rs:516:19
[INFO] [stderr]     26:     0x563aea491dd7 - std::panic::catch_unwind::h24c28c23c02c3841
[INFO] [stderr]                                  at /rustc/82e1608dfa6e0b5569232559e3d385fea5a93112/library/std/src/panic.rs:142:14
[INFO] [stderr]     27:     0x563aea491dd7 - std::rt::lang_start_internal::{{closure}}::h705d3c9cbc06ef47
[INFO] [stderr]                                  at /rustc/82e1608dfa6e0b5569232559e3d385fea5a93112/library/std/src/rt.rs:148:48
[INFO] [stderr]     28:     0x563aea491dd7 - std::panicking::try::do_call::ha21f52ba13158470
[INFO] [stderr]                                  at /rustc/82e1608dfa6e0b5569232559e3d385fea5a93112/library/std/src/panicking.rs:552:40
[INFO] [stderr]     29:     0x563aea491dd7 - std::panicking::try::h5581346bf6aeb1f8
[INFO] [stderr]                                  at /rustc/82e1608dfa6e0b5569232559e3d385fea5a93112/library/std/src/panicking.rs:516:19
[INFO] [stderr]     30:     0x563aea491dd7 - std::panic::catch_unwind::h7919645a6b72e25b
[INFO] [stderr]                                  at /rustc/82e1608dfa6e0b5569232559e3d385fea5a93112/library/std/src/panic.rs:142:14
[INFO] [stderr]     31:     0x563aea491dd7 - std::rt::lang_start_internal::h12de51168669836e
[INFO] [stderr]                                  at /rustc/82e1608dfa6e0b5569232559e3d385fea5a93112/library/std/src/rt.rs:148:20
[INFO] [stderr]     32:     0x563aea421f37 - std::rt::lang_start::ha6077b9f6aa74573
[INFO] [stderr]     33:     0x563aea423d05 - main
[INFO] [stderr]     34:     0x7fe9da0b6d90 - <unknown>
[INFO] [stderr]     35:     0x7fe9da0b6e40 - __libc_start_main
[INFO] [stderr]     36:     0x563aea421d45 - _start
[INFO] [stderr]     37:                0x0 - <unknown>
[INFO] [stderr] warning: build failed, waiting for other jobs to finish...
[INFO] running `Command { std: "docker" "inspect" "bef1d4f1de1974d02077a48c42654152806e592eca6488d264aaea58512f71c9", kill_on_drop: false }`
[INFO] running `Command { std: "docker" "rm" "-f" "bef1d4f1de1974d02077a48c42654152806e592eca6488d264aaea58512f71c9", kill_on_drop: false }`
[INFO] [stdout] bef1d4f1de1974d02077a48c42654152806e592eca6488d264aaea58512f71c9
