[INFO] cloning repository https://github.com/ahdinosaur/beat-playground
[INFO] running `Command { std: "git" "-c" "credential.helper=" "-c" "credential.helper=/workspace/cargo-home/bin/git-credential-null" "clone" "--bare" "https://github.com/ahdinosaur/beat-playground" "/workspace/cache/git-repos/https%3A%2F%2Fgithub.com%2Fahdinosaur%2Fbeat-playground", kill_on_drop: false }`
[INFO] [stderr] Cloning into bare repository '/workspace/cache/git-repos/https%3A%2F%2Fgithub.com%2Fahdinosaur%2Fbeat-playground'...
[INFO] running `Command { std: "git" "rev-parse" "HEAD", kill_on_drop: false }`
[INFO] [stdout] a9e95240bc2d35fceb571ed812b88f33735007b5
[INFO] documenting ahdinosaur/beat-playground against 1.75.0 for beta-1.76-rustdoc-1
[INFO] running `Command { std: "git" "clone" "/workspace/cache/git-repos/https%3A%2F%2Fgithub.com%2Fahdinosaur%2Fbeat-playground" "/workspace/builds/worker-7-tc1/source", kill_on_drop: false }`
[INFO] [stderr] Cloning into '/workspace/builds/worker-7-tc1/source'...
[INFO] [stderr] done.
[INFO] validating manifest of git repo https://github.com/ahdinosaur/beat-playground on toolchain 1.75.0
[INFO] running `Command { std: CARGO_HOME="/workspace/cargo-home" RUSTUP_HOME="/workspace/rustup-home" "/workspace/cargo-home/bin/cargo" "+1.75.0" "metadata" "--manifest-path" "Cargo.toml" "--no-deps", kill_on_drop: false }`
[INFO] started tweaking git repo https://github.com/ahdinosaur/beat-playground
[INFO] finished tweaking git repo https://github.com/ahdinosaur/beat-playground
[INFO] tweaked toml for git repo https://github.com/ahdinosaur/beat-playground written to /workspace/builds/worker-7-tc1/source/Cargo.toml
[INFO] crate git repo https://github.com/ahdinosaur/beat-playground already has a lockfile, it will not be regenerated
[INFO] running `Command { std: CARGO_HOME="/workspace/cargo-home" RUSTUP_HOME="/workspace/rustup-home" "/workspace/cargo-home/bin/cargo" "+1.75.0" "fetch" "--manifest-path" "Cargo.toml", kill_on_drop: false }`
[INFO] [stderr]     Blocking waiting for file lock on package cache
[INFO] [stderr]     Updating crates.io index
[INFO] [stderr]  Downloading crates ...
[INFO] [stderr]   Downloaded portaudio v0.7.0
[INFO] [stderr]   Downloaded sample v0.10.0
[INFO] running `Command { std: "docker" "create" "-v" "/var/lib/crater-agent-workspace/builds/worker-7-tc1/target:/opt/rustwide/target:rw,Z" "-v" "/var/lib/crater-agent-workspace/builds/worker-7-tc1/source:/opt/rustwide/workdir:ro,Z" "-v" "/var/lib/crater-agent-workspace/cargo-home:/opt/rustwide/cargo-home:ro,Z" "-v" "/var/lib/crater-agent-workspace/rustup-home:/opt/rustwide/rustup-home:ro,Z" "-e" "SOURCE_DIR=/opt/rustwide/workdir" "-e" "CARGO_TARGET_DIR=/opt/rustwide/target" "-e" "CARGO_HOME=/opt/rustwide/cargo-home" "-e" "RUSTUP_HOME=/opt/rustwide/rustup-home" "-w" "/opt/rustwide/workdir" "-m" "1610612736" "--user" "0:0" "--network" "none" "ghcr.io/rust-lang/crates-build-env/linux@sha256:2788e3201cd34a07e3172128adcd8b3090168a8e3bcc40d7c032b9dda1df7d1c" "/opt/rustwide/cargo-home/bin/cargo" "+1.75.0" "metadata" "--no-deps" "--format-version=1", kill_on_drop: false }`
[INFO] [stdout] 2565bf82abab15284022cffd387f6163cbd84daf170bdb5f606c8bd1e32adccd
[INFO] running `Command { std: "docker" "start" "-a" "2565bf82abab15284022cffd387f6163cbd84daf170bdb5f606c8bd1e32adccd", kill_on_drop: false }`
[INFO] running `Command { std: "docker" "inspect" "2565bf82abab15284022cffd387f6163cbd84daf170bdb5f606c8bd1e32adccd", kill_on_drop: false }`
[INFO] running `Command { std: "docker" "rm" "-f" "2565bf82abab15284022cffd387f6163cbd84daf170bdb5f606c8bd1e32adccd", kill_on_drop: false }`
[INFO] [stdout] 2565bf82abab15284022cffd387f6163cbd84daf170bdb5f606c8bd1e32adccd
[INFO] running `Command { std: "docker" "create" "-v" "/var/lib/crater-agent-workspace/builds/worker-7-tc1/target:/opt/rustwide/target:rw,Z" "-v" "/var/lib/crater-agent-workspace/builds/worker-7-tc1/source:/opt/rustwide/workdir:ro,Z" "-v" "/var/lib/crater-agent-workspace/cargo-home:/opt/rustwide/cargo-home:ro,Z" "-v" "/var/lib/crater-agent-workspace/rustup-home:/opt/rustwide/rustup-home:ro,Z" "-e" "SOURCE_DIR=/opt/rustwide/workdir" "-e" "CARGO_TARGET_DIR=/opt/rustwide/target" "-e" "CARGO_INCREMENTAL=0" "-e" "RUST_BACKTRACE=full" "-e" "RUSTFLAGS=--cap-lints=warn" "-e" "RUSTDOCFLAGS=--cap-lints=warn" "-e" "CARGO_HOME=/opt/rustwide/cargo-home" "-e" "RUSTUP_HOME=/opt/rustwide/rustup-home" "-w" "/opt/rustwide/workdir" "-m" "1610612736" "--user" "0:0" "--network" "none" "ghcr.io/rust-lang/crates-build-env/linux@sha256:2788e3201cd34a07e3172128adcd8b3090168a8e3bcc40d7c032b9dda1df7d1c" "/opt/rustwide/cargo-home/bin/cargo" "+1.75.0" "doc" "--frozen" "--no-deps" "--document-private-items" "--message-format=json", kill_on_drop: false }`
[INFO] [stdout] b5538a560ffb62ae585dd26a9e24d78380398a420d5537e4e7626b464b3969ab
[INFO] running `Command { std: "docker" "start" "-a" "b5538a560ffb62ae585dd26a9e24d78380398a420d5537e4e7626b464b3969ab", kill_on_drop: false }`
[INFO] [stderr]    Compiling num-traits v0.2.4
[INFO] [stderr]    Compiling num-integer v0.1.38
[INFO] [stderr]    Compiling num-iter v0.1.37
[INFO] [stderr]    Compiling pkg-config v0.3.11
[INFO] [stderr]     Checking libc v0.2.42
[INFO] [stderr]     Checking sample v0.10.0
[INFO] [stderr]    Compiling portaudio v0.7.0
[INFO] [stderr] error: failed to run custom build command for `portaudio v0.7.0`
[INFO] [stderr] note: To improve backtraces for build dependencies, set the CARGO_PROFILE_DEV_BUILD_OVERRIDE_DEBUG=true environment variable to enable debug information generation.
[INFO] [stderr] 
[INFO] [stderr] Caused by:
[INFO] [stderr]   process didn't exit successfully: `/opt/rustwide/target/debug/build/portaudio-1f6de628ddf638a7/build-script-build` (exit status: 101)
[INFO] [stderr]   --- stderr
[INFO] [stderr]   thread 'main' panicked at /opt/rustwide/cargo-home/registry/src/index.crates.io-6f17d22bba15001f/portaudio-0.7.0/build.rs:83:23:
[INFO] [stderr]   No such file or directory (os error 2)
[INFO] [stderr]   stack backtrace:
[INFO] [stderr]      0:     0x561a71c6adcc - std::backtrace_rs::backtrace::libunwind::trace::ha637c64ce894333a
[INFO] [stderr]                                  at /rustc/82e1608dfa6e0b5569232559e3d385fea5a93112/library/std/src/../../backtrace/src/backtrace/libunwind.rs:104:5
[INFO] [stderr]      1:     0x561a71c6adcc - std::backtrace_rs::backtrace::trace_unsynchronized::h47f62dea28e0c88d
[INFO] [stderr]                                  at /rustc/82e1608dfa6e0b5569232559e3d385fea5a93112/library/std/src/../../backtrace/src/backtrace/mod.rs:66:5
[INFO] [stderr]      2:     0x561a71c6adcc - std::sys_common::backtrace::_print_fmt::h9eef0abe20ede486
[INFO] [stderr]                                  at /rustc/82e1608dfa6e0b5569232559e3d385fea5a93112/library/std/src/sys_common/backtrace.rs:67:5
[INFO] [stderr]      3:     0x561a71c6adcc - <std::sys_common::backtrace::_print::DisplayBacktrace as core::fmt::Display>::fmt::hed7f999df88cc644
[INFO] [stderr]                                  at /rustc/82e1608dfa6e0b5569232559e3d385fea5a93112/library/std/src/sys_common/backtrace.rs:44:22
[INFO] [stderr]      4:     0x561a71c8fa20 - core::fmt::rt::Argument::fmt::h1539a9308b8d058d
[INFO] [stderr]                                  at /rustc/82e1608dfa6e0b5569232559e3d385fea5a93112/library/core/src/fmt/rt.rs:142:9
[INFO] [stderr]      5:     0x561a71c8fa20 - core::fmt::write::h3a39390d8560d9c9
[INFO] [stderr]                                  at /rustc/82e1608dfa6e0b5569232559e3d385fea5a93112/library/core/src/fmt/mod.rs:1120:17
[INFO] [stderr]      6:     0x561a71c68a4f - std::io::Write::write_fmt::h5fc9997dfe05f882
[INFO] [stderr]                                  at /rustc/82e1608dfa6e0b5569232559e3d385fea5a93112/library/std/src/io/mod.rs:1762:15
[INFO] [stderr]      7:     0x561a71c6abb4 - std::sys_common::backtrace::_print::h894006fb5c6f3d45
[INFO] [stderr]                                  at /rustc/82e1608dfa6e0b5569232559e3d385fea5a93112/library/std/src/sys_common/backtrace.rs:47:5
[INFO] [stderr]      8:     0x561a71c6abb4 - std::sys_common::backtrace::print::h23a2d212c6fff936
[INFO] [stderr]                                  at /rustc/82e1608dfa6e0b5569232559e3d385fea5a93112/library/std/src/sys_common/backtrace.rs:34:9
[INFO] [stderr]      9:     0x561a71c6c2d7 - std::panicking::default_hook::{{closure}}::h8a1d2ee00185001a
[INFO] [stderr]     10:     0x561a71c6c03f - std::panicking::default_hook::h6038f2eba384e475
[INFO] [stderr]                                  at /rustc/82e1608dfa6e0b5569232559e3d385fea5a93112/library/std/src/panicking.rs:292:9
[INFO] [stderr]     11:     0x561a71c6c758 - std::panicking::rust_panic_with_hook::h2b5517d590cab22e
[INFO] [stderr]                                  at /rustc/82e1608dfa6e0b5569232559e3d385fea5a93112/library/std/src/panicking.rs:779:13
[INFO] [stderr]     12:     0x561a71c6c63e - std::panicking::begin_panic_handler::{{closure}}::h233112c06e0ef43e
[INFO] [stderr]                                  at /rustc/82e1608dfa6e0b5569232559e3d385fea5a93112/library/std/src/panicking.rs:657:13
[INFO] [stderr]     13:     0x561a71c6b296 - std::sys_common::backtrace::__rust_end_short_backtrace::h6e893f24d7ebbff8
[INFO] [stderr]                                  at /rustc/82e1608dfa6e0b5569232559e3d385fea5a93112/library/std/src/sys_common/backtrace.rs:170:18
[INFO] [stderr]     14:     0x561a71c6c3a2 - rust_begin_unwind
[INFO] [stderr]                                  at /rustc/82e1608dfa6e0b5569232559e3d385fea5a93112/library/std/src/panicking.rs:645:5
[INFO] [stderr]     15:     0x561a71c2c2e5 - core::panicking::panic_fmt::hbf0e066aabfa482c
[INFO] [stderr]                                  at /rustc/82e1608dfa6e0b5569232559e3d385fea5a93112/library/core/src/panicking.rs:72:14
[INFO] [stderr]     16:     0x561a71c2d565 - core::panicking::panic_display::hd1b529740d0ca0e2
[INFO] [stderr]     17:     0x561a71c2dbf6 - build_script_build::unix_platform::build::h73420d0152329e02
[INFO] [stderr]     18:     0x561a71c2e406 - build_script_build::platform::build::h6098863cee8799a6
[INFO] [stderr]     19:     0x561a71c2d9c6 - build_script_build::build::h7625eeafede7745d
[INFO] [stderr]     20:     0x561a71c2d7a0 - build_script_build::main::h275c780bea4cda31
[INFO] [stderr]     21:     0x561a71c2d143 - core::ops::function::FnOnce::call_once::h218752799f36dece
[INFO] [stderr]     22:     0x561a71c2cbc6 - std::sys_common::backtrace::__rust_begin_short_backtrace::h16a55d4b2e85faaf
[INFO] [stderr]     23:     0x561a71c2ccd9 - std::rt::lang_start::{{closure}}::he19c22959ebe938e
[INFO] [stderr]     24:     0x561a71c65727 - core::ops::function::impls::<impl core::ops::function::FnOnce<A> for &F>::call_once::hd95060ecd5e1ca24
[INFO] [stderr]                                  at /rustc/82e1608dfa6e0b5569232559e3d385fea5a93112/library/core/src/ops/function.rs:284:13
[INFO] [stderr]     25:     0x561a71c65727 - std::panicking::try::do_call::h6e8cf51db32a6e4b
[INFO] [stderr]                                  at /rustc/82e1608dfa6e0b5569232559e3d385fea5a93112/library/std/src/panicking.rs:552:40
[INFO] [stderr]     26:     0x561a71c65727 - std::panicking::try::h3a52eefe24fe3c29
[INFO] [stderr]                                  at /rustc/82e1608dfa6e0b5569232559e3d385fea5a93112/library/std/src/panicking.rs:516:19
[INFO] [stderr]     27:     0x561a71c65727 - std::panic::catch_unwind::h24c28c23c02c3841
[INFO] [stderr]                                  at /rustc/82e1608dfa6e0b5569232559e3d385fea5a93112/library/std/src/panic.rs:142:14
[INFO] [stderr]     28:     0x561a71c65727 - std::rt::lang_start_internal::{{closure}}::h705d3c9cbc06ef47
[INFO] [stderr]                                  at /rustc/82e1608dfa6e0b5569232559e3d385fea5a93112/library/std/src/rt.rs:148:48
[INFO] [stderr]     29:     0x561a71c65727 - std::panicking::try::do_call::ha21f52ba13158470
[INFO] [stderr]                                  at /rustc/82e1608dfa6e0b5569232559e3d385fea5a93112/library/std/src/panicking.rs:552:40
[INFO] [stderr]     30:     0x561a71c65727 - std::panicking::try::h5581346bf6aeb1f8
[INFO] [stderr]                                  at /rustc/82e1608dfa6e0b5569232559e3d385fea5a93112/library/std/src/panicking.rs:516:19
[INFO] [stderr]     31:     0x561a71c65727 - std::panic::catch_unwind::h7919645a6b72e25b
[INFO] [stderr]                                  at /rustc/82e1608dfa6e0b5569232559e3d385fea5a93112/library/std/src/panic.rs:142:14
[INFO] [stderr]     32:     0x561a71c65727 - std::rt::lang_start_internal::h12de51168669836e
[INFO] [stderr]                                  at /rustc/82e1608dfa6e0b5569232559e3d385fea5a93112/library/std/src/rt.rs:148:20
[INFO] [stderr]     33:     0x561a71c2ccb7 - std::rt::lang_start::h977a8a642865f511
[INFO] [stderr]     34:     0x561a71c2e5d5 - main
[INFO] [stderr]     35:     0x7f1a51d3dd90 - <unknown>
[INFO] [stderr]     36:     0x7f1a51d3de40 - __libc_start_main
[INFO] [stderr]     37:     0x561a71c2caf5 - _start
[INFO] [stderr]     38:                0x0 - <unknown>
[INFO] [stderr] warning: build failed, waiting for other jobs to finish...
[INFO] [stdout] error[E0283]: type annotations needed
[INFO] [stdout]    --> /opt/rustwide/cargo-home/registry/src/index.crates.io-6f17d22bba15001f/sample-0.10.0/src/window.rs:73:41
[INFO] [stdout]     |
[INFO] [stdout] 73  |         let v = phase.to_float_sample().to_sample() * PI_2;
[INFO] [stdout]     |                                         ^^^^^^^^^ cannot infer type of the type parameter `S` declared on the method `to_sample`
[INFO] [stdout]     |
[INFO] [stdout]     = note: cannot satisfy `<S as Sample>::Float: ToSample<_>`
[INFO] [stdout] note: required by a bound in `Sample::to_sample`
[INFO] [stdout]    --> /opt/rustwide/cargo-home/registry/src/index.crates.io-6f17d22bba15001f/sample-0.10.0/src/lib.rs:266:15
[INFO] [stdout]     |
[INFO] [stdout] 264 |     fn to_sample<S>(self) -> S
[INFO] [stdout]     |        --------- required by a bound in this associated function
[INFO] [stdout] 265 |     where
[INFO] [stdout] 266 |         Self: ToSample<S>,
[INFO] [stdout]     |               ^^^^^^^^^^^ required by this bound in `Sample::to_sample`
[INFO] [stdout] help: consider specifying the generic argument
[INFO] [stdout]     |
[INFO] [stdout] 73  |         let v = phase.to_float_sample().to_sample::<S>() * PI_2;
[INFO] [stdout]     |                                                  +++++
[INFO] [stdout] 
[INFO] [stdout] 
[INFO] [stdout] error: aborting due to previous error
[INFO] [stdout] 
[INFO] [stdout] 
[INFO] [stdout] For more information about this error, try `rustc --explain E0283`.
[INFO] [stdout] 
[INFO] [stderr] error: could not compile `sample` (lib) due to 2 previous errors
[INFO] running `Command { std: "docker" "inspect" "b5538a560ffb62ae585dd26a9e24d78380398a420d5537e4e7626b464b3969ab", kill_on_drop: false }`
[INFO] running `Command { std: "docker" "rm" "-f" "b5538a560ffb62ae585dd26a9e24d78380398a420d5537e4e7626b464b3969ab", kill_on_drop: false }`
[INFO] [stdout] b5538a560ffb62ae585dd26a9e24d78380398a420d5537e4e7626b464b3969ab
[INFO] documenting ahdinosaur/beat-playground against beta-2023-12-22 for beta-1.76-rustdoc-1
[INFO] running `Command { std: "git" "clone" "/workspace/cache/git-repos/https%3A%2F%2Fgithub.com%2Fahdinosaur%2Fbeat-playground" "/workspace/builds/worker-7-tc2/source", kill_on_drop: false }`
[INFO] [stderr] Cloning into '/workspace/builds/worker-7-tc2/source'...
[INFO] [stderr] done.
[INFO] validating manifest of git repo https://github.com/ahdinosaur/beat-playground on toolchain beta-2023-12-22
[INFO] running `Command { std: CARGO_HOME="/workspace/cargo-home" RUSTUP_HOME="/workspace/rustup-home" "/workspace/cargo-home/bin/cargo" "+beta-2023-12-22" "metadata" "--manifest-path" "Cargo.toml" "--no-deps", kill_on_drop: false }`
[INFO] started tweaking git repo https://github.com/ahdinosaur/beat-playground
[INFO] finished tweaking git repo https://github.com/ahdinosaur/beat-playground
[INFO] tweaked toml for git repo https://github.com/ahdinosaur/beat-playground written to /workspace/builds/worker-7-tc2/source/Cargo.toml
[INFO] crate git repo https://github.com/ahdinosaur/beat-playground already has a lockfile, it will not be regenerated
[INFO] running `Command { std: CARGO_HOME="/workspace/cargo-home" RUSTUP_HOME="/workspace/rustup-home" "/workspace/cargo-home/bin/cargo" "+beta-2023-12-22" "fetch" "--manifest-path" "Cargo.toml", kill_on_drop: false }`
[INFO] running `Command { std: "docker" "create" "-v" "/var/lib/crater-agent-workspace/builds/worker-7-tc2/target:/opt/rustwide/target:rw,Z" "-v" "/var/lib/crater-agent-workspace/builds/worker-7-tc2/source:/opt/rustwide/workdir:ro,Z" "-v" "/var/lib/crater-agent-workspace/cargo-home:/opt/rustwide/cargo-home:ro,Z" "-v" "/var/lib/crater-agent-workspace/rustup-home:/opt/rustwide/rustup-home:ro,Z" "-e" "SOURCE_DIR=/opt/rustwide/workdir" "-e" "CARGO_TARGET_DIR=/opt/rustwide/target" "-e" "CARGO_HOME=/opt/rustwide/cargo-home" "-e" "RUSTUP_HOME=/opt/rustwide/rustup-home" "-w" "/opt/rustwide/workdir" "-m" "1610612736" "--user" "0:0" "--network" "none" "ghcr.io/rust-lang/crates-build-env/linux@sha256:2788e3201cd34a07e3172128adcd8b3090168a8e3bcc40d7c032b9dda1df7d1c" "/opt/rustwide/cargo-home/bin/cargo" "+beta-2023-12-22" "metadata" "--no-deps" "--format-version=1", kill_on_drop: false }`
[INFO] [stdout] 19a0d57ad3dc596cf71404ef4b90cd009093e8ec5463bfd490013452950df6fb
[INFO] running `Command { std: "docker" "start" "-a" "19a0d57ad3dc596cf71404ef4b90cd009093e8ec5463bfd490013452950df6fb", kill_on_drop: false }`
[INFO] running `Command { std: "docker" "inspect" "19a0d57ad3dc596cf71404ef4b90cd009093e8ec5463bfd490013452950df6fb", kill_on_drop: false }`
[INFO] running `Command { std: "docker" "rm" "-f" "19a0d57ad3dc596cf71404ef4b90cd009093e8ec5463bfd490013452950df6fb", kill_on_drop: false }`
[INFO] [stdout] 19a0d57ad3dc596cf71404ef4b90cd009093e8ec5463bfd490013452950df6fb
[INFO] running `Command { std: "docker" "create" "-v" "/var/lib/crater-agent-workspace/builds/worker-7-tc2/target:/opt/rustwide/target:rw,Z" "-v" "/var/lib/crater-agent-workspace/builds/worker-7-tc2/source:/opt/rustwide/workdir:ro,Z" "-v" "/var/lib/crater-agent-workspace/cargo-home:/opt/rustwide/cargo-home:ro,Z" "-v" "/var/lib/crater-agent-workspace/rustup-home:/opt/rustwide/rustup-home:ro,Z" "-e" "SOURCE_DIR=/opt/rustwide/workdir" "-e" "CARGO_TARGET_DIR=/opt/rustwide/target" "-e" "CARGO_INCREMENTAL=0" "-e" "RUST_BACKTRACE=full" "-e" "RUSTFLAGS=--cap-lints=warn" "-e" "RUSTDOCFLAGS=--cap-lints=warn" "-e" "CARGO_HOME=/opt/rustwide/cargo-home" "-e" "RUSTUP_HOME=/opt/rustwide/rustup-home" "-w" "/opt/rustwide/workdir" "-m" "1610612736" "--user" "0:0" "--network" "none" "ghcr.io/rust-lang/crates-build-env/linux@sha256:2788e3201cd34a07e3172128adcd8b3090168a8e3bcc40d7c032b9dda1df7d1c" "/opt/rustwide/cargo-home/bin/cargo" "+beta-2023-12-22" "doc" "--frozen" "--no-deps" "--document-private-items" "--message-format=json", kill_on_drop: false }`
[INFO] [stdout] a34c69fef1e7a3949994f46af76fd29d62e8b78347d50390f75afc1b59171b36
[INFO] running `Command { std: "docker" "start" "-a" "a34c69fef1e7a3949994f46af76fd29d62e8b78347d50390f75afc1b59171b36", kill_on_drop: false }`
[INFO] [stderr]    Compiling num-traits v0.2.4
[INFO] [stderr]    Compiling num-integer v0.1.38
[INFO] [stderr]    Compiling num-iter v0.1.37
[INFO] [stderr]    Compiling pkg-config v0.3.11
[INFO] [stderr]     Checking libc v0.2.42
[INFO] [stderr]     Checking sample v0.10.0
[INFO] [stderr]    Compiling portaudio v0.7.0
[INFO] [stderr] error: failed to run custom build command for `portaudio v0.7.0`
[INFO] [stderr] note: To improve backtraces for build dependencies, set the CARGO_PROFILE_DEV_BUILD_OVERRIDE_DEBUG=true environment variable to enable debug information generation.
[INFO] [stderr] 
[INFO] [stderr] Caused by:
[INFO] [stderr]   process didn't exit successfully: `/opt/rustwide/target/debug/build/portaudio-8647b3f63a3e078d/build-script-build` (exit status: 101)
[INFO] [stderr]   --- stderr
[INFO] [stderr]   thread 'main' panicked at /opt/rustwide/cargo-home/registry/src/index.crates.io-6f17d22bba15001f/portaudio-0.7.0/build.rs:83:23:
[INFO] [stderr]   No such file or directory (os error 2)
[INFO] [stderr]   stack backtrace:
[INFO] [stderr]      0:     0x559314ec6446 - std::backtrace_rs::backtrace::libunwind::trace::h261606ad26a499c1
[INFO] [stderr]                                  at /rustc/0e09125c6c3c2fd70d7de961bcf0e51575235fad/library/std/src/../../backtrace/src/backtrace/libunwind.rs:104:5
[INFO] [stderr]      1:     0x559314ec6446 - std::backtrace_rs::backtrace::trace_unsynchronized::hd183f0625477fb28
[INFO] [stderr]                                  at /rustc/0e09125c6c3c2fd70d7de961bcf0e51575235fad/library/std/src/../../backtrace/src/backtrace/mod.rs:66:5
[INFO] [stderr]      2:     0x559314ec6446 - std::sys_common::backtrace::_print_fmt::hd7f8fef21b4eda67
[INFO] [stderr]                                  at /rustc/0e09125c6c3c2fd70d7de961bcf0e51575235fad/library/std/src/sys_common/backtrace.rs:68:5
[INFO] [stderr]      3:     0x559314ec6446 - <std::sys_common::backtrace::_print::DisplayBacktrace as core::fmt::Display>::fmt::h623d9b51f2f453f1
[INFO] [stderr]                                  at /rustc/0e09125c6c3c2fd70d7de961bcf0e51575235fad/library/std/src/sys_common/backtrace.rs:44:22
[INFO] [stderr]      4:     0x559314eea3e0 - core::fmt::rt::Argument::fmt::h9f417ac76a86f368
[INFO] [stderr]                                  at /rustc/0e09125c6c3c2fd70d7de961bcf0e51575235fad/library/core/src/fmt/rt.rs:142:9
[INFO] [stderr]      5:     0x559314eea3e0 - core::fmt::write::hc9b6faf4ac2aeff7
[INFO] [stderr]                                  at /rustc/0e09125c6c3c2fd70d7de961bcf0e51575235fad/library/core/src/fmt/mod.rs:1120:17
[INFO] [stderr]      6:     0x559314ec415f - std::io::Write::write_fmt::hfead1eee52c2e65e
[INFO] [stderr]                                  at /rustc/0e09125c6c3c2fd70d7de961bcf0e51575235fad/library/std/src/io/mod.rs:1810:15
[INFO] [stderr]      7:     0x559314ec6224 - std::sys_common::backtrace::_print::hd5d66399c7df88a2
[INFO] [stderr]                                  at /rustc/0e09125c6c3c2fd70d7de961bcf0e51575235fad/library/std/src/sys_common/backtrace.rs:47:5
[INFO] [stderr]      8:     0x559314ec6224 - std::sys_common::backtrace::print::he81ed2da642d37e5
[INFO] [stderr]                                  at /rustc/0e09125c6c3c2fd70d7de961bcf0e51575235fad/library/std/src/sys_common/backtrace.rs:34:9
[INFO] [stderr]      9:     0x559314ec7997 - std::panicking::default_hook::{{closure}}::h85773f4fa117163d
[INFO] [stderr]     10:     0x559314ec76f9 - std::panicking::default_hook::h6a1694a91d09b278
[INFO] [stderr]                                  at /rustc/0e09125c6c3c2fd70d7de961bcf0e51575235fad/library/std/src/panicking.rs:292:9
[INFO] [stderr]     11:     0x559314ec7e28 - std::panicking::rust_panic_with_hook::h0a7ad96e90f7145b
[INFO] [stderr]                                  at /rustc/0e09125c6c3c2fd70d7de961bcf0e51575235fad/library/std/src/panicking.rs:779:13
[INFO] [stderr]     12:     0x559314ec7d02 - std::panicking::begin_panic_handler::{{closure}}::h7919090525c6485e
[INFO] [stderr]                                  at /rustc/0e09125c6c3c2fd70d7de961bcf0e51575235fad/library/std/src/panicking.rs:657:13
[INFO] [stderr]     13:     0x559314ec6946 - std::sys_common::backtrace::__rust_end_short_backtrace::hf3289479464f7dfe
[INFO] [stderr]                                  at /rustc/0e09125c6c3c2fd70d7de961bcf0e51575235fad/library/std/src/sys_common/backtrace.rs:171:18
[INFO] [stderr]     14:     0x559314ec7a60 - rust_begin_unwind
[INFO] [stderr]                                  at /rustc/0e09125c6c3c2fd70d7de961bcf0e51575235fad/library/std/src/panicking.rs:645:5
[INFO] [stderr]     15:     0x559314e872e5 - core::panicking::panic_fmt::hcc9f77c5c132af55
[INFO] [stderr]                                  at /rustc/0e09125c6c3c2fd70d7de961bcf0e51575235fad/library/core/src/panicking.rs:72:14
[INFO] [stderr]     16:     0x559314e88555 - core::panicking::panic_display::he180899b9d2c8144
[INFO] [stderr]     17:     0x559314e88c12 - build_script_build::unix_platform::build::hfda1890cf997a3be
[INFO] [stderr]     18:     0x559314e89466 - build_script_build::platform::build::h4a8d29b8a4d7e122
[INFO] [stderr]     19:     0x559314e889d6 - build_script_build::build::h5070bf7011b969ab
[INFO] [stderr]     20:     0x559314e887b0 - build_script_build::main::hddddaf367c5866da
[INFO] [stderr]     21:     0x559314e88163 - core::ops::function::FnOnce::call_once::hc97a079da780d90b
[INFO] [stderr]     22:     0x559314e87bd6 - std::sys_common::backtrace::__rust_begin_short_backtrace::h8cf008ea11d0fd9e
[INFO] [stderr]     23:     0x559314e87cd9 - std::rt::lang_start::{{closure}}::h2492b2482c0d257c
[INFO] [stderr]     24:     0x559314ec0ba1 - core::ops::function::impls::<impl core::ops::function::FnOnce<A> for &F>::call_once::h4eb4c5e1620f29b0
[INFO] [stderr]                                  at /rustc/0e09125c6c3c2fd70d7de961bcf0e51575235fad/library/core/src/ops/function.rs:284:13
[INFO] [stderr]     25:     0x559314ec0ba1 - std::panicking::try::do_call::h73fd26535faffcdf
[INFO] [stderr]                                  at /rustc/0e09125c6c3c2fd70d7de961bcf0e51575235fad/library/std/src/panicking.rs:552:40
[INFO] [stderr]     26:     0x559314ec0ba1 - std::panicking::try::h77ff1d98f0fb9f39
[INFO] [stderr]                                  at /rustc/0e09125c6c3c2fd70d7de961bcf0e51575235fad/library/std/src/panicking.rs:516:19
[INFO] [stderr]     27:     0x559314ec0ba1 - std::panic::catch_unwind::hab3caf2448b95e37
[INFO] [stderr]                                  at /rustc/0e09125c6c3c2fd70d7de961bcf0e51575235fad/library/std/src/panic.rs:142:14
[INFO] [stderr]     28:     0x559314ec0ba1 - std::rt::lang_start_internal::{{closure}}::h8086711f9c783f78
[INFO] [stderr]                                  at /rustc/0e09125c6c3c2fd70d7de961bcf0e51575235fad/library/std/src/rt.rs:148:48
[INFO] [stderr]     29:     0x559314ec0ba1 - std::panicking::try::do_call::hf920d4dc291cd6ca
[INFO] [stderr]                                  at /rustc/0e09125c6c3c2fd70d7de961bcf0e51575235fad/library/std/src/panicking.rs:552:40
[INFO] [stderr]     30:     0x559314ec0ba1 - std::panicking::try::h2b806ccc0a85db74
[INFO] [stderr]                                  at /rustc/0e09125c6c3c2fd70d7de961bcf0e51575235fad/library/std/src/panicking.rs:516:19
[INFO] [stderr]     31:     0x559314ec0ba1 - std::panic::catch_unwind::h038489539c507df2
[INFO] [stderr]                                  at /rustc/0e09125c6c3c2fd70d7de961bcf0e51575235fad/library/std/src/panic.rs:142:14
[INFO] [stderr]     32:     0x559314ec0ba1 - std::rt::lang_start_internal::h28503b88912e8a5c
[INFO] [stderr]                                  at /rustc/0e09125c6c3c2fd70d7de961bcf0e51575235fad/library/std/src/rt.rs:148:20
[INFO] [stderr]     33:     0x559314e87cb7 - std::rt::lang_start::ha1688a8a54899ab1
[INFO] [stderr]     34:     0x559314e89635 - main
[INFO] [stderr]     35:     0x7f8cd24dfd90 - <unknown>
[INFO] [stderr]     36:     0x7f8cd24dfe40 - __libc_start_main
[INFO] [stderr]     37:     0x559314e87b05 - _start
[INFO] [stderr]     38:                0x0 - <unknown>
[INFO] [stderr] warning: build failed, waiting for other jobs to finish...
[INFO] [stdout] error[E0283]: type annotations needed
[INFO] [stdout]    --> /opt/rustwide/cargo-home/registry/src/index.crates.io-6f17d22bba15001f/sample-0.10.0/src/window.rs:73:41
[INFO] [stdout]     |
[INFO] [stdout] 73  |         let v = phase.to_float_sample().to_sample() * PI_2;
[INFO] [stdout]     |                                         ^^^^^^^^^ cannot infer type of the type parameter `S` declared on the method `to_sample`
[INFO] [stdout]     |
[INFO] [stdout]     = note: cannot satisfy `<S as Sample>::Float: ToSample<_>`
[INFO] [stdout] note: required by a bound in `Sample::to_sample`
[INFO] [stdout]    --> /opt/rustwide/cargo-home/registry/src/index.crates.io-6f17d22bba15001f/sample-0.10.0/src/lib.rs:266:15
[INFO] [stdout]     |
[INFO] [stdout] 264 |     fn to_sample<S>(self) -> S
[INFO] [stdout]     |        --------- required by a bound in this associated function
[INFO] [stdout] 265 |     where
[INFO] [stdout] 266 |         Self: ToSample<S>,
[INFO] [stdout]     |               ^^^^^^^^^^^ required by this bound in `Sample::to_sample`
[INFO] [stdout] help: consider specifying the generic argument
[INFO] [stdout]     |
[INFO] [stdout] 73  |         let v = phase.to_float_sample().to_sample::<S>() * PI_2;
[INFO] [stdout]     |                                                  +++++
[INFO] [stdout] 
[INFO] [stdout] 
[INFO] [stdout] error: aborting due to 1 previous error
[INFO] [stdout] 
[INFO] [stdout] 
[INFO] [stdout] For more information about this error, try `rustc --explain E0283`.
[INFO] [stdout] 
[INFO] [stderr] error: could not compile `sample` (lib) due to 2 previous errors
[INFO] running `Command { std: "docker" "inspect" "a34c69fef1e7a3949994f46af76fd29d62e8b78347d50390f75afc1b59171b36", kill_on_drop: false }`
[INFO] running `Command { std: "docker" "rm" "-f" "a34c69fef1e7a3949994f46af76fd29d62e8b78347d50390f75afc1b59171b36", kill_on_drop: false }`
[INFO] [stdout] a34c69fef1e7a3949994f46af76fd29d62e8b78347d50390f75afc1b59171b36
