[INFO] cloning repository https://github.com/aguspdana/polda
[INFO] running `Command { std: "git" "-c" "credential.helper=" "-c" "credential.helper=/workspace/cargo-home/bin/git-credential-null" "clone" "--bare" "https://github.com/aguspdana/polda" "/workspace/cache/git-repos/https%3A%2F%2Fgithub.com%2Faguspdana%2Fpolda", kill_on_drop: false }`
[INFO] [stderr] Cloning into bare repository '/workspace/cache/git-repos/https%3A%2F%2Fgithub.com%2Faguspdana%2Fpolda'...
[INFO] running `Command { std: "git" "rev-parse" "HEAD", kill_on_drop: false }`
[INFO] [stdout] b528479e7dd8de16af075f7e9d0439fe5ea5c46c
[INFO] documenting aguspdana/polda against 1.75.0 for beta-1.76-rustdoc-1
[INFO] running `Command { std: "git" "clone" "/workspace/cache/git-repos/https%3A%2F%2Fgithub.com%2Faguspdana%2Fpolda" "/workspace/builds/worker-1-tc1/source", kill_on_drop: false }`
[INFO] [stderr] Cloning into '/workspace/builds/worker-1-tc1/source'...
[INFO] [stderr] done.
[INFO] validating manifest of git repo https://github.com/aguspdana/polda on toolchain 1.75.0
[INFO] running `Command { std: CARGO_HOME="/workspace/cargo-home" RUSTUP_HOME="/workspace/rustup-home" "/workspace/cargo-home/bin/cargo" "+1.75.0" "metadata" "--manifest-path" "Cargo.toml" "--no-deps", kill_on_drop: false }`
[INFO] started tweaking git repo https://github.com/aguspdana/polda
[INFO] finished tweaking git repo https://github.com/aguspdana/polda
[INFO] tweaked toml for git repo https://github.com/aguspdana/polda written to /workspace/builds/worker-1-tc1/source/Cargo.toml
[INFO] crate git repo https://github.com/aguspdana/polda already has a lockfile, it will not be regenerated
[INFO] running `Command { std: CARGO_HOME="/workspace/cargo-home" RUSTUP_HOME="/workspace/rustup-home" "/workspace/cargo-home/bin/cargo" "+1.75.0" "fetch" "--manifest-path" "Cargo.toml", kill_on_drop: false }`
[INFO] [stderr] warning: virtual workspace defaulting to `resolver = "1"` despite one or more workspace members being on edition 2021 which implies `resolver = "2"`
[INFO] [stderr] note: to keep the current resolver, specify `workspace.resolver = "1"` in the workspace root's manifest
[INFO] [stderr] note: to use the edition 2021 resolver, specify `workspace.resolver = "2"` in the workspace root's manifest
[INFO] [stderr] note: for more details see https://doc.rust-lang.org/cargo/reference/resolver.html#resolver-versions
[INFO] [stderr]  Downloading crates ...
[INFO] [stderr]   Downloaded ethnum v1.3.0
[INFO] [stderr]   Downloaded polars-utils v0.24.2
[INFO] [stderr]   Downloaded polars v0.24.2
[INFO] [stderr]   Downloaded polars-arrow v0.24.2
[INFO] [stderr]   Downloaded polars-time v0.24.2
[INFO] [stderr]   Downloaded polars-io v0.24.2
[INFO] [stderr]   Downloaded polars-ops v0.24.2
[INFO] [stderr]   Downloaded polars-core v0.24.2
[INFO] [stderr]   Downloaded polars-lazy v0.24.2
[INFO] [stderr]   Downloaded arrow2 v0.14.0
[INFO] running `Command { std: "docker" "create" "-v" "/var/lib/crater-agent-workspace/builds/worker-1-tc1/target:/opt/rustwide/target:rw,Z" "-v" "/var/lib/crater-agent-workspace/builds/worker-1-tc1/source:/opt/rustwide/workdir:ro,Z" "-v" "/var/lib/crater-agent-workspace/cargo-home:/opt/rustwide/cargo-home:ro,Z" "-v" "/var/lib/crater-agent-workspace/rustup-home:/opt/rustwide/rustup-home:ro,Z" "-e" "SOURCE_DIR=/opt/rustwide/workdir" "-e" "CARGO_TARGET_DIR=/opt/rustwide/target" "-e" "CARGO_HOME=/opt/rustwide/cargo-home" "-e" "RUSTUP_HOME=/opt/rustwide/rustup-home" "-w" "/opt/rustwide/workdir" "-m" "1610612736" "--user" "0:0" "--network" "none" "ghcr.io/rust-lang/crates-build-env/linux@sha256:2788e3201cd34a07e3172128adcd8b3090168a8e3bcc40d7c032b9dda1df7d1c" "/opt/rustwide/cargo-home/bin/cargo" "+1.75.0" "metadata" "--no-deps" "--format-version=1", kill_on_drop: false }`
[INFO] [stdout] 9e2f6ea4b63360ecf39bbc972b51239c8c6553d126df8cc1071728d9b06ede93
[INFO] running `Command { std: "docker" "start" "-a" "9e2f6ea4b63360ecf39bbc972b51239c8c6553d126df8cc1071728d9b06ede93", kill_on_drop: false }`
[INFO] running `Command { std: "docker" "inspect" "9e2f6ea4b63360ecf39bbc972b51239c8c6553d126df8cc1071728d9b06ede93", kill_on_drop: false }`
[INFO] running `Command { std: "docker" "rm" "-f" "9e2f6ea4b63360ecf39bbc972b51239c8c6553d126df8cc1071728d9b06ede93", kill_on_drop: false }`
[INFO] [stdout] 9e2f6ea4b63360ecf39bbc972b51239c8c6553d126df8cc1071728d9b06ede93
[INFO] running `Command { std: "docker" "create" "-v" "/var/lib/crater-agent-workspace/builds/worker-1-tc1/target:/opt/rustwide/target:rw,Z" "-v" "/var/lib/crater-agent-workspace/builds/worker-1-tc1/source:/opt/rustwide/workdir:ro,Z" "-v" "/var/lib/crater-agent-workspace/cargo-home:/opt/rustwide/cargo-home:ro,Z" "-v" "/var/lib/crater-agent-workspace/rustup-home:/opt/rustwide/rustup-home:ro,Z" "-e" "SOURCE_DIR=/opt/rustwide/workdir" "-e" "CARGO_TARGET_DIR=/opt/rustwide/target" "-e" "CARGO_INCREMENTAL=0" "-e" "RUST_BACKTRACE=full" "-e" "RUSTFLAGS=--cap-lints=warn" "-e" "RUSTDOCFLAGS=--cap-lints=warn" "-e" "CARGO_HOME=/opt/rustwide/cargo-home" "-e" "RUSTUP_HOME=/opt/rustwide/rustup-home" "-w" "/opt/rustwide/workdir" "-m" "1610612736" "--user" "0:0" "--network" "none" "ghcr.io/rust-lang/crates-build-env/linux@sha256:2788e3201cd34a07e3172128adcd8b3090168a8e3bcc40d7c032b9dda1df7d1c" "/opt/rustwide/cargo-home/bin/cargo" "+1.75.0" "doc" "--frozen" "--no-deps" "--document-private-items" "--message-format=json", kill_on_drop: false }`
[INFO] [stdout] 31aed54dc441d85121d2ff59ca848ba2d8185a5b0b1a316502bd5a4b5239b2cc
[INFO] running `Command { std: "docker" "start" "-a" "31aed54dc441d85121d2ff59ca848ba2d8185a5b0b1a316502bd5a4b5239b2cc", kill_on_drop: false }`
[INFO] [stderr] warning: virtual workspace defaulting to `resolver = "1"` despite one or more workspace members being on edition 2021 which implies `resolver = "2"`
[INFO] [stderr] note: to keep the current resolver, specify `workspace.resolver = "1"` in the workspace root's manifest
[INFO] [stderr] note: to use the edition 2021 resolver, specify `workspace.resolver = "2"` in the workspace root's manifest
[INFO] [stderr] note: for more details see https://doc.rust-lang.org/cargo/reference/resolver.html#resolver-versions
[INFO] [stderr]    Compiling libc v0.2.133
[INFO] [stderr]    Compiling proc-macro2 v1.0.43
[INFO] [stderr]    Compiling syn v1.0.100
[INFO] [stderr]    Compiling unicode-ident v1.0.4
[INFO] [stderr]     Checking scopeguard v1.1.0
[INFO] [stderr]    Compiling crossbeam-utils v0.8.11
[INFO] [stderr]    Compiling parking_lot_core v0.9.3
[INFO] [stderr]     Checking smallvec v1.9.0
[INFO] [stderr]    Compiling quote v1.0.21
[INFO] [stderr]    Compiling crossbeam-epoch v0.9.10
[INFO] [stderr]    Compiling rayon-core v1.9.3
[INFO] [stderr]     Checking memoffset v0.6.5
[INFO] [stderr]    Compiling libm v0.2.5
[INFO] [stderr]    Compiling rayon v1.5.3
[INFO] [stderr]     Checking bytes v1.2.1
[INFO] [stderr]     Checking lexical-util v0.8.5
[INFO] [stderr]     Checking ppv-lite86 v0.2.16
[INFO] [stderr]     Checking lock_api v0.4.9
[INFO] [stderr]    Compiling futures-core v0.3.24
[INFO] [stderr]     Checking aho-corasick v0.7.19
[INFO] [stderr]    Compiling tokio v1.21.1
[INFO] [stderr]     Checking regex-syntax v0.6.27
[INFO] [stderr]     Checking itoa v1.0.3
[INFO] [stderr]    Compiling num-bigint v0.4.3
[INFO] [stderr]     Checking tracing-core v0.1.30
[INFO] [stderr]    Compiling typenum v1.15.0
[INFO] [stderr]    Compiling futures-task v0.3.24
[INFO] [stderr]    Compiling generic-array v0.14.6
[INFO] [stderr]     Checking iana-time-zone v0.1.50
[INFO] [stderr]    Compiling futures-util v0.3.24
[INFO] [stderr]     Checking lexical-parse-integer v0.8.6
[INFO] [stderr]     Checking lexical-write-integer v0.8.5
[INFO] [stderr]    Compiling thiserror v1.0.36
[INFO] [stderr]     Checking crossbeam-channel v0.5.6
[INFO] [stderr]     Checking tracing v0.1.36
[INFO] [stderr]     Checking lexical-parse-float v0.8.5
[INFO] [stderr]     Checking lexical-write-float v0.8.5
[INFO] [stderr]    Compiling smartstring v1.0.1
[INFO] [stderr]     Checking hash_hasher v2.0.3
[INFO] [stderr]     Checking strength_reduce v0.2.3
[INFO] [stderr]     Checking crossbeam-deque v0.8.2
[INFO] [stderr]     Checking dyn-clone v1.0.9
[INFO] [stderr]     Checking num-traits v0.2.15
[INFO] [stderr]     Checking ethnum v1.3.0
[INFO] [stderr]     Checking simdutf8 v0.1.4
[INFO] [stderr]     Checking foreign_vec v0.1.0
[INFO] [stderr]     Checking futures-sink v0.3.24
[INFO] [stderr]     Checking strum v0.23.0
[INFO] [stderr]    Compiling memchr v2.5.0
[INFO] [stderr]    Compiling serde_json v1.0.85
[INFO] [stderr]     Checking alloc-no-stdlib v2.0.4
[INFO] [stderr]     Checking local-waker v0.1.3
[INFO] [stderr]    Compiling jobserver v0.1.25
[INFO] [stderr]     Checking lexical-core v0.8.5
[INFO] [stderr]    Compiling once_cell v1.15.0
[INFO] [stderr]     Checking num_cpus v1.13.1
[INFO] [stderr]     Checking signal-hook-registry v1.4.0
[INFO] [stderr]     Checking getrandom v0.2.7
[INFO] [stderr]     Checking mio v0.8.4
[INFO] [stderr]     Checking socket2 v0.4.7
[INFO] [stderr]    Compiling cc v1.0.76
[INFO] [stderr]     Checking time v0.1.44
[INFO] [stderr]     Checking signal-hook v0.3.14
[INFO] [stderr]     Checking parking_lot v0.12.1
[INFO] [stderr]     Checking ahash v0.7.6
[INFO] [stderr]     Checking rand_core v0.6.4
[INFO] [stderr]    Compiling zstd-safe v5.0.2+zstd.1.5.2
[INFO] [stderr]     Checking rand_chacha v0.3.1
[INFO] [stderr]    Compiling log v0.4.17
[INFO] [stderr]     Checking signal-hook-mio v0.2.3
[INFO] [stderr]     Checking alloc-stdlib v0.2.2
[INFO] [stderr]     Checking http v0.2.8
[INFO] [stderr]     Checking num-integer v0.1.45
[INFO] [stderr]     Checking num-complex v0.4.2
[INFO] [stderr]     Checking crossterm v0.23.2
[INFO] [stderr]     Checking tinyvec v1.6.0
[INFO] [stderr]     Checking rand v0.8.5
[INFO] [stderr]    Compiling time-core v0.1.0
[INFO] [stderr]    Compiling time-macros v0.2.6
[INFO] [stderr]     Checking regex v1.6.0
[INFO] [stderr]     Checking chrono v0.4.22
[INFO] [stderr]     Checking num-iter v0.1.43
[INFO] [stderr]     Checking actix-service v2.0.2
[INFO] [stderr]     Checking brotli-decompressor v2.3.2
[INFO] [stderr]     Checking block-buffer v0.10.3
[INFO] [stderr]     Checking crypto-common v0.1.6
[INFO] [stderr]     Checking rand_distr v0.4.3
[INFO] [stderr]     Checking unicode-normalization v0.1.22
[INFO] [stderr]     Checking crc32fast v1.3.2
[INFO] [stderr]     Checking digest v0.10.5
[INFO] [stderr]    Compiling bytestring v1.2.0
[INFO] [stderr]    Compiling zstd-sys v2.0.1+zstd.1.5.2
[INFO] [stderr]     Checking lexical v6.1.1
[INFO] [stderr]     Checking dirs-sys v0.3.7
[INFO] [stderr]     Checking actix-utils v3.0.1
[INFO] [stderr]     Checking form_urlencoded v1.1.0
[INFO] [stderr]    Compiling cookie v0.16.1
[INFO] [stderr]     Checking unicode-bidi v0.3.8
[INFO] [stderr]    Compiling convert_case v0.4.0
[INFO] [stderr]     Checking sha1 v0.10.5
[INFO] [stderr]     Checking dirs v4.0.0
[INFO] [stderr]     Checking flate2 v1.0.24
[INFO] [stderr]     Checking encoding_rs v0.8.31
[INFO] [stderr]     Checking memmap2 v0.5.7
[INFO] [stderr]     Checking csv-core v0.1.10
[INFO] [stderr]     Checking idna v0.3.0
[INFO] [stderr]     Checking base64 v0.13.1
[INFO] [stderr]     Checking num-rational v0.4.1
[INFO] [stderr]     Checking language-tags v0.3.2
[INFO] [stderr]     Checking time v0.3.17
[INFO] [stderr]     Checking glob v0.3.0
[INFO] [stderr]    Compiling mime_guess v2.0.4
[INFO] [stderr]     Checking unicase v2.6.0
[INFO] [stderr]     Checking atty v0.2.14
[INFO] [stderr]     Checking askama_escape v0.10.3
[INFO] [stderr]     Checking http-range v0.1.5
[INFO] [stderr]     Checking humantime v2.1.0
[INFO] [stderr]     Checking ot v0.1.0 (/opt/rustwide/workdir/ot)
[INFO] [stderr]     Checking brotli v3.3.4
[INFO] [stderr]  Documenting ot v0.1.0 (/opt/rustwide/workdir/ot)
[INFO] [stderr]     Checking num v0.4.0
[INFO] [stderr]     Checking env_logger v0.9.3
[INFO] [stdout] warning: unused variable: `undo`
[INFO] [stdout]   --> ot/src/transformable.rs:35:37
[INFO] [stdout]    |
[INFO] [stdout] 35 |                         if let Some(undo) = self[i].try_apply(Insert(path, vals))? {
[INFO] [stdout]    |                                     ^^^^ help: if this is intentional, prefix it with an underscore: `_undo`
[INFO] [stdout]    |
[INFO] [stdout]    = note: `#[warn(unused_variables)]` on by default
[INFO] [stdout] 
[INFO] [stdout] 
[INFO] [stdout] warning: unused variable: `path`
[INFO] [stdout]   --> ot/src/transformable.rs:45:20
[INFO] [stdout]    |
[INFO] [stdout] 45 |             Delete(path, len) => {
[INFO] [stdout]    |                    ^^^^ help: if this is intentional, prefix it with an underscore: `_path`
[INFO] [stdout] 
[INFO] [stdout] 
[INFO] [stdout] warning: unused variable: `len`
[INFO] [stdout]   --> ot/src/transformable.rs:45:26
[INFO] [stdout]    |
[INFO] [stdout] 45 |             Delete(path, len) => {
[INFO] [stdout]    |                          ^^^ help: if this is intentional, prefix it with an underscore: `_len`
[INFO] [stdout] 
[INFO] [stdout] 
[INFO] [stdout] warning: unused variable: `path`
[INFO] [stdout]   --> ot/src/transformable.rs:49:25
[INFO] [stdout]    |
[INFO] [stdout] 49 |             InsertChars(path, chars) => {
[INFO] [stdout]    |                         ^^^^ help: if this is intentional, prefix it with an underscore: `_path`
[INFO] [stdout] 
[INFO] [stdout] 
[INFO] [stdout] warning: unused variable: `chars`
[INFO] [stdout]   --> ot/src/transformable.rs:49:31
[INFO] [stdout]    |
[INFO] [stdout] 49 |             InsertChars(path, chars) => {
[INFO] [stdout]    |                               ^^^^^ help: if this is intentional, prefix it with an underscore: `_chars`
[INFO] [stdout] 
[INFO] [stdout] 
[INFO] [stdout] warning: unused variable: `path`
[INFO] [stdout]   --> ot/src/transformable.rs:53:25
[INFO] [stdout]    |
[INFO] [stdout] 53 |             DeleteChars(path, len) => {
[INFO] [stdout]    |                         ^^^^ help: if this is intentional, prefix it with an underscore: `_path`
[INFO] [stdout] 
[INFO] [stdout] 
[INFO] [stdout] warning: unused variable: `len`
[INFO] [stdout]   --> ot/src/transformable.rs:53:31
[INFO] [stdout]    |
[INFO] [stdout] 53 |             DeleteChars(path, len) => {
[INFO] [stdout]    |                               ^^^ help: if this is intentional, prefix it with an underscore: `_len`
[INFO] [stdout] 
[INFO] [stdout] 
[INFO] [stdout] warning: unused variable: `from`
[INFO] [stdout]   --> ot/src/transformable.rs:57:18
[INFO] [stdout]    |
[INFO] [stdout] 57 |             Move(from, to) => {
[INFO] [stdout]    |                  ^^^^ help: if this is intentional, prefix it with an underscore: `_from`
[INFO] [stdout] 
[INFO] [stdout] 
[INFO] [stdout] warning: unused variable: `to`
[INFO] [stdout]   --> ot/src/transformable.rs:57:24
[INFO] [stdout]    |
[INFO] [stdout] 57 |             Move(from, to) => {
[INFO] [stdout]    |                        ^^ help: if this is intentional, prefix it with an underscore: `_to`
[INFO] [stdout] 
[INFO] [stdout] 
[INFO] [stdout] warning: unused variable: `path`
[INFO] [stdout]   --> ot/src/transformable.rs:61:17
[INFO] [stdout]    |
[INFO] [stdout] 61 |             Set(path, val) => {
[INFO] [stdout]    |                 ^^^^ help: if this is intentional, prefix it with an underscore: `_path`
[INFO] [stdout] 
[INFO] [stdout] 
[INFO] [stdout] warning: unused variable: `val`
[INFO] [stdout]   --> ot/src/transformable.rs:61:23
[INFO] [stdout]    |
[INFO] [stdout] 61 |             Set(path, val) => {
[INFO] [stdout]    |                       ^^^ help: if this is intentional, prefix it with an underscore: `_val`
[INFO] [stdout] 
[INFO] [stdout] 
[INFO] [stdout] warning: unused variable: `path`
[INFO] [stdout]   --> ot/src/transformable.rs:65:23
[INFO] [stdout]    |
[INFO] [stdout] 65 |             Increment(path, by) => {
[INFO] [stdout]    |                       ^^^^ help: if this is intentional, prefix it with an underscore: `_path`
[INFO] [stdout] 
[INFO] [stdout] 
[INFO] [stdout] warning: unused variable: `by`
[INFO] [stdout]   --> ot/src/transformable.rs:65:29
[INFO] [stdout]    |
[INFO] [stdout] 65 |             Increment(path, by) => {
[INFO] [stdout]    |                             ^^ help: if this is intentional, prefix it with an underscore: `_by`
[INFO] [stdout] 
[INFO] [stdout] 
[INFO] [stdout] warning: unused variable: `path`
[INFO] [stdout]   --> ot/src/transformable.rs:69:23
[INFO] [stdout]    |
[INFO] [stdout] 69 |             Decrement(path, by) => {
[INFO] [stdout]    |                       ^^^^ help: if this is intentional, prefix it with an underscore: `_path`
[INFO] [stdout] 
[INFO] [stdout] 
[INFO] [stdout] warning: unused variable: `by`
[INFO] [stdout]   --> ot/src/transformable.rs:69:29
[INFO] [stdout]    |
[INFO] [stdout] 69 |             Decrement(path, by) => {
[INFO] [stdout]    |                             ^^ help: if this is intentional, prefix it with an underscore: `_by`
[INFO] [stdout] 
[INFO] [stdout] 
[INFO] [stdout] warning: variable does not need to be mutable
[INFO] [stdout]   --> ot/src/transformable.rs:15:20
[INFO] [stdout]    |
[INFO] [stdout] 15 |             Insert(mut path, vals) => {
[INFO] [stdout]    |                    ----^^^^
[INFO] [stdout]    |                    |
[INFO] [stdout]    |                    help: remove this `mut`
[INFO] [stdout]    |
[INFO] [stdout]    = note: `#[warn(unused_mut)]` on by default
[INFO] [stdout] 
[INFO] [stdout] 
[INFO] [stderr]     Checking url v2.3.1
[INFO] [stdout] warning: 16 warnings emitted
[INFO] [stdout] 
[INFO] [stdout] 
[INFO] [stderr]     Checking hashbrown v0.12.3
[INFO] [stderr]     Checking polars-utils v0.24.2
[INFO] [stderr]     Checking indexmap v1.9.1
[INFO] [stderr]  Documenting derive_ot v0.1.0 (/opt/rustwide/workdir/derive_ot)
[INFO] [stderr]    Compiling serde_derive v1.0.145
[INFO] [stderr]    Compiling tokio-macros v1.8.0
[INFO] [stderr]    Compiling multiversion-macros v0.6.1
[INFO] [stderr]    Compiling bytemuck_derive v1.2.1
[INFO] [stderr]    Compiling futures-macro v0.3.24
[INFO] [stderr]    Compiling thiserror-impl v1.0.36
[INFO] [stderr]    Compiling strum_macros v0.23.1
[INFO] [stderr]    Compiling derive_more v0.99.17
[INFO] [stderr]    Compiling actix-macros v0.2.3
[INFO] [stderr]    Compiling actix_derive v0.6.0
[INFO] [stderr]    Compiling serde_repr v0.1.9
[INFO] [stderr]     Checking bytemuck v1.12.1
[INFO] [stderr]     Checking multiversion v0.6.1
[INFO] [stderr]     Checking arrow2 v0.14.0
[INFO] [stderr]     Checking comfy-table v5.0.1
[INFO] [stderr]     Checking serde v1.0.145
[INFO] [stderr]     Checking local-channel v0.1.3
[INFO] [stderr]     Checking tokio-util v0.7.4
[INFO] [stderr]     Checking actix-rt v2.7.0
[INFO] [stderr]     Checking actix-server v2.1.1
[INFO] [stderr]     Checking actix-codec v0.5.0
[INFO] [stderr]     Checking h2 v0.3.15
[INFO] [stderr]     Checking actix v0.13.0
[INFO] [stderr]     Checking serde_urlencoded v0.7.1
[INFO] [stderr]     Checking actix-router v0.5.1
[INFO] [stderr]  Documenting doc v0.1.0 (/opt/rustwide/workdir/doc)
[INFO] [stderr]     Checking polars-arrow v0.24.2
[INFO] [stdout] error[E0412]: cannot find type `Position` in this scope
[INFO] [stdout]   --> doc/src/node.rs:10:19
[INFO] [stdout]    |
[INFO] [stdout] 10 |         position: Position,
[INFO] [stdout]    |                   ^^^^^^^^ not found in this scope
[INFO] [stdout]    |
[INFO] [stdout] help: consider importing this struct
[INFO] [stdout]    |
[INFO] [stdout] 1  + use crate::position::Position;
[INFO] [stdout]    |
[INFO] [stdout] 
[INFO] [stdout] 
[INFO] [stdout] error[E0412]: cannot find type `Aggregate` in this scope
[INFO] [stdout]   --> doc/src/node.rs:12:25
[INFO] [stdout]    |
[INFO] [stdout] 12 |         aggregates: Vec<Aggregate>,
[INFO] [stdout]    |                         ^^^^^^^^^ not found in this scope
[INFO] [stdout]    |
[INFO] [stdout] help: there is an enum variant `crate::node::Node::Aggregate`; try using the variant's enum
[INFO] [stdout]    |
[INFO] [stdout] 12 |         aggregates: Vec<crate::node::Node>,
[INFO] [stdout]    |                         ~~~~~~~~~~~~~~~~~
[INFO] [stdout] help: you might be missing a type parameter
[INFO] [stdout]    |
[INFO] [stdout] 7  | pub enum Node<Aggregate> {
[INFO] [stdout]    |              +++++++++++
[INFO] [stdout] 
[INFO] [stdout] 
[INFO] [stdout] error[E0412]: cannot find type `HashSet` in this scope
[INFO] [stdout]   --> doc/src/node.rs:13:18
[INFO] [stdout]    |
[INFO] [stdout] 13 |         outputs: HashSet<String>
[INFO] [stdout]    |                  ^^^^^^^ not found in this scope
[INFO] [stdout]    |
[INFO] [stdout] help: consider importing this struct
[INFO] [stdout]    |
[INFO] [stdout] 1  + use std::collections::HashSet;
[INFO] [stdout]    |
[INFO] [stdout] 
[INFO] [stdout] 
[INFO] [stdout] error[E0412]: cannot find type `Position` in this scope
[INFO] [stdout]   --> doc/src/node.rs:17:19
[INFO] [stdout]    |
[INFO] [stdout] 17 |         position: Position,
[INFO] [stdout]    |                   ^^^^^^^^ not found in this scope
[INFO] [stdout]    |
[INFO] [stdout] help: consider importing this struct
[INFO] [stdout]    |
[INFO] [stdout] 1  + use crate::position::Position;
[INFO] [stdout]    |
[INFO] [stdout] 
[INFO] [stdout] 
[INFO] [stdout] error[E0412]: cannot find type `HashSet` in this scope
[INFO] [stdout]   --> doc/src/node.rs:24:18
[INFO] [stdout]    |
[INFO] [stdout] 24 |         outputs: HashSet<String>
[INFO] [stdout]    |                  ^^^^^^^ not found in this scope
[INFO] [stdout]    |
[INFO] [stdout] help: consider importing this struct
[INFO] [stdout]    |
[INFO] [stdout] 1  + use std::collections::HashSet;
[INFO] [stdout]    |
[INFO] [stdout] 
[INFO] [stdout] 
[INFO] [stdout] error[E0412]: cannot find type `Position` in this scope
[INFO] [stdout]   --> doc/src/node.rs:28:19
[INFO] [stdout]    |
[INFO] [stdout] 28 |         position: Position,
[INFO] [stdout]    |                   ^^^^^^^^ not found in this scope
[INFO] [stdout]    |
[INFO] [stdout] help: consider importing this struct
[INFO] [stdout]    |
[INFO] [stdout] 1  + use crate::position::Position;
[INFO] [stdout]    |
[INFO] [stdout] 
[INFO] [stdout] 
[INFO] [stdout] error[E0412]: cannot find type `DataType` in this scope
[INFO] [stdout]   --> doc/src/node.rs:31:20
[INFO] [stdout]    |
[INFO] [stdout] 31 |         data_type: DataType,
[INFO] [stdout]    |                    ^^^^^^^^ not found in this scope
[INFO] [stdout] 
[INFO] [stdout] 
[INFO] [stdout] error[E0412]: cannot find type `Case` in this scope
[INFO] [stdout]   --> doc/src/node.rs:32:20
[INFO] [stdout]    |
[INFO] [stdout] 32 |         cases: Vec<Case>,
[INFO] [stdout]    |                    ^^^^ not found in this scope
[INFO] [stdout]    |
[INFO] [stdout] help: there is an enum variant `crate::node::Node::Case`; try using the variant's enum
[INFO] [stdout]    |
[INFO] [stdout] 32 |         cases: Vec<crate::node::Node>,
[INFO] [stdout]    |                    ~~~~~~~~~~~~~~~~~
[INFO] [stdout] help: you might be missing a type parameter
[INFO] [stdout]    |
[INFO] [stdout] 7  | pub enum Node<Case> {
[INFO] [stdout]    |              ++++++
[INFO] [stdout] 
[INFO] [stdout] 
[INFO] [stdout] error[E0412]: cannot find type `Value` in this scope
[INFO] [stdout]   --> doc/src/node.rs:33:18
[INFO] [stdout]    |
[INFO] [stdout] 33 |         default: Value,
[INFO] [stdout]    |                  ^^^^^ not found in this scope
[INFO] [stdout]    |
[INFO] [stdout] help: consider importing this enum
[INFO] [stdout]    |
[INFO] [stdout] 1  + use ot::Value;
[INFO] [stdout]    |
[INFO] [stdout] 
[INFO] [stdout] 
[INFO] [stdout] error[E0412]: cannot find type `HashSet` in this scope
[INFO] [stdout]   --> doc/src/node.rs:34:18
[INFO] [stdout]    |
[INFO] [stdout] 34 |         outputs: HashSet<String>
[INFO] [stdout]    |                  ^^^^^^^ not found in this scope
[INFO] [stdout]    |
[INFO] [stdout] help: consider importing this struct
[INFO] [stdout]    |
[INFO] [stdout] 1  + use std::collections::HashSet;
[INFO] [stdout]    |
[INFO] [stdout] 
[INFO] [stdout] 
[INFO] [stdout] error[E0412]: cannot find type `Position` in this scope
[INFO] [stdout]   --> doc/src/node.rs:38:19
[INFO] [stdout]    |
[INFO] [stdout] 38 |         position: Position,
[INFO] [stdout]    |                   ^^^^^^^^ not found in this scope
[INFO] [stdout]    |
[INFO] [stdout] help: consider importing this struct
[INFO] [stdout]    |
[INFO] [stdout] 1  + use crate::position::Position;
[INFO] [stdout]    |
[INFO] [stdout] 
[INFO] [stdout] 
[INFO] [stdout] error[E0412]: cannot find type `DataType` in this scope
[INFO] [stdout]   --> doc/src/node.rs:42:20
[INFO] [stdout]    |
[INFO] [stdout] 42 |         data_type: DataType,
[INFO] [stdout]    |                    ^^^^^^^^ not found in this scope
[INFO] [stdout] 
[INFO] [stdout] 
[INFO] [stdout] error[E0412]: cannot find type `HashSet` in this scope
[INFO] [stdout]   --> doc/src/node.rs:43:18
[INFO] [stdout]    |
[INFO] [stdout] 43 |         outputs: HashSet<String>
[INFO] [stdout]    |                  ^^^^^^^ not found in this scope
[INFO] [stdout]    |
[INFO] [stdout] help: consider importing this struct
[INFO] [stdout]    |
[INFO] [stdout] 1  + use std::collections::HashSet;
[INFO] [stdout]    |
[INFO] [stdout] 
[INFO] [stdout] 
[INFO] [stdout] error[E0412]: cannot find type `Position` in this scope
[INFO] [stdout]   --> doc/src/node.rs:47:19
[INFO] [stdout]    |
[INFO] [stdout] 47 |         position: Position,
[INFO] [stdout]    |                   ^^^^^^^^ not found in this scope
[INFO] [stdout]    |
[INFO] [stdout] help: consider importing this struct
[INFO] [stdout]    |
[INFO] [stdout] 1  + use crate::position::Position;
[INFO] [stdout]    |
[INFO] [stdout] 
[INFO] [stdout] 
[INFO] [stdout] error[E0412]: cannot find type `ComputeOperation` in this scope
[INFO] [stdout]   --> doc/src/node.rs:51:20
[INFO] [stdout]    |
[INFO] [stdout] 51 |         operation: ComputeOperation,
[INFO] [stdout]    |                    ^^^^^^^^^^^^^^^^ not found in this scope
[INFO] [stdout] 
[INFO] [stdout] 
[INFO] [stdout] error[E0412]: cannot find type `HashSet` in this scope
[INFO] [stdout]   --> doc/src/node.rs:52:18
[INFO] [stdout]    |
[INFO] [stdout] 52 |         outputs: HashSet<String>
[INFO] [stdout]    |                  ^^^^^^^ not found in this scope
[INFO] [stdout]    |
[INFO] [stdout] help: consider importing this struct
[INFO] [stdout]    |
[INFO] [stdout] 1  + use std::collections::HashSet;
[INFO] [stdout]    |
[INFO] [stdout] 
[INFO] [stdout] 
[INFO] [stdout] error[E0412]: cannot find type `Position` in this scope
[INFO] [stdout]   --> doc/src/node.rs:56:19
[INFO] [stdout]    |
[INFO] [stdout] 56 |         position: Position,
[INFO] [stdout]    |                   ^^^^^^^^ not found in this scope
[INFO] [stdout]    |
[INFO] [stdout] help: consider importing this struct
[INFO] [stdout]    |
[INFO] [stdout] 1  + use crate::position::Position;
[INFO] [stdout]    |
[INFO] [stdout] 
[INFO] [stdout] 
[INFO] [stdout] error[E0412]: cannot find type `DataType` in this scope
[INFO] [stdout]   --> doc/src/node.rs:58:20
[INFO] [stdout]    |
[INFO] [stdout] 58 |         data_type: DataType,
[INFO] [stdout]    |                    ^^^^^^^^ not found in this scope
[INFO] [stdout] 
[INFO] [stdout] 
[INFO] [stdout] error[E0412]: cannot find type `HashSet` in this scope
[INFO] [stdout]   --> doc/src/node.rs:60:18
[INFO] [stdout]    |
[INFO] [stdout] 60 |         outputs: HashSet<String>
[INFO] [stdout]    |                  ^^^^^^^ not found in this scope
[INFO] [stdout]    |
[INFO] [stdout] help: consider importing this struct
[INFO] [stdout]    |
[INFO] [stdout] 1  + use std::collections::HashSet;
[INFO] [stdout]    |
[INFO] [stdout] 
[INFO] [stdout] 
[INFO] [stdout] error[E0412]: cannot find type `Position` in this scope
[INFO] [stdout]   --> doc/src/node.rs:64:19
[INFO] [stdout]    |
[INFO] [stdout] 64 |         position: Position,
[INFO] [stdout]    |                   ^^^^^^^^ not found in this scope
[INFO] [stdout]    |
[INFO] [stdout] help: consider importing this struct
[INFO] [stdout]    |
[INFO] [stdout] 1  + use crate::position::Position;
[INFO] [stdout]    |
[INFO] [stdout] 
[INFO] [stdout] 
[INFO] [stdout] error[E0412]: cannot find type `FilterPredicate` in this scope
[INFO] [stdout]   --> doc/src/node.rs:67:20
[INFO] [stdout]    |
[INFO] [stdout] 67 |         predicate: FilterPredicate,
[INFO] [stdout]    |                    ^^^^^^^^^^^^^^^ not found in this scope
[INFO] [stdout] 
[INFO] [stdout] 
[INFO] [stdout] error[E0412]: cannot find type `HashSet` in this scope
[INFO] [stdout]   --> doc/src/node.rs:68:18
[INFO] [stdout]    |
[INFO] [stdout] 68 |         outputs: HashSet<String>
[INFO] [stdout]    |                  ^^^^^^^ not found in this scope
[INFO] [stdout]    |
[INFO] [stdout] help: consider importing this struct
[INFO] [stdout]    |
[INFO] [stdout] 1  + use std::collections::HashSet;
[INFO] [stdout]    |
[INFO] [stdout] 
[INFO] [stdout] 
[INFO] [stdout] error[E0412]: cannot find type `Position` in this scope
[INFO] [stdout]   --> doc/src/node.rs:72:19
[INFO] [stdout]    |
[INFO] [stdout] 72 |         position: Position,
[INFO] [stdout]    |                   ^^^^^^^^ not found in this scope
[INFO] [stdout]    |
[INFO] [stdout] help: consider importing this struct
[INFO] [stdout]    |
[INFO] [stdout] 1  + use crate::position::Position;
[INFO] [stdout]    |
[INFO] [stdout] 
[INFO] [stdout] 
[INFO] [stdout] error[E0412]: cannot find type `JoinType` in this scope
[INFO] [stdout]   --> doc/src/node.rs:75:20
[INFO] [stdout]    |
[INFO] [stdout] 75 |         join_type: JoinType,
[INFO] [stdout]    |                    ^^^^^^^^ not found in this scope
[INFO] [stdout] 
[INFO] [stdout] 
[INFO] [stdout] error[E0412]: cannot find type `JoinColumn` in this scope
[INFO] [stdout]   --> doc/src/node.rs:76:22
[INFO] [stdout]    |
[INFO] [stdout] 76 |         columns: Vec<JoinColumn>,
[INFO] [stdout]    |                      ^^^^^^^^^^ not found in this scope
[INFO] [stdout]    |
[INFO] [stdout] help: you might be missing a type parameter
[INFO] [stdout]    |
[INFO] [stdout] 7  | pub enum Node<JoinColumn> {
[INFO] [stdout]    |              ++++++++++++
[INFO] [stdout] 
[INFO] [stdout] 
[INFO] [stdout] error[E0412]: cannot find type `HashSet` in this scope
[INFO] [stdout]   --> doc/src/node.rs:77:18
[INFO] [stdout]    |
[INFO] [stdout] 77 |         outputs: HashSet<String>
[INFO] [stdout]    |                  ^^^^^^^ not found in this scope
[INFO] [stdout]    |
[INFO] [stdout] help: consider importing this struct
[INFO] [stdout]    |
[INFO] [stdout] 1  + use std::collections::HashSet;
[INFO] [stdout]    |
[INFO] [stdout] 
[INFO] [stdout] 
[INFO] [stdout] error[E0412]: cannot find type `Position` in this scope
[INFO] [stdout]   --> doc/src/node.rs:81:19
[INFO] [stdout]    |
[INFO] [stdout] 81 |         position: Position,
[INFO] [stdout]    |                   ^^^^^^^^ not found in this scope
[INFO] [stdout]    |
[INFO] [stdout] help: consider importing this struct
[INFO] [stdout]    |
[INFO] [stdout] 1  + use crate::position::Position;
[INFO] [stdout]    |
[INFO] [stdout] 
[INFO] [stdout] 
[INFO] [stdout] error[E0412]: cannot find type `HashSet` in this scope
[INFO] [stdout]   --> doc/src/node.rs:83:18
[INFO] [stdout]    |
[INFO] [stdout] 83 |         outputs: HashSet<String>
[INFO] [stdout]    |                  ^^^^^^^ not found in this scope
[INFO] [stdout]    |
[INFO] [stdout] help: consider importing this struct
[INFO] [stdout]    |
[INFO] [stdout] 1  + use std::collections::HashSet;
[INFO] [stdout]    |
[INFO] [stdout] 
[INFO] [stdout] 
[INFO] [stdout] error[E0412]: cannot find type `Position` in this scope
[INFO] [stdout]   --> doc/src/node.rs:87:19
[INFO] [stdout]    |
[INFO] [stdout] 87 |         position: Position,
[INFO] [stdout]    |                   ^^^^^^^^ not found in this scope
[INFO] [stdout]    |
[INFO] [stdout] help: consider importing this struct
[INFO] [stdout]    |
[INFO] [stdout] 1  + use crate::position::Position;
[INFO] [stdout]    |
[INFO] [stdout] 
[INFO] [stdout] 
[INFO] [stdout] error[E0412]: cannot find type `SelectColumn` in this scope
[INFO] [stdout]   --> doc/src/node.rs:89:22
[INFO] [stdout]    |
[INFO] [stdout] 89 |         columns: Vec<SelectColumn>,
[INFO] [stdout]    |                      ^^^^^^^^^^^^ not found in this scope
[INFO] [stdout]    |
[INFO] [stdout] help: you might be missing a type parameter
[INFO] [stdout]    |
[INFO] [stdout] 7  | pub enum Node<SelectColumn> {
[INFO] [stdout]    |              ++++++++++++++
[INFO] [stdout] 
[INFO] [stdout] 
[INFO] [stdout] error[E0412]: cannot find type `HashSet` in this scope
[INFO] [stdout]   --> doc/src/node.rs:90:18
[INFO] [stdout]    |
[INFO] [stdout] 90 |         outputs: HashSet<String>
[INFO] [stdout]    |                  ^^^^^^^ not found in this scope
[INFO] [stdout]    |
[INFO] [stdout] help: consider importing this struct
[INFO] [stdout]    |
[INFO] [stdout] 1  + use std::collections::HashSet;
[INFO] [stdout]    |
[INFO] [stdout] 
[INFO] [stdout] 
[INFO] [stdout] error[E0412]: cannot find type `Position` in this scope
[INFO] [stdout]   --> doc/src/node.rs:94:19
[INFO] [stdout]    |
[INFO] [stdout] 94 |         position: Position,
[INFO] [stdout]    |                   ^^^^^^^^ not found in this scope
[INFO] [stdout]    |
[INFO] [stdout] help: consider importing this struct
[INFO] [stdout]    |
[INFO] [stdout] 1  + use crate::position::Position;
[INFO] [stdout]    |
[INFO] [stdout] 
[INFO] [stdout] 
[INFO] [stdout] error[E0412]: cannot find type `Sorter` in this scope
[INFO] [stdout]   --> doc/src/node.rs:96:22
[INFO] [stdout]    |
[INFO] [stdout] 96 |         sorters: Vec<Sorter>,
[INFO] [stdout]    |                      ^^^^^^ not found in this scope
[INFO] [stdout]    |
[INFO] [stdout] help: you might be missing a type parameter
[INFO] [stdout]    |
[INFO] [stdout] 7  | pub enum Node<Sorter> {
[INFO] [stdout]    |              ++++++++
[INFO] [stdout] 
[INFO] [stdout] 
[INFO] [stdout] error[E0412]: cannot find type `HashSet` in this scope
[INFO] [stdout]   --> doc/src/node.rs:97:18
[INFO] [stdout]    |
[INFO] [stdout] 97 |         outputs: HashSet<String>
[INFO] [stdout]    |                  ^^^^^^^ not found in this scope
[INFO] [stdout]    |
[INFO] [stdout] help: consider importing this struct
[INFO] [stdout]    |
[INFO] [stdout] 1  + use std::collections::HashSet;
[INFO] [stdout]    |
[INFO] [stdout] 
[INFO] [stdout] 
[INFO] [stdout] error[E0412]: cannot find type `Position` in this scope
[INFO] [stdout]    --> doc/src/node.rs:101:19
[INFO] [stdout]     |
[INFO] [stdout] 101 |         position: Position,
[INFO] [stdout]     |                   ^^^^^^^^ not found in this scope
[INFO] [stdout]     |
[INFO] [stdout] help: consider importing this struct
[INFO] [stdout]     |
[INFO] [stdout] 1   + use crate::position::Position;
[INFO] [stdout]     |
[INFO] [stdout] 
[INFO] [stdout] 
[INFO] [stdout] error[E0412]: cannot find type `HashSet` in this scope
[INFO] [stdout]    --> doc/src/node.rs:104:18
[INFO] [stdout]     |
[INFO] [stdout] 104 |         outputs: HashSet<String>
[INFO] [stdout]     |                  ^^^^^^^ not found in this scope
[INFO] [stdout]     |
[INFO] [stdout] help: consider importing this struct
[INFO] [stdout]     |
[INFO] [stdout] 1   + use std::collections::HashSet;
[INFO] [stdout]     |
[INFO] [stdout] 
[INFO] [stdout] 
[INFO] [stdout] error: aborting due to 36 previous errors
[INFO] [stdout] 
[INFO] [stdout] 
[INFO] [stdout] For more information about this error, try `rustc --explain E0412`.
[INFO] [stdout] 
[INFO] [stderr] error: could not document `doc`
[INFO] [stderr] 
[INFO] [stderr] Caused by:
[INFO] [stderr]   process didn't exit successfully: `/opt/rustwide/rustup-home/toolchains/1.75.0-x86_64-unknown-linux-gnu/bin/rustdoc --edition=2021 --crate-type lib --crate-name doc doc/src/lib.rs -o /opt/rustwide/target/doc --error-format=json --json=diagnostic-rendered-ansi,artifacts,future-incompat --document-private-items -C metadata=36dd30b4a3a95ff3 -L dependency=/opt/rustwide/target/debug/deps --extern ot=/opt/rustwide/target/debug/deps/libot-8a8b87405d499291.rmeta --extern serde=/opt/rustwide/target/debug/deps/libserde-63e9f551fc8874cf.rmeta --cap-lints=warn --crate-version 0.1.0` (exit status: 1)
[INFO] [stderr] warning: build failed, waiting for other jobs to finish...
[INFO] running `Command { std: "docker" "inspect" "31aed54dc441d85121d2ff59ca848ba2d8185a5b0b1a316502bd5a4b5239b2cc", kill_on_drop: false }`
[INFO] running `Command { std: "docker" "rm" "-f" "31aed54dc441d85121d2ff59ca848ba2d8185a5b0b1a316502bd5a4b5239b2cc", kill_on_drop: false }`
[INFO] [stdout] 31aed54dc441d85121d2ff59ca848ba2d8185a5b0b1a316502bd5a4b5239b2cc
