[INFO] cloning repository https://github.com/afidegnum/nyctograph
[INFO] running `Command { std: "git" "-c" "credential.helper=" "-c" "credential.helper=/workspace/cargo-home/bin/git-credential-null" "clone" "--bare" "https://github.com/afidegnum/nyctograph" "/workspace/cache/git-repos/https%3A%2F%2Fgithub.com%2Fafidegnum%2Fnyctograph", kill_on_drop: false }`
[INFO] [stderr] Cloning into bare repository '/workspace/cache/git-repos/https%3A%2F%2Fgithub.com%2Fafidegnum%2Fnyctograph'...
[INFO] running `Command { std: "git" "rev-parse" "HEAD", kill_on_drop: false }`
[INFO] [stdout] fe915c5649689ad1e83160d5925d9d084b9d8cab
[INFO] documenting afidegnum/nyctograph against 1.75.0 for beta-1.76-rustdoc-1
[INFO] running `Command { std: "git" "clone" "/workspace/cache/git-repos/https%3A%2F%2Fgithub.com%2Fafidegnum%2Fnyctograph" "/workspace/builds/worker-4-tc1/source", kill_on_drop: false }`
[INFO] [stderr] Cloning into '/workspace/builds/worker-4-tc1/source'...
[INFO] [stderr] done.
[INFO] validating manifest of git repo https://github.com/afidegnum/nyctograph on toolchain 1.75.0
[INFO] running `Command { std: CARGO_HOME="/workspace/cargo-home" RUSTUP_HOME="/workspace/rustup-home" "/workspace/cargo-home/bin/cargo" "+1.75.0" "metadata" "--manifest-path" "Cargo.toml" "--no-deps", kill_on_drop: false }`
[INFO] started tweaking git repo https://github.com/afidegnum/nyctograph
[INFO] finished tweaking git repo https://github.com/afidegnum/nyctograph
[INFO] tweaked toml for git repo https://github.com/afidegnum/nyctograph written to /workspace/builds/worker-4-tc1/source/Cargo.toml
[INFO] crate git repo https://github.com/afidegnum/nyctograph already has a lockfile, it will not be regenerated
[INFO] running `Command { std: CARGO_HOME="/workspace/cargo-home" RUSTUP_HOME="/workspace/rustup-home" "/workspace/cargo-home/bin/cargo" "+1.75.0" "fetch" "--manifest-path" "Cargo.toml", kill_on_drop: false }`
[INFO] [stderr]     Updating crates.io index
[INFO] [stderr]  Downloading crates ...
[INFO] [stderr]   Downloaded sycamore-macro v0.8.0-beta.6
[INFO] [stderr]   Downloaded serde-wasm-bindgen v0.4.3
[INFO] [stderr]   Downloaded rexie v0.4.2
[INFO] [stderr]   Downloaded sycamore-futures v0.8.0-beta.6
[INFO] [stderr]   Downloaded sycamore-core v0.8.0-beta.6
[INFO] [stderr]   Downloaded sycamore-web v0.8.0-beta.6
[INFO] [stderr]   Downloaded sycamore-reactive v0.8.0-beta.6
[INFO] [stderr]   Downloaded sycamore v0.8.0-beta.6
[INFO] running `Command { std: "docker" "create" "-v" "/var/lib/crater-agent-workspace/builds/worker-4-tc1/target:/opt/rustwide/target:rw,Z" "-v" "/var/lib/crater-agent-workspace/builds/worker-4-tc1/source:/opt/rustwide/workdir:ro,Z" "-v" "/var/lib/crater-agent-workspace/cargo-home:/opt/rustwide/cargo-home:ro,Z" "-v" "/var/lib/crater-agent-workspace/rustup-home:/opt/rustwide/rustup-home:ro,Z" "-e" "SOURCE_DIR=/opt/rustwide/workdir" "-e" "CARGO_TARGET_DIR=/opt/rustwide/target" "-e" "CARGO_HOME=/opt/rustwide/cargo-home" "-e" "RUSTUP_HOME=/opt/rustwide/rustup-home" "-w" "/opt/rustwide/workdir" "-m" "1610612736" "--user" "0:0" "--network" "none" "ghcr.io/rust-lang/crates-build-env/linux@sha256:2788e3201cd34a07e3172128adcd8b3090168a8e3bcc40d7c032b9dda1df7d1c" "/opt/rustwide/cargo-home/bin/cargo" "+1.75.0" "metadata" "--no-deps" "--format-version=1", kill_on_drop: false }`
[INFO] [stdout] ddc8f1c57b7f40baebcc8fdb7678948c7692bfd5bdc76eca675e58422f4a595d
[INFO] running `Command { std: "docker" "start" "-a" "ddc8f1c57b7f40baebcc8fdb7678948c7692bfd5bdc76eca675e58422f4a595d", kill_on_drop: false }`
[INFO] running `Command { std: "docker" "inspect" "ddc8f1c57b7f40baebcc8fdb7678948c7692bfd5bdc76eca675e58422f4a595d", kill_on_drop: false }`
[INFO] running `Command { std: "docker" "rm" "-f" "ddc8f1c57b7f40baebcc8fdb7678948c7692bfd5bdc76eca675e58422f4a595d", kill_on_drop: false }`
[INFO] [stdout] ddc8f1c57b7f40baebcc8fdb7678948c7692bfd5bdc76eca675e58422f4a595d
[INFO] running `Command { std: "docker" "create" "-v" "/var/lib/crater-agent-workspace/builds/worker-4-tc1/target:/opt/rustwide/target:rw,Z" "-v" "/var/lib/crater-agent-workspace/builds/worker-4-tc1/source:/opt/rustwide/workdir:ro,Z" "-v" "/var/lib/crater-agent-workspace/cargo-home:/opt/rustwide/cargo-home:ro,Z" "-v" "/var/lib/crater-agent-workspace/rustup-home:/opt/rustwide/rustup-home:ro,Z" "-e" "SOURCE_DIR=/opt/rustwide/workdir" "-e" "CARGO_TARGET_DIR=/opt/rustwide/target" "-e" "CARGO_INCREMENTAL=0" "-e" "RUST_BACKTRACE=full" "-e" "RUSTFLAGS=--cap-lints=warn" "-e" "RUSTDOCFLAGS=--cap-lints=warn" "-e" "CARGO_HOME=/opt/rustwide/cargo-home" "-e" "RUSTUP_HOME=/opt/rustwide/rustup-home" "-w" "/opt/rustwide/workdir" "-m" "1610612736" "--user" "0:0" "--network" "none" "ghcr.io/rust-lang/crates-build-env/linux@sha256:2788e3201cd34a07e3172128adcd8b3090168a8e3bcc40d7c032b9dda1df7d1c" "/opt/rustwide/cargo-home/bin/cargo" "+1.75.0" "doc" "--frozen" "--no-deps" "--document-private-items" "--message-format=json", kill_on_drop: false }`
[INFO] [stdout] 8cc2fa3429c12f492083a534c825c0ce9428c1374ec17d1b14e3df4041d2e0fe
[INFO] running `Command { std: "docker" "start" "-a" "8cc2fa3429c12f492083a534c825c0ce9428c1374ec17d1b14e3df4041d2e0fe", kill_on_drop: false }`
[INFO] [stderr]    Compiling proc-macro2 v1.0.39
[INFO] [stderr]    Compiling unicode-ident v1.0.1
[INFO] [stderr]    Compiling syn v1.0.96
[INFO] [stderr]    Compiling wasm-bindgen-shared v0.2.81
[INFO] [stderr]    Compiling bumpalo v3.10.0
[INFO] [stderr]    Compiling serde_derive v1.0.137
[INFO] [stderr]    Compiling wasm-bindgen v0.2.81
[INFO] [stderr]    Compiling serde v1.0.137
[INFO] [stderr]    Compiling libc v0.2.126
[INFO] [stderr]    Compiling futures-core v0.3.21
[INFO] [stderr]    Compiling indexmap v1.9.0
[INFO] [stderr]    Compiling futures-task v0.3.21
[INFO] [stderr]    Compiling futures-channel v0.3.21
[INFO] [stderr]     Checking once_cell v1.12.0
[INFO] [stderr]    Compiling futures-util v0.3.21
[INFO] [stderr]     Checking futures-sink v0.3.21
[INFO] [stderr]     Checking hashbrown v0.12.1
[INFO] [stderr]    Compiling ahash v0.7.6
[INFO] [stderr]     Checking slab v0.4.6
[INFO] [stderr]     Checking futures-io v0.3.21
[INFO] [stderr]     Checking smallvec v1.8.0
[INFO] [stderr]     Checking tokio v1.19.2
[INFO] [stderr]    Compiling num-traits v0.2.15
[INFO] [stderr]     Checking utf8-width v0.1.6
[INFO] [stderr]    Compiling serde_json v1.0.81
[INFO] [stderr]     Checking html-escape v0.2.11
[INFO] [stderr]     Checking itoa v1.0.2
[INFO] [stderr]    Compiling paste v1.0.7
[INFO] [stderr]     Checking ryu v1.0.10
[INFO] [stderr]    Compiling quote v1.0.18
[INFO] [stderr]     Checking getrandom v0.2.7
[INFO] [stderr]    Compiling wasm-bindgen-backend v0.2.81
[INFO] [stderr]    Compiling wasm-bindgen-macro-support v0.2.81
[INFO] [stderr]    Compiling futures-macro v0.3.21
[INFO] [stderr]    Compiling thiserror-impl v1.0.31
[INFO] [stderr]    Compiling sycamore-macro v0.8.0-beta.6
[INFO] [stderr]    Compiling wasm-bindgen-macro v0.2.81
[INFO] [stderr]     Checking thiserror v1.0.31
[INFO] [stderr]     Checking js-sys v0.3.58
[INFO] [stderr]     Checking console_error_panic_hook v0.1.7
[INFO] [stderr]     Checking futures-executor v0.3.21
[INFO] [stderr]     Checking futures v0.3.21
[INFO] [stderr]     Checking web-sys v0.3.58
[INFO] [stderr]     Checking wasm-bindgen-futures v0.4.31
[INFO] [stderr]     Checking sycamore-reactive v0.8.0-beta.6
[INFO] [stderr]     Checking uuid v0.8.2
[INFO] [stderr]     Checking serde-wasm-bindgen v0.4.3
[INFO] [stderr]     Checking sycamore-core v0.8.0-beta.6
[INFO] [stderr]     Checking sycamore-futures v0.8.0-beta.6
[INFO] [stderr]     Checking sycamore-web v0.8.0-beta.6
[INFO] [stderr]     Checking rexie v0.4.2
[INFO] [stderr]     Checking console_log v0.2.0
[INFO] [stderr]     Checking sycamore v0.8.0-beta.6
[INFO] [stdout] error[E0309]: the parameter type `impl AsRef<str>` may not live long enough
[INFO] [stdout]   --> /opt/rustwide/cargo-home/registry/src/index.crates.io-6f17d22bba15001f/sycamore-0.8.0-beta.6/src/builder.rs:82:5
[INFO] [stdout]    |
[INFO] [stdout] 79 | pub fn tag<'a, G: GenericNode>(
[INFO] [stdout]    |            -- the parameter type `impl AsRef<str>` must be valid for the lifetime `'a` as defined here...
[INFO] [stdout] ...
[INFO] [stdout] 82 |     ElementBuilder::new(move |_| G::element_from_tag(t.as_ref()))
[INFO] [stdout]    |     ^^^^^^^^^^^^^^^^^^^ ...so that the type `impl AsRef<str>` will meet its required lifetime bounds
[INFO] [stdout]    |
[INFO] [stdout] help: consider adding an explicit lifetime bound
[INFO] [stdout]    |
[INFO] [stdout] 80 |     t: impl AsRef<str> + 'a,
[INFO] [stdout]    |                        ++++
[INFO] [stdout] 
[INFO] [stdout] 
[INFO] [stdout] error[E0309]: the parameter type `impl AsRef<str>` may not live long enough
[INFO] [stdout]   --> /opt/rustwide/cargo-home/registry/src/index.crates.io-6f17d22bba15001f/sycamore-0.8.0-beta.6/src/builder.rs:82:5
[INFO] [stdout]    |
[INFO] [stdout] 79 | pub fn tag<'a, G: GenericNode>(
[INFO] [stdout]    |            -- the parameter type `impl AsRef<str>` must be valid for the lifetime `'a` as defined here...
[INFO] [stdout] ...
[INFO] [stdout] 82 |     ElementBuilder::new(move |_| G::element_from_tag(t.as_ref()))
[INFO] [stdout]    |     ^^^^^^^^^^^^^^^^^^^^^^^^^^^^^^^^^^^^^^^^^^^^^^^^^^^^^^^^^^^^^ ...so that the type `impl AsRef<str>` will meet its required lifetime bounds
[INFO] [stdout]    |
[INFO] [stdout] help: consider adding an explicit lifetime bound
[INFO] [stdout]    |
[INFO] [stdout] 80 |     t: impl AsRef<str> + 'a,
[INFO] [stdout]    |                        ++++
[INFO] [stdout] 
[INFO] [stdout] 
[INFO] [stdout] error[E0309]: the parameter type `impl ElementBuilderOrView<'a, G>` may not live long enough
[INFO] [stdout]    --> /opt/rustwide/cargo-home/registry/src/index.crates.io-6f17d22bba15001f/sycamore-0.8.0-beta.6/src/builder.rs:371:9
[INFO] [stdout]     |
[INFO] [stdout] 85  | impl<'a, G: GenericNode, F: FnOnce(Scope<'a>) -> G + 'a> ElementBuilder<'a, G, F> {
[INFO] [stdout]     |      -- the parameter type `impl ElementBuilderOrView<'a, G>` must be valid for the lifetime `'a` as defined here...
[INFO] [stdout] ...
[INFO] [stdout] 371 |         self.map(|cx, el| render::insert(cx, el, c.into_view(cx), None, None, true))
[INFO] [stdout]     |         ^^^^^^^^^^^^^^^^^^^^^^^^^^^^^^^^^^^^^^^^^^^^^^^^^^^^^^^^^^^^^^^^^^^^^^^^^^^^ ...so that the type `impl ElementBuilderOrView<'a, G>` will meet its required lifetime bounds
[INFO] [stdout]     |
[INFO] [stdout] help: consider adding an explicit lifetime bound
[INFO] [stdout]     |
[INFO] [stdout] 369 |         c: impl ElementBuilderOrView<'a, G> + 'a,
[INFO] [stdout]     |                                             ++++
[INFO] [stdout] 
[INFO] [stdout] 
[INFO] [stdout] error: aborting due to 3 previous errors
[INFO] [stdout] 
[INFO] [stdout] 
[INFO] [stdout] For more information about this error, try `rustc --explain E0309`.
[INFO] [stdout] 
[INFO] [stderr] error: could not compile `sycamore` (lib) due to 4 previous errors
[INFO] running `Command { std: "docker" "inspect" "8cc2fa3429c12f492083a534c825c0ce9428c1374ec17d1b14e3df4041d2e0fe", kill_on_drop: false }`
[INFO] running `Command { std: "docker" "rm" "-f" "8cc2fa3429c12f492083a534c825c0ce9428c1374ec17d1b14e3df4041d2e0fe", kill_on_drop: false }`
[INFO] [stdout] 8cc2fa3429c12f492083a534c825c0ce9428c1374ec17d1b14e3df4041d2e0fe
[INFO] documenting afidegnum/nyctograph against beta-2023-12-22 for beta-1.76-rustdoc-1
[INFO] running `Command { std: "git" "clone" "/workspace/cache/git-repos/https%3A%2F%2Fgithub.com%2Fafidegnum%2Fnyctograph" "/workspace/builds/worker-4-tc2/source", kill_on_drop: false }`
[INFO] [stderr] Cloning into '/workspace/builds/worker-4-tc2/source'...
[INFO] [stderr] done.
[INFO] validating manifest of git repo https://github.com/afidegnum/nyctograph on toolchain beta-2023-12-22
[INFO] running `Command { std: CARGO_HOME="/workspace/cargo-home" RUSTUP_HOME="/workspace/rustup-home" "/workspace/cargo-home/bin/cargo" "+beta-2023-12-22" "metadata" "--manifest-path" "Cargo.toml" "--no-deps", kill_on_drop: false }`
[INFO] started tweaking git repo https://github.com/afidegnum/nyctograph
[INFO] finished tweaking git repo https://github.com/afidegnum/nyctograph
[INFO] tweaked toml for git repo https://github.com/afidegnum/nyctograph written to /workspace/builds/worker-4-tc2/source/Cargo.toml
[INFO] crate git repo https://github.com/afidegnum/nyctograph already has a lockfile, it will not be regenerated
[INFO] running `Command { std: CARGO_HOME="/workspace/cargo-home" RUSTUP_HOME="/workspace/rustup-home" "/workspace/cargo-home/bin/cargo" "+beta-2023-12-22" "fetch" "--manifest-path" "Cargo.toml", kill_on_drop: false }`
[INFO] running `Command { std: "docker" "create" "-v" "/var/lib/crater-agent-workspace/builds/worker-4-tc2/target:/opt/rustwide/target:rw,Z" "-v" "/var/lib/crater-agent-workspace/builds/worker-4-tc2/source:/opt/rustwide/workdir:ro,Z" "-v" "/var/lib/crater-agent-workspace/cargo-home:/opt/rustwide/cargo-home:ro,Z" "-v" "/var/lib/crater-agent-workspace/rustup-home:/opt/rustwide/rustup-home:ro,Z" "-e" "SOURCE_DIR=/opt/rustwide/workdir" "-e" "CARGO_TARGET_DIR=/opt/rustwide/target" "-e" "CARGO_HOME=/opt/rustwide/cargo-home" "-e" "RUSTUP_HOME=/opt/rustwide/rustup-home" "-w" "/opt/rustwide/workdir" "-m" "1610612736" "--user" "0:0" "--network" "none" "ghcr.io/rust-lang/crates-build-env/linux@sha256:2788e3201cd34a07e3172128adcd8b3090168a8e3bcc40d7c032b9dda1df7d1c" "/opt/rustwide/cargo-home/bin/cargo" "+beta-2023-12-22" "metadata" "--no-deps" "--format-version=1", kill_on_drop: false }`
[INFO] [stdout] 68feef58289f433cd2bced15e881466a0f71f4aa954b4f2610b18d821b2a8dc9
[INFO] running `Command { std: "docker" "start" "-a" "68feef58289f433cd2bced15e881466a0f71f4aa954b4f2610b18d821b2a8dc9", kill_on_drop: false }`
[INFO] running `Command { std: "docker" "inspect" "68feef58289f433cd2bced15e881466a0f71f4aa954b4f2610b18d821b2a8dc9", kill_on_drop: false }`
[INFO] running `Command { std: "docker" "rm" "-f" "68feef58289f433cd2bced15e881466a0f71f4aa954b4f2610b18d821b2a8dc9", kill_on_drop: false }`
[INFO] [stdout] 68feef58289f433cd2bced15e881466a0f71f4aa954b4f2610b18d821b2a8dc9
[INFO] running `Command { std: "docker" "create" "-v" "/var/lib/crater-agent-workspace/builds/worker-4-tc2/target:/opt/rustwide/target:rw,Z" "-v" "/var/lib/crater-agent-workspace/builds/worker-4-tc2/source:/opt/rustwide/workdir:ro,Z" "-v" "/var/lib/crater-agent-workspace/cargo-home:/opt/rustwide/cargo-home:ro,Z" "-v" "/var/lib/crater-agent-workspace/rustup-home:/opt/rustwide/rustup-home:ro,Z" "-e" "SOURCE_DIR=/opt/rustwide/workdir" "-e" "CARGO_TARGET_DIR=/opt/rustwide/target" "-e" "CARGO_INCREMENTAL=0" "-e" "RUST_BACKTRACE=full" "-e" "RUSTFLAGS=--cap-lints=warn" "-e" "RUSTDOCFLAGS=--cap-lints=warn" "-e" "CARGO_HOME=/opt/rustwide/cargo-home" "-e" "RUSTUP_HOME=/opt/rustwide/rustup-home" "-w" "/opt/rustwide/workdir" "-m" "1610612736" "--user" "0:0" "--network" "none" "ghcr.io/rust-lang/crates-build-env/linux@sha256:2788e3201cd34a07e3172128adcd8b3090168a8e3bcc40d7c032b9dda1df7d1c" "/opt/rustwide/cargo-home/bin/cargo" "+beta-2023-12-22" "doc" "--frozen" "--no-deps" "--document-private-items" "--message-format=json", kill_on_drop: false }`
[INFO] [stdout] f38c75d74dbead36bfba37eaab8b1ebec6ebae145ecf691fd94f6c2847fe02ce
[INFO] running `Command { std: "docker" "start" "-a" "f38c75d74dbead36bfba37eaab8b1ebec6ebae145ecf691fd94f6c2847fe02ce", kill_on_drop: false }`
[INFO] [stderr]    Compiling proc-macro2 v1.0.39
[INFO] [stderr]    Compiling unicode-ident v1.0.1
[INFO] [stderr]    Compiling syn v1.0.96
[INFO] [stderr]    Compiling wasm-bindgen-shared v0.2.81
[INFO] [stderr]    Compiling bumpalo v3.10.0
[INFO] [stderr]    Compiling serde_derive v1.0.137
[INFO] [stderr]    Compiling wasm-bindgen v0.2.81
[INFO] [stderr]    Compiling serde v1.0.137
[INFO] [stderr]    Compiling libc v0.2.126
[INFO] [stderr]    Compiling futures-core v0.3.21
[INFO] [stderr]    Compiling indexmap v1.9.0
[INFO] [stderr]    Compiling futures-task v0.3.21
[INFO] [stderr]     Checking once_cell v1.12.0
[INFO] [stderr]    Compiling futures-channel v0.3.21
[INFO] [stderr]     Checking hashbrown v0.12.1
[INFO] [stderr]     Checking futures-sink v0.3.21
[INFO] [stderr]    Compiling futures-util v0.3.21
[INFO] [stderr]    Compiling ahash v0.7.6
[INFO] [stderr]     Checking smallvec v1.8.0
[INFO] [stderr]     Checking slab v0.4.6
[INFO] [stderr]     Checking futures-io v0.3.21
[INFO] [stderr]     Checking tokio v1.19.2
[INFO] [stderr]    Compiling num-traits v0.2.15
[INFO] [stderr]     Checking utf8-width v0.1.6
[INFO] [stderr]    Compiling serde_json v1.0.81
[INFO] [stderr]     Checking itoa v1.0.2
[INFO] [stderr]    Compiling paste v1.0.7
[INFO] [stderr]     Checking ryu v1.0.10
[INFO] [stderr]     Checking html-escape v0.2.11
[INFO] [stderr]    Compiling quote v1.0.18
[INFO] [stderr]     Checking getrandom v0.2.7
[INFO] [stderr]    Compiling wasm-bindgen-backend v0.2.81
[INFO] [stderr]    Compiling futures-macro v0.3.21
[INFO] [stderr]    Compiling thiserror-impl v1.0.31
[INFO] [stderr]    Compiling sycamore-macro v0.8.0-beta.6
[INFO] [stderr]    Compiling wasm-bindgen-macro-support v0.2.81
[INFO] [stderr]    Compiling wasm-bindgen-macro v0.2.81
[INFO] [stderr]     Checking thiserror v1.0.31
[INFO] [stderr]     Checking js-sys v0.3.58
[INFO] [stderr]     Checking console_error_panic_hook v0.1.7
[INFO] [stderr]     Checking futures-executor v0.3.21
[INFO] [stderr]     Checking futures v0.3.21
[INFO] [stderr]     Checking web-sys v0.3.58
[INFO] [stderr]     Checking wasm-bindgen-futures v0.4.31
[INFO] [stderr]     Checking sycamore-reactive v0.8.0-beta.6
[INFO] [stderr]     Checking serde-wasm-bindgen v0.4.3
[INFO] [stderr]     Checking uuid v0.8.2
[INFO] [stderr]     Checking sycamore-core v0.8.0-beta.6
[INFO] [stderr]     Checking sycamore-futures v0.8.0-beta.6
[INFO] [stderr]     Checking sycamore-web v0.8.0-beta.6
[INFO] [stderr]     Checking console_log v0.2.0
[INFO] [stderr]     Checking rexie v0.4.2
[INFO] [stderr]     Checking sycamore v0.8.0-beta.6
[INFO] [stdout] error[E0309]: the parameter type `impl AsRef<str>` may not live long enough
[INFO] [stdout]   --> /opt/rustwide/cargo-home/registry/src/index.crates.io-6f17d22bba15001f/sycamore-0.8.0-beta.6/src/builder.rs:82:5
[INFO] [stdout]    |
[INFO] [stdout] 79 | pub fn tag<'a, G: GenericNode>(
[INFO] [stdout]    |            -- the parameter type `impl AsRef<str>` must be valid for the lifetime `'a` as defined here...
[INFO] [stdout] ...
[INFO] [stdout] 82 |     ElementBuilder::new(move |_| G::element_from_tag(t.as_ref()))
[INFO] [stdout]    |     ^^^^^^^^^^^^^^^^^^^ ...so that the type `impl AsRef<str>` will meet its required lifetime bounds
[INFO] [stdout]    |
[INFO] [stdout] help: consider adding an explicit lifetime bound
[INFO] [stdout]    |
[INFO] [stdout] 80 |     t: impl AsRef<str> + 'a,
[INFO] [stdout]    |                        ++++
[INFO] [stdout] 
[INFO] [stdout] 
[INFO] [stdout] error[E0309]: the parameter type `impl AsRef<str>` may not live long enough
[INFO] [stdout]   --> /opt/rustwide/cargo-home/registry/src/index.crates.io-6f17d22bba15001f/sycamore-0.8.0-beta.6/src/builder.rs:82:5
[INFO] [stdout]    |
[INFO] [stdout] 79 | pub fn tag<'a, G: GenericNode>(
[INFO] [stdout]    |            -- the parameter type `impl AsRef<str>` must be valid for the lifetime `'a` as defined here...
[INFO] [stdout] ...
[INFO] [stdout] 82 |     ElementBuilder::new(move |_| G::element_from_tag(t.as_ref()))
[INFO] [stdout]    |     ^^^^^^^^^^^^^^^^^^^^^^^^^^^^^^^^^^^^^^^^^^^^^^^^^^^^^^^^^^^^^ ...so that the type `impl AsRef<str>` will meet its required lifetime bounds
[INFO] [stdout]    |
[INFO] [stdout] help: consider adding an explicit lifetime bound
[INFO] [stdout]    |
[INFO] [stdout] 80 |     t: impl AsRef<str> + 'a,
[INFO] [stdout]    |                        ++++
[INFO] [stdout] 
[INFO] [stdout] 
[INFO] [stdout] error[E0309]: the parameter type `impl ElementBuilderOrView<'a, G>` may not live long enough
[INFO] [stdout]    --> /opt/rustwide/cargo-home/registry/src/index.crates.io-6f17d22bba15001f/sycamore-0.8.0-beta.6/src/builder.rs:371:9
[INFO] [stdout]     |
[INFO] [stdout] 85  | impl<'a, G: GenericNode, F: FnOnce(Scope<'a>) -> G + 'a> ElementBuilder<'a, G, F> {
[INFO] [stdout]     |      -- the parameter type `impl ElementBuilderOrView<'a, G>` must be valid for the lifetime `'a` as defined here...
[INFO] [stdout] ...
[INFO] [stdout] 371 |         self.map(|cx, el| render::insert(cx, el, c.into_view(cx), None, None, true))
[INFO] [stdout]     |         ^^^^^^^^^^^^^^^^^^^^^^^^^^^^^^^^^^^^^^^^^^^^^^^^^^^^^^^^^^^^^^^^^^^^^^^^^^^^ ...so that the type `impl ElementBuilderOrView<'a, G>` will meet its required lifetime bounds
[INFO] [stdout]     |
[INFO] [stdout] help: consider adding an explicit lifetime bound
[INFO] [stdout]     |
[INFO] [stdout] 369 |         c: impl ElementBuilderOrView<'a, G> + 'a,
[INFO] [stdout]     |                                             ++++
[INFO] [stdout] 
[INFO] [stdout] 
[INFO] [stdout] error: aborting due to 3 previous errors
[INFO] [stdout] 
[INFO] [stdout] 
[INFO] [stdout] For more information about this error, try `rustc --explain E0309`.
[INFO] [stdout] 
[INFO] [stderr] error: could not compile `sycamore` (lib) due to 4 previous errors
[INFO] running `Command { std: "docker" "inspect" "f38c75d74dbead36bfba37eaab8b1ebec6ebae145ecf691fd94f6c2847fe02ce", kill_on_drop: false }`
[INFO] running `Command { std: "docker" "rm" "-f" "f38c75d74dbead36bfba37eaab8b1ebec6ebae145ecf691fd94f6c2847fe02ce", kill_on_drop: false }`
[INFO] [stdout] f38c75d74dbead36bfba37eaab8b1ebec6ebae145ecf691fd94f6c2847fe02ce
