[INFO] cloning repository https://github.com/afei-h/adv-kitties
[INFO] running `Command { std: "git" "-c" "credential.helper=" "-c" "credential.helper=/workspace/cargo-home/bin/git-credential-null" "clone" "--bare" "https://github.com/afei-h/adv-kitties" "/workspace/cache/git-repos/https%3A%2F%2Fgithub.com%2Fafei-h%2Fadv-kitties", kill_on_drop: false }`
[INFO] [stderr] Cloning into bare repository '/workspace/cache/git-repos/https%3A%2F%2Fgithub.com%2Fafei-h%2Fadv-kitties'...
[INFO] running `Command { std: "git" "rev-parse" "HEAD", kill_on_drop: false }`
[INFO] [stdout] dba6ccdb7e6dca7fd1cef99631c6aa19cd1facd0
[INFO] documenting afei-h/adv-kitties against 1.75.0 for beta-1.76-rustdoc-1
[INFO] running `Command { std: "git" "clone" "/workspace/cache/git-repos/https%3A%2F%2Fgithub.com%2Fafei-h%2Fadv-kitties" "/workspace/builds/worker-0-tc1/source", kill_on_drop: false }`
[INFO] [stderr] Cloning into '/workspace/builds/worker-0-tc1/source'...
[INFO] [stderr] done.
[INFO] validating manifest of git repo https://github.com/afei-h/adv-kitties on toolchain 1.75.0
[INFO] running `Command { std: CARGO_HOME="/workspace/cargo-home" RUSTUP_HOME="/workspace/rustup-home" "/workspace/cargo-home/bin/cargo" "+1.75.0" "metadata" "--manifest-path" "Cargo.toml" "--no-deps", kill_on_drop: false }`
[INFO] started tweaking git repo https://github.com/afei-h/adv-kitties
[INFO] finished tweaking git repo https://github.com/afei-h/adv-kitties
[INFO] tweaked toml for git repo https://github.com/afei-h/adv-kitties written to /workspace/builds/worker-0-tc1/source/Cargo.toml
[INFO] crate git repo https://github.com/afei-h/adv-kitties already has a lockfile, it will not be regenerated
[INFO] running `Command { std: CARGO_HOME="/workspace/cargo-home" RUSTUP_HOME="/workspace/rustup-home" "/workspace/cargo-home/bin/cargo" "+1.75.0" "fetch" "--manifest-path" "Cargo.toml", kill_on_drop: false }`
[INFO] [stderr] warning: virtual workspace defaulting to `resolver = "1"` despite one or more workspace members being on edition 2021 which implies `resolver = "2"`
[INFO] [stderr] note: to keep the current resolver, specify `workspace.resolver = "1"` in the workspace root's manifest
[INFO] [stderr] note: to use the edition 2021 resolver, specify `workspace.resolver = "2"` in the workspace root's manifest
[INFO] [stderr] note: for more details see https://doc.rust-lang.org/cargo/reference/resolver.html#resolver-versions
[INFO] [stderr]     Updating git repository `https://github.com/paritytech/substrate.git`
[INFO] [stderr]     Updating crates.io index
[INFO] [stderr]  Downloading crates ...
[INFO] [stderr]   Downloaded wasmtime-jit-icache-coherence v6.0.1
[INFO] [stderr]   Downloaded cranelift-codegen-shared v0.93.1
[INFO] [stderr]   Downloaded cranelift-frontend v0.93.1
[INFO] [stderr]   Downloaded libp2p-identity v0.1.1
[INFO] [stderr]   Downloaded cxxbridge-flags v1.0.93
[INFO] [stderr]   Downloaded wasmtime-runtime v6.0.1
[INFO] [stderr]   Downloaded expander v1.0.0
[INFO] [stderr]   Downloaded wasmtime-jit-debug v6.0.1
[INFO] [stderr]   Downloaded fs4 v0.6.3
[INFO] [stderr]   Downloaded blake2b_simd v1.0.1
[INFO] [stderr]   Downloaded cranelift-isle v0.93.1
[INFO] [stderr]   Downloaded cxxbridge-macro v1.0.93
[INFO] [stderr]   Downloaded cranelift-wasm v0.93.1
[INFO] [stderr]   Downloaded wasm-opt-sys v0.111.0
[INFO] [stderr]   Downloaded fiat-crypto v0.1.19
[INFO] [stderr]   Downloaded cranelift-codegen v0.93.1
[INFO] [stderr]   Downloaded wasm-opt v0.111.0
[INFO] [stderr]   Downloaded cxx v1.0.93
[INFO] [stderr]   Downloaded wasmtime v6.0.1
[INFO] [stderr]   Downloaded regex v1.7.2
[INFO] [stderr]   Downloaded finality-grandpa v0.16.2
[INFO] [stderr]   Downloaded parity-db v0.4.6
[INFO] [stderr]   Downloaded cxx-build v1.0.93
[INFO] [stderr]   Downloaded wasmtime-cranelift v6.0.1
[INFO] [stderr]   Downloaded libp2p v0.50.1
[INFO] [stderr]   Downloaded scale-info v2.4.0
[INFO] [stderr]   Downloaded cranelift-codegen-meta v0.93.1
[INFO] [stderr]   Downloaded wasmtime-cache v6.0.1
[INFO] [stderr]   Downloaded parity-scale-codec v3.4.0
[INFO] [stderr]   Downloaded wasmtime-environ v6.0.1
[INFO] [stderr]   Downloaded cranelift-bforest v0.93.1
[INFO] [stderr]   Downloaded async-trait v0.1.67
[INFO] [stderr]   Downloaded libp2p-core v0.39.1
[INFO] [stderr]   Downloaded cranelift-entity v0.93.1
[INFO] [stderr]   Downloaded bounded-collections v0.1.5
[INFO] [stderr]   Downloaded wasmtime-jit v6.0.1
[INFO] [stderr]   Downloaded cranelift-native v0.93.1
[INFO] [stderr]   Downloaded wasm-opt-cxx-sys v0.111.0
[INFO] [stderr]   Downloaded linregress v0.5.1
[INFO] [stderr]   Downloaded wasmtime-asm-macros v6.0.1
[INFO] [stderr]   Downloaded scale-info-derive v2.4.0
[INFO] [stderr]   Downloaded wasmtime-types v6.0.1
[INFO] [stderr]   Downloaded blake2s_simd v1.0.1
[INFO] [stderr]   Downloaded ss58-registry v1.39.0
[INFO] running `Command { std: "docker" "create" "-v" "/var/lib/crater-agent-workspace/builds/worker-0-tc1/target:/opt/rustwide/target:rw,Z" "-v" "/var/lib/crater-agent-workspace/builds/worker-0-tc1/source:/opt/rustwide/workdir:ro,Z" "-v" "/var/lib/crater-agent-workspace/cargo-home:/opt/rustwide/cargo-home:ro,Z" "-v" "/var/lib/crater-agent-workspace/rustup-home:/opt/rustwide/rustup-home:ro,Z" "-e" "SOURCE_DIR=/opt/rustwide/workdir" "-e" "CARGO_TARGET_DIR=/opt/rustwide/target" "-e" "CARGO_HOME=/opt/rustwide/cargo-home" "-e" "RUSTUP_HOME=/opt/rustwide/rustup-home" "-w" "/opt/rustwide/workdir" "-m" "1610612736" "--user" "0:0" "--network" "none" "ghcr.io/rust-lang/crates-build-env/linux@sha256:2788e3201cd34a07e3172128adcd8b3090168a8e3bcc40d7c032b9dda1df7d1c" "/opt/rustwide/cargo-home/bin/cargo" "+1.75.0" "metadata" "--no-deps" "--format-version=1", kill_on_drop: false }`
[INFO] [stdout] 564de99bd693afede16a3e9c0072bb380df2d0c65d44781213b1f2b125f5a2a7
[INFO] running `Command { std: "docker" "start" "-a" "564de99bd693afede16a3e9c0072bb380df2d0c65d44781213b1f2b125f5a2a7", kill_on_drop: false }`
[INFO] running `Command { std: "docker" "inspect" "564de99bd693afede16a3e9c0072bb380df2d0c65d44781213b1f2b125f5a2a7", kill_on_drop: false }`
[INFO] running `Command { std: "docker" "rm" "-f" "564de99bd693afede16a3e9c0072bb380df2d0c65d44781213b1f2b125f5a2a7", kill_on_drop: false }`
[INFO] [stdout] 564de99bd693afede16a3e9c0072bb380df2d0c65d44781213b1f2b125f5a2a7
[INFO] running `Command { std: "docker" "create" "-v" "/var/lib/crater-agent-workspace/builds/worker-0-tc1/target:/opt/rustwide/target:rw,Z" "-v" "/var/lib/crater-agent-workspace/builds/worker-0-tc1/source:/opt/rustwide/workdir:ro,Z" "-v" "/var/lib/crater-agent-workspace/cargo-home:/opt/rustwide/cargo-home:ro,Z" "-v" "/var/lib/crater-agent-workspace/rustup-home:/opt/rustwide/rustup-home:ro,Z" "-e" "SOURCE_DIR=/opt/rustwide/workdir" "-e" "CARGO_TARGET_DIR=/opt/rustwide/target" "-e" "CARGO_INCREMENTAL=0" "-e" "RUST_BACKTRACE=full" "-e" "RUSTFLAGS=--cap-lints=warn" "-e" "RUSTDOCFLAGS=--cap-lints=warn" "-e" "CARGO_HOME=/opt/rustwide/cargo-home" "-e" "RUSTUP_HOME=/opt/rustwide/rustup-home" "-w" "/opt/rustwide/workdir" "-m" "1610612736" "--user" "0:0" "--network" "none" "ghcr.io/rust-lang/crates-build-env/linux@sha256:2788e3201cd34a07e3172128adcd8b3090168a8e3bcc40d7c032b9dda1df7d1c" "/opt/rustwide/cargo-home/bin/cargo" "+1.75.0" "doc" "--frozen" "--no-deps" "--document-private-items" "--message-format=json", kill_on_drop: false }`
[INFO] [stdout] 7544378a640a53dd9421189f612421f48e35c122cd1af6b7d05ee7823061138a
[INFO] running `Command { std: "docker" "start" "-a" "7544378a640a53dd9421189f612421f48e35c122cd1af6b7d05ee7823061138a", kill_on_drop: false }`
[INFO] [stderr] warning: virtual workspace defaulting to `resolver = "1"` despite one or more workspace members being on edition 2021 which implies `resolver = "2"`
[INFO] [stderr] note: to keep the current resolver, specify `workspace.resolver = "1"` in the workspace root's manifest
[INFO] [stderr] note: to use the edition 2021 resolver, specify `workspace.resolver = "2"` in the workspace root's manifest
[INFO] [stderr] note: for more details see https://doc.rust-lang.org/cargo/reference/resolver.html#resolver-versions
[INFO] [stderr]    Compiling proc-macro2 v1.0.53
[INFO] [stderr]    Compiling syn v1.0.109
[INFO] [stderr]    Compiling libc v0.2.140
[INFO] [stderr]    Compiling serde v1.0.158
[INFO] [stderr]    Compiling typenum v1.16.0
[INFO] [stderr]    Compiling generic-array v0.14.6
[INFO] [stderr]     Checking getrandom v0.2.8
[INFO] [stderr]     Checking once_cell v1.17.1
[INFO] [stderr]    Compiling anyhow v1.0.70
[INFO] [stderr]    Compiling ahash v0.7.6
[INFO] [stderr]     Checking smallvec v1.10.0
[INFO] [stderr]     Checking bytes v1.4.0
[INFO] [stderr]    Compiling indexmap v1.9.2
[INFO] [stderr]    Compiling futures-core v0.3.27
[INFO] [stderr]    Compiling aho-corasick v0.7.20
[INFO] [stderr]    Compiling regex-syntax v0.6.29
[INFO] [stderr]     Checking futures-sink v0.3.27
[INFO] [stderr]     Checking rand_core v0.6.4
[INFO] [stderr]     Checking num_cpus v1.15.0
[INFO] [stderr]    Compiling quote v1.0.26
[INFO] [stderr]    Compiling rustix v0.36.11
[INFO] [stderr]     Checking futures-io v0.3.27
[INFO] [stderr]    Compiling slab v0.4.8
[INFO] [stderr]    Compiling syn v2.0.8
[INFO] [stderr]    Compiling jobserver v0.1.26
[INFO] [stderr]    Compiling lock_api v0.4.9
[INFO] [stderr]    Compiling futures-channel v0.3.27
[INFO] [stderr]    Compiling cc v1.0.79
[INFO] [stderr]    Compiling futures-task v0.3.27
[INFO] [stderr]    Compiling futures-util v0.3.27
[INFO] [stderr]     Checking cpufeatures v0.2.5
[INFO] [stderr]    Compiling parking_lot_core v0.9.7
[INFO] [stderr]     Checking ppv-lite86 v0.2.17
[INFO] [stderr]     Checking crypto-common v0.1.6
[INFO] [stderr]     Checking block-buffer v0.10.4
[INFO] [stderr]     Checking tinyvec_macros v0.1.1
[INFO] [stderr]    Compiling regex v1.7.2
[INFO] [stderr]     Checking digest v0.10.6
[INFO] [stderr]     Checking rand_chacha v0.3.1
[INFO] [stderr]     Checking tinyvec v1.6.0
[INFO] [stderr]     Checking parking_lot v0.12.1
[INFO] [stderr]     Checking rand v0.8.5
[INFO] [stderr]     Checking digest v0.9.0
[INFO] [stderr]     Checking unicode-bidi v0.3.13
[INFO] [stderr]     Checking hashbrown v0.12.3
[INFO] [stderr]    Compiling getrandom v0.1.16
[INFO] [stderr]     Checking sha2 v0.10.6
[INFO] [stderr]     Checking unicode-normalization v0.1.22
[INFO] [stderr]     Checking block-buffer v0.9.0
[INFO] [stderr]     Checking tracing-core v0.1.30
[INFO] [stderr]     Checking arrayref v0.3.7
[INFO] [stderr]     Checking rand_core v0.5.1
[INFO] [stderr]     Checking either v1.8.1
[INFO] [stderr]    Compiling num-traits v0.2.15
[INFO] [stderr]     Checking idna v0.3.0
[INFO] [stderr]     Checking keccak v0.1.3
[INFO] [stderr]     Checking constant_time_eq v0.2.5
[INFO] [stderr]     Checking rand_chacha v0.2.2
[INFO] [stderr]     Checking sha3 v0.10.6
[INFO] [stderr]     Checking blake2b_simd v1.0.1
[INFO] [stderr]     Checking sha2 v0.9.9
[INFO] [stderr]    Compiling serde_json v1.0.94
[INFO] [stderr]     Checking url v2.3.1
[INFO] [stderr]    Compiling paste v1.0.12
[INFO] [stderr]     Checking rand v0.7.3
[INFO] [stderr]    Compiling zstd-sys v2.0.7+zstd.1.5.4
[INFO] [stderr]     Checking byte-slice-cast v1.2.2
[INFO] [stderr]    Compiling crossbeam-utils v0.8.15
[INFO] [stderr]     Checking errno v0.2.8
[INFO] [stderr]    Compiling synstructure v0.12.6
[INFO] [stderr]     Checking base64 v0.13.1
[INFO] [stderr]    Compiling target-lexicon v0.12.6
[INFO] [stderr]     Checking stable_deref_trait v1.2.0
[INFO] [stderr]     Checking num-integer v0.1.45
[INFO] [stderr]    Compiling cranelift-isle v0.93.1
[INFO] [stderr]    Compiling cranelift-codegen-shared v0.93.1
[INFO] [stderr]    Compiling cranelift-codegen-meta v0.93.1
[INFO] [stderr]    Compiling serde_derive v1.0.158
[INFO] [stderr]    Compiling thiserror-impl v1.0.40
[INFO] [stderr]     Checking signature v1.6.4
[INFO] [stderr]     Checking sp-std v5.0.0 (https://github.com/paritytech/substrate.git?branch=polkadot-v0.9.40#98f2e345)
[INFO] [stderr]    Compiling num-bigint v0.4.3
[INFO] [stderr]    Compiling memoffset v0.8.0
[INFO] [stderr]    Compiling parking_lot_core v0.8.6
[INFO] [stderr]     Checking regalloc2 v0.5.1
[INFO] [stderr]    Compiling num-rational v0.4.1
[INFO] [stderr]    Compiling futures-macro v0.3.27
[INFO] [stderr]    Compiling zeroize_derive v1.3.3
[INFO] [stderr]    Compiling tracing-attributes v0.1.23
[INFO] [stderr]    Compiling thiserror v1.0.40
[INFO] [stderr]    Compiling impl-trait-for-tuples v0.2.2
[INFO] [stderr]     Checking zeroize v1.5.7
[INFO] [stderr]    Compiling derive_more v0.99.17
[INFO] [stderr]     Checking curve25519-dalek v3.2.0
[INFO] [stderr]    Compiling crossbeam-epoch v0.9.14
[INFO] [stderr]    Compiling itoa v1.0.6
[INFO] [stderr]    Compiling ryu v1.0.13
[INFO] [stderr]     Checking bumpalo v3.12.0
[INFO] [stderr]    Compiling cranelift-codegen v0.93.1
[INFO] [stderr]     Checking is-terminal v0.4.5
[INFO] [stderr]     Checking tracing v0.1.37
[INFO] [stderr]     Checking ed25519 v1.5.3
[INFO] [stderr]     Checking itertools v0.10.5
[INFO] [stderr]    Compiling Inflector v0.11.4
[INFO] [stderr]     Checking parking_lot v0.11.2
[INFO] [stderr]     Checking uint v0.9.5
[INFO] [stderr]    Compiling wasmtime-runtime v6.0.1
[INFO] [stderr]     Checking blake2 v0.10.6
[INFO] [stderr]     Checking generic-array v0.12.4
[INFO] [stderr]    Compiling libm v0.2.6
[INFO] [stderr]    Compiling rayon-core v1.11.0
[INFO] [stderr]     Checking env_logger v0.10.0
[INFO] [stderr]    Compiling libsecp256k1-core v0.3.0
[INFO] [stderr]     Checking crossbeam-deque v0.8.3
[INFO] [stderr]     Checking memfd v0.6.2
[INFO] [stderr]     Checking crossbeam-channel v0.5.7
[INFO] [stderr]    Compiling psm v0.1.21
[INFO] [stderr]     Checking futures-executor v0.3.27
[INFO] [stderr]     Checking futures v0.3.27
[INFO] [stderr]     Checking dirs-sys-next v0.1.2
[INFO] [stderr]     Checking time v0.1.45
[INFO] [stderr]     Checking wasmtime-asm-macros v6.0.1
[INFO] [stderr]     Checking iana-time-zone v0.1.54
[INFO] [stderr]    Compiling ref-cast v1.0.16
[INFO] [stderr]     Checking parity-wasm v0.45.0
[INFO] [stderr]    Compiling wasmtime-cache v6.0.1
[INFO] [stderr]     Checking chrono v0.4.24
[INFO] [stderr]     Checking directories-next v2.0.0
[INFO] [stderr]     Checking file-per-thread-logger v0.1.6
[INFO] [stderr]     Checking digest v0.8.1
[INFO] [stderr]    Compiling ref-cast-impl v1.0.16
[INFO] [stderr]     Checking region v3.0.0
[INFO] [stderr]     Checking hmac v0.12.1
[INFO] [stderr]     Checking wasmtime-jit-icache-coherence v6.0.1
[INFO] [stderr]    Compiling wasmtime v6.0.1
[INFO] [stderr]     Checking memory_units v0.4.0
[INFO] [stderr]    Compiling async-trait v0.1.67
[INFO] [stderr]     Checking matchers v0.0.1
[INFO] [stderr]     Checking wasmi_core v0.2.1
[INFO] [stderr]     Checking rayon v1.7.0
[INFO] [stderr]     Checking wasmi-validation v0.5.0
[INFO] [stderr]     Checking block-buffer v0.7.3
[INFO] [stderr]     Checking cranelift-entity v0.93.1
[INFO] [stderr]     Checking ed25519-dalek v1.0.1
[INFO] [stderr]     Checking bincode v1.3.3
[INFO] [stderr]     Checking impl-serde v0.4.0
[INFO] [stderr]     Checking cranelift-bforest v0.93.1
[INFO] [stderr]     Checking toml v0.5.11
[INFO] [stderr]     Checking gimli v0.26.2
[INFO] [stderr]     Checking wasmparser v0.100.0
[INFO] [stderr]     Checking object v0.29.0
[INFO] [stderr]     Checking tracing-serde v0.1.3
[INFO] [stderr]    Compiling libsecp256k1-gen-ecmult v0.3.0
[INFO] [stderr]    Compiling libsecp256k1-gen-genmult v0.3.0
[INFO] [stderr]    Compiling sp-debug-derive v5.0.0 (https://github.com/paritytech/substrate.git?branch=polkadot-v0.9.40#98f2e345)
[INFO] [stderr]    Compiling proc-macro-crate v1.1.3
[INFO] [stderr]     Checking tracing-log v0.1.3
[INFO] [stderr]    Compiling secp256k1-sys v0.6.1
[INFO] [stderr]     Checking crypto-mac v0.8.0
[INFO] [stderr]     Checking crypto-mac v0.11.1
[INFO] [stderr]    Compiling parity-scale-codec-derive v3.1.4
[INFO] [stderr]    Compiling scale-info-derive v2.4.0
[INFO] [stderr]     Checking thread_local v1.1.7
[INFO] [stderr]     Checking hash-db v0.16.0
[INFO] [stderr]     Checking sha2 v0.8.2
[INFO] [stderr]     Checking tracing-subscriber v0.2.25
[INFO] [stderr]     Checking addr2line v0.17.0
[INFO] [stderr]    Compiling ss58-registry v1.39.0
[INFO] [stderr]     Checking hmac v0.8.1
[INFO] [stderr]     Checking wasmtime-jit-debug v6.0.1
[INFO] [stderr]     Checking wasmtime-types v6.0.1
[INFO] [stderr]    Compiling libsecp256k1 v0.7.1
[INFO] [stderr]     Checking wasmi v0.13.2
[INFO] [stderr]     Checking wasmtime-environ v6.0.1
[INFO] [stderr]     Checking fixed-hash v0.8.0
[INFO] [stderr]     Checking curve25519-dalek v2.1.3
[INFO] [stderr]     Checking merlin v2.0.1
[INFO] [stderr]     Checking environmental v1.1.4
[INFO] [stderr]     Checking hmac-drbg v0.3.0
[INFO] [stderr]     Checking hmac v0.11.0
[INFO] [stderr]     Checking pbkdf2 v0.8.0
[INFO] [stderr]    Compiling sp-runtime-interface-proc-macro v6.0.0 (https://github.com/paritytech/substrate.git?branch=polkadot-v0.9.40#98f2e345)
[INFO] [stderr]    Compiling dyn-clonable-impl v0.9.0
[INFO] [stderr]     Checking schnorrkel v0.9.1
[INFO] [stderr]     Checking parity-scale-codec v3.4.0
[INFO] [stderr]     Checking num-format v0.4.4
[INFO] [stderr]     Checking twox-hash v1.6.3
[INFO] [stderr]     Checking pbkdf2 v0.11.0
[INFO] [stderr]     Checking dyn-clone v1.0.11
[INFO] [stderr]     Checking sp-core-hashing v5.0.0 (https://github.com/paritytech/substrate.git?branch=polkadot-v0.9.40#98f2e345)
[INFO] [stderr]     Checking dyn-clonable v0.9.0
[INFO] [stderr]     Checking tiny-bip39 v1.0.0
[INFO] [stderr]     Checking substrate-bip39 v0.4.4
[INFO] [stderr]     Checking ed25519-zebra v3.1.0
[INFO] [stderr]     Checking scale-info v2.4.0
[INFO] [stderr]     Checking impl-codec v0.6.0
[INFO] [stderr]     Checking sp-storage v7.0.0 (https://github.com/paritytech/substrate.git?branch=polkadot-v0.9.40#98f2e345)
[INFO] [stderr]     Checking sp-tracing v6.0.0 (https://github.com/paritytech/substrate.git?branch=polkadot-v0.9.40#98f2e345)
[INFO] [stderr]     Checking secrecy v0.8.0
[INFO] [stderr]     Checking array-bytes v4.2.0
[INFO] [stderr]    Compiling ahash v0.8.3
[INFO] [stderr]     Checking sp-externalities v0.13.0 (https://github.com/paritytech/substrate.git?branch=polkadot-v0.9.40#98f2e345)
[INFO] [stderr]    Compiling backtrace v0.3.67
[INFO] [stderr]     Checking miniz_oxide v0.6.2
[INFO] [stderr]     Checking primitive-types v0.12.1
[INFO] [stderr]     Checking bounded-collections v0.1.5
[INFO] [stderr]     Checking memory-db v0.32.0
[INFO] [stderr]     Checking hashbrown v0.13.2
[INFO] [stderr]     Checking trie-root v0.18.0
[INFO] [stderr]     Checking integer-sqrt v0.1.5
[INFO] [stderr]     Checking sp-arithmetic v6.0.0 (https://github.com/paritytech/substrate.git?branch=polkadot-v0.9.40#98f2e345)
[INFO] [stderr]     Checking sp-panic-handler v5.0.0 (https://github.com/paritytech/substrate.git?branch=polkadot-v0.9.40#98f2e345)
[INFO] [stderr]     Checking schnellru v0.2.1
[INFO] [stderr]     Checking trie-db v0.27.1
[INFO] [stderr]     Checking const-oid v0.9.2
[INFO] [stderr]     Checking base64ct v1.6.0
[INFO] [stderr]     Checking der v0.6.1
[INFO] [stderr]     Checking base16ct v0.1.1
[INFO] [stderr]    Compiling expander v1.0.0
[INFO] [stderr]     Checking spki v0.6.0
[INFO] [stderr]     Checking pkcs8 v0.9.0
[INFO] [stderr]     Checking sec1 v0.3.0
[INFO] [stderr]    Compiling io-lifetimes v1.0.9
[INFO] [stderr]    Compiling linux-raw-sys v0.1.4
[INFO] [stderr]    Compiling fs-err v2.9.0
[INFO] [stderr]    Compiling fastrand v1.9.0
[INFO] [stderr]    Compiling log v0.4.17
[INFO] [stderr]    Compiling tokio v1.26.0
[INFO] [stderr]    Compiling tokio-macros v1.8.2
[INFO] [stderr]    Compiling sp-core-hashing-proc-macro v5.0.0 (https://github.com/paritytech/substrate.git?branch=polkadot-v0.9.40#98f2e345)
[INFO] [stderr]    Compiling sp-api-proc-macro v4.0.0-dev (https://github.com/paritytech/substrate.git?branch=polkadot-v0.9.40#98f2e345)
[INFO] [stderr]    Compiling sp-version-proc-macro v4.0.0-dev (https://github.com/paritytech/substrate.git?branch=polkadot-v0.9.40#98f2e345)
[INFO] [stderr]     Checking mio v0.8.6
[INFO] [stderr]     Checking signal-hook-registry v1.4.1
[INFO] [stderr]     Checking socket2 v0.4.9
[INFO] [stderr] error: could not compile `libsecp256k1` (lib)
[INFO] [stderr] 
[INFO] [stderr] Caused by:
[INFO] [stderr]   process didn't exit successfully: `/opt/rustwide/rustup-home/toolchains/1.75.0-x86_64-unknown-linux-gnu/bin/rustc --crate-name libsecp256k1 --edition=2018 /opt/rustwide/cargo-home/registry/src/index.crates.io-6f17d22bba15001f/libsecp256k1-0.7.1/src/lib.rs --error-format=json --json=diagnostic-rendered-ansi,artifacts,future-incompat --crate-type lib --emit=dep-info,metadata -C embed-bitcode=no -C debuginfo=2 --cfg 'feature="default"' --cfg 'feature="hmac"' --cfg 'feature="hmac-drbg"' --cfg 'feature="sha2"' --cfg 'feature="static-context"' --cfg 'feature="std"' --cfg 'feature="typenum"' -C metadata=ec8c3f24b0602dd6 -C extra-filename=-ec8c3f24b0602dd6 --out-dir /opt/rustwide/target/debug/deps -L dependency=/opt/rustwide/target/debug/deps --extern arrayref=/opt/rustwide/target/debug/deps/libarrayref-6b787c8d3386d75e.rmeta --extern base64=/opt/rustwide/target/debug/deps/libbase64-2fb7e36d56cddb97.rmeta --extern digest=/opt/rustwide/target/debug/deps/libdigest-74680a0121fc1edb.rmeta --extern hmac_drbg=/opt/rustwide/target/debug/deps/libhmac_drbg-9646c8479dd59637.rmeta --extern libsecp256k1_core=/opt/rustwide/target/debug/deps/liblibsecp256k1_core-537ae70d0830e731.rmeta --extern rand=/opt/rustwide/target/debug/deps/librand-45e19aa7fb1fcb66.rmeta --extern serde=/opt/rustwide/target/debug/deps/libserde-ec467ed0f5da3fb3.rmeta --extern sha2=/opt/rustwide/target/debug/deps/libsha2-56107414d6f82d13.rmeta --extern typenum=/opt/rustwide/target/debug/deps/libtypenum-2dd4cae8f17fd22b.rmeta --cap-lints allow --cap-lints=warn` (signal: 9, SIGKILL: kill)
[INFO] [stderr] warning: build failed, waiting for other jobs to finish...
[INFO] running `Command { std: "docker" "inspect" "7544378a640a53dd9421189f612421f48e35c122cd1af6b7d05ee7823061138a", kill_on_drop: false }`
[INFO] running `Command { std: "docker" "rm" "-f" "7544378a640a53dd9421189f612421f48e35c122cd1af6b7d05ee7823061138a", kill_on_drop: false }`
[INFO] [stdout] 7544378a640a53dd9421189f612421f48e35c122cd1af6b7d05ee7823061138a
[INFO] documenting afei-h/adv-kitties against beta-2023-12-22 for beta-1.76-rustdoc-1
[INFO] running `Command { std: "git" "clone" "/workspace/cache/git-repos/https%3A%2F%2Fgithub.com%2Fafei-h%2Fadv-kitties" "/workspace/builds/worker-0-tc2/source", kill_on_drop: false }`
[INFO] [stderr] Cloning into '/workspace/builds/worker-0-tc2/source'...
[INFO] [stderr] done.
[INFO] validating manifest of git repo https://github.com/afei-h/adv-kitties on toolchain beta-2023-12-22
[INFO] running `Command { std: CARGO_HOME="/workspace/cargo-home" RUSTUP_HOME="/workspace/rustup-home" "/workspace/cargo-home/bin/cargo" "+beta-2023-12-22" "metadata" "--manifest-path" "Cargo.toml" "--no-deps", kill_on_drop: false }`
[INFO] started tweaking git repo https://github.com/afei-h/adv-kitties
[INFO] finished tweaking git repo https://github.com/afei-h/adv-kitties
[INFO] tweaked toml for git repo https://github.com/afei-h/adv-kitties written to /workspace/builds/worker-0-tc2/source/Cargo.toml
[INFO] crate git repo https://github.com/afei-h/adv-kitties already has a lockfile, it will not be regenerated
[INFO] running `Command { std: CARGO_HOME="/workspace/cargo-home" RUSTUP_HOME="/workspace/rustup-home" "/workspace/cargo-home/bin/cargo" "+beta-2023-12-22" "fetch" "--manifest-path" "Cargo.toml", kill_on_drop: false }`
[INFO] [stderr] warning: virtual workspace defaulting to `resolver = "1"` despite one or more workspace members being on edition 2021 which implies `resolver = "2"`
[INFO] [stderr] note: to keep the current resolver, specify `workspace.resolver = "1"` in the workspace root's manifest
[INFO] [stderr] note: to use the edition 2021 resolver, specify `workspace.resolver = "2"` in the workspace root's manifest
[INFO] [stderr] note: for more details see https://doc.rust-lang.org/cargo/reference/resolver.html#resolver-versions
[INFO] running `Command { std: "docker" "create" "-v" "/var/lib/crater-agent-workspace/builds/worker-0-tc2/target:/opt/rustwide/target:rw,Z" "-v" "/var/lib/crater-agent-workspace/builds/worker-0-tc2/source:/opt/rustwide/workdir:ro,Z" "-v" "/var/lib/crater-agent-workspace/cargo-home:/opt/rustwide/cargo-home:ro,Z" "-v" "/var/lib/crater-agent-workspace/rustup-home:/opt/rustwide/rustup-home:ro,Z" "-e" "SOURCE_DIR=/opt/rustwide/workdir" "-e" "CARGO_TARGET_DIR=/opt/rustwide/target" "-e" "CARGO_HOME=/opt/rustwide/cargo-home" "-e" "RUSTUP_HOME=/opt/rustwide/rustup-home" "-w" "/opt/rustwide/workdir" "-m" "1610612736" "--user" "0:0" "--network" "none" "ghcr.io/rust-lang/crates-build-env/linux@sha256:2788e3201cd34a07e3172128adcd8b3090168a8e3bcc40d7c032b9dda1df7d1c" "/opt/rustwide/cargo-home/bin/cargo" "+beta-2023-12-22" "metadata" "--no-deps" "--format-version=1", kill_on_drop: false }`
[INFO] [stdout] e1e9030fafab47d835c50b13fa8cb4ee56c2bd0f423f18ac0236f58e4f7e7704
[INFO] running `Command { std: "docker" "start" "-a" "e1e9030fafab47d835c50b13fa8cb4ee56c2bd0f423f18ac0236f58e4f7e7704", kill_on_drop: false }`
[INFO] running `Command { std: "docker" "inspect" "e1e9030fafab47d835c50b13fa8cb4ee56c2bd0f423f18ac0236f58e4f7e7704", kill_on_drop: false }`
[INFO] running `Command { std: "docker" "rm" "-f" "e1e9030fafab47d835c50b13fa8cb4ee56c2bd0f423f18ac0236f58e4f7e7704", kill_on_drop: false }`
[INFO] [stdout] e1e9030fafab47d835c50b13fa8cb4ee56c2bd0f423f18ac0236f58e4f7e7704
[INFO] running `Command { std: "docker" "create" "-v" "/var/lib/crater-agent-workspace/builds/worker-0-tc2/target:/opt/rustwide/target:rw,Z" "-v" "/var/lib/crater-agent-workspace/builds/worker-0-tc2/source:/opt/rustwide/workdir:ro,Z" "-v" "/var/lib/crater-agent-workspace/cargo-home:/opt/rustwide/cargo-home:ro,Z" "-v" "/var/lib/crater-agent-workspace/rustup-home:/opt/rustwide/rustup-home:ro,Z" "-e" "SOURCE_DIR=/opt/rustwide/workdir" "-e" "CARGO_TARGET_DIR=/opt/rustwide/target" "-e" "CARGO_INCREMENTAL=0" "-e" "RUST_BACKTRACE=full" "-e" "RUSTFLAGS=--cap-lints=warn" "-e" "RUSTDOCFLAGS=--cap-lints=warn" "-e" "CARGO_HOME=/opt/rustwide/cargo-home" "-e" "RUSTUP_HOME=/opt/rustwide/rustup-home" "-w" "/opt/rustwide/workdir" "-m" "1610612736" "--user" "0:0" "--network" "none" "ghcr.io/rust-lang/crates-build-env/linux@sha256:2788e3201cd34a07e3172128adcd8b3090168a8e3bcc40d7c032b9dda1df7d1c" "/opt/rustwide/cargo-home/bin/cargo" "+beta-2023-12-22" "doc" "--frozen" "--no-deps" "--document-private-items" "--message-format=json", kill_on_drop: false }`
[INFO] [stdout] 789cace79b986dd6650f4137da60b24161afa51daf5175d30a7cf0a302381711
[INFO] running `Command { std: "docker" "start" "-a" "789cace79b986dd6650f4137da60b24161afa51daf5175d30a7cf0a302381711", kill_on_drop: false }`
[INFO] [stderr] warning: virtual workspace defaulting to `resolver = "1"` despite one or more workspace members being on edition 2021 which implies `resolver = "2"`
[INFO] [stderr] note: to keep the current resolver, specify `workspace.resolver = "1"` in the workspace root's manifest
[INFO] [stderr] note: to use the edition 2021 resolver, specify `workspace.resolver = "2"` in the workspace root's manifest
[INFO] [stderr] note: for more details see https://doc.rust-lang.org/cargo/reference/resolver.html#resolver-versions
[INFO] [stderr]    Compiling proc-macro2 v1.0.53
[INFO] [stderr]    Compiling syn v1.0.109
[INFO] [stderr]    Compiling libc v0.2.140
[INFO] [stderr]    Compiling serde v1.0.158
[INFO] [stderr]    Compiling typenum v1.16.0
[INFO] [stderr]    Compiling generic-array v0.14.6
[INFO] [stderr]     Checking getrandom v0.2.8
[INFO] [stderr]     Checking once_cell v1.17.1
[INFO] [stderr]    Compiling anyhow v1.0.70
[INFO] [stderr]    Compiling ahash v0.7.6
[INFO] [stderr]     Checking smallvec v1.10.0
[INFO] [stderr]     Checking bytes v1.4.0
[INFO] [stderr]    Compiling indexmap v1.9.2
[INFO] [stderr]    Compiling futures-core v0.3.27
[INFO] [stderr]    Compiling aho-corasick v0.7.20
[INFO] [stderr]    Compiling regex-syntax v0.6.29
[INFO] [stderr]     Checking futures-sink v0.3.27
[INFO] [stderr]     Checking rand_core v0.6.4
[INFO] [stderr]     Checking num_cpus v1.15.0
[INFO] [stderr]    Compiling quote v1.0.26
[INFO] [stderr]     Checking futures-io v0.3.27
[INFO] [stderr]    Compiling rustix v0.36.11
[INFO] [stderr]    Compiling lock_api v0.4.9
[INFO] [stderr]    Compiling syn v2.0.8
[INFO] [stderr]    Compiling slab v0.4.8
[INFO] [stderr]    Compiling jobserver v0.1.26
[INFO] [stderr]    Compiling futures-task v0.3.27
[INFO] [stderr]    Compiling futures-channel v0.3.27
[INFO] [stderr]    Compiling cc v1.0.79
[INFO] [stderr]    Compiling futures-util v0.3.27
[INFO] [stderr]    Compiling parking_lot_core v0.9.7
[INFO] [stderr]     Checking cpufeatures v0.2.5
[INFO] [stderr]     Checking ppv-lite86 v0.2.17
[INFO] [stderr]     Checking tinyvec_macros v0.1.1
[INFO] [stderr]     Checking crypto-common v0.1.6
[INFO] [stderr]     Checking block-buffer v0.10.4
[INFO] [stderr]     Checking tinyvec v1.6.0
[INFO] [stderr]     Checking digest v0.10.6
[INFO] [stderr]    Compiling regex v1.7.2
[INFO] [stderr]     Checking rand_chacha v0.3.1
[INFO] [stderr]     Checking parking_lot v0.12.1
[INFO] [stderr]     Checking rand v0.8.5
[INFO] [stderr]     Checking digest v0.9.0
[INFO] [stderr]     Checking unicode-bidi v0.3.13
[INFO] [stderr]     Checking unicode-normalization v0.1.22
[INFO] [stderr]     Checking hashbrown v0.12.3
[INFO] [stderr]    Compiling getrandom v0.1.16
[INFO] [stderr]     Checking sha2 v0.10.6
[INFO] [stderr]     Checking block-buffer v0.9.0
[INFO] [stderr]     Checking idna v0.3.0
[INFO] [stderr]     Checking tracing-core v0.1.30
[INFO] [stderr]     Checking rand_core v0.5.1
[INFO] [stderr]     Checking either v1.8.1
[INFO] [stderr]     Checking arrayref v0.3.7
[INFO] [stderr]    Compiling num-traits v0.2.15
[INFO] [stderr]     Checking keccak v0.1.3
[INFO] [stderr]     Checking url v2.3.1
[INFO] [stderr]     Checking constant_time_eq v0.2.5
[INFO] [stderr]     Checking rand_chacha v0.2.2
[INFO] [stderr]     Checking sha3 v0.10.6
[INFO] [stderr]     Checking blake2b_simd v1.0.1
[INFO] [stderr]     Checking sha2 v0.9.9
[INFO] [stderr]    Compiling serde_json v1.0.94
[INFO] [stderr]    Compiling paste v1.0.12
[INFO] [stderr]     Checking rand v0.7.3
[INFO] [stderr]    Compiling zstd-sys v2.0.7+zstd.1.5.4
[INFO] [stderr]     Checking byte-slice-cast v1.2.2
[INFO] [stderr]    Compiling crossbeam-utils v0.8.15
[INFO] [stderr]     Checking errno v0.2.8
[INFO] [stderr]    Compiling synstructure v0.12.6
[INFO] [stderr]     Checking base64 v0.13.1
[INFO] [stderr]    Compiling target-lexicon v0.12.6
[INFO] [stderr]     Checking stable_deref_trait v1.2.0
[INFO] [stderr]     Checking num-integer v0.1.45
[INFO] [stderr]    Compiling cranelift-isle v0.93.1
[INFO] [stderr]    Compiling cranelift-codegen-shared v0.93.1
[INFO] [stderr]     Checking signature v1.6.4
[INFO] [stderr]    Compiling cranelift-codegen-meta v0.93.1
[INFO] [stderr]     Checking sp-std v5.0.0 (https://github.com/paritytech/substrate.git?branch=polkadot-v0.9.40#98f2e345)
[INFO] [stderr]    Compiling memoffset v0.8.0
[INFO] [stderr]    Compiling serde_derive v1.0.158
[INFO] [stderr]    Compiling thiserror-impl v1.0.40
[INFO] [stderr]    Compiling num-bigint v0.4.3
[INFO] [stderr]    Compiling parking_lot_core v0.8.6
[INFO] [stderr]     Checking regalloc2 v0.5.1
[INFO] [stderr]    Compiling num-rational v0.4.1
[INFO] [stderr]    Compiling crossbeam-epoch v0.9.14
[INFO] [stderr]    Compiling itoa v1.0.6
[INFO] [stderr]    Compiling ryu v1.0.13
[INFO] [stderr]     Checking bumpalo v3.12.0
[INFO] [stderr]     Checking is-terminal v0.4.5
[INFO] [stderr]     Checking ed25519 v1.5.3
[INFO] [stderr]    Compiling thiserror v1.0.40
[INFO] [stderr]     Checking itertools v0.10.5
[INFO] [stderr]    Compiling Inflector v0.11.4
[INFO] [stderr]    Compiling futures-macro v0.3.27
[INFO] [stderr]    Compiling zeroize_derive v1.3.3
[INFO] [stderr]    Compiling tracing-attributes v0.1.23
[INFO] [stderr]    Compiling impl-trait-for-tuples v0.2.2
[INFO] [stderr]    Compiling derive_more v0.99.17
[INFO] [stderr]     Checking zeroize v1.5.7
[INFO] [stderr]     Checking curve25519-dalek v3.2.0
[INFO] [stderr]     Checking parking_lot v0.11.2
[INFO] [stderr]    Compiling cranelift-codegen v0.93.1
[INFO] [stderr]     Checking uint v0.9.5
[INFO] [stderr]    Compiling wasmtime-runtime v6.0.1
[INFO] [stderr]     Checking tracing v0.1.37
[INFO] [stderr]     Checking blake2 v0.10.6
[INFO] [stderr]     Checking generic-array v0.12.4
[INFO] [stderr]    Compiling rayon-core v1.11.0
[INFO] [stderr]    Compiling libm v0.2.6
[INFO] [stderr]     Checking env_logger v0.10.0
[INFO] [stderr]    Compiling libsecp256k1-core v0.3.0
[INFO] [stderr]     Checking crossbeam-deque v0.8.3
[INFO] [stderr]     Checking memfd v0.6.2
[INFO] [stderr]     Checking crossbeam-channel v0.5.7
[INFO] [stderr]    Compiling psm v0.1.21
[INFO] [stderr]     Checking time v0.1.45
[INFO] [stderr]     Checking dirs-sys-next v0.1.2
[INFO] [stderr]     Checking wasmtime-asm-macros v6.0.1
[INFO] [stderr]    Compiling ref-cast v1.0.16
[INFO] [stderr]    Compiling wasmtime-cache v6.0.1
[INFO] [stderr]     Checking iana-time-zone v0.1.54
[INFO] [stderr]     Checking parity-wasm v0.45.0
[INFO] [stderr]     Checking chrono v0.4.24
[INFO] [stderr]     Checking futures-executor v0.3.27
[INFO] [stderr]     Checking cranelift-entity v0.93.1
[INFO] [stderr]     Checking futures v0.3.27
[INFO] [stderr]     Checking cranelift-bforest v0.93.1
[INFO] [stderr]     Checking gimli v0.26.2
[INFO] [stderr]     Checking wasmparser v0.100.0
[INFO] [stderr]     Checking object v0.29.0
[INFO] [stderr]    Compiling toml v0.5.11
[INFO] [stderr]     Checking ed25519-dalek v1.0.1
[INFO] [stderr]     Checking bincode v1.3.3
[INFO] [stderr]    Compiling proc-macro-crate v1.1.3
[INFO] [stderr]     Checking impl-serde v0.4.0
[INFO] [stderr]     Checking directories-next v2.0.0
[INFO] [stderr]     Checking file-per-thread-logger v0.1.6
[INFO] [stderr]     Checking digest v0.8.1
[INFO] [stderr]    Compiling ref-cast-impl v1.0.16
[INFO] [stderr]    Compiling parity-scale-codec-derive v3.1.4
[INFO] [stderr]    Compiling scale-info-derive v2.4.0
[INFO] [stderr]     Checking region v3.0.0
[INFO] [stderr]     Checking addr2line v0.17.0
[INFO] [stderr]     Checking hmac v0.12.1
[INFO] [stderr]     Checking wasmtime-jit-icache-coherence v6.0.1
[INFO] [stderr]    Compiling wasmtime v6.0.1
[INFO] [stderr]     Checking memory_units v0.4.0
[INFO] [stderr]     Checking wasmtime-types v6.0.1
[INFO] [stderr]    Compiling async-trait v0.1.67
[INFO] [stderr]     Checking wasmi_core v0.2.1
[INFO] [stderr]     Checking matchers v0.0.1
[INFO] [stderr]     Checking rayon v1.7.0
[INFO] [stderr]     Checking wasmi-validation v0.5.0
[INFO] [stderr]     Checking tracing-serde v0.1.3
[INFO] [stderr]     Checking block-buffer v0.7.3
[INFO] [stderr]    Compiling libsecp256k1-gen-ecmult v0.3.0
[INFO] [stderr]    Compiling libsecp256k1-gen-genmult v0.3.0
[INFO] [stderr]    Compiling sp-debug-derive v5.0.0 (https://github.com/paritytech/substrate.git?branch=polkadot-v0.9.40#98f2e345)
[INFO] [stderr]     Checking tracing-log v0.1.3
[INFO] [stderr]    Compiling secp256k1-sys v0.6.1
[INFO] [stderr]     Checking crypto-mac v0.8.0
[INFO] [stderr]     Checking crypto-mac v0.11.1
[INFO] [stderr]     Checking thread_local v1.1.7
[INFO] [stderr]     Checking wasmtime-environ v6.0.1
[INFO] [stderr]     Checking wasmtime-jit-debug v6.0.1
[INFO] [stderr]     Checking hash-db v0.16.0
[INFO] [stderr]     Checking sha2 v0.8.2
[INFO] [stderr]     Checking tracing-subscriber v0.2.25
[INFO] [stderr]     Checking hmac v0.8.1
[INFO] [stderr]     Checking wasmi v0.13.2
[INFO] [stderr]    Compiling libsecp256k1 v0.7.1
[INFO] [stderr]     Checking fixed-hash v0.8.0
[INFO] [stderr]     Checking curve25519-dalek v2.1.3
[INFO] [stderr]     Checking parity-scale-codec v3.4.0
[INFO] [stderr]    Compiling ss58-registry v1.39.0
[INFO] [stderr]     Checking merlin v2.0.1
[INFO] [stderr]     Checking environmental v1.1.4
[INFO] [stderr]     Checking schnorrkel v0.9.1
[INFO] [stderr]     Checking hmac-drbg v0.3.0
[INFO] [stderr]     Checking scale-info v2.4.0
[INFO] [stderr]     Checking impl-codec v0.6.0
[INFO] [stderr]     Checking sp-storage v7.0.0 (https://github.com/paritytech/substrate.git?branch=polkadot-v0.9.40#98f2e345)
[INFO] [stderr]     Checking wasmtime-jit v6.0.1
[INFO] [stderr]     Checking sp-externalities v0.13.0 (https://github.com/paritytech/substrate.git?branch=polkadot-v0.9.40#98f2e345)
[INFO] [stderr]     Checking sp-tracing v6.0.0 (https://github.com/paritytech/substrate.git?branch=polkadot-v0.9.40#98f2e345)
[INFO] [stderr]     Checking pbkdf2 v0.8.0
[INFO] [stderr]     Checking hmac v0.11.0
[INFO] [stderr]    Compiling sp-runtime-interface-proc-macro v6.0.0 (https://github.com/paritytech/substrate.git?branch=polkadot-v0.9.40#98f2e345)
[INFO] [stderr]    Compiling dyn-clonable-impl v0.9.0
[INFO] [stderr]     Checking num-format v0.4.4
[INFO] [stderr]     Checking twox-hash v1.6.3
[INFO] [stderr]     Checking pbkdf2 v0.11.0
[INFO] [stderr]     Checking dyn-clone v1.0.11
[INFO] [stderr]     Checking tiny-bip39 v1.0.0
[INFO] [stderr]     Checking primitive-types v0.12.1
[INFO] [stderr]     Checking bounded-collections v0.1.5
[INFO] [stderr]     Checking sp-core-hashing v5.0.0 (https://github.com/paritytech/substrate.git?branch=polkadot-v0.9.40#98f2e345)
[INFO] [stderr]     Checking dyn-clonable v0.9.0
[INFO] [stderr]     Checking substrate-bip39 v0.4.4
[INFO] [stderr]     Checking ed25519-zebra v3.1.0
[INFO] [stderr]     Checking secrecy v0.8.0
[INFO] [stderr]     Checking array-bytes v4.2.0
[INFO] [stderr]    Compiling ahash v0.8.3
[INFO] [stderr]    Compiling backtrace v0.3.67
[INFO] [stderr]     Checking miniz_oxide v0.6.2
[INFO] [stderr]     Checking trie-root v0.18.0
[INFO] [stderr]     Checking hashbrown v0.13.2
[INFO] [stderr]     Checking memory-db v0.32.0
[INFO] [stderr]     Checking integer-sqrt v0.1.5
[INFO] [stderr]     Checking sp-arithmetic v6.0.0 (https://github.com/paritytech/substrate.git?branch=polkadot-v0.9.40#98f2e345)
[INFO] [stderr]     Checking sp-panic-handler v5.0.0 (https://github.com/paritytech/substrate.git?branch=polkadot-v0.9.40#98f2e345)
[INFO] [stderr]     Checking trie-db v0.27.1
[INFO] [stderr]     Checking schnellru v0.2.1
[INFO] [stderr]     Checking const-oid v0.9.2
[INFO] [stderr]     Checking der v0.6.1
[INFO] [stderr]     Checking base64ct v1.6.0
[INFO] [stderr]     Checking base16ct v0.1.1
[INFO] [stderr]     Checking spki v0.6.0
[INFO] [stderr]     Checking pkcs8 v0.9.0
[INFO] [stderr]    Compiling expander v1.0.0
[INFO] [stderr]     Checking sec1 v0.3.0
[INFO] [stderr]    Compiling io-lifetimes v1.0.9
[INFO] [stderr]    Compiling fs-err v2.9.0
[INFO] [stderr]    Compiling linux-raw-sys v0.1.4
[INFO] [stderr]    Compiling fastrand v1.9.0
[INFO] [stderr]    Compiling sp-core-hashing-proc-macro v5.0.0 (https://github.com/paritytech/substrate.git?branch=polkadot-v0.9.40#98f2e345)
[INFO] [stderr]    Compiling log v0.4.17
[INFO] [stderr]    Compiling sp-api-proc-macro v4.0.0-dev (https://github.com/paritytech/substrate.git?branch=polkadot-v0.9.40#98f2e345)
[INFO] [stderr]    Compiling tokio v1.26.0
[INFO] [stderr]    Compiling tokio-macros v1.8.2
[INFO] [stderr]    Compiling sp-version-proc-macro v4.0.0-dev (https://github.com/paritytech/substrate.git?branch=polkadot-v0.9.40#98f2e345)
[INFO] [stderr]     Checking mio v0.8.6
[INFO] [stderr]     Checking signal-hook-registry v1.4.1
[INFO] [stderr]     Checking socket2 v0.4.9
[INFO] [stderr]    Compiling prost-derive v0.11.8
[INFO] [stderr]    Compiling prettyplease v0.1.25
[INFO] [stderr]    Compiling which v4.4.0
[INFO] [stderr]    Compiling proc-macro-error-attr v1.0.4
[INFO] [stderr]    Compiling proc-macro-error v1.0.4
[INFO] [stderr]     Checking cranelift-frontend v0.93.1
[INFO] [stderr]     Checking cranelift-native v0.93.1
[INFO] [stderr]    Compiling tempfile v3.4.0
[INFO] [stderr]     Checking cranelift-wasm v0.93.1
[INFO] [stderr]     Checking http v0.2.9
[INFO] [stderr]    Compiling petgraph v0.6.3
[INFO] [stderr]     Checking asynchronous-codec v0.6.1
[INFO] [stderr]     Checking data-encoding v2.3.3
[INFO] [stderr]     Checking unsigned-varint v0.7.1
[INFO] [stderr]    Compiling blake3 v1.3.3
[INFO] [stderr]     Checking wasmtime-cranelift v6.0.1
[INFO] [stderr]    Compiling pin-project-internal v1.0.12
[INFO] [stderr]    Compiling prost v0.11.8
[INFO] [stderr]    Compiling prost-types v0.11.8
[INFO] [stderr]    Compiling multihash-derive v0.8.1
[INFO] [stderr]     Checking blake2s_simd v1.0.1
[INFO] [stderr]    Compiling data-encoding-macro-internal v0.1.10
[INFO] [stderr]    Compiling ring v0.16.20
[INFO] [stderr]    Compiling semver v1.0.17
[INFO] [stderr]     Checking http-body v0.4.5
[INFO] [stderr]     Checking tokio-util v0.7.7
[INFO] [stderr]     Checking try-lock v0.2.4
[INFO] [stderr]     Checking want v0.3.0
[INFO] [stderr]     Checking data-encoding-macro v0.1.12
[INFO] [stderr]     Checking multibase v0.9.1
[INFO] [stderr]     Checking lru v0.8.1
[INFO] [stderr]    Compiling prost-build v0.11.8
[INFO] [stderr]     Checking pin-project v1.0.12
[INFO] [stderr]    Compiling libz-sys v1.1.8
[INFO] [stderr]     Checking h2 v0.3.16
[INFO] [stderr]     Checking multistream-select v0.12.1
[INFO] [stderr]     Checking rw-stream-sink v0.3.0
[INFO] [stderr]    Compiling prometheus v0.13.3
[INFO] [stderr]    Compiling wasm-bindgen-shared v0.2.84
[INFO] [stderr]     Checking sha-1 v0.9.8
[INFO] [stderr]     Checking flate2 v1.0.25
[INFO] [stderr]     Checking kvdb v0.13.0
[INFO] [stderr]     Checking netlink-packet-utils v0.5.2
[INFO] [stderr]     Checking concurrent-queue v2.1.0
[INFO] [stderr]     Checking soketto v0.7.1
[INFO] [stderr]     Checking universal-hash v0.4.1
[INFO] [stderr]     Checking cipher v0.3.0
[INFO] [stderr]     Checking event-listener v2.5.3
[INFO] [stderr]    Compiling platforms v3.0.2
[INFO] [stderr]     Checking async-channel v1.8.0
[INFO] [stderr]    Compiling wasm-bindgen-backend v0.2.84
[INFO] [stderr]     Checking netlink-packet-core v0.4.2
[INFO] [stderr]    Compiling libp2p-swarm-derive v0.31.0
[INFO] [stderr]     Checking wasm-instrument v0.3.0
[INFO] [stderr]     Checking ipnet v2.7.1
[INFO] [stderr]    Compiling libp2p-core v0.38.0
[INFO] [stderr]    Compiling rustls v0.20.8
[INFO] [stderr]     Checking sc-utils v4.0.0-dev (https://github.com/paritytech/substrate.git?branch=polkadot-v0.9.40#98f2e345)
[INFO] [stderr]     Checking sp-database v4.0.0-dev (https://github.com/paritytech/substrate.git?branch=polkadot-v0.9.40#98f2e345)
[INFO] [stderr]     Checking netlink-sys v0.8.5
[INFO] [stderr]    Compiling wasm-bindgen-macro-support v0.2.84
[INFO] [stderr]    Compiling wasm-bindgen v0.2.84
[INFO] [stderr]    Compiling sc-executor-wasmtime v0.10.0-dev (https://github.com/paritytech/substrate.git?branch=polkadot-v0.9.40#98f2e345)
[INFO] [stderr]     Checking matches v0.1.10
[INFO] [stderr]     Checking idna v0.2.3
[INFO] [stderr]     Checking netlink-proto v0.10.0
[INFO] [stderr]     Checking webpki v0.22.0
[INFO] [stderr]     Checking sct v0.7.0
[INFO] [stderr]    Compiling curve25519-dalek v4.0.0-rc.1
[INFO] [stderr]     Checking netlink-packet-route v0.12.0
[INFO] [stderr]     Checking polyval v0.5.3
[INFO] [stderr]    Compiling rustc_version v0.4.0
[INFO] [stderr]    Compiling enum-as-inner v0.5.1
[INFO] [stderr]     Checking nix v0.24.3
[INFO] [stderr]     Checking hyper v0.14.25
[INFO] [stderr]    Compiling wasm-bindgen-macro v0.2.84
[INFO] [stderr]     Checking aead v0.4.3
[INFO] [stderr]     Checking hostname v0.3.1
[INFO] [stderr]    Compiling snow v0.9.2
[INFO] [stderr]     Checking trust-dns-proto v0.22.0
[INFO] [stderr]     Checking ghash v0.4.4
[INFO] [stderr]     Checking chacha20 v0.8.2
[INFO] [stderr]     Checking aes v0.7.5
[INFO] [stderr]     Checking ctr v0.8.0
[INFO] [stderr]     Checking poly1305 v0.7.2
[INFO] [stderr]     Checking resolv-conf v0.7.0
[INFO] [stderr]     Checking aes-gcm v0.9.4
[INFO] [stderr]     Checking rtnetlink v0.10.1
[INFO] [stderr]     Checking js-sys v0.3.61
[INFO] [stderr]     Checking chacha20poly1305 v0.9.1
[INFO] [stderr]    Compiling libp2p-noise v0.41.0
[INFO] [stderr]    Compiling libp2p-kad v0.42.1
[INFO] [stderr]    Compiling libp2p-identify v0.41.1
[INFO] [stderr]     Checking if-watch v3.0.0
[INFO] [stderr]     Checking quicksink v0.1.2
[INFO] [stderr]     Checking futures-rustls v0.22.2
[INFO] [stderr]     Checking webpki-roots v0.22.6
[INFO] [stderr]     Checking prost-codec v0.3.0
[INFO] [stderr]     Checking yamux v0.10.2
[INFO] [stderr]     Checking x25519-dalek v1.1.1
[INFO] [stderr]     Checking crypto-bigint v0.4.9
[INFO] [stderr]     Checking ff v0.12.1
[INFO] [stderr]    Compiling frame-support-procedural-tools-derive v3.0.0 (https://github.com/paritytech/substrate.git?branch=polkadot-v0.9.40#98f2e345)
[INFO] [stderr]     Checking trust-dns-resolver v0.22.0
[INFO] [stderr]     Checking group v0.12.1
[INFO] [stderr]     Checking wasm-timer v0.2.5
[INFO] [stderr]    Compiling derive-syn-parse v0.1.5
[INFO] [stderr]    Compiling cfg-expr v0.10.3
[INFO] [stderr]     Checking predicates-core v1.0.6
[INFO] [stderr]     Checking wasm-bindgen-futures v0.4.34
[INFO] [stderr]     Checking frame-metadata v15.0.0
[INFO] [stderr]     Checking elliptic-curve v0.12.3
[INFO] [stderr]     Checking substrate-prometheus-endpoint v0.10.0-dev (https://github.com/paritytech/substrate.git?branch=polkadot-v0.9.40#98f2e345)
[INFO] [stderr]     Checking rfc6979 v0.3.1
[INFO] [stderr]     Checking float-cmp v0.9.0
[INFO] [stderr]     Checking tt-call v1.0.9
[INFO] [stderr]    Compiling frame-support-procedural-tools v4.0.0-dev (https://github.com/paritytech/substrate.git?branch=polkadot-v0.9.40#98f2e345)
[INFO] [stderr]     Checking difflib v0.4.0
[INFO] [stderr]     Checking termtree v0.4.1
[INFO] [stderr]     Checking ecdsa v0.14.8
[INFO] [stderr]     Checking normalize-line-endings v0.3.0
[INFO] [stderr]     Checking finality-grandpa v0.16.2
[INFO] [stderr]    Compiling mockall_derive v0.11.3
[INFO] [stderr]     Checking fragile v2.0.0
[INFO] [stderr]     Checking predicates v2.1.5
[INFO] [stderr]     Checking predicates-tree v1.0.9
[INFO] [stderr]     Checking k256 v0.11.6
[INFO] [stderr]     Checking downcast v0.11.0
[INFO] [stderr]    Compiling glob v0.3.1
[INFO] [stderr]    Compiling rustversion v1.0.12
[INFO] [stderr]    Compiling scratch v1.0.5
[INFO] [stderr]    Compiling frame-support-procedural v4.0.0-dev (https://github.com/paritytech/substrate.git?branch=polkadot-v0.9.40#98f2e345)
[INFO] [stderr]     Checking beef v0.5.2
[INFO] [stderr]    Compiling link-cplusplus v1.0.8
[INFO] [stderr]    Compiling clang-sys v1.6.0
[INFO] [stderr]     Checking bstr v1.4.0
[INFO] [stderr]    Compiling termcolor v1.2.0
[INFO] [stderr]     Checking tower-layer v0.3.2
[INFO] [stderr]     Checking jsonrpsee-types v0.16.2
[INFO] [stderr]    Compiling codespan-reporting v0.11.1
[INFO] [stderr]     Checking globset v0.4.10
[INFO] [stderr]    Compiling cxxbridge-flags v1.0.93
[INFO] [stderr]    Compiling nom v7.1.3
[INFO] [stderr]    Compiling cxx-build v1.0.93
[INFO] [stderr]    Compiling cxx v1.0.93
[INFO] [stderr]     Checking jsonrpsee-core v0.16.2
[INFO] [stderr]     Checking tower v0.4.13
[INFO] [stderr]     Checking tokio-stream v0.1.12
[INFO] [stderr]    Compiling libloading v0.7.4
[INFO] [stderr]     Checking memmap2 v0.5.10
[INFO] [stderr]    Compiling strum_macros v0.24.3
[INFO] [stderr]    Compiling bindgen v0.64.0
[INFO] [stderr]     Checking jsonrpsee-server v0.16.2
[INFO] [stderr]    Compiling jsonrpsee-proc-macros v0.16.2
[INFO] [stderr]    Compiling cexpr v0.6.0
[INFO] [stderr]    Compiling tikv-jemalloc-sys v0.5.3+5.3.0-patched
[INFO] [stderr]     Checking mockall v0.11.3
[INFO] [stderr]    Compiling sc-chain-spec-derive v4.0.0-dev (https://github.com/paritytech/substrate.git?branch=polkadot-v0.9.40#98f2e345)
[INFO] [stderr]    Compiling cxxbridge-macro v1.0.93
[INFO] [stderr]     Checking jsonrpsee v0.16.2
[INFO] [stderr]    Compiling lz4-sys v1.9.4
[INFO] [stderr]    Compiling cfg_aliases v0.1.1
[INFO] [stderr]    Compiling snap v1.1.0
[INFO] [stderr]    Compiling wasm-opt-sys v0.111.0
[INFO] [stderr]    Compiling wasm-opt-cxx-sys v0.111.0
[INFO] [stderr]    Compiling io-lifetimes v0.7.5
[INFO] [stderr]    Compiling camino v1.1.4
[INFO] [stderr]     Checking http-range-header v0.3.0
[INFO] [stderr]     Checking base64 v0.21.0
[INFO] [stderr]    Compiling rustix v0.35.13
[INFO] [stderr]     Checking bytemuck v1.13.1
[INFO] [stderr]     Checking rustls-pemfile v1.0.2
[INFO] [stderr]     Checking tower-http v0.3.5
[INFO] [stderr]     Checking safe_arch v0.6.0
[INFO] [stderr]    Compiling static_init_macro v1.0.2
[INFO] [stderr]    Compiling strum v0.24.1
[INFO] [stderr]    Compiling cargo-platform v0.1.2
[INFO] [stderr]     Checking fs2 v0.4.3
[INFO] [stderr]     Checking siphasher v0.3.10
[INFO] [stderr]    Compiling ucd-trie v0.1.5
[INFO] [stderr]    Compiling pest v2.5.6
[INFO] [stderr]     Checking rustls-native-certs v0.6.2
[INFO] [stderr]    Compiling walkdir v2.3.3
[INFO] [stderr]    Compiling cargo_metadata v0.15.3
[INFO] [stderr]     Checking wide v0.7.8
[INFO] [stderr]     Checking sc-rpc-server v4.0.0-dev (https://github.com/paritytech/substrate.git?branch=polkadot-v0.9.40#98f2e345)
[INFO] [stderr]    Compiling static_init v1.0.3
[INFO] [stderr]     Checking tokio-rustls v0.23.4
[INFO] [stderr]    Compiling sc-network-sync v0.10.0-dev (https://github.com/paritytech/substrate.git?branch=polkadot-v0.9.40#98f2e345)
[INFO] [stderr]    Compiling sc-network-light v0.10.0-dev (https://github.com/paritytech/substrate.git?branch=polkadot-v0.9.40#98f2e345)
[INFO] [stderr]    Compiling sc-network-bitswap v0.10.0-dev (https://github.com/paritytech/substrate.git?branch=polkadot-v0.9.40#98f2e345)
[INFO] [stderr]     Checking kvdb-memorydb v0.13.0
[INFO] [stderr]    Compiling clap_derive v4.1.9
[INFO] [stderr]     Checking fork-tree v3.0.0 (https://github.com/paritytech/substrate.git?branch=polkadot-v0.9.40#98f2e345)
[INFO] [stderr]    Compiling sc-tracing-proc-macro v4.0.0-dev (https://github.com/paritytech/substrate.git?branch=polkadot-v0.9.40#98f2e345)
[INFO] [stderr]     Checking approx v0.5.1
[INFO] [stderr]     Checking num-complex v0.4.3
[INFO] [stderr]    Compiling filetime v0.2.20
[INFO] [stderr]    Compiling librocksdb-sys v0.8.3+7.4.4
[INFO] [stderr]     Checking atty v0.2.14
[INFO] [stderr]     Checking bitflags v2.0.2
[INFO] [stderr]    Compiling sc-sysinfo v6.0.0-dev (https://github.com/paritytech/substrate.git?branch=polkadot-v0.9.40#98f2e345)
[INFO] [stderr]     Checking simba v0.8.0
[INFO] [stderr]     Checking hyper-rustls v0.23.2
[INFO] [stderr]     Checking fs4 v0.6.3
[INFO] [stderr]    Compiling pest_meta v2.5.6
[INFO] [stderr]    Compiling nalgebra-macros v0.2.0
[INFO] [stderr]     Checking rand_pcg v0.3.1
[INFO] [stderr]     Checking threadpool v1.8.1
[INFO] [stderr]     Checking dirs-sys v0.3.7
[INFO] [stderr]     Checking clap v4.1.11
[INFO] [stderr]     Checking directories v4.0.1
[INFO] [stderr]    Compiling pest_generator v2.5.6
[INFO] [stderr]     Checking tracing-futures v0.2.5
[INFO] [stderr]     Checking exit-future v0.2.0
[INFO] [stderr]     Checking rtoolbox v0.0.1
[INFO] [stderr]    Compiling sc-consensus-slots v0.10.0-dev (https://github.com/paritytech/substrate.git?branch=polkadot-v0.9.40#98f2e345)
[INFO] [stderr]     Checking safe-mix v1.0.1
[INFO] [stderr]     Checking rpassword v7.2.0
[INFO] [stderr]    Compiling substrate-build-script-utils v3.0.0 (https://github.com/paritytech/substrate.git?branch=polkadot-v0.9.40#98f2e345)
[INFO] [stderr]     Checking names v0.13.0
[INFO] [stderr]     Checking fdlimit v0.2.1
[INFO] [stderr]    Compiling frame-benchmarking-cli v4.0.0-dev (https://github.com/paritytech/substrate.git?branch=polkadot-v0.9.40#98f2e345)
[INFO] [stderr]     Checking comfy-table v6.1.4
[INFO] [stderr]    Compiling node-template v4.0.0-dev (/opt/rustwide/workdir/node)
[INFO] [stderr]     Checking sc-proposer-metrics v0.10.0-dev (https://github.com/paritytech/substrate.git?branch=polkadot-v0.9.40#98f2e345)
[INFO] [stderr]     Checking gethostname v0.2.3
[INFO] [stderr]    Compiling pest_derive v2.5.6
[INFO] [stderr]     Checking handlebars v4.3.6
[INFO] [stderr]     Checking multihash v0.16.3
[INFO] [stderr]     Checking multiaddr v0.16.0
[INFO] [stderr]     Checking cid v0.8.6
[INFO] [stderr]     Checking secp256k1 v0.24.3
[INFO] [stderr]     Checking nalgebra v0.32.2
[INFO] [stderr]     Checking libp2p-swarm v0.41.1
[INFO] [stderr]     Checking libp2p-wasm-ext v0.38.0
[INFO] [stderr]     Checking libp2p-websocket v0.40.0
[INFO] [stderr]     Checking libp2p-ping v0.41.0
[INFO] [stderr]     Checking libp2p-mdns v0.42.0
[INFO] [stderr]     Checking libp2p-request-response v0.23.0
[INFO] [stderr]     Checking libp2p-yamux v0.42.0
[INFO] [stderr]     Checking libp2p-mplex v0.38.0
[INFO] [stderr]     Checking libp2p-tcp v0.38.0
[INFO] [stderr]     Checking libp2p-dns v0.38.0
[INFO] [stderr]     Checking libp2p v0.50.1
[INFO] [stderr]     Checking lz4 v1.24.0
[INFO] [stderr]     Checking sc-peerset v4.0.0-dev (https://github.com/paritytech/substrate.git?branch=polkadot-v0.9.40#98f2e345)
[INFO] [stderr]     Checking sc-telemetry v4.0.0-dev (https://github.com/paritytech/substrate.git?branch=polkadot-v0.9.40#98f2e345)
[INFO] [stderr]     Checking parity-db v0.4.6
[INFO] [stderr] error: could not compile `nalgebra` (lib)
[INFO] [stderr] 
[INFO] [stderr] Caused by:
[INFO] [stderr]   process didn't exit successfully: `/opt/rustwide/rustup-home/toolchains/beta-2023-12-22-x86_64-unknown-linux-gnu/bin/rustc --crate-name nalgebra --edition=2018 /opt/rustwide/cargo-home/registry/src/index.crates.io-6f17d22bba15001f/nalgebra-0.32.2/src/lib.rs --error-format=json --json=diagnostic-rendered-ansi,artifacts,future-incompat --crate-type lib --emit=dep-info,metadata -C embed-bitcode=no -C debuginfo=2 --cfg 'feature="default"' --cfg 'feature="macros"' --cfg 'feature="matrixmultiply"' --cfg 'feature="nalgebra-macros"' --cfg 'feature="std"' -C metadata=ab136072034b5e40 -C extra-filename=-ab136072034b5e40 --out-dir /opt/rustwide/target/debug/deps -L dependency=/opt/rustwide/target/debug/deps --extern approx=/opt/rustwide/target/debug/deps/libapprox-aec56b909954b62a.rmeta --extern matrixmultiply=/opt/rustwide/target/debug/deps/libmatrixmultiply-c843c481cb3f7124.rmeta --extern nalgebra_macros=/opt/rustwide/target/debug/deps/libnalgebra_macros-8ebdd5f4f619d017.so --extern num_complex=/opt/rustwide/target/debug/deps/libnum_complex-debcddc7df202c92.rmeta --extern num_rational=/opt/rustwide/target/debug/deps/libnum_rational-1cc51d39b1f18bc7.rmeta --extern num_traits=/opt/rustwide/target/debug/deps/libnum_traits-4e7e4e59f4161671.rmeta --extern simba=/opt/rustwide/target/debug/deps/libsimba-db734c0a067b3406.rmeta --extern typenum=/opt/rustwide/target/debug/deps/libtypenum-f3269d895bc24937.rmeta --cap-lints allow --cap-lints=warn` (signal: 9, SIGKILL: kill)
[INFO] [stderr] warning: build failed, waiting for other jobs to finish...
[INFO] [stderr] The following warnings were emitted during compilation:
[INFO] [stderr] 
[INFO] [stderr] warning: wasm-opt-sys@0.111.0: c++: fatal error: Killed signal terminated program cc1plus
[INFO] [stderr] warning: wasm-opt-sys@0.111.0: compilation terminated.
[INFO] [stderr] warning: wasm-opt-sys@0.111.0: c++: fatal error: Killed signal terminated program cc1plus
[INFO] [stderr] warning: wasm-opt-sys@0.111.0: compilation terminated.
[INFO] [stderr] warning: wasm-opt-sys@0.111.0: c++: fatal error: Killed signal terminated program cc1plus
[INFO] [stderr] warning: wasm-opt-sys@0.111.0: compilation terminated.
[INFO] [stderr] 
[INFO] [stderr] error: failed to run custom build command for `wasm-opt-sys v0.111.0`
[INFO] [stderr] note: To improve backtraces for build dependencies, set the CARGO_PROFILE_DEV_BUILD_OVERRIDE_DEBUG=true environment variable to enable debug information generation.
[INFO] [stderr] 
[INFO] [stderr] Caused by:
[INFO] [stderr]   process didn't exit successfully: `/opt/rustwide/target/debug/build/wasm-opt-sys-2f4614a089682547/build-script-build` (exit status: 1)
[INFO] [stderr]   --- stdout
[INFO] [stderr]   TARGET = Some("x86_64-unknown-linux-gnu")
[INFO] [stderr]   HOST = Some("x86_64-unknown-linux-gnu")
[INFO] [stderr]   cargo:rerun-if-env-changed=CXX_x86_64-unknown-linux-gnu
[INFO] [stderr]   CXX_x86_64-unknown-linux-gnu = None
[INFO] [stderr]   cargo:rerun-if-env-changed=CXX_x86_64_unknown_linux_gnu
[INFO] [stderr]   CXX_x86_64_unknown_linux_gnu = None
[INFO] [stderr]   cargo:rerun-if-env-changed=HOST_CXX
[INFO] [stderr]   HOST_CXX = None
[INFO] [stderr]   cargo:rerun-if-env-changed=CXX
[INFO] [stderr]   CXX = None
[INFO] [stderr]   cargo:rerun-if-env-changed=CXXFLAGS_x86_64-unknown-linux-gnu
[INFO] [stderr]   CXXFLAGS_x86_64-unknown-linux-gnu = None
[INFO] [stderr]   cargo:rerun-if-env-changed=CXXFLAGS_x86_64_unknown_linux_gnu
[INFO] [stderr]   CXXFLAGS_x86_64_unknown_linux_gnu = None
[INFO] [stderr]   cargo:rerun-if-env-changed=HOST_CXXFLAGS
[INFO] [stderr]   HOST_CXXFLAGS = None
[INFO] [stderr]   cargo:rerun-if-env-changed=CXXFLAGS
[INFO] [stderr]   CXXFLAGS = None
[INFO] [stderr]   cargo:rerun-if-env-changed=CRATE_CC_NO_DEFAULTS
[INFO] [stderr]   CRATE_CC_NO_DEFAULTS = None
[INFO] [stderr]   CARGO_CFG_TARGET_FEATURE = Some("fxsr,sse,sse2")
[INFO] [stderr]   cargo:CXXBRIDGE_PREFIX=wasm-opt-sys
[INFO] [stderr]   cargo:CXXBRIDGE_LINKS=binaryen
[INFO] [stderr]   cargo:CXXBRIDGE_DIR0=/opt/rustwide/target/debug/build/wasm-opt-sys-56a5fbaaafd99585/out/cxxbridge/include
[INFO] [stderr]   cargo:CXXBRIDGE_DIR1=/opt/rustwide/target/debug/build/wasm-opt-sys-56a5fbaaafd99585/out/cxxbridge/crate
[INFO] [stderr]   cargo:CXXBRIDGE_DIR2=/opt/rustwide/cargo-home/registry/src/index.crates.io-6f17d22bba15001f/wasm-opt-sys-0.111.0/binaryen/src
[INFO] [stderr]   cargo:CXXBRIDGE_DIR3=/opt/rustwide/cargo-home/registry/src/index.crates.io-6f17d22bba15001f/wasm-opt-sys-0.111.0/binaryen/src/tools
[INFO] [stderr]   cargo:CXXBRIDGE_DIR4=/opt/rustwide/target/debug/build/wasm-opt-sys-56a5fbaaafd99585/out
[INFO] [stderr]   TARGET = Some("x86_64-unknown-linux-gnu")
[INFO] [stderr]   OPT_LEVEL = Some("0")
[INFO] [stderr]   HOST = Some("x86_64-unknown-linux-gnu")
[INFO] [stderr]   cargo:rerun-if-env-changed=CXX_x86_64-unknown-linux-gnu
[INFO] [stderr]   CXX_x86_64-unknown-linux-gnu = None
[INFO] [stderr]   cargo:rerun-if-env-changed=CXX_x86_64_unknown_linux_gnu
[INFO] [stderr]   CXX_x86_64_unknown_linux_gnu = None
[INFO] [stderr]   cargo:rerun-if-env-changed=HOST_CXX
[INFO] [stderr]   HOST_CXX = None
[INFO] [stderr]   cargo:rerun-if-env-changed=CXX
[INFO] [stderr]   CXX = None
[INFO] [stderr]   cargo:rerun-if-env-changed=CXXFLAGS_x86_64-unknown-linux-gnu
[INFO] [stderr]   CXXFLAGS_x86_64-unknown-linux-gnu = None
[INFO] [stderr]   cargo:rerun-if-env-changed=CXXFLAGS_x86_64_unknown_linux_gnu
[INFO] [stderr]   CXXFLAGS_x86_64_unknown_linux_gnu = None
[INFO] [stderr]   cargo:rerun-if-env-changed=HOST_CXXFLAGS
[INFO] [stderr]   HOST_CXXFLAGS = None
[INFO] [stderr]   cargo:rerun-if-env-changed=CXXFLAGS
[INFO] [stderr]   CXXFLAGS = None
[INFO] [stderr]   cargo:rerun-if-env-changed=CRATE_CC_NO_DEFAULTS
[INFO] [stderr]   CRATE_CC_NO_DEFAULTS = None
[INFO] [stderr]   DEBUG = Some("false")
[INFO] [stderr]   CARGO_CFG_TARGET_FEATURE = Some("fxsr,sse,sse2")
[INFO] [stderr]   running: "c++" "-O0" "-ffunction-sections" "-fdata-sections" "-fPIC" "-m64" "-I" "/opt/rustwide/target/debug/build/wasm-opt-sys-56a5fbaaafd99585/out/cxxbridge/include" "-I" "/opt/rustwide/target/debug/build/wasm-opt-sys-56a5fbaaafd99585/out/cxxbridge/crate" "-I" "/opt/rustwide/cargo-home/registry/src/index.crates.io-6f17d22bba15001f/wasm-opt-sys-0.111.0/binaryen/src" "-I" "/opt/rustwide/cargo-home/registry/src/index.crates.io-6f17d22bba15001f/wasm-opt-sys-0.111.0/binaryen/src/tools" "-I" "/opt/rustwide/target/debug/build/wasm-opt-sys-56a5fbaaafd99585/out" "-Wall" "-Wextra" "-std=c++17" "-Wno-unused-parameter" "-DTHROW_ON_FATAL" "-o" "/opt/rustwide/target/debug/build/wasm-opt-sys-56a5fbaaafd99585/out/44096993a8998033-lib.rs.o" "-c" "/opt/rustwide/target/debug/build/wasm-opt-sys-56a5fbaaafd99585/out/cxxbridge/sources/wasm-opt-sys/src/lib.rs.cc"
[INFO] [stderr]   exit status: 0
[INFO] [stderr]   running: "c++" "-O0" "-ffunction-sections" "-fdata-sections" "-fPIC" "-m64" "-I" "/opt/rustwide/target/debug/build/wasm-opt-sys-56a5fbaaafd99585/out/cxxbridge/include" "-I" "/opt/rustwide/target/debug/build/wasm-opt-sys-56a5fbaaafd99585/out/cxxbridge/crate" "-I" "/opt/rustwide/cargo-home/registry/src/index.crates.io-6f17d22bba15001f/wasm-opt-sys-0.111.0/binaryen/src" "-I" "/opt/rustwide/cargo-home/registry/src/index.crates.io-6f17d22bba15001f/wasm-opt-sys-0.111.0/binaryen/src/tools" "-I" "/opt/rustwide/target/debug/build/wasm-opt-sys-56a5fbaaafd99585/out" "-Wall" "-Wextra" "-std=c++17" "-Wno-unused-parameter" "-DTHROW_ON_FATAL" "-o" "/opt/rustwide/target/debug/build/wasm-opt-sys-56a5fbaaafd99585/out/4b47cf50b4ef12b2-wasm-opt-main-shim.o" "-c" "/opt/rustwide/cargo-home/registry/src/index.crates.io-6f17d22bba15001f/wasm-opt-sys-0.111.0/src/wasm-opt-main-shim.cpp"
[INFO] [stderr]   exit status: 0
[INFO] [stderr]   running: "c++" "-O0" "-ffunction-sections" "-fdata-sections" "-fPIC" "-m64" "-I" "/opt/rustwide/target/debug/build/wasm-opt-sys-56a5fbaaafd99585/out/cxxbridge/include" "-I" "/opt/rustwide/target/debug/build/wasm-opt-sys-56a5fbaaafd99585/out/cxxbridge/crate" "-I" "/opt/rustwide/cargo-home/registry/src/index.crates.io-6f17d22bba15001f/wasm-opt-sys-0.111.0/binaryen/src" "-I" "/opt/rustwide/cargo-home/registry/src/index.crates.io-6f17d22bba15001f/wasm-opt-sys-0.111.0/binaryen/src/tools" "-I" "/opt/rustwide/target/debug/build/wasm-opt-sys-56a5fbaaafd99585/out" "-Wall" "-Wextra" "-std=c++17" "-Wno-unused-parameter" "-DTHROW_ON_FATAL" "-o" "/opt/rustwide/target/debug/build/wasm-opt-sys-56a5fbaaafd99585/out/651b443af2d503dd-literal.o" "-c" "/opt/rustwide/cargo-home/registry/src/index.crates.io-6f17d22bba15001f/wasm-opt-sys-0.111.0/binaryen/src/wasm/literal.cpp"
[INFO] [stderr]   running: "c++" "-O0" "-ffunction-sections" "-fdata-sections" "-fPIC" "-m64" "-I" "/opt/rustwide/target/debug/build/wasm-opt-sys-56a5fbaaafd99585/out/cxxbridge/include" "-I" "/opt/rustwide/target/debug/build/wasm-opt-sys-56a5fbaaafd99585/out/cxxbridge/crate" "-I" "/opt/rustwide/cargo-home/registry/src/index.crates.io-6f17d22bba15001f/wasm-opt-sys-0.111.0/binaryen/src" "-I" "/opt/rustwide/cargo-home/registry/src/index.crates.io-6f17d22bba15001f/wasm-opt-sys-0.111.0/binaryen/src/tools" "-I" "/opt/rustwide/target/debug/build/wasm-opt-sys-56a5fbaaafd99585/out" "-Wall" "-Wextra" "-std=c++17" "-Wno-unused-parameter" "-DTHROW_ON_FATAL" "-o" "/opt/rustwide/target/debug/build/wasm-opt-sys-56a5fbaaafd99585/out/651b443af2d503dd-parsing.o" "-c" "/opt/rustwide/cargo-home/registry/src/index.crates.io-6f17d22bba15001f/wasm-opt-sys-0.111.0/binaryen/src/wasm/parsing.cpp"
[INFO] [stderr]   running: "c++" "-O0" "-ffunction-sections" "-fdata-sections" "-fPIC" "-m64" "-I" "/opt/rustwide/target/debug/build/wasm-opt-sys-56a5fbaaafd99585/out/cxxbridge/include" "-I" "/opt/rustwide/target/debug/build/wasm-opt-sys-56a5fbaaafd99585/out/cxxbridge/crate" "-I" "/opt/rustwide/cargo-home/registry/src/index.crates.io-6f17d22bba15001f/wasm-opt-sys-0.111.0/binaryen/src" "-I" "/opt/rustwide/cargo-home/registry/src/index.crates.io-6f17d22bba15001f/wasm-opt-sys-0.111.0/binaryen/src/tools" "-I" "/opt/rustwide/target/debug/build/wasm-opt-sys-56a5fbaaafd99585/out" "-Wall" "-Wextra" "-std=c++17" "-Wno-unused-parameter" "-DTHROW_ON_FATAL" "-o" "/opt/rustwide/target/debug/build/wasm-opt-sys-56a5fbaaafd99585/out/651b443af2d503dd-wasm-binary.o" "-c" "/opt/rustwide/cargo-home/registry/src/index.crates.io-6f17d22bba15001f/wasm-opt-sys-0.111.0/binaryen/src/wasm/wasm-binary.cpp"
[INFO] [stderr]   running: "c++" "-O0" "-ffunction-sections" "-fdata-sections" "-fPIC" "-m64" "-I" "/opt/rustwide/target/debug/build/wasm-opt-sys-56a5fbaaafd99585/out/cxxbridge/include" "-I" "/opt/rustwide/target/debug/build/wasm-opt-sys-56a5fbaaafd99585/out/cxxbridge/crate" "-I" "/opt/rustwide/cargo-home/registry/src/index.crates.io-6f17d22bba15001f/wasm-opt-sys-0.111.0/binaryen/src" "-I" "/opt/rustwide/cargo-home/registry/src/index.crates.io-6f17d22bba15001f/wasm-opt-sys-0.111.0/binaryen/src/tools" "-I" "/opt/rustwide/target/debug/build/wasm-opt-sys-56a5fbaaafd99585/out" "-Wall" "-Wextra" "-std=c++17" "-Wno-unused-parameter" "-DTHROW_ON_FATAL" "-o" "/opt/rustwide/target/debug/build/wasm-opt-sys-56a5fbaaafd99585/out/651b443af2d503dd-wasm-debug.o" "-c" "/opt/rustwide/cargo-home/registry/src/index.crates.io-6f17d22bba15001f/wasm-opt-sys-0.111.0/binaryen/src/wasm/wasm-debug.cpp"
[INFO] [stderr]   exit status: 0
[INFO] [stderr]   running: "c++" "-O0" "-ffunction-sections" "-fdata-sections" "-fPIC" "-m64" "-I" "/opt/rustwide/target/debug/build/wasm-opt-sys-56a5fbaaafd99585/out/cxxbridge/include" "-I" "/opt/rustwide/target/debug/build/wasm-opt-sys-56a5fbaaafd99585/out/cxxbridge/crate" "-I" "/opt/rustwide/cargo-home/registry/src/index.crates.io-6f17d22bba15001f/wasm-opt-sys-0.111.0/binaryen/src" "-I" "/opt/rustwide/cargo-home/registry/src/index.crates.io-6f17d22bba15001f/wasm-opt-sys-0.111.0/binaryen/src/tools" "-I" "/opt/rustwide/target/debug/build/wasm-opt-sys-56a5fbaaafd99585/out" "-Wall" "-Wextra" "-std=c++17" "-Wno-unused-parameter" "-DTHROW_ON_FATAL" "-o" "/opt/rustwide/target/debug/build/wasm-opt-sys-56a5fbaaafd99585/out/651b443af2d503dd-wasm-emscripten.o" "-c" "/opt/rustwide/cargo-home/registry/src/index.crates.io-6f17d22bba15001f/wasm-opt-sys-0.111.0/binaryen/src/wasm/wasm-emscripten.cpp"
[INFO] [stderr]   running: "c++" "-O0" "-ffunction-sections" "-fdata-sections" "-fPIC" "-m64" "-I" "/opt/rustwide/target/debug/build/wasm-opt-sys-56a5fbaaafd99585/out/cxxbridge/include" "-I" "/opt/rustwide/target/debug/build/wasm-opt-sys-56a5fbaaafd99585/out/cxxbridge/crate" "-I" "/opt/rustwide/cargo-home/registry/src/index.crates.io-6f17d22bba15001f/wasm-opt-sys-0.111.0/binaryen/src" "-I" "/opt/rustwide/cargo-home/registry/src/index.crates.io-6f17d22bba15001f/wasm-opt-sys-0.111.0/binaryen/src/tools" "-I" "/opt/rustwide/target/debug/build/wasm-opt-sys-56a5fbaaafd99585/out" "-Wall" "-Wextra" "-std=c++17" "-Wno-unused-parameter" "-DTHROW_ON_FATAL" "-o" "/opt/rustwide/target/debug/build/wasm-opt-sys-56a5fbaaafd99585/out/651b443af2d503dd-wasm-interpreter.o" "-c" "/opt/rustwide/cargo-home/registry/src/index.crates.io-6f17d22bba15001f/wasm-opt-sys-0.111.0/binaryen/src/wasm/wasm-interpreter.cpp"
[INFO] [stderr]   running: "c++" "-O0" "-ffunction-sections" "-fdata-sections" "-fPIC" "-m64" "-I" "/opt/rustwide/target/debug/build/wasm-opt-sys-56a5fbaaafd99585/out/cxxbridge/include" "-I" "/opt/rustwide/target/debug/build/wasm-opt-sys-56a5fbaaafd99585/out/cxxbridge/crate" "-I" "/opt/rustwide/cargo-home/registry/src/index.crates.io-6f17d22bba15001f/wasm-opt-sys-0.111.0/binaryen/src" "-I" "/opt/rustwide/cargo-home/registry/src/index.crates.io-6f17d22bba15001f/wasm-opt-sys-0.111.0/binaryen/src/tools" "-I" "/opt/rustwide/target/debug/build/wasm-opt-sys-56a5fbaaafd99585/out" "-Wall" "-Wextra" "-std=c++17" "-Wno-unused-parameter" "-DTHROW_ON_FATAL" "-o" "/opt/rustwide/target/debug/build/wasm-opt-sys-56a5fbaaafd99585/out/651b443af2d503dd-wasm-io.o" "-c" "/opt/rustwide/cargo-home/registry/src/index.crates.io-6f17d22bba15001f/wasm-opt-sys-0.111.0/binaryen/src/wasm/wasm-io.cpp"
[INFO] [stderr]   cargo:warning=c++: fatal error: Killed signal terminated program cc1plus
[INFO] [stderr]   cargo:warning=compilation terminated.
[INFO] [stderr]   exit status: 1
[INFO] [stderr]   running: "c++" "-O0" "-ffunction-sections" "-fdata-sections" "-fPIC" "-m64" "-I" "/opt/rustwide/target/debug/build/wasm-opt-sys-56a5fbaaafd99585/out/cxxbridge/include" "-I" "/opt/rustwide/target/debug/build/wasm-opt-sys-56a5fbaaafd99585/out/cxxbridge/crate" "-I" "/opt/rustwide/cargo-home/registry/src/index.crates.io-6f17d22bba15001f/wasm-opt-sys-0.111.0/binaryen/src" "-I" "/opt/rustwide/cargo-home/registry/src/index.crates.io-6f17d22bba15001f/wasm-opt-sys-0.111.0/binaryen/src/tools" "-I" "/opt/rustwide/target/debug/build/wasm-opt-sys-56a5fbaaafd99585/out" "-Wall" "-Wextra" "-std=c++17" "-Wno-unused-parameter" "-DTHROW_ON_FATAL" "-o" "/opt/rustwide/target/debug/build/wasm-opt-sys-56a5fbaaafd99585/out/651b443af2d503dd-wasm-stack.o" "-c" "/opt/rustwide/cargo-home/registry/src/index.crates.io-6f17d22bba15001f/wasm-opt-sys-0.111.0/binaryen/src/wasm/wasm-stack.cpp"
[INFO] [stderr]   cargo:warning=c++: fatal error: Killed signal terminated program cc1plus
[INFO] [stderr]   cargo:warning=compilation terminated.
[INFO] [stderr]   exit status: 1
[INFO] [stderr]   exit status: 0
[INFO] [stderr]   exit status: 0
[INFO] [stderr]   cargo:warning=c++: fatal error: Killed signal terminated program cc1plus
[INFO] [stderr]   cargo:warning=compilation terminated.
[INFO] [stderr]   exit status: 1
[INFO] [stderr]   exit status: 0
[INFO] [stderr]   exit status: 0
[INFO] [stderr] 
[INFO] [stderr]   --- stderr
[INFO] [stderr] 
[INFO] [stderr]   CXX include path:
[INFO] [stderr]     /opt/rustwide/target/debug/build/wasm-opt-sys-56a5fbaaafd99585/out/cxxbridge/include
[INFO] [stderr]     /opt/rustwide/target/debug/build/wasm-opt-sys-56a5fbaaafd99585/out/cxxbridge/crate
[INFO] [stderr]     /opt/rustwide/cargo-home/registry/src/index.crates.io-6f17d22bba15001f/wasm-opt-sys-0.111.0/binaryen/src
[INFO] [stderr]     /opt/rustwide/cargo-home/registry/src/index.crates.io-6f17d22bba15001f/wasm-opt-sys-0.111.0/binaryen/src/tools
[INFO] [stderr]     /opt/rustwide/target/debug/build/wasm-opt-sys-56a5fbaaafd99585/out
[INFO] [stderr] 
[INFO] [stderr] 
[INFO] [stderr]   error occurred: Command "c++" "-O0" "-ffunction-sections" "-fdata-sections" "-fPIC" "-m64" "-I" "/opt/rustwide/target/debug/build/wasm-opt-sys-56a5fbaaafd99585/out/cxxbridge/include" "-I" "/opt/rustwide/target/debug/build/wasm-opt-sys-56a5fbaaafd99585/out/cxxbridge/crate" "-I" "/opt/rustwide/cargo-home/registry/src/index.crates.io-6f17d22bba15001f/wasm-opt-sys-0.111.0/binaryen/src" "-I" "/opt/rustwide/cargo-home/registry/src/index.crates.io-6f17d22bba15001f/wasm-opt-sys-0.111.0/binaryen/src/tools" "-I" "/opt/rustwide/target/debug/build/wasm-opt-sys-56a5fbaaafd99585/out" "-Wall" "-Wextra" "-std=c++17" "-Wno-unused-parameter" "-DTHROW_ON_FATAL" "-o" "/opt/rustwide/target/debug/build/wasm-opt-sys-56a5fbaaafd99585/out/651b443af2d503dd-parsing.o" "-c" "/opt/rustwide/cargo-home/registry/src/index.crates.io-6f17d22bba15001f/wasm-opt-sys-0.111.0/binaryen/src/wasm/parsing.cpp" with args "c++" did not execute successfully (status code exit status: 1).
[INFO] [stderr] 
[INFO] [stderr] 
[INFO] running `Command { std: "docker" "inspect" "789cace79b986dd6650f4137da60b24161afa51daf5175d30a7cf0a302381711", kill_on_drop: false }`
[INFO] running `Command { std: "docker" "rm" "-f" "789cace79b986dd6650f4137da60b24161afa51daf5175d30a7cf0a302381711", kill_on_drop: false }`
[INFO] [stdout] 789cace79b986dd6650f4137da60b24161afa51daf5175d30a7cf0a302381711
