[INFO] cloning repository https://github.com/aergonaut/artifice
[INFO] running `Command { std: "git" "-c" "credential.helper=" "-c" "credential.helper=/workspace/cargo-home/bin/git-credential-null" "clone" "--bare" "https://github.com/aergonaut/artifice" "/workspace/cache/git-repos/https%3A%2F%2Fgithub.com%2Faergonaut%2Fartifice", kill_on_drop: false }`
[INFO] [stderr] Cloning into bare repository '/workspace/cache/git-repos/https%3A%2F%2Fgithub.com%2Faergonaut%2Fartifice'...
[INFO] running `Command { std: "git" "rev-parse" "HEAD", kill_on_drop: false }`
[INFO] [stdout] c9ccab771ea7f0756a9e0b89f478ef9b7a9c7276
[INFO] documenting aergonaut/artifice against 1.75.0 for beta-1.76-rustdoc-1
[INFO] running `Command { std: "git" "clone" "/workspace/cache/git-repos/https%3A%2F%2Fgithub.com%2Faergonaut%2Fartifice" "/workspace/builds/worker-3-tc1/source", kill_on_drop: false }`
[INFO] [stderr] Cloning into '/workspace/builds/worker-3-tc1/source'...
[INFO] [stderr] done.
[INFO] validating manifest of git repo https://github.com/aergonaut/artifice on toolchain 1.75.0
[INFO] running `Command { std: CARGO_HOME="/workspace/cargo-home" RUSTUP_HOME="/workspace/rustup-home" "/workspace/cargo-home/bin/cargo" "+1.75.0" "metadata" "--manifest-path" "Cargo.toml" "--no-deps", kill_on_drop: false }`
[INFO] started tweaking git repo https://github.com/aergonaut/artifice
[INFO] finished tweaking git repo https://github.com/aergonaut/artifice
[INFO] tweaked toml for git repo https://github.com/aergonaut/artifice written to /workspace/builds/worker-3-tc1/source/Cargo.toml
[INFO] crate git repo https://github.com/aergonaut/artifice already has a lockfile, it will not be regenerated
[INFO] running `Command { std: CARGO_HOME="/workspace/cargo-home" RUSTUP_HOME="/workspace/rustup-home" "/workspace/cargo-home/bin/cargo" "+1.75.0" "fetch" "--manifest-path" "Cargo.toml", kill_on_drop: false }`
[INFO] [stderr]  Downloading crates ...
[INFO] [stderr]   Downloaded reqwest v0.8.5
[INFO] [stderr]   Downloaded structopt-derive v0.2.6
[INFO] [stderr]   Downloaded serde_derive v1.0.36
[INFO] [stderr]   Downloaded build_const v0.2.0
[INFO] [stderr]   Downloaded hyper-tls v0.1.3
[INFO] [stderr]   Downloaded serde_derive_internals v0.22.2
[INFO] [stderr]   Downloaded prettytable-rs v0.6.7
[INFO] [stderr]   Downloaded byteorder v1.2.2
[INFO] [stderr]   Downloaded encode_unicode v0.3.1
[INFO] [stderr]   Downloaded serde v1.0.36
[INFO] [stderr]   Downloaded git2 v0.7.1
[INFO] [stderr]   Downloaded hyper v0.11.24
[INFO] [stderr]   Downloaded tokio v0.1.5
[INFO] [stderr]   Downloaded libgit2-sys v0.7.1
[INFO] [stderr]   Downloaded tokio-core v0.1.16
[INFO] [stderr]   Downloaded libflate v0.1.14
[INFO] [stderr]   Downloaded base64 v0.9.0
[INFO] [stderr]   Downloaded tokio-threadpool v0.1.2
[INFO] [stderr]   Downloaded mime v0.3.5
[INFO] [stderr]   Downloaded crc v1.7.0
[INFO] [stderr]   Downloaded remove_dir_all v0.5.0
[INFO] [stderr]   Downloaded structopt v0.2.6
[INFO] [stderr]   Downloaded tokio-timer v0.2.1
[INFO] [stderr]   Downloaded serde_urlencoded v0.5.1
[INFO] [stderr]   Downloaded atty v0.2.8
[INFO] [stderr]   Downloaded toml v0.4.5
[INFO] running `Command { std: "docker" "create" "-v" "/var/lib/crater-agent-workspace/builds/worker-3-tc1/target:/opt/rustwide/target:rw,Z" "-v" "/var/lib/crater-agent-workspace/builds/worker-3-tc1/source:/opt/rustwide/workdir:ro,Z" "-v" "/var/lib/crater-agent-workspace/cargo-home:/opt/rustwide/cargo-home:ro,Z" "-v" "/var/lib/crater-agent-workspace/rustup-home:/opt/rustwide/rustup-home:ro,Z" "-e" "SOURCE_DIR=/opt/rustwide/workdir" "-e" "CARGO_TARGET_DIR=/opt/rustwide/target" "-e" "CARGO_HOME=/opt/rustwide/cargo-home" "-e" "RUSTUP_HOME=/opt/rustwide/rustup-home" "-w" "/opt/rustwide/workdir" "-m" "1610612736" "--user" "0:0" "--network" "none" "ghcr.io/rust-lang/crates-build-env/linux@sha256:2788e3201cd34a07e3172128adcd8b3090168a8e3bcc40d7c032b9dda1df7d1c" "/opt/rustwide/cargo-home/bin/cargo" "+1.75.0" "metadata" "--no-deps" "--format-version=1", kill_on_drop: false }`
[INFO] [stdout] 9df15cafbae16890c0d95d86588b2b39d766ea3449c6030c070815f8bfed8898
[INFO] running `Command { std: "docker" "start" "-a" "9df15cafbae16890c0d95d86588b2b39d766ea3449c6030c070815f8bfed8898", kill_on_drop: false }`
[INFO] running `Command { std: "docker" "inspect" "9df15cafbae16890c0d95d86588b2b39d766ea3449c6030c070815f8bfed8898", kill_on_drop: false }`
[INFO] running `Command { std: "docker" "rm" "-f" "9df15cafbae16890c0d95d86588b2b39d766ea3449c6030c070815f8bfed8898", kill_on_drop: false }`
[INFO] [stdout] 9df15cafbae16890c0d95d86588b2b39d766ea3449c6030c070815f8bfed8898
[INFO] running `Command { std: "docker" "create" "-v" "/var/lib/crater-agent-workspace/builds/worker-3-tc1/target:/opt/rustwide/target:rw,Z" "-v" "/var/lib/crater-agent-workspace/builds/worker-3-tc1/source:/opt/rustwide/workdir:ro,Z" "-v" "/var/lib/crater-agent-workspace/cargo-home:/opt/rustwide/cargo-home:ro,Z" "-v" "/var/lib/crater-agent-workspace/rustup-home:/opt/rustwide/rustup-home:ro,Z" "-e" "SOURCE_DIR=/opt/rustwide/workdir" "-e" "CARGO_TARGET_DIR=/opt/rustwide/target" "-e" "CARGO_INCREMENTAL=0" "-e" "RUST_BACKTRACE=full" "-e" "RUSTFLAGS=--cap-lints=warn" "-e" "RUSTDOCFLAGS=--cap-lints=warn" "-e" "CARGO_HOME=/opt/rustwide/cargo-home" "-e" "RUSTUP_HOME=/opt/rustwide/rustup-home" "-w" "/opt/rustwide/workdir" "-m" "1610612736" "--user" "0:0" "--network" "none" "ghcr.io/rust-lang/crates-build-env/linux@sha256:2788e3201cd34a07e3172128adcd8b3090168a8e3bcc40d7c032b9dda1df7d1c" "/opt/rustwide/cargo-home/bin/cargo" "+1.75.0" "doc" "--frozen" "--no-deps" "--document-private-items" "--message-format=json", kill_on_drop: false }`
[INFO] [stdout] 855d8f9b98ddd683318efbc2e8db59d88f6e5b01b722150a4ce340fe07bcf5f7
[INFO] running `Command { std: "docker" "start" "-a" "855d8f9b98ddd683318efbc2e8db59d88f6e5b01b722150a4ce340fe07bcf5f7", kill_on_drop: false }`
[INFO] [stderr]     Checking libc v0.2.40
[INFO] [stderr]    Compiling cc v1.0.9
[INFO] [stderr]     Checking cfg-if v0.1.2
[INFO] [stderr]    Compiling version_check v0.1.3
[INFO] [stderr]     Checking futures v0.1.21
[INFO] [stderr]     Checking byteorder v1.2.2
[INFO] [stderr]     Checking lazy_static v1.0.0
[INFO] [stderr]     Checking nodrop v0.1.12
[INFO] [stderr]     Checking slab v0.4.0
[INFO] [stderr]     Checking lazycell v0.6.0
[INFO] [stderr]     Checking scopeguard v0.3.3
[INFO] [stderr]     Checking memoffset v0.2.1
[INFO] [stderr]     Checking lazy_static v0.2.11
[INFO] [stderr]    Compiling siphasher v0.2.2
[INFO] [stderr]    Compiling unicode-xid v0.1.0
[INFO] [stderr]    Compiling proc-macro2 v0.2.3
[INFO] [stderr]     Checking log v0.4.1
[INFO] [stderr]     Checking crossbeam-utils v0.3.2
[INFO] [stderr]     Checking crossbeam-utils v0.2.2
[INFO] [stderr]     Checking arrayvec v0.4.7
[INFO] [stderr]     Checking scoped-tls v0.1.1
[INFO] [stderr]     Checking percent-encoding v1.0.1
[INFO] [stderr]     Checking matches v0.1.6
[INFO] [stderr]    Compiling openssl v0.9.24
[INFO] [stderr]     Checking unicode-bidi v0.3.4
[INFO] [stderr]     Checking bitflags v0.9.1
[INFO] [stderr]    Compiling build_const v0.2.0
[INFO] [stderr]     Checking unicode-normalization v0.1.5
[INFO] [stderr]     Checking safemem v0.2.0
[INFO] [stderr]     Checking log v0.3.9
[INFO] [stderr]     Checking unicode-width v0.1.4
[INFO] [stderr]    Compiling unicase v1.4.2
[INFO] [stderr]    Compiling unicase v2.1.0
[INFO] [stderr]    Compiling cmake v0.1.29
[INFO] [stderr]     Checking take v0.1.0
[INFO] [stderr]     Checking serde v1.0.36
[INFO] [stderr]     Checking iovec v0.1.2
[INFO] [stderr]     Checking net2 v0.2.32
[INFO] [stderr]     Checking rand v0.4.2
[INFO] [stderr]     Checking crossbeam-epoch v0.4.1
[INFO] [stderr]     Checking num_cpus v1.8.0
[INFO] [stderr]    Compiling quote v0.4.2
[INFO] [stderr]     Checking bytes v0.4.6
[INFO] [stderr]    Compiling crc v1.7.0
[INFO] [stderr]     Checking slab v0.3.0
[INFO] [stderr]     Checking idna v0.1.4
[INFO] [stderr]    Compiling syn v0.12.15
[INFO] [stderr]     Checking mio v0.6.14
[INFO] [stderr]     Checking smallvec v0.2.1
[INFO] [stderr]     Checking crossbeam-deque v0.3.0
[INFO] [stderr]     Checking atty v0.2.8
[INFO] [stderr]     Checking time v0.1.39
[INFO] [stderr]    Compiling syn v0.11.11
[INFO] [stderr]    Compiling phf_shared v0.7.21
[INFO] [stderr]     Checking mime v0.3.5
[INFO] [stderr]     Checking base64 v0.9.0
[INFO] [stderr]     Checking dtoa v0.4.2
[INFO] [stderr]     Checking language-tags v0.2.2
[INFO] [stderr]    Compiling openssl-sys v0.9.27
[INFO] [stderr]    Compiling libz-sys v1.0.18
[INFO] [stderr]    Compiling curl-sys v0.4.1
[INFO] [stderr]    Compiling rand v0.3.22
[INFO] [stderr]    Compiling libssh2-sys v0.2.6
[INFO] [stderr]    Compiling phf_generator v0.7.21
[INFO] [stderr]    Compiling backtrace-sys v0.1.16
[INFO] [stderr]    Compiling libgit2-sys v0.7.1
[INFO] [stderr]    Compiling phf_codegen v0.7.21
[INFO] [stderr]     Checking httparse v1.2.4
[INFO] [stderr]     Checking bitflags v1.0.1
[INFO] [stderr]     Checking tokio-executor v0.1.2
[INFO] [stderr]     Checking tokio-io v0.1.6
[INFO] [stderr]     Checking tokio-service v0.1.0
[INFO] [stderr]    Compiling mime_guess v2.0.0-alpha.4
[INFO] [stderr]     Checking futures-cpupool v0.1.8
[INFO] [stderr]     Checking url v1.7.0
[INFO] [stderr]     Checking relay v0.1.1
[INFO] [stderr]     Checking tokio-timer v0.2.1
[INFO] [stderr]     Checking tokio-threadpool v0.1.2
[INFO] [stderr]     Checking phf v0.7.21
[INFO] [stderr]     Checking memchr v1.0.2
[INFO] [stderr]     Checking textwrap v0.9.0
[INFO] [stderr]     Checking rustc-serialize v0.3.24
[INFO] [stderr]     Checking num-traits v0.2.2
[INFO] [stderr]     Checking rustc-demangle v0.1.7
[INFO] [stderr]     Checking itoa v0.4.1
[INFO] [stderr] error: failed to run custom build command for `openssl-sys v0.9.27`
[INFO] [stderr] note: To improve backtraces for build dependencies, set the CARGO_PROFILE_DEV_BUILD_OVERRIDE_DEBUG=true environment variable to enable debug information generation.
[INFO] [stderr] 
[INFO] [stderr] Caused by:
[INFO] [stderr]   process didn't exit successfully: `/opt/rustwide/target/debug/build/openssl-sys-ea8c20e4f5c7b007/build-script-build` (exit status: 101)
[INFO] [stderr]   --- stdout
[INFO] [stderr]   cargo:rerun-if-env-changed=X86_64_UNKNOWN_LINUX_GNU_OPENSSL_LIB_DIR
[INFO] [stderr]   cargo:rerun-if-env-changed=OPENSSL_LIB_DIR
[INFO] [stderr]   cargo:rerun-if-env-changed=X86_64_UNKNOWN_LINUX_GNU_OPENSSL_INCLUDE_DIR
[INFO] [stderr]   cargo:rerun-if-env-changed=OPENSSL_INCLUDE_DIR
[INFO] [stderr]   cargo:rerun-if-env-changed=X86_64_UNKNOWN_LINUX_GNU_OPENSSL_DIR
[INFO] [stderr]   cargo:rerun-if-env-changed=OPENSSL_DIR
[INFO] [stderr]   cargo:rustc-link-lib=ssl
[INFO] [stderr]   cargo:rustc-link-lib=crypto
[INFO] [stderr]   OPT_LEVEL = Some("0")
[INFO] [stderr]   TARGET = Some("x86_64-unknown-linux-gnu")
[INFO] [stderr]   HOST = Some("x86_64-unknown-linux-gnu")
[INFO] [stderr]   TARGET = Some("x86_64-unknown-linux-gnu")
[INFO] [stderr]   TARGET = Some("x86_64-unknown-linux-gnu")
[INFO] [stderr]   HOST = Some("x86_64-unknown-linux-gnu")
[INFO] [stderr]   CC_x86_64-unknown-linux-gnu = None
[INFO] [stderr]   CC_x86_64_unknown_linux_gnu = None
[INFO] [stderr]   HOST_CC = None
[INFO] [stderr]   CC = None
[INFO] [stderr]   HOST = Some("x86_64-unknown-linux-gnu")
[INFO] [stderr]   TARGET = Some("x86_64-unknown-linux-gnu")
[INFO] [stderr]   HOST = Some("x86_64-unknown-linux-gnu")
[INFO] [stderr]   CFLAGS_x86_64-unknown-linux-gnu = None
[INFO] [stderr]   CFLAGS_x86_64_unknown_linux_gnu = None
[INFO] [stderr]   HOST_CFLAGS = None
[INFO] [stderr]   CFLAGS = None
[INFO] [stderr]   DEBUG = Some("true")
[INFO] [stderr]   running: "cc" "-O0" "-ffunction-sections" "-fdata-sections" "-fPIC" "-g" "-m64" "-Wall" "-Wextra" "-E" "/opt/rustwide/target/debug/build/openssl-sys-945ed6850c77068d/out/expando.c"
[INFO] [stderr]   exit status: 0
[INFO] [stderr]   cargo:rustc-cfg=osslconf="OPENSSL_NO_SSL3_METHOD"
[INFO] [stderr]   cargo:conf=OPENSSL_NO_SSL3_METHOD
[INFO] [stderr] 
[INFO] [stderr]   --- stderr
[INFO] [stderr]   thread 'main' panicked at /opt/rustwide/cargo-home/registry/src/index.crates.io-6f17d22bba15001f/openssl-sys-0.9.27/build.rs:500:9:
[INFO] [stderr] 
[INFO] [stderr] 
[INFO] [stderr]   This crate is only compatible with OpenSSL 1.0.1 through 1.1.1, or LibreSSL 2.5
[INFO] [stderr]   and 2.6, but a different version of OpenSSL was found. The build is now aborting
[INFO] [stderr]   due to this version mismatch.
[INFO] [stderr] 
[INFO] [stderr] 
[INFO] [stderr]   stack backtrace:
[INFO] [stderr]      0:     0x56322e22769c - std::backtrace_rs::backtrace::libunwind::trace::ha637c64ce894333a
[INFO] [stderr]                                  at /rustc/82e1608dfa6e0b5569232559e3d385fea5a93112/library/std/src/../../backtrace/src/backtrace/libunwind.rs:104:5
[INFO] [stderr]      1:     0x56322e22769c - std::backtrace_rs::backtrace::trace_unsynchronized::h47f62dea28e0c88d
[INFO] [stderr]                                  at /rustc/82e1608dfa6e0b5569232559e3d385fea5a93112/library/std/src/../../backtrace/src/backtrace/mod.rs:66:5
[INFO] [stderr]      2:     0x56322e22769c - std::sys_common::backtrace::_print_fmt::h9eef0abe20ede486
[INFO] [stderr]                                  at /rustc/82e1608dfa6e0b5569232559e3d385fea5a93112/library/std/src/sys_common/backtrace.rs:67:5
[INFO] [stderr]      3:     0x56322e22769c - <std::sys_common::backtrace::_print::DisplayBacktrace as core::fmt::Display>::fmt::hed7f999df88cc644
[INFO] [stderr]                                  at /rustc/82e1608dfa6e0b5569232559e3d385fea5a93112/library/std/src/sys_common/backtrace.rs:44:22
[INFO] [stderr]      4:     0x56322e24d7d0 - core::fmt::rt::Argument::fmt::h1539a9308b8d058d
[INFO] [stderr]                                  at /rustc/82e1608dfa6e0b5569232559e3d385fea5a93112/library/core/src/fmt/rt.rs:142:9
[INFO] [stderr]      5:     0x56322e24d7d0 - core::fmt::write::h3a39390d8560d9c9
[INFO] [stderr]                                  at /rustc/82e1608dfa6e0b5569232559e3d385fea5a93112/library/core/src/fmt/mod.rs:1120:17
[INFO] [stderr]      6:     0x56322e224fdf - std::io::Write::write_fmt::h5fc9997dfe05f882
[INFO] [stderr]                                  at /rustc/82e1608dfa6e0b5569232559e3d385fea5a93112/library/std/src/io/mod.rs:1762:15
[INFO] [stderr]      7:     0x56322e227484 - std::sys_common::backtrace::_print::h894006fb5c6f3d45
[INFO] [stderr]                                  at /rustc/82e1608dfa6e0b5569232559e3d385fea5a93112/library/std/src/sys_common/backtrace.rs:47:5
[INFO] [stderr]      8:     0x56322e227484 - std::sys_common::backtrace::print::h23a2d212c6fff936
[INFO] [stderr]                                  at /rustc/82e1608dfa6e0b5569232559e3d385fea5a93112/library/std/src/sys_common/backtrace.rs:34:9
[INFO] [stderr]      9:     0x56322e228c97 - std::panicking::default_hook::{{closure}}::h8a1d2ee00185001a
[INFO] [stderr]     10:     0x56322e2289ff - std::panicking::default_hook::h6038f2eba384e475
[INFO] [stderr]                                  at /rustc/82e1608dfa6e0b5569232559e3d385fea5a93112/library/std/src/panicking.rs:292:9
[INFO] [stderr]     11:     0x56322e229118 - std::panicking::rust_panic_with_hook::h2b5517d590cab22e
[INFO] [stderr]                                  at /rustc/82e1608dfa6e0b5569232559e3d385fea5a93112/library/std/src/panicking.rs:779:13
[INFO] [stderr]     12:     0x56322e1ff36e - std::panicking::begin_panic::{{closure}}::h10380a76b01981f6
[INFO] [stderr]     13:     0x56322e1f161a - std::sys_common::backtrace::__rust_end_short_backtrace::hf71457e270e27572
[INFO] [stderr]     14:     0x56322e1ff2eb - std::panicking::begin_panic::h887a2c71ddf7da0b
[INFO] [stderr]     15:     0x56322e1bfa24 - build_script_build::validate_headers::h04005a2351febe9b
[INFO] [stderr]     16:     0x56322e1be98f - build_script_build::try_pkg_config::h01ff762e08971443
[INFO] [stderr]     17:     0x56322e1bdae4 - build_script_build::find_openssl_dir::ha31ce28fb5795825
[INFO] [stderr]     18:     0x56322e1bd958 - build_script_build::main::{{closure}}::hd880c5ecf7d8e0fd
[INFO] [stderr]     19:     0x56322e1c4fa9 - core::option::Option<T>::unwrap_or_else::h5f5348aac680e0ff
[INFO] [stderr]     20:     0x56322e1bc9c1 - build_script_build::main::h5828290cd04b112e
[INFO] [stderr]     21:     0x56322e1c1ba3 - core::ops::function::FnOnce::call_once::hc8de0e4d911ebe26
[INFO] [stderr]     22:     0x56322e1ba216 - std::sys_common::backtrace::__rust_begin_short_backtrace::h8d479a6f886b2bbd
[INFO] [stderr]     23:     0x56322e1c66b9 - std::rt::lang_start::{{closure}}::h0cebfedaf7e9a54a
[INFO] [stderr]     24:     0x56322e221527 - core::ops::function::impls::<impl core::ops::function::FnOnce<A> for &F>::call_once::hd95060ecd5e1ca24
[INFO] [stderr]                                  at /rustc/82e1608dfa6e0b5569232559e3d385fea5a93112/library/core/src/ops/function.rs:284:13
[INFO] [stderr]     25:     0x56322e221527 - std::panicking::try::do_call::h6e8cf51db32a6e4b
[INFO] [stderr]                                  at /rustc/82e1608dfa6e0b5569232559e3d385fea5a93112/library/std/src/panicking.rs:552:40
[INFO] [stderr]     26:     0x56322e221527 - std::panicking::try::h3a52eefe24fe3c29
[INFO] [stderr]                                  at /rustc/82e1608dfa6e0b5569232559e3d385fea5a93112/library/std/src/panicking.rs:516:19
[INFO] [stderr]     27:     0x56322e221527 - std::panic::catch_unwind::h24c28c23c02c3841
[INFO] [stderr]                                  at /rustc/82e1608dfa6e0b5569232559e3d385fea5a93112/library/std/src/panic.rs:142:14
[INFO] [stderr]     28:     0x56322e221527 - std::rt::lang_start_internal::{{closure}}::h705d3c9cbc06ef47
[INFO] [stderr]                                  at /rustc/82e1608dfa6e0b5569232559e3d385fea5a93112/library/std/src/rt.rs:148:48
[INFO] [stderr]     29:     0x56322e221527 - std::panicking::try::do_call::ha21f52ba13158470
[INFO] [stderr]                                  at /rustc/82e1608dfa6e0b5569232559e3d385fea5a93112/library/std/src/panicking.rs:552:40
[INFO] [stderr]     30:     0x56322e221527 - std::panicking::try::h5581346bf6aeb1f8
[INFO] [stderr]                                  at /rustc/82e1608dfa6e0b5569232559e3d385fea5a93112/library/std/src/panicking.rs:516:19
[INFO] [stderr]     31:     0x56322e221527 - std::panic::catch_unwind::h7919645a6b72e25b
[INFO] [stderr]                                  at /rustc/82e1608dfa6e0b5569232559e3d385fea5a93112/library/std/src/panic.rs:142:14
[INFO] [stderr]     32:     0x56322e221527 - std::rt::lang_start_internal::h12de51168669836e
[INFO] [stderr]                                  at /rustc/82e1608dfa6e0b5569232559e3d385fea5a93112/library/std/src/rt.rs:148:20
[INFO] [stderr]     33:     0x56322e1c6697 - std::rt::lang_start::hd8fcca474a034cc0
[INFO] [stderr]     34:     0x56322e1c1415 - main
[INFO] [stderr]     35:     0x7f4dbc06dd90 - <unknown>
[INFO] [stderr]     36:     0x7f4dbc06de40 - __libc_start_main
[INFO] [stderr]     37:     0x56322e1b7e95 - _start
[INFO] [stderr]     38:                0x0 - <unknown>
[INFO] [stderr] warning: build failed, waiting for other jobs to finish...
[INFO] [stdout] error[E0713]: borrow may still be in use when destructor runs
[INFO] [stdout]    --> /opt/rustwide/cargo-home/registry/src/index.crates.io-6f17d22bba15001f/url-1.7.0/src/form_urlencoded.rs:261:40
[INFO] [stdout]     |
[INFO] [stdout] 259 | impl<'a> Target for ::UrlQuery<'a> {
[INFO] [stdout]     |      -- lifetime `'a` defined here
[INFO] [stdout] 260 |     fn as_mut_string(&mut self) -> &mut String { &mut self.url.serialization }
[INFO] [stdout] 261 |     fn finish(self) -> &'a mut ::Url { self.url }
[INFO] [stdout]     |                                        ^^^^^^^^ - here, drop of `self` needs exclusive access to `*self.url`, because the type `UrlQuery<'_>` implements the `Drop` trait
[INFO] [stdout]     |                                        |
[INFO] [stdout]     |                                        returning this value requires that `*self.url` is borrowed for `'a`
[INFO] [stdout] 
[INFO] [stdout] 
[INFO] [stdout] error: aborting due to previous error
[INFO] [stdout] 
[INFO] [stdout] 
[INFO] [stdout] For more information about this error, try `rustc --explain E0713`.
[INFO] [stdout] 
[INFO] [stderr] error: could not compile `url` (lib) due to 2 previous errors
[INFO] running `Command { std: "docker" "inspect" "855d8f9b98ddd683318efbc2e8db59d88f6e5b01b722150a4ce340fe07bcf5f7", kill_on_drop: false }`
[INFO] running `Command { std: "docker" "rm" "-f" "855d8f9b98ddd683318efbc2e8db59d88f6e5b01b722150a4ce340fe07bcf5f7", kill_on_drop: false }`
[INFO] [stdout] 855d8f9b98ddd683318efbc2e8db59d88f6e5b01b722150a4ce340fe07bcf5f7
[INFO] documenting aergonaut/artifice against beta-2023-12-22 for beta-1.76-rustdoc-1
[INFO] running `Command { std: "git" "clone" "/workspace/cache/git-repos/https%3A%2F%2Fgithub.com%2Faergonaut%2Fartifice" "/workspace/builds/worker-3-tc2/source", kill_on_drop: false }`
[INFO] [stderr] Cloning into '/workspace/builds/worker-3-tc2/source'...
[INFO] [stderr] done.
[INFO] validating manifest of git repo https://github.com/aergonaut/artifice on toolchain beta-2023-12-22
[INFO] running `Command { std: CARGO_HOME="/workspace/cargo-home" RUSTUP_HOME="/workspace/rustup-home" "/workspace/cargo-home/bin/cargo" "+beta-2023-12-22" "metadata" "--manifest-path" "Cargo.toml" "--no-deps", kill_on_drop: false }`
[INFO] started tweaking git repo https://github.com/aergonaut/artifice
[INFO] finished tweaking git repo https://github.com/aergonaut/artifice
[INFO] tweaked toml for git repo https://github.com/aergonaut/artifice written to /workspace/builds/worker-3-tc2/source/Cargo.toml
[INFO] crate git repo https://github.com/aergonaut/artifice already has a lockfile, it will not be regenerated
[INFO] running `Command { std: CARGO_HOME="/workspace/cargo-home" RUSTUP_HOME="/workspace/rustup-home" "/workspace/cargo-home/bin/cargo" "+beta-2023-12-22" "fetch" "--manifest-path" "Cargo.toml", kill_on_drop: false }`
[INFO] running `Command { std: "docker" "create" "-v" "/var/lib/crater-agent-workspace/builds/worker-3-tc2/target:/opt/rustwide/target:rw,Z" "-v" "/var/lib/crater-agent-workspace/builds/worker-3-tc2/source:/opt/rustwide/workdir:ro,Z" "-v" "/var/lib/crater-agent-workspace/cargo-home:/opt/rustwide/cargo-home:ro,Z" "-v" "/var/lib/crater-agent-workspace/rustup-home:/opt/rustwide/rustup-home:ro,Z" "-e" "SOURCE_DIR=/opt/rustwide/workdir" "-e" "CARGO_TARGET_DIR=/opt/rustwide/target" "-e" "CARGO_HOME=/opt/rustwide/cargo-home" "-e" "RUSTUP_HOME=/opt/rustwide/rustup-home" "-w" "/opt/rustwide/workdir" "-m" "1610612736" "--user" "0:0" "--network" "none" "ghcr.io/rust-lang/crates-build-env/linux@sha256:2788e3201cd34a07e3172128adcd8b3090168a8e3bcc40d7c032b9dda1df7d1c" "/opt/rustwide/cargo-home/bin/cargo" "+beta-2023-12-22" "metadata" "--no-deps" "--format-version=1", kill_on_drop: false }`
[INFO] [stdout] 1247131c4e009bef77c6d2fdbdecc89849ee5fe691fb23f7bc1724d4a9e50b6b
[INFO] running `Command { std: "docker" "start" "-a" "1247131c4e009bef77c6d2fdbdecc89849ee5fe691fb23f7bc1724d4a9e50b6b", kill_on_drop: false }`
[INFO] running `Command { std: "docker" "inspect" "1247131c4e009bef77c6d2fdbdecc89849ee5fe691fb23f7bc1724d4a9e50b6b", kill_on_drop: false }`
[INFO] running `Command { std: "docker" "rm" "-f" "1247131c4e009bef77c6d2fdbdecc89849ee5fe691fb23f7bc1724d4a9e50b6b", kill_on_drop: false }`
[INFO] [stdout] 1247131c4e009bef77c6d2fdbdecc89849ee5fe691fb23f7bc1724d4a9e50b6b
[INFO] running `Command { std: "docker" "create" "-v" "/var/lib/crater-agent-workspace/builds/worker-3-tc2/target:/opt/rustwide/target:rw,Z" "-v" "/var/lib/crater-agent-workspace/builds/worker-3-tc2/source:/opt/rustwide/workdir:ro,Z" "-v" "/var/lib/crater-agent-workspace/cargo-home:/opt/rustwide/cargo-home:ro,Z" "-v" "/var/lib/crater-agent-workspace/rustup-home:/opt/rustwide/rustup-home:ro,Z" "-e" "SOURCE_DIR=/opt/rustwide/workdir" "-e" "CARGO_TARGET_DIR=/opt/rustwide/target" "-e" "CARGO_INCREMENTAL=0" "-e" "RUST_BACKTRACE=full" "-e" "RUSTFLAGS=--cap-lints=warn" "-e" "RUSTDOCFLAGS=--cap-lints=warn" "-e" "CARGO_HOME=/opt/rustwide/cargo-home" "-e" "RUSTUP_HOME=/opt/rustwide/rustup-home" "-w" "/opt/rustwide/workdir" "-m" "1610612736" "--user" "0:0" "--network" "none" "ghcr.io/rust-lang/crates-build-env/linux@sha256:2788e3201cd34a07e3172128adcd8b3090168a8e3bcc40d7c032b9dda1df7d1c" "/opt/rustwide/cargo-home/bin/cargo" "+beta-2023-12-22" "doc" "--frozen" "--no-deps" "--document-private-items" "--message-format=json", kill_on_drop: false }`
[INFO] [stdout] 2efdf016a8b3083590e527c063d0af650e2ca7364b7ac00835c3c439d5cda446
[INFO] running `Command { std: "docker" "start" "-a" "2efdf016a8b3083590e527c063d0af650e2ca7364b7ac00835c3c439d5cda446", kill_on_drop: false }`
[INFO] [stderr]     Checking libc v0.2.40
[INFO] [stderr]    Compiling cc v1.0.9
[INFO] [stderr]     Checking cfg-if v0.1.2
[INFO] [stderr]    Compiling version_check v0.1.3
[INFO] [stderr]     Checking futures v0.1.21
[INFO] [stderr]     Checking byteorder v1.2.2
[INFO] [stderr]     Checking lazy_static v1.0.0
[INFO] [stderr]     Checking lazycell v0.6.0
[INFO] [stderr]     Checking nodrop v0.1.12
[INFO] [stderr]     Checking slab v0.4.0
[INFO] [stderr]     Checking memoffset v0.2.1
[INFO] [stderr]     Checking scopeguard v0.3.3
[INFO] [stderr]     Checking lazy_static v0.2.11
[INFO] [stderr]    Compiling siphasher v0.2.2
[INFO] [stderr]    Compiling unicode-xid v0.1.0
[INFO] [stderr]     Checking log v0.4.1
[INFO] [stderr]     Checking arrayvec v0.4.7
[INFO] [stderr]     Checking crossbeam-utils v0.3.2
[INFO] [stderr]     Checking crossbeam-utils v0.2.2
[INFO] [stderr]     Checking percent-encoding v1.0.1
[INFO] [stderr]     Checking matches v0.1.6
[INFO] [stderr]    Compiling openssl v0.9.24
[INFO] [stderr]    Compiling proc-macro2 v0.2.3
[INFO] [stderr]     Checking scoped-tls v0.1.1
[INFO] [stderr]     Checking unicode-bidi v0.3.4
[INFO] [stderr]     Checking bitflags v0.9.1
[INFO] [stderr]     Checking unicode-normalization v0.1.5
[INFO] [stderr]    Compiling build_const v0.2.0
[INFO] [stderr]     Checking log v0.3.9
[INFO] [stderr]     Checking unicode-width v0.1.4
[INFO] [stderr]     Checking take v0.1.0
[INFO] [stderr]     Checking slab v0.3.0
[INFO] [stderr]     Checking smallvec v0.2.1
[INFO] [stderr]     Checking safemem v0.2.0
[INFO] [stderr]     Checking serde v1.0.36
[INFO] [stderr]    Compiling syn v0.11.11
[INFO] [stderr]    Compiling unicase v1.4.2
[INFO] [stderr]    Compiling unicase v2.1.0
[INFO] [stderr]    Compiling crc v1.7.0
[INFO] [stderr]     Checking base64 v0.9.0
[INFO] [stderr]     Checking crossbeam-epoch v0.4.1
[INFO] [stderr]     Checking language-tags v0.2.2
[INFO] [stderr]     Checking httparse v1.2.4
[INFO] [stderr]     Checking dtoa v0.4.2
[INFO] [stderr]     Checking iovec v0.1.2
[INFO] [stderr]     Checking net2 v0.2.32
[INFO] [stderr]     Checking rand v0.4.2
[INFO] [stderr]     Checking bytes v0.4.6
[INFO] [stderr]     Checking num_cpus v1.8.0
[INFO] [stderr]    Compiling cmake v0.1.29
[INFO] [stderr]    Compiling quote v0.4.2
[INFO] [stderr]     Checking crossbeam-deque v0.3.0
[INFO] [stderr]     Checking idna v0.1.4
[INFO] [stderr]     Checking mio v0.6.14
[INFO] [stderr]    Compiling phf_shared v0.7.21
[INFO] [stderr]    Compiling syn v0.12.15
[INFO] [stderr]     Checking time v0.1.39
[INFO] [stderr]     Checking atty v0.2.8
[INFO] [stderr]     Checking bitflags v1.0.1
[INFO] [stderr]     Checking phf v0.7.21
[INFO] [stderr]     Checking mime v0.3.5
[INFO] [stderr]     Checking memchr v1.0.2
[INFO] [stderr]     Checking textwrap v0.9.0
[INFO] [stderr]     Checking rustc-demangle v0.1.7
[INFO] [stderr]     Checking strsim v0.7.0
[INFO] [stderr]     Checking itoa v0.4.1
[INFO] [stderr]     Checking num-traits v0.2.2
[INFO] [stderr]     Checking adler32 v1.0.2
[INFO] [stderr]     Checking itoa v0.3.4
[INFO] [stderr]     Checking rustc-serialize v0.3.24
[INFO] [stderr]     Checking ansi_term v0.11.0
[INFO] [stderr]     Checking vec_map v0.8.0
[INFO] [stderr]     Checking libflate v0.1.14
[INFO] [stderr]     Checking colored v1.6.0
[INFO] [stderr]     Checking rand v0.3.22
[INFO] [stderr]     Checking encoding_rs v0.7.2
[INFO] [stderr]    Compiling openssl-sys v0.9.27
[INFO] [stderr]    Compiling libz-sys v1.0.18
[INFO] [stderr]     Checking tokio-executor v0.1.2
[INFO] [stderr]     Checking tokio-io v0.1.6
[INFO] [stderr]    Compiling libssh2-sys v0.2.6
[INFO] [stderr]    Compiling curl-sys v0.4.1
[INFO] [stderr]     Checking tokio-timer v0.2.1
[INFO] [stdout] error[E0310]: the parameter type `T` may not live long enough
[INFO] [stdout]     --> /opt/rustwide/cargo-home/registry/src/index.crates.io-6f17d22bba15001f/rustc-serialize-0.3.24/src/serialize.rs:1155:5
[INFO] [stdout]      |
[INFO] [stdout] 1155 |     fn decode<D: Decoder>(d: &mut D) -> Result<Cow<'static, T>, D::Error> {
[INFO] [stdout]      |     ^^^^^^^^^^^^^^^^^^^^^^^^^^^^^^^^^^^^^^^^^^^^^^^^^^^^^^^^^^^^^^^^^^^^^
[INFO] [stdout]      |     |
[INFO] [stdout]      |     the parameter type `T` must be valid for the static lifetime...
[INFO] [stdout]      |     ...so that the type `T` will meet its required lifetime bounds...
[INFO] [stdout]      |
[INFO] [stdout] note: ...that is required by this bound
[INFO] [stdout]     --> /rustc/0e09125c6c3c2fd70d7de961bcf0e51575235fad/library/alloc/src/borrow.rs:180:30
[INFO] [stdout] help: consider adding an explicit lifetime bound
[INFO] [stdout]      |
[INFO] [stdout] 1151 | impl<'a, T: ?Sized + 'static> Decodable for Cow<'a, T>
[INFO] [stdout]      |                    +++++++++
[INFO] [stdout] 
[INFO] [stdout] 
[INFO] [stderr]     Checking tokio-threadpool v0.1.2
[INFO] [stderr]    Compiling phf_generator v0.7.21
[INFO] [stderr]    Compiling phf_codegen v0.7.21
[INFO] [stderr]     Checking tokio-service v0.1.0
[INFO] [stderr]     Checking tokio-reactor v0.1.1
[INFO] [stderr]    Compiling backtrace-sys v0.1.16
[INFO] [stderr]     Checking url v1.7.0
[INFO] [stderr]     Checking relay v0.1.1
[INFO] [stderr]    Compiling mime_guess v2.0.0-alpha.4
[INFO] [stderr]     Checking futures-cpupool v0.1.8
[INFO] [stderr]    Compiling libgit2-sys v0.7.1
[INFO] [stderr]    Compiling synstructure v0.6.1
[INFO] [stderr]     Checking clap v2.31.2
[INFO] [stderr]     Checking uuid v0.5.1
[INFO] [stderr]     Checking tokio-udp v0.1.0
[INFO] [stderr]     Checking tokio-tcp v0.1.0
[INFO] [stderr]     Checking encode_unicode v0.3.1
[INFO] [stderr] error: failed to run custom build command for `openssl-sys v0.9.27`
[INFO] [stderr] note: To improve backtraces for build dependencies, set the CARGO_PROFILE_DEV_BUILD_OVERRIDE_DEBUG=true environment variable to enable debug information generation.
[INFO] [stderr] 
[INFO] [stderr] Caused by:
[INFO] [stderr]   process didn't exit successfully: `/opt/rustwide/target/debug/build/openssl-sys-d4d6588692bd01fe/build-script-build` (exit status: 101)
[INFO] [stderr]   --- stdout
[INFO] [stderr]   cargo:rerun-if-env-changed=X86_64_UNKNOWN_LINUX_GNU_OPENSSL_LIB_DIR
[INFO] [stderr]   cargo:rerun-if-env-changed=OPENSSL_LIB_DIR
[INFO] [stderr]   cargo:rerun-if-env-changed=X86_64_UNKNOWN_LINUX_GNU_OPENSSL_INCLUDE_DIR
[INFO] [stderr]   cargo:rerun-if-env-changed=OPENSSL_INCLUDE_DIR
[INFO] [stderr]   cargo:rerun-if-env-changed=X86_64_UNKNOWN_LINUX_GNU_OPENSSL_DIR
[INFO] [stderr]   cargo:rerun-if-env-changed=OPENSSL_DIR
[INFO] [stderr]   cargo:rustc-link-lib=ssl
[INFO] [stderr]   cargo:rustc-link-lib=crypto
[INFO] [stderr]   OPT_LEVEL = Some("0")
[INFO] [stderr]   TARGET = Some("x86_64-unknown-linux-gnu")
[INFO] [stderr]   HOST = Some("x86_64-unknown-linux-gnu")
[INFO] [stderr]   TARGET = Some("x86_64-unknown-linux-gnu")
[INFO] [stderr]   TARGET = Some("x86_64-unknown-linux-gnu")
[INFO] [stderr]   HOST = Some("x86_64-unknown-linux-gnu")
[INFO] [stderr]   CC_x86_64-unknown-linux-gnu = None
[INFO] [stderr]   CC_x86_64_unknown_linux_gnu = None
[INFO] [stderr]   HOST_CC = None
[INFO] [stderr]   CC = None
[INFO] [stderr]   HOST = Some("x86_64-unknown-linux-gnu")
[INFO] [stderr]   TARGET = Some("x86_64-unknown-linux-gnu")
[INFO] [stderr]   HOST = Some("x86_64-unknown-linux-gnu")
[INFO] [stderr]   CFLAGS_x86_64-unknown-linux-gnu = None
[INFO] [stderr]   CFLAGS_x86_64_unknown_linux_gnu = None
[INFO] [stderr]   HOST_CFLAGS = None
[INFO] [stderr]   CFLAGS = None
[INFO] [stderr]   DEBUG = Some("true")
[INFO] [stderr]   running: "cc" "-O0" "-ffunction-sections" "-fdata-sections" "-fPIC" "-g" "-m64" "-Wall" "-Wextra" "-E" "/opt/rustwide/target/debug/build/openssl-sys-a3cdc8d2ef5c7ce2/out/expando.c"
[INFO] [stderr]   exit status: 0
[INFO] [stderr]   cargo:rustc-cfg=osslconf="OPENSSL_NO_SSL3_METHOD"
[INFO] [stderr]   cargo:conf=OPENSSL_NO_SSL3_METHOD
[INFO] [stderr] 
[INFO] [stderr]   --- stderr
[INFO] [stderr]   thread 'main' panicked at /opt/rustwide/cargo-home/registry/src/index.crates.io-6f17d22bba15001f/openssl-sys-0.9.27/build.rs:500:9:
[INFO] [stderr] 
[INFO] [stderr] 
[INFO] [stderr]   This crate is only compatible with OpenSSL 1.0.1 through 1.1.1, or LibreSSL 2.5
[INFO] [stderr]   and 2.6, but a different version of OpenSSL was found. The build is now aborting
[INFO] [stderr]   due to this version mismatch.
[INFO] [stderr] 
[INFO] [stderr] 
[INFO] [stderr]   stack backtrace:
[INFO] [stderr]      0:     0x55e9b33c7216 - std::backtrace_rs::backtrace::libunwind::trace::h261606ad26a499c1
[INFO] [stderr]                                  at /rustc/0e09125c6c3c2fd70d7de961bcf0e51575235fad/library/std/src/../../backtrace/src/backtrace/libunwind.rs:104:5
[INFO] [stderr]      1:     0x55e9b33c7216 - std::backtrace_rs::backtrace::trace_unsynchronized::hd183f0625477fb28
[INFO] [stderr]                                  at /rustc/0e09125c6c3c2fd70d7de961bcf0e51575235fad/library/std/src/../../backtrace/src/backtrace/mod.rs:66:5
[INFO] [stderr]      2:     0x55e9b33c7216 - std::sys_common::backtrace::_print_fmt::hd7f8fef21b4eda67
[INFO] [stderr]                                  at /rustc/0e09125c6c3c2fd70d7de961bcf0e51575235fad/library/std/src/sys_common/backtrace.rs:68:5
[INFO] [stderr]      3:     0x55e9b33c7216 - <std::sys_common::backtrace::_print::DisplayBacktrace as core::fmt::Display>::fmt::h623d9b51f2f453f1
[INFO] [stderr]                                  at /rustc/0e09125c6c3c2fd70d7de961bcf0e51575235fad/library/std/src/sys_common/backtrace.rs:44:22
[INFO] [stderr]      4:     0x55e9b33ec730 - core::fmt::rt::Argument::fmt::h9f417ac76a86f368
[INFO] [stderr]                                  at /rustc/0e09125c6c3c2fd70d7de961bcf0e51575235fad/library/core/src/fmt/rt.rs:142:9
[INFO] [stderr]      5:     0x55e9b33ec730 - core::fmt::write::hc9b6faf4ac2aeff7
[INFO] [stderr]                                  at /rustc/0e09125c6c3c2fd70d7de961bcf0e51575235fad/library/core/src/fmt/mod.rs:1120:17
[INFO] [stderr]      6:     0x55e9b33c4c7f - std::io::Write::write_fmt::hfead1eee52c2e65e
[INFO] [stderr]                                  at /rustc/0e09125c6c3c2fd70d7de961bcf0e51575235fad/library/std/src/io/mod.rs:1810:15
[INFO] [stderr]      7:     0x55e9b33c6ff4 - std::sys_common::backtrace::_print::hd5d66399c7df88a2
[INFO] [stderr]                                  at /rustc/0e09125c6c3c2fd70d7de961bcf0e51575235fad/library/std/src/sys_common/backtrace.rs:47:5
[INFO] [stderr]      8:     0x55e9b33c6ff4 - std::sys_common::backtrace::print::he81ed2da642d37e5
[INFO] [stderr]                                  at /rustc/0e09125c6c3c2fd70d7de961bcf0e51575235fad/library/std/src/sys_common/backtrace.rs:34:9
[INFO] [stderr]      9:     0x55e9b33c88d7 - std::panicking::default_hook::{{closure}}::h85773f4fa117163d
[INFO] [stderr]     10:     0x55e9b33c8639 - std::panicking::default_hook::h6a1694a91d09b278
[INFO] [stderr]                                  at /rustc/0e09125c6c3c2fd70d7de961bcf0e51575235fad/library/std/src/panicking.rs:292:9
[INFO] [stderr]     11:     0x55e9b33c8d68 - std::panicking::rust_panic_with_hook::h0a7ad96e90f7145b
[INFO] [stderr]                                  at /rustc/0e09125c6c3c2fd70d7de961bcf0e51575235fad/library/std/src/panicking.rs:779:13
[INFO] [stderr]     12:     0x55e9b336d0de - std::panicking::begin_panic::{{closure}}::hcb7dbc657146e1bc
[INFO] [stderr]     13:     0x55e9b3369bca - std::sys_common::backtrace::__rust_end_short_backtrace::h698599791721b93b
[INFO] [stderr]     14:     0x55e9b336d05b - std::panicking::begin_panic::hf65bab93d97e043b
[INFO] [stderr]     15:     0x55e9b335e9f0 - build_script_build::validate_headers::h5b9006573a924a2e
[INFO] [stderr]     16:     0x55e9b335d955 - build_script_build::try_pkg_config::h64a5179a0e7214bd
[INFO] [stderr]     17:     0x55e9b335cab4 - build_script_build::find_openssl_dir::h6e921b4c58409250
[INFO] [stderr]     18:     0x55e9b335c928 - build_script_build::main::{{closure}}::hc556e3171fa508d6
[INFO] [stderr]     19:     0x55e9b336399f - core::option::Option<T>::unwrap_or_else::hcab4ae289fad840d
[INFO] [stderr]     20:     0x55e9b335b99f - build_script_build::main::hb3094e78ae706e2d
[INFO] [stderr]     21:     0x55e9b3360a53 - core::ops::function::FnOnce::call_once::h1411c8cf037250f6
[INFO] [stderr]     22:     0x55e9b3364f46 - std::sys_common::backtrace::__rust_begin_short_backtrace::ha70ea1e9a15e7cac
[INFO] [stderr]     23:     0x55e9b33655d9 - std::rt::lang_start::{{closure}}::hb618e5b4ca417e3e
[INFO] [stderr]     24:     0x55e9b33c0f71 - core::ops::function::impls::<impl core::ops::function::FnOnce<A> for &F>::call_once::h4eb4c5e1620f29b0
[INFO] [stderr]                                  at /rustc/0e09125c6c3c2fd70d7de961bcf0e51575235fad/library/core/src/ops/function.rs:284:13
[INFO] [stderr]     25:     0x55e9b33c0f71 - std::panicking::try::do_call::h73fd26535faffcdf
[INFO] [stderr]                                  at /rustc/0e09125c6c3c2fd70d7de961bcf0e51575235fad/library/std/src/panicking.rs:552:40
[INFO] [stderr]     26:     0x55e9b33c0f71 - std::panicking::try::h77ff1d98f0fb9f39
[INFO] [stderr]                                  at /rustc/0e09125c6c3c2fd70d7de961bcf0e51575235fad/library/std/src/panicking.rs:516:19
[INFO] [stderr]     27:     0x55e9b33c0f71 - std::panic::catch_unwind::hab3caf2448b95e37
[INFO] [stderr]                                  at /rustc/0e09125c6c3c2fd70d7de961bcf0e51575235fad/library/std/src/panic.rs:142:14
[INFO] [stderr]     28:     0x55e9b33c0f71 - std::rt::lang_start_internal::{{closure}}::h8086711f9c783f78
[INFO] [stderr]                                  at /rustc/0e09125c6c3c2fd70d7de961bcf0e51575235fad/library/std/src/rt.rs:148:48
[INFO] [stderr]     29:     0x55e9b33c0f71 - std::panicking::try::do_call::hf920d4dc291cd6ca
[INFO] [stderr]                                  at /rustc/0e09125c6c3c2fd70d7de961bcf0e51575235fad/library/std/src/panicking.rs:552:40
[INFO] [stderr]     30:     0x55e9b33c0f71 - std::panicking::try::h2b806ccc0a85db74
[INFO] [stderr]                                  at /rustc/0e09125c6c3c2fd70d7de961bcf0e51575235fad/library/std/src/panicking.rs:516:19
[INFO] [stderr]     31:     0x55e9b33c0f71 - std::panic::catch_unwind::h038489539c507df2
[INFO] [stderr]                                  at /rustc/0e09125c6c3c2fd70d7de961bcf0e51575235fad/library/std/src/panic.rs:142:14
[INFO] [stderr]     32:     0x55e9b33c0f71 - std::rt::lang_start_internal::h28503b88912e8a5c
[INFO] [stderr]                                  at /rustc/0e09125c6c3c2fd70d7de961bcf0e51575235fad/library/std/src/rt.rs:148:20
[INFO] [stderr]     33:     0x55e9b33655b7 - std::rt::lang_start::h9ee8881c20f183da
[INFO] [stderr]     34:     0x55e9b33603d5 - main
[INFO] [stderr]     35:     0x7fd58e15ad90 - <unknown>
[INFO] [stderr]     36:     0x7fd58e15ae40 - __libc_start_main
[INFO] [stderr]     37:     0x55e9b3356ea5 - _start
[INFO] [stderr]     38:                0x0 - <unknown>
[INFO] [stderr] warning: build failed, waiting for other jobs to finish...
[INFO] [stdout] error[E0713]: borrow may still be in use when destructor runs
[INFO] [stdout]    --> /opt/rustwide/cargo-home/registry/src/index.crates.io-6f17d22bba15001f/url-1.7.0/src/form_urlencoded.rs:261:40
[INFO] [stdout]     |
[INFO] [stdout] 259 | impl<'a> Target for ::UrlQuery<'a> {
[INFO] [stdout]     |      -- lifetime `'a` defined here
[INFO] [stdout] 260 |     fn as_mut_string(&mut self) -> &mut String { &mut self.url.serialization }
[INFO] [stdout] 261 |     fn finish(self) -> &'a mut ::Url { self.url }
[INFO] [stdout]     |                                        ^^^^^^^^ - here, drop of `self` needs exclusive access to `*self.url`, because the type `UrlQuery<'_>` implements the `Drop` trait
[INFO] [stdout]     |                                        |
[INFO] [stdout]     |                                        returning this value requires that `*self.url` is borrowed for `'a`
[INFO] [stdout] 
[INFO] [stdout] 
[INFO] [stdout] error: aborting due to 1 previous error
[INFO] [stdout] 
[INFO] [stdout] 
[INFO] [stdout] For more information about this error, try `rustc --explain E0713`.
[INFO] [stdout] 
[INFO] [stderr] error: could not compile `url` (lib) due to 2 previous errors
[INFO] [stdout] error: aborting due to 1 previous error
[INFO] [stdout] 
[INFO] [stdout] 
[INFO] [stdout] For more information about this error, try `rustc --explain E0310`.
[INFO] [stdout] 
[INFO] [stderr] error: could not compile `rustc-serialize` (lib) due to 2 previous errors
[INFO] running `Command { std: "docker" "inspect" "2efdf016a8b3083590e527c063d0af650e2ca7364b7ac00835c3c439d5cda446", kill_on_drop: false }`
[INFO] running `Command { std: "docker" "rm" "-f" "2efdf016a8b3083590e527c063d0af650e2ca7364b7ac00835c3c439d5cda446", kill_on_drop: false }`
[INFO] [stdout] 2efdf016a8b3083590e527c063d0af650e2ca7364b7ac00835c3c439d5cda446
