[INFO] cloning repository https://github.com/advock/cosmwasm-NFT-marketplace
[INFO] running `Command { std: "git" "-c" "credential.helper=" "-c" "credential.helper=/workspace/cargo-home/bin/git-credential-null" "clone" "--bare" "https://github.com/advock/cosmwasm-NFT-marketplace" "/workspace/cache/git-repos/https%3A%2F%2Fgithub.com%2Fadvock%2Fcosmwasm-NFT-marketplace", kill_on_drop: false }`
[INFO] [stderr] Cloning into bare repository '/workspace/cache/git-repos/https%3A%2F%2Fgithub.com%2Fadvock%2Fcosmwasm-NFT-marketplace'...
[INFO] running `Command { std: "git" "rev-parse" "HEAD", kill_on_drop: false }`
[INFO] [stdout] 236ad5b5fccbd2e2ef7b7e2f3d5809e4e882167d
[INFO] documenting advock/cosmwasm-NFT-marketplace against 1.75.0 for beta-1.76-rustdoc-1
[INFO] running `Command { std: "git" "clone" "/workspace/cache/git-repos/https%3A%2F%2Fgithub.com%2Fadvock%2Fcosmwasm-NFT-marketplace" "/workspace/builds/worker-4-tc1/source", kill_on_drop: false }`
[INFO] [stderr] Cloning into '/workspace/builds/worker-4-tc1/source'...
[INFO] [stderr] done.
[INFO] validating manifest of git repo https://github.com/advock/cosmwasm-NFT-marketplace on toolchain 1.75.0
[INFO] running `Command { std: CARGO_HOME="/workspace/cargo-home" RUSTUP_HOME="/workspace/rustup-home" "/workspace/cargo-home/bin/cargo" "+1.75.0" "metadata" "--manifest-path" "Cargo.toml" "--no-deps", kill_on_drop: false }`
[INFO] removed /workspace/builds/worker-4-tc1/source/.cargo/config
[INFO] started tweaking git repo https://github.com/advock/cosmwasm-NFT-marketplace
[INFO] finished tweaking git repo https://github.com/advock/cosmwasm-NFT-marketplace
[INFO] tweaked toml for git repo https://github.com/advock/cosmwasm-NFT-marketplace written to /workspace/builds/worker-4-tc1/source/Cargo.toml
[INFO] crate git repo https://github.com/advock/cosmwasm-NFT-marketplace already has a lockfile, it will not be regenerated
[INFO] running `Command { std: CARGO_HOME="/workspace/cargo-home" RUSTUP_HOME="/workspace/rustup-home" "/workspace/cargo-home/bin/cargo" "+1.75.0" "fetch" "--manifest-path" "Cargo.toml", kill_on_drop: false }`
[INFO] [stderr]  Downloading crates ...
[INFO] [stderr]   Downloaded cosmwasm-derive v1.2.6
[INFO] [stderr]   Downloaded cosmwasm-storage v1.2.6
[INFO] [stderr]   Downloaded cosmwasm-schema v1.2.6
[INFO] [stderr]   Downloaded cosmwasm-crypto v1.2.6
[INFO] [stderr]   Downloaded cosmwasm-std v1.2.6
[INFO] [stderr]   Downloaded cosmwasm-schema-derive v1.2.6
[INFO] [stderr]   Downloaded sg721-base v2.3.1
[INFO] [stderr]   Downloaded sg1 v2.3.1
[INFO] [stderr]   Downloaded sg-std v2.3.1
[INFO] [stderr]   Downloaded sg-controllers v2.3.1
[INFO] [stderr]   Downloaded sg721 v2.3.1
[INFO] running `Command { std: "docker" "create" "-v" "/var/lib/crater-agent-workspace/builds/worker-4-tc1/target:/opt/rustwide/target:rw,Z" "-v" "/var/lib/crater-agent-workspace/builds/worker-4-tc1/source:/opt/rustwide/workdir:ro,Z" "-v" "/var/lib/crater-agent-workspace/cargo-home:/opt/rustwide/cargo-home:ro,Z" "-v" "/var/lib/crater-agent-workspace/rustup-home:/opt/rustwide/rustup-home:ro,Z" "-e" "SOURCE_DIR=/opt/rustwide/workdir" "-e" "CARGO_TARGET_DIR=/opt/rustwide/target" "-e" "CARGO_HOME=/opt/rustwide/cargo-home" "-e" "RUSTUP_HOME=/opt/rustwide/rustup-home" "-w" "/opt/rustwide/workdir" "-m" "1610612736" "--user" "0:0" "--network" "none" "ghcr.io/rust-lang/crates-build-env/linux@sha256:2788e3201cd34a07e3172128adcd8b3090168a8e3bcc40d7c032b9dda1df7d1c" "/opt/rustwide/cargo-home/bin/cargo" "+1.75.0" "metadata" "--no-deps" "--format-version=1", kill_on_drop: false }`
[INFO] [stdout] 94471a2a4ac29e895ee656d6b0ae0369c88d02b03b851b34d29e16fd980dc64d
[INFO] running `Command { std: "docker" "start" "-a" "94471a2a4ac29e895ee656d6b0ae0369c88d02b03b851b34d29e16fd980dc64d", kill_on_drop: false }`
[INFO] running `Command { std: "docker" "inspect" "94471a2a4ac29e895ee656d6b0ae0369c88d02b03b851b34d29e16fd980dc64d", kill_on_drop: false }`
[INFO] running `Command { std: "docker" "rm" "-f" "94471a2a4ac29e895ee656d6b0ae0369c88d02b03b851b34d29e16fd980dc64d", kill_on_drop: false }`
[INFO] [stdout] 94471a2a4ac29e895ee656d6b0ae0369c88d02b03b851b34d29e16fd980dc64d
[INFO] running `Command { std: "docker" "create" "-v" "/var/lib/crater-agent-workspace/builds/worker-4-tc1/target:/opt/rustwide/target:rw,Z" "-v" "/var/lib/crater-agent-workspace/builds/worker-4-tc1/source:/opt/rustwide/workdir:ro,Z" "-v" "/var/lib/crater-agent-workspace/cargo-home:/opt/rustwide/cargo-home:ro,Z" "-v" "/var/lib/crater-agent-workspace/rustup-home:/opt/rustwide/rustup-home:ro,Z" "-e" "SOURCE_DIR=/opt/rustwide/workdir" "-e" "CARGO_TARGET_DIR=/opt/rustwide/target" "-e" "CARGO_INCREMENTAL=0" "-e" "RUST_BACKTRACE=full" "-e" "RUSTFLAGS=--cap-lints=warn" "-e" "RUSTDOCFLAGS=--cap-lints=warn" "-e" "CARGO_HOME=/opt/rustwide/cargo-home" "-e" "RUSTUP_HOME=/opt/rustwide/rustup-home" "-w" "/opt/rustwide/workdir" "-m" "1610612736" "--user" "0:0" "--network" "none" "ghcr.io/rust-lang/crates-build-env/linux@sha256:2788e3201cd34a07e3172128adcd8b3090168a8e3bcc40d7c032b9dda1df7d1c" "/opt/rustwide/cargo-home/bin/cargo" "+1.75.0" "doc" "--frozen" "--no-deps" "--document-private-items" "--message-format=json", kill_on_drop: false }`
[INFO] [stdout] eea7be32d5b42a462bc39aaf975e7d7b26ac43fbf21453bf882c576f5be97e5d
[INFO] running `Command { std: "docker" "start" "-a" "eea7be32d5b42a462bc39aaf975e7d7b26ac43fbf21453bf882c576f5be97e5d", kill_on_drop: false }`
[INFO] [stderr]    Compiling version_check v0.9.4
[INFO] [stderr]    Compiling typenum v1.16.0
[INFO] [stderr]    Compiling proc-macro2 v1.0.60
[INFO] [stderr]    Compiling libc v0.2.146
[INFO] [stderr]     Checking subtle v2.5.0
[INFO] [stderr]     Checking zeroize v1.6.0
[INFO] [stderr]    Compiling syn v1.0.109
[INFO] [stderr]     Checking const-oid v0.9.2
[INFO] [stderr]    Compiling serde v1.0.164
[INFO] [stderr]     Checking base64ct v1.6.0
[INFO] [stderr]     Checking base16ct v0.1.1
[INFO] [stderr]     Checking cpufeatures v0.2.7
[INFO] [stderr]     Checking byteorder v1.4.3
[INFO] [stderr]    Compiling serde_json v1.0.96
[INFO] [stderr]     Checking once_cell v1.18.0
[INFO] [stderr]    Compiling thiserror v1.0.40
[INFO] [stderr]     Checking itoa v1.0.6
[INFO] [stderr]    Compiling crunchy v0.2.2
[INFO] [stderr]     Checking rand_core v0.5.1
[INFO] [stderr]     Checking ryu v1.0.13
[INFO] [stderr]    Compiling schemars v0.8.12
[INFO] [stderr]     Checking der v0.6.1
[INFO] [stderr]     Checking dyn-clone v1.0.11
[INFO] [stderr]     Checking forward_ref v1.0.0
[INFO] [stderr]     Checking base64 v0.13.1
[INFO] [stderr]    Compiling semver v1.0.17
[INFO] [stderr]     Checking tinyvec_macros v0.1.1
[INFO] [stderr]     Checking unicode-bidi v0.3.13
[INFO] [stderr]     Checking percent-encoding v2.3.0
[INFO] [stderr]     Checking tinyvec v1.6.0
[INFO] [stderr]     Checking form_urlencoded v1.2.0
[INFO] [stderr]    Compiling generic-array v0.14.7
[INFO] [stderr]    Compiling ahash v0.7.6
[INFO] [stderr]     Checking uint v0.9.5
[INFO] [stderr]    Compiling quote v1.0.28
[INFO] [stderr]     Checking spki v0.6.0
[INFO] [stderr]     Checking pkcs8 v0.9.0
[INFO] [stderr]    Compiling syn v2.0.18
[INFO] [stderr]     Checking unicode-normalization v0.1.22
[INFO] [stderr]     Checking getrandom v0.2.10
[INFO] [stderr]     Checking rand_core v0.6.4
[INFO] [stderr]     Checking ff v0.12.1
[INFO] [stderr]     Checking hashbrown v0.12.3
[INFO] [stderr]     Checking group v0.12.1
[INFO] [stderr]     Checking idna v0.4.0
[INFO] [stderr]     Checking block-buffer v0.10.4
[INFO] [stderr]     Checking crypto-common v0.1.6
[INFO] [stderr]     Checking crypto-bigint v0.4.9
[INFO] [stderr]     Checking sec1 v0.3.0
[INFO] [stderr]     Checking digest v0.9.0
[INFO] [stderr]     Checking block-buffer v0.9.0
[INFO] [stderr]     Checking url v2.4.0
[INFO] [stderr]     Checking curve25519-dalek v3.2.0
[INFO] [stderr]     Checking sha2 v0.9.9
[INFO] [stderr]     Checking digest v0.10.7
[INFO] [stderr]     Checking hmac v0.12.1
[INFO] [stderr]     Checking signature v1.6.4
[INFO] [stderr]     Checking sha2 v0.10.6
[INFO] [stderr]     Checking rfc6979 v0.3.1
[INFO] [stderr]     Checking elliptic-curve v0.12.3
[INFO] [stderr]     Checking ecdsa v0.14.8
[INFO] [stderr]     Checking k256 v0.11.6
[INFO] [stderr]    Compiling serde_derive v1.0.164
[INFO] [stderr]    Compiling thiserror-impl v1.0.40
[INFO] [stderr]    Compiling serde_derive_internals v0.26.0
[INFO] [stderr]    Compiling schemars_derive v0.8.12
[INFO] [stderr]    Compiling derivative v2.2.0
[INFO] [stderr]    Compiling cosmwasm-derive v1.2.6
[INFO] [stderr]    Compiling cosmwasm-schema-derive v1.2.6
[INFO] [stderr]    Compiling cw-ownable-derive v0.5.1
[INFO] [stderr]     Checking ed25519-zebra v3.1.0
[INFO] [stderr]     Checking serde-json-wasm v0.5.1
[INFO] [stderr]     Checking cosmwasm-crypto v1.2.6
[INFO] [stderr]     Checking cosmwasm-std v1.2.6
[INFO] [stderr]     Checking cosmwasm-schema v1.2.6
[INFO] [stderr]     Checking cw-storage-plus v0.16.0
[INFO] [stderr]     Checking cw-storage-plus v1.1.0
[INFO] [stderr]     Checking cw-address-like v1.0.4
[INFO] [stderr]     Checking cosmwasm-storage v1.2.6
[INFO] [stderr]     Checking cw2 v0.16.0
[INFO] [stderr]     Checking cw2 v1.0.1
[INFO] [stderr]     Checking cw-utils v0.16.0
[INFO] [stderr]     Checking cw-utils v1.0.1
[INFO] [stderr]     Checking cw721 v0.16.0
[INFO] [stderr]     Checking cw721 v0.17.0
[INFO] [stderr]     Checking cw-ownable v0.5.1
[INFO] [stderr]     Checking cw721-base v0.16.0
[INFO] [stderr]     Checking sg-std v2.3.1
[INFO] [stderr]     Checking sg1 v2.3.1
[INFO] [stderr]     Checking sg-controllers v2.3.1
[INFO] [stderr]     Checking sg721 v2.3.1
[INFO] [stderr]     Checking cw721-base v0.17.0
[INFO] [stderr]     Checking sg721-base v2.3.1
[INFO] [stderr]  Documenting comdex-nft-marketplace v0.1.0 (/opt/rustwide/workdir)
[INFO] [stderr]     Checking comdex-nft-marketplace v0.1.0 (/opt/rustwide/workdir)
[INFO] [stdout] error: expected expression, found `,`
[INFO] [stdout]    --> src/contract.rs:163:14
[INFO] [stdout]     |
[INFO] [stdout] 163 |         } => ,
[INFO] [stdout]     |           -- ^ expected expression
[INFO] [stdout]     |           |
[INFO] [stdout]     |           while parsing the `match` arm starting here
[INFO] [stdout] 
[INFO] [stdout] 
[INFO] [stdout] error: expected expression, found `,`
[INFO] [stdout]    --> src/contract.rs:163:14
[INFO] [stdout]     |
[INFO] [stdout] 163 |         } => ,
[INFO] [stdout]     |           -- ^ expected expression
[INFO] [stdout]     |           |
[INFO] [stdout]     |           while parsing the `match` arm starting here
[INFO] [stdout] 
[INFO] [stdout] 
[INFO] [stdout] error: expected expression
[INFO] [stdout]    --> src/contract.rs:163:14
[INFO] [stdout]     |
[INFO] [stdout] 163 |         } => ,
[INFO] [stdout]     |              ^
[INFO] [stdout] 
[INFO] [stdout] 
[INFO] [stdout] error: expected expression
[INFO] [stdout]    --> src/contract.rs:163:14
[INFO] [stdout]     |
[INFO] [stdout] 163 |         } => ,
[INFO] [stdout]     |              ^
[INFO] [stdout] 
[INFO] [stdout] 
[INFO] [stdout] warning: unused import: `ExecuteMsg`
[INFO] [stdout]  --> src/contract.rs:9:37
[INFO] [stdout]   |
[INFO] [stdout] 9 |     AskHookMsg, BidHookMsg,MintMsg, ExecuteMsg, HookAction, InstantiateMsg, QueryMsg, SaleHookMsg,
[INFO] [stdout]   |                                     ^^^^^^^^^^
[INFO] [stdout]   |
[INFO] [stdout]   = note: `#[warn(unused_imports)]` on by default
[INFO] [stdout] 
[INFO] [stdout] 
[INFO] [stdout] warning: unused import: `SudoParams`
[INFO] [stdout]   --> src/contract.rs:12:92
[INFO] [stdout]    |
[INFO] [stdout] 12 |     ask_key, asks, bid_key,TOKENS, bids,CONFIG ,Ask, Bid, State,Order, SaleType,TokenInfo ,SudoParams, TokenId, ASK_HOOKS,
[INFO] [stdout]    |                                                                                            ^^^^^^^^^^
[INFO] [stdout] 
[INFO] [stdout] 
[INFO] [stdout] warning: unused import: `maybe_addr`
[INFO] [stdout]   --> src/contract.rs:21:25
[INFO] [stdout]    |
[INFO] [stdout] 21 | use cw_utils::{may_pay, maybe_addr, must_pay, nonpayable};
[INFO] [stdout]    |                         ^^^^^^^^^^
[INFO] [stdout] 
[INFO] [stdout] 
[INFO] [stdout] warning: unused import: `cw_utils::PaymentError`
[INFO] [stdout]  --> src/error.rs:2:5
[INFO] [stdout]   |
[INFO] [stdout] 2 | use cw_utils::PaymentError;
[INFO] [stdout]   |     ^^^^^^^^^^^^^^^^^^^^^^
[INFO] [stdout] 
[INFO] [stdout] 
[INFO] [stdout] warning: unused import: `sg_controllers::HookError`
[INFO] [stdout]  --> src/error.rs:3:5
[INFO] [stdout]   |
[INFO] [stdout] 3 | use sg_controllers::HookError;
[INFO] [stdout]   |     ^^^^^^^^^^^^^^^^^^^^^^^^^
[INFO] [stdout] 
[INFO] [stdout] 
[INFO] [stdout] warning: unused import: `Addr`
[INFO] [stdout]  --> src/msg.rs:3:31
[INFO] [stdout]   |
[INFO] [stdout] 3 | use cosmwasm_std::{to_binary, Addr, Binary, Coin, StdResult, Timestamp};
[INFO] [stdout]   |                               ^^^^
[INFO] [stdout] 
[INFO] [stdout] 
[INFO] [stdout] error: aborting due to 2 previous errors
[INFO] [stdout] 
[INFO] [stdout] 
[INFO] [stderr] error: could not document `comdex-nft-marketplace`
[INFO] [stderr] 
[INFO] [stderr] Caused by:
[INFO] [stderr]   process didn't exit successfully: `/opt/rustwide/rustup-home/toolchains/1.75.0-x86_64-unknown-linux-gnu/bin/rustdoc --edition=2021 --crate-type cdylib --crate-type rlib --crate-name comdex_nft_marketplace src/lib.rs -o /opt/rustwide/target/doc --error-format=json --json=diagnostic-rendered-ansi,artifacts,future-incompat --document-private-items -C metadata=557075bb83399890 -L dependency=/opt/rustwide/target/debug/deps --extern cosmwasm_schema=/opt/rustwide/target/debug/deps/libcosmwasm_schema-9b186a8bf933cb31.rmeta --extern cosmwasm_std=/opt/rustwide/target/debug/deps/libcosmwasm_std-7d889a705efc2fe3.rmeta --extern cosmwasm_storage=/opt/rustwide/target/debug/deps/libcosmwasm_storage-74df77396d7cd81a.rmeta --extern cw_storage_plus=/opt/rustwide/target/debug/deps/libcw_storage_plus-a1b4e96d5e660078.rmeta --extern cw_utils=/opt/rustwide/target/debug/deps/libcw_utils-31234e7f6ef2cf53.rmeta --extern cw2=/opt/rustwide/target/debug/deps/libcw2-5c4375ac8136ce86.rmeta --extern cw721=/opt/rustwide/target/debug/deps/libcw721-27d497c3c7c691e2.rmeta --extern cw721_base=/opt/rustwide/target/debug/deps/libcw721_base-4cc621e9ef99cfd8.rmeta --extern schemars=/opt/rustwide/target/debug/deps/libschemars-1f1783ac70ae6305.rmeta --extern serde=/opt/rustwide/target/debug/deps/libserde-6466f23f2857f237.rmeta --extern sg_controllers=/opt/rustwide/target/debug/deps/libsg_controllers-3044ec5e07d0d92f.rmeta --extern sg_std=/opt/rustwide/target/debug/deps/libsg_std-92ee070eafec54f2.rmeta --extern sg1=/opt/rustwide/target/debug/deps/libsg1-d2bad389e59ae127.rmeta --extern sg721=/opt/rustwide/target/debug/deps/libsg721-165a573badb845bc.rmeta --extern sg721_base=/opt/rustwide/target/debug/deps/libsg721_base-1d9dcbafc7bfa4af.rmeta --extern thiserror=/opt/rustwide/target/debug/deps/libthiserror-748238cbebe01667.rmeta --cap-lints=warn --crate-version 0.1.0` (exit status: 1)
[INFO] [stderr] warning: build failed, waiting for other jobs to finish...
[INFO] [stdout] error[E0277]: `?` couldn't convert the error to `error::ContractError`
[INFO] [stdout]    --> src/contract.rs:235:51
[INFO] [stdout]     |
[INFO] [stdout] 215 | ) -> Result<Response, ContractError> {
[INFO] [stdout]     |      ------------------------------- expected `error::ContractError` because of this
[INFO] [stdout] ...
[INFO] [stdout] 235 |     let listing_fee = may_pay(&info, NATIVE_DENOM)?;
[INFO] [stdout]     |                                                   ^ the trait `From<PaymentError>` is not implemented for `error::ContractError`
[INFO] [stdout]     |
[INFO] [stdout]     = note: the question mark operation (`?`) implicitly performs a conversion on the error value using the `From` trait
[INFO] [stdout]     = help: the trait `From<cosmwasm_std::StdError>` is implemented for `error::ContractError`
[INFO] [stdout]     = help: for that trait implementation, expected `cosmwasm_std::StdError`, found `PaymentError`
[INFO] [stdout]     = note: required for `Result<Response<StargazeMsgWrapper>, error::ContractError>` to implement `FromResidual<Result<Infallible, PaymentError>>`
[INFO] [stdout] 
[INFO] [stdout] 
[INFO] [stdout] error[E0277]: `?` couldn't convert the error to `error::ContractError`
[INFO] [stdout]    --> src/contract.rs:357:50
[INFO] [stdout]     |
[INFO] [stdout] 340 | ) -> Result<Response, ContractError> {
[INFO] [stdout]     |      ------------------------------- expected `error::ContractError` because of this
[INFO] [stdout] ...
[INFO] [stdout] 357 |     let bid_price = must_pay(&info, NATIVE_DENOM)?;
[INFO] [stdout]     |                                                  ^ the trait `From<PaymentError>` is not implemented for `error::ContractError`
[INFO] [stdout]     |
[INFO] [stdout]     = note: the question mark operation (`?`) implicitly performs a conversion on the error value using the `From` trait
[INFO] [stdout]     = help: the trait `From<cosmwasm_std::StdError>` is implemented for `error::ContractError`
[INFO] [stdout]     = help: for that trait implementation, expected `cosmwasm_std::StdError`, found `PaymentError`
[INFO] [stdout]     = note: required for `Result<Response<StargazeMsgWrapper>, error::ContractError>` to implement `FromResidual<Result<Infallible, PaymentError>>`
[INFO] [stdout] 
[INFO] [stdout] 
[INFO] [stdout] error[E0277]: `?` couldn't convert the error to `error::ContractError`
[INFO] [stdout]    --> src/contract.rs:361:52
[INFO] [stdout]     |
[INFO] [stdout] 340 | ) -> Result<Response, ContractError> {
[INFO] [stdout]     |      ------------------------------- expected `error::ContractError` because of this
[INFO] [stdout] ...
[INFO] [stdout] 361 |     params.bid_expiry.is_valid(&env.block, expires)?;
[INFO] [stdout]     |                                                    ^ the trait `From<ExpiryRangeError>` is not implemented for `error::ContractError`
[INFO] [stdout]     |
[INFO] [stdout]     = note: the question mark operation (`?`) implicitly performs a conversion on the error value using the `From` trait
[INFO] [stdout]     = help: the trait `From<cosmwasm_std::StdError>` is implemented for `error::ContractError`
[INFO] [stdout]     = help: for that trait implementation, expected `cosmwasm_std::StdError`, found `ExpiryRangeError`
[INFO] [stdout]     = note: required for `Result<Response<StargazeMsgWrapper>, error::ContractError>` to implement `FromResidual<Result<Infallible, ExpiryRangeError>>`
[INFO] [stdout] 
[INFO] [stdout] 
[INFO] [stdout] error[E0277]: `?` couldn't convert the error to `error::ContractError`
[INFO] [stdout]    --> src/contract.rs:670:22
[INFO] [stdout]     |
[INFO] [stdout] 669 | ) -> Result<Response, ContractError> {
[INFO] [stdout]     |      ------------------------------- expected `error::ContractError` because of this
[INFO] [stdout] 670 |     nonpayable(&info)?;
[INFO] [stdout]     |                      ^ the trait `From<PaymentError>` is not implemented for `error::ContractError`
[INFO] [stdout]     |
[INFO] [stdout]     = note: the question mark operation (`?`) implicitly performs a conversion on the error value using the `From` trait
[INFO] [stdout]     = help: the trait `From<cosmwasm_std::StdError>` is implemented for `error::ContractError`
[INFO] [stdout]     = help: for that trait implementation, expected `cosmwasm_std::StdError`, found `PaymentError`
[INFO] [stdout]     = note: required for `Result<Response<StargazeMsgWrapper>, error::ContractError>` to implement `FromResidual<Result<Infallible, PaymentError>>`
[INFO] [stdout] 
[INFO] [stdout] 
[INFO] [stdout] error: aborting due to 6 previous errors; 6 warnings emitted
[INFO] [stdout] 
[INFO] [stdout] 
[INFO] [stdout] For more information about this error, try `rustc --explain E0277`.
[INFO] [stdout] 
[INFO] [stderr] error: could not compile `comdex-nft-marketplace` (lib) due to 7 previous errors; 6 warnings emitted
[INFO] running `Command { std: "docker" "inspect" "eea7be32d5b42a462bc39aaf975e7d7b26ac43fbf21453bf882c576f5be97e5d", kill_on_drop: false }`
[INFO] running `Command { std: "docker" "rm" "-f" "eea7be32d5b42a462bc39aaf975e7d7b26ac43fbf21453bf882c576f5be97e5d", kill_on_drop: false }`
[INFO] [stdout] eea7be32d5b42a462bc39aaf975e7d7b26ac43fbf21453bf882c576f5be97e5d
