[INFO] cloning repository https://github.com/adumbidiot/skeleton-sprint-launcher
[INFO] running `Command { std: "git" "-c" "credential.helper=" "-c" "credential.helper=/workspace/cargo-home/bin/git-credential-null" "clone" "--bare" "https://github.com/adumbidiot/skeleton-sprint-launcher" "/workspace/cache/git-repos/https%3A%2F%2Fgithub.com%2Fadumbidiot%2Fskeleton-sprint-launcher", kill_on_drop: false }`
[INFO] [stderr] Cloning into bare repository '/workspace/cache/git-repos/https%3A%2F%2Fgithub.com%2Fadumbidiot%2Fskeleton-sprint-launcher'...
[INFO] running `Command { std: "git" "rev-parse" "HEAD", kill_on_drop: false }`
[INFO] [stdout] 3da5dfe652d4f4befff3afd1ea030ea7b644fcc6
[INFO] documenting adumbidiot/skeleton-sprint-launcher against 1.75.0 for beta-1.76-rustdoc-1
[INFO] running `Command { std: "git" "clone" "/workspace/cache/git-repos/https%3A%2F%2Fgithub.com%2Fadumbidiot%2Fskeleton-sprint-launcher" "/workspace/builds/worker-0-tc1/source", kill_on_drop: false }`
[INFO] [stderr] Cloning into '/workspace/builds/worker-0-tc1/source'...
[INFO] [stderr] done.
[INFO] validating manifest of git repo https://github.com/adumbidiot/skeleton-sprint-launcher on toolchain 1.75.0
[INFO] running `Command { std: CARGO_HOME="/workspace/cargo-home" RUSTUP_HOME="/workspace/rustup-home" "/workspace/cargo-home/bin/cargo" "+1.75.0" "metadata" "--manifest-path" "Cargo.toml" "--no-deps", kill_on_drop: false }`
[INFO] started tweaking git repo https://github.com/adumbidiot/skeleton-sprint-launcher
[INFO] finished tweaking git repo https://github.com/adumbidiot/skeleton-sprint-launcher
[INFO] tweaked toml for git repo https://github.com/adumbidiot/skeleton-sprint-launcher written to /workspace/builds/worker-0-tc1/source/Cargo.toml
[INFO] crate git repo https://github.com/adumbidiot/skeleton-sprint-launcher already has a lockfile, it will not be regenerated
[INFO] running `Command { std: CARGO_HOME="/workspace/cargo-home" RUSTUP_HOME="/workspace/rustup-home" "/workspace/cargo-home/bin/cargo" "+1.75.0" "fetch" "--manifest-path" "Cargo.toml", kill_on_drop: false }`
[INFO] [stderr]     Updating git repository `https://github.com/adumbidiot/conrod`
[INFO] [stderr]     Updating git repository `https://github.com/nathaniel-daniel/glutin_window`
[INFO] [stderr]     Updating git repository `https://github.com/Thinkofname/steamworks-rs`
[INFO] [stderr]     Blocking waiting for file lock on package cache
[INFO] [stderr]  Downloading crates ...
[INFO] [stderr]   Downloaded piston2d-gfx_graphics v0.72.0
[INFO] [stderr]   Downloaded daggy v0.5.0
[INFO] [stderr]   Downloaded pistoncore-event_loop v0.53.0
[INFO] [stderr]   Downloaded x11-clipboard v0.5.1
[INFO] [stderr]   Downloaded smithay-client-toolkit v0.6.6
[INFO] [stderr]   Downloaded copypasta v0.6.3
[INFO] [stderr]   Downloaded piston2d-graphics v0.39.0
[INFO] [stderr]   Downloaded clipboard-win v2.2.0
[INFO] [stderr]   Downloaded syn v1.0.63
[INFO] [stderr]   Downloaded piston v0.53.0
[INFO] [stderr]   Downloaded smithay-clipboard v0.4.0
[INFO] [stderr]   Downloaded piston_window v0.118.0
[INFO] running `Command { std: "docker" "create" "-v" "/var/lib/crater-agent-workspace/builds/worker-0-tc1/target:/opt/rustwide/target:rw,Z" "-v" "/var/lib/crater-agent-workspace/builds/worker-0-tc1/source:/opt/rustwide/workdir:ro,Z" "-v" "/var/lib/crater-agent-workspace/cargo-home:/opt/rustwide/cargo-home:ro,Z" "-v" "/var/lib/crater-agent-workspace/rustup-home:/opt/rustwide/rustup-home:ro,Z" "-e" "SOURCE_DIR=/opt/rustwide/workdir" "-e" "CARGO_TARGET_DIR=/opt/rustwide/target" "-e" "CARGO_HOME=/opt/rustwide/cargo-home" "-e" "RUSTUP_HOME=/opt/rustwide/rustup-home" "-w" "/opt/rustwide/workdir" "-m" "1610612736" "--user" "0:0" "--network" "none" "ghcr.io/rust-lang/crates-build-env/linux@sha256:2788e3201cd34a07e3172128adcd8b3090168a8e3bcc40d7c032b9dda1df7d1c" "/opt/rustwide/cargo-home/bin/cargo" "+1.75.0" "metadata" "--no-deps" "--format-version=1", kill_on_drop: false }`
[INFO] [stdout] ccb05b2745e6cacd5abe93a6ebae57cc1363d71b99e52e07f3f05548b82ede65
[INFO] running `Command { std: "docker" "start" "-a" "ccb05b2745e6cacd5abe93a6ebae57cc1363d71b99e52e07f3f05548b82ede65", kill_on_drop: false }`
[INFO] running `Command { std: "docker" "inspect" "ccb05b2745e6cacd5abe93a6ebae57cc1363d71b99e52e07f3f05548b82ede65", kill_on_drop: false }`
[INFO] running `Command { std: "docker" "rm" "-f" "ccb05b2745e6cacd5abe93a6ebae57cc1363d71b99e52e07f3f05548b82ede65", kill_on_drop: false }`
[INFO] [stdout] ccb05b2745e6cacd5abe93a6ebae57cc1363d71b99e52e07f3f05548b82ede65
[INFO] running `Command { std: "docker" "create" "-v" "/var/lib/crater-agent-workspace/builds/worker-0-tc1/target:/opt/rustwide/target:rw,Z" "-v" "/var/lib/crater-agent-workspace/builds/worker-0-tc1/source:/opt/rustwide/workdir:ro,Z" "-v" "/var/lib/crater-agent-workspace/cargo-home:/opt/rustwide/cargo-home:ro,Z" "-v" "/var/lib/crater-agent-workspace/rustup-home:/opt/rustwide/rustup-home:ro,Z" "-e" "SOURCE_DIR=/opt/rustwide/workdir" "-e" "CARGO_TARGET_DIR=/opt/rustwide/target" "-e" "CARGO_INCREMENTAL=0" "-e" "RUST_BACKTRACE=full" "-e" "RUSTFLAGS=--cap-lints=warn" "-e" "RUSTDOCFLAGS=--cap-lints=warn" "-e" "CARGO_HOME=/opt/rustwide/cargo-home" "-e" "RUSTUP_HOME=/opt/rustwide/rustup-home" "-w" "/opt/rustwide/workdir" "-m" "1610612736" "--user" "0:0" "--network" "none" "ghcr.io/rust-lang/crates-build-env/linux@sha256:2788e3201cd34a07e3172128adcd8b3090168a8e3bcc40d7c032b9dda1df7d1c" "/opt/rustwide/cargo-home/bin/cargo" "+1.75.0" "doc" "--frozen" "--no-deps" "--document-private-items" "--message-format=json", kill_on_drop: false }`
[INFO] [stdout] be2fc86622f4c9150b32a5eeed4882c8614ec813fa1f81279695e55803c7d071
[INFO] running `Command { std: "docker" "start" "-a" "be2fc86622f4c9150b32a5eeed4882c8614ec813fa1f81279695e55803c7d071", kill_on_drop: false }`
[INFO] [stderr]    Compiling libc v0.2.94
[INFO] [stderr]    Compiling xml-rs v0.8.3
[INFO] [stderr]    Compiling log v0.4.14
[INFO] [stderr]    Compiling proc-macro2 v1.0.24
[INFO] [stderr]    Compiling unicode-xid v0.2.1
[INFO] [stderr]    Compiling memchr v2.3.4
[INFO] [stderr]    Compiling version_check v0.9.2
[INFO] [stderr]    Compiling syn v1.0.63
[INFO] [stderr]    Compiling pkg-config v0.3.19
[INFO] [stderr]    Compiling proc-macro2 v0.4.30
[INFO] [stderr]     Checking dlib v0.4.2
[INFO] [stderr]    Compiling crossbeam-utils v0.8.3
[INFO] [stderr]    Compiling memoffset v0.6.1
[INFO] [stderr]    Compiling memoffset v0.5.6
[INFO] [stderr]    Compiling crossbeam-utils v0.7.2
[INFO] [stderr]    Compiling serde_derive v1.0.125
[INFO] [stderr]     Checking piston-float v1.0.0
[INFO] [stderr]     Checking walkdir v2.3.1
[INFO] [stderr]     Checking libloading v0.7.0
[INFO] [stderr]    Compiling crossbeam-epoch v0.8.2
[INFO] [stderr]    Compiling serde v1.0.125
[INFO] [stderr]     Checking xdg v2.2.0
[INFO] [stderr]     Checking ttf-parser v0.6.2
[INFO] [stderr]     Checking dlib v0.5.0
[INFO] [stderr]     Checking piston-viewport v1.0.0
[INFO] [stderr]    Compiling num-bigint v0.3.2
[INFO] [stderr]    Compiling rayon-core v1.9.0
[INFO] [stderr]     Checking ab_glyph_rasterizer v0.1.4
[INFO] [stderr]    Compiling wayland-sys v0.28.5
[INFO] [stderr]    Compiling nix v0.14.1
[INFO] [stderr]    Compiling gl_generator v0.14.0
[INFO] [stderr]    Compiling num-rational v0.3.2
[INFO] [stderr]    Compiling num-iter v0.1.42
[INFO] [stderr]    Compiling quote v1.0.9
[INFO] [stderr]     Checking crossbeam-epoch v0.9.3
[INFO] [stderr]     Checking once_cell v1.7.2
[INFO] [stderr]    Compiling libloading v0.5.2
[INFO] [stderr]    Compiling quote v0.6.13
[INFO] [stderr]    Compiling wayland-scanner v0.28.5
[INFO] [stderr]    Compiling clang-sys v0.29.3
[INFO] [stderr]    Compiling wayland-scanner v0.23.6
[INFO] [stderr]     Checking crossbeam-deque v0.7.3
[INFO] [stderr]     Checking crossbeam-deque v0.8.0
[INFO] [stderr]     Checking crossbeam-channel v0.5.0
[INFO] [stderr]    Compiling nom v5.1.2
[INFO] [stderr]    Compiling nom v6.1.2
[INFO] [stderr]     Checking wayland-sys v0.23.6
[INFO] [stderr]     Checking approx v0.3.2
[INFO] [stderr]     Checking ordered-float v1.1.1
[INFO] [stderr]     Checking stb_truetype v0.3.1
[INFO] [stderr]     Checking owned_ttf_parser v0.6.0
[INFO] [stderr]    Compiling rayon v1.5.0
[INFO] [stderr]     Checking scoped-tls v1.0.0
[INFO] [stderr]     Checking num_cpus v1.13.0
[INFO] [stderr]     Checking nix v0.20.0
[INFO] [stderr]     Checking rusttype v0.9.2
[INFO] [stderr]    Compiling aho-corasick v0.7.15
[INFO] [stderr]    Compiling regex-syntax v0.6.23
[INFO] [stderr]    Compiling quick-error v1.2.3
[INFO] [stderr]     Checking piston-graphics_api_version v1.0.0
[INFO] [stderr]    Compiling unicode-width v0.1.8
[INFO] [stderr]    Compiling humantime v1.3.0
[INFO] [stderr]    Compiling atty v0.2.14
[INFO] [stderr]     Checking rusttype v0.8.3
[INFO] [stderr]    Compiling textwrap v0.11.0
[INFO] [stderr]    Compiling xcb v0.9.0
[INFO] [stdout] error[E0308]: mismatched types
[INFO] [stdout]   --> /opt/rustwide/cargo-home/registry/src/index.crates.io-6f17d22bba15001f/num-bigint-0.3.2/src/biguint/convert.rs:70:19
[INFO] [stdout]    |
[INFO] [stdout] 70 |         .div_ceil(&big_digit::BITS.into())
[INFO] [stdout]    |          -------- ^^^^^^^^^^^^^^^^^^^^^^^ expected `u64`, found `&_`
[INFO] [stdout]    |          |
[INFO] [stdout]    |          arguments to this method are incorrect
[INFO] [stdout]    |
[INFO] [stdout]    = note:   expected type `u64`
[INFO] [stdout]            found reference `&_`
[INFO] [stdout] note: method defined here
[INFO] [stdout]   --> /rustc/82e1608dfa6e0b5569232559e3d385fea5a93112/library/core/src/num/mod.rs:1169:5
[INFO] [stdout]    = note: this error originates in the macro `uint_impl` (in Nightly builds, run with -Z macro-backtrace for more info)
[INFO] [stdout] help: consider removing the borrow
[INFO] [stdout]    |
[INFO] [stdout] 70 -         .div_ceil(&big_digit::BITS.into())
[INFO] [stdout] 70 +         .div_ceil(big_digit::BITS.into())
[INFO] [stdout]    |
[INFO] [stdout] 
[INFO] [stdout] 
[INFO] [stdout] error[E0308]: mismatched types
[INFO] [stdout]    --> /opt/rustwide/cargo-home/registry/src/index.crates.io-6f17d22bba15001f/num-bigint-0.3.2/src/biguint/convert.rs:585:19
[INFO] [stdout]     |
[INFO] [stdout] 585 |         .div_ceil(&u64::from(bits))
[INFO] [stdout]     |          -------- ^^^^^^^^^^^^^^^^ expected `u64`, found `&u64`
[INFO] [stdout]     |          |
[INFO] [stdout]     |          arguments to this method are incorrect
[INFO] [stdout]     |
[INFO] [stdout] note: method defined here
[INFO] [stdout]    --> /rustc/82e1608dfa6e0b5569232559e3d385fea5a93112/library/core/src/num/mod.rs:1169:5
[INFO] [stdout]     = note: this error originates in the macro `uint_impl` (in Nightly builds, run with -Z macro-backtrace for more info)
[INFO] [stdout] help: consider removing the borrow
[INFO] [stdout]     |
[INFO] [stdout] 585 -         .div_ceil(&u64::from(bits))
[INFO] [stdout] 585 +         .div_ceil(u64::from(bits))
[INFO] [stdout]     |
[INFO] [stdout] 
[INFO] [stdout] 
[INFO] [stdout] error[E0308]: mismatched types
[INFO] [stdout]    --> /opt/rustwide/cargo-home/registry/src/index.crates.io-6f17d22bba15001f/num-bigint-0.3.2/src/biguint/convert.rs:613:19
[INFO] [stdout]     |
[INFO] [stdout] 613 |         .div_ceil(&u64::from(bits))
[INFO] [stdout]     |          -------- ^^^^^^^^^^^^^^^^ expected `u64`, found `&u64`
[INFO] [stdout]     |          |
[INFO] [stdout]     |          arguments to this method are incorrect
[INFO] [stdout]     |
[INFO] [stdout] note: method defined here
[INFO] [stdout]    --> /rustc/82e1608dfa6e0b5569232559e3d385fea5a93112/library/core/src/num/mod.rs:1169:5
[INFO] [stdout]     = note: this error originates in the macro `uint_impl` (in Nightly builds, run with -Z macro-backtrace for more info)
[INFO] [stdout] help: consider removing the borrow
[INFO] [stdout]     |
[INFO] [stdout] 613 -         .div_ceil(&u64::from(bits))
[INFO] [stdout] 613 +         .div_ceil(u64::from(bits))
[INFO] [stdout]     |
[INFO] [stdout] 
[INFO] [stdout] 
[INFO] [stderr]    Compiling x11-dl v2.18.5
[INFO] [stdout] error[E0308]: mismatched types
[INFO] [stdout]    --> /opt/rustwide/cargo-home/registry/src/index.crates.io-6f17d22bba15001f/num-bigint-0.3.2/src/biguint.rs:393:54
[INFO] [stdout]     |
[INFO] [stdout] 393 |                 let root_scale = extra_bits.div_ceil(&n64);
[INFO] [stdout]     |                                             -------- ^^^^ expected `u64`, found `&u64`
[INFO] [stdout]     |                                             |
[INFO] [stdout]     |                                             arguments to this method are incorrect
[INFO] [stdout]     |
[INFO] [stdout] note: method defined here
[INFO] [stdout]    --> /rustc/82e1608dfa6e0b5569232559e3d385fea5a93112/library/core/src/num/mod.rs:1169:5
[INFO] [stdout]     = note: this error originates in the macro `uint_impl` (in Nightly builds, run with -Z macro-backtrace for more info)
[INFO] [stdout] help: consider removing the borrow
[INFO] [stdout]     |
[INFO] [stdout] 393 -                 let root_scale = extra_bits.div_ceil(&n64);
[INFO] [stdout] 393 +                 let root_scale = extra_bits.div_ceil(n64);
[INFO] [stdout]     |
[INFO] [stdout] 
[INFO] [stdout] 
[INFO] [stdout] error: aborting due to 4 previous errors
[INFO] [stdout] 
[INFO] [stdout] 
[INFO] [stdout] For more information about this error, try `rustc --explain E0308`.
[INFO] [stdout] 
[INFO] [stderr] error: could not compile `num-bigint` (lib) due to 5 previous errors
[INFO] [stderr] warning: build failed, waiting for other jobs to finish...
[INFO] running `Command { std: "docker" "inspect" "be2fc86622f4c9150b32a5eeed4882c8614ec813fa1f81279695e55803c7d071", kill_on_drop: false }`
[INFO] running `Command { std: "docker" "rm" "-f" "be2fc86622f4c9150b32a5eeed4882c8614ec813fa1f81279695e55803c7d071", kill_on_drop: false }`
[INFO] [stdout] be2fc86622f4c9150b32a5eeed4882c8614ec813fa1f81279695e55803c7d071
[INFO] documenting adumbidiot/skeleton-sprint-launcher against beta-2023-12-22 for beta-1.76-rustdoc-1
[INFO] running `Command { std: "git" "clone" "/workspace/cache/git-repos/https%3A%2F%2Fgithub.com%2Fadumbidiot%2Fskeleton-sprint-launcher" "/workspace/builds/worker-0-tc2/source", kill_on_drop: false }`
[INFO] [stderr] Cloning into '/workspace/builds/worker-0-tc2/source'...
[INFO] [stderr] done.
[INFO] validating manifest of git repo https://github.com/adumbidiot/skeleton-sprint-launcher on toolchain beta-2023-12-22
[INFO] running `Command { std: CARGO_HOME="/workspace/cargo-home" RUSTUP_HOME="/workspace/rustup-home" "/workspace/cargo-home/bin/cargo" "+beta-2023-12-22" "metadata" "--manifest-path" "Cargo.toml" "--no-deps", kill_on_drop: false }`
[INFO] started tweaking git repo https://github.com/adumbidiot/skeleton-sprint-launcher
[INFO] finished tweaking git repo https://github.com/adumbidiot/skeleton-sprint-launcher
[INFO] tweaked toml for git repo https://github.com/adumbidiot/skeleton-sprint-launcher written to /workspace/builds/worker-0-tc2/source/Cargo.toml
[INFO] crate git repo https://github.com/adumbidiot/skeleton-sprint-launcher already has a lockfile, it will not be regenerated
[INFO] running `Command { std: CARGO_HOME="/workspace/cargo-home" RUSTUP_HOME="/workspace/rustup-home" "/workspace/cargo-home/bin/cargo" "+beta-2023-12-22" "fetch" "--manifest-path" "Cargo.toml", kill_on_drop: false }`
[INFO] running `Command { std: "docker" "create" "-v" "/var/lib/crater-agent-workspace/builds/worker-0-tc2/target:/opt/rustwide/target:rw,Z" "-v" "/var/lib/crater-agent-workspace/builds/worker-0-tc2/source:/opt/rustwide/workdir:ro,Z" "-v" "/var/lib/crater-agent-workspace/cargo-home:/opt/rustwide/cargo-home:ro,Z" "-v" "/var/lib/crater-agent-workspace/rustup-home:/opt/rustwide/rustup-home:ro,Z" "-e" "SOURCE_DIR=/opt/rustwide/workdir" "-e" "CARGO_TARGET_DIR=/opt/rustwide/target" "-e" "CARGO_HOME=/opt/rustwide/cargo-home" "-e" "RUSTUP_HOME=/opt/rustwide/rustup-home" "-w" "/opt/rustwide/workdir" "-m" "1610612736" "--user" "0:0" "--network" "none" "ghcr.io/rust-lang/crates-build-env/linux@sha256:2788e3201cd34a07e3172128adcd8b3090168a8e3bcc40d7c032b9dda1df7d1c" "/opt/rustwide/cargo-home/bin/cargo" "+beta-2023-12-22" "metadata" "--no-deps" "--format-version=1", kill_on_drop: false }`
[INFO] [stdout] cabab407b38985fcb298e8a4fdf4041a6b2d3814548d9fcd0b205525e164dec9
[INFO] running `Command { std: "docker" "start" "-a" "cabab407b38985fcb298e8a4fdf4041a6b2d3814548d9fcd0b205525e164dec9", kill_on_drop: false }`
[INFO] running `Command { std: "docker" "inspect" "cabab407b38985fcb298e8a4fdf4041a6b2d3814548d9fcd0b205525e164dec9", kill_on_drop: false }`
[INFO] running `Command { std: "docker" "rm" "-f" "cabab407b38985fcb298e8a4fdf4041a6b2d3814548d9fcd0b205525e164dec9", kill_on_drop: false }`
[INFO] [stdout] cabab407b38985fcb298e8a4fdf4041a6b2d3814548d9fcd0b205525e164dec9
[INFO] running `Command { std: "docker" "create" "-v" "/var/lib/crater-agent-workspace/builds/worker-0-tc2/target:/opt/rustwide/target:rw,Z" "-v" "/var/lib/crater-agent-workspace/builds/worker-0-tc2/source:/opt/rustwide/workdir:ro,Z" "-v" "/var/lib/crater-agent-workspace/cargo-home:/opt/rustwide/cargo-home:ro,Z" "-v" "/var/lib/crater-agent-workspace/rustup-home:/opt/rustwide/rustup-home:ro,Z" "-e" "SOURCE_DIR=/opt/rustwide/workdir" "-e" "CARGO_TARGET_DIR=/opt/rustwide/target" "-e" "CARGO_INCREMENTAL=0" "-e" "RUST_BACKTRACE=full" "-e" "RUSTFLAGS=--cap-lints=warn" "-e" "RUSTDOCFLAGS=--cap-lints=warn" "-e" "CARGO_HOME=/opt/rustwide/cargo-home" "-e" "RUSTUP_HOME=/opt/rustwide/rustup-home" "-w" "/opt/rustwide/workdir" "-m" "1610612736" "--user" "0:0" "--network" "none" "ghcr.io/rust-lang/crates-build-env/linux@sha256:2788e3201cd34a07e3172128adcd8b3090168a8e3bcc40d7c032b9dda1df7d1c" "/opt/rustwide/cargo-home/bin/cargo" "+beta-2023-12-22" "doc" "--frozen" "--no-deps" "--document-private-items" "--message-format=json", kill_on_drop: false }`
[INFO] [stdout] f3c2b3ab3c3b6abe608ef69b3ba2da4381346e219e094448a6289aed5e9b2e82
[INFO] running `Command { std: "docker" "start" "-a" "f3c2b3ab3c3b6abe608ef69b3ba2da4381346e219e094448a6289aed5e9b2e82", kill_on_drop: false }`
[INFO] [stderr]    Compiling libc v0.2.94
[INFO] [stderr]    Compiling xml-rs v0.8.3
[INFO] [stderr]    Compiling log v0.4.14
[INFO] [stderr]    Compiling proc-macro2 v1.0.24
[INFO] [stderr]    Compiling unicode-xid v0.2.1
[INFO] [stderr]    Compiling memchr v2.3.4
[INFO] [stderr]    Compiling version_check v0.9.2
[INFO] [stderr]    Compiling syn v1.0.63
[INFO] [stderr]    Compiling pkg-config v0.3.19
[INFO] [stderr]    Compiling proc-macro2 v0.4.30
[INFO] [stderr]     Checking dlib v0.4.2
[INFO] [stderr]    Compiling crossbeam-utils v0.8.3
[INFO] [stderr]    Compiling crossbeam-utils v0.7.2
[INFO] [stderr]    Compiling memoffset v0.5.6
[INFO] [stderr]    Compiling memoffset v0.6.1
[INFO] [stderr]     Checking piston-float v1.0.0
[INFO] [stderr]    Compiling serde_derive v1.0.125
[INFO] [stderr]     Checking walkdir v2.3.1
[INFO] [stderr]     Checking libloading v0.7.0
[INFO] [stderr]    Compiling crossbeam-epoch v0.8.2
[INFO] [stderr]     Checking ttf-parser v0.6.2
[INFO] [stderr]     Checking xdg v2.2.0
[INFO] [stderr]    Compiling serde v1.0.125
[INFO] [stderr]     Checking dlib v0.5.0
[INFO] [stderr]    Compiling gl_generator v0.14.0
[INFO] [stderr]     Checking piston-viewport v1.0.0
[INFO] [stderr]    Compiling num-bigint v0.3.2
[INFO] [stderr]    Compiling wayland-sys v0.28.5
[INFO] [stderr]    Compiling nix v0.14.1
[INFO] [stderr]     Checking ab_glyph_rasterizer v0.1.4
[INFO] [stderr]    Compiling rayon-core v1.9.0
[INFO] [stderr]    Compiling quote v0.6.13
[INFO] [stderr]    Compiling num-iter v0.1.42
[INFO] [stderr]    Compiling num-rational v0.3.2
[INFO] [stderr]     Checking once_cell v1.7.2
[INFO] [stderr]     Checking crossbeam-epoch v0.9.3
[INFO] [stderr]    Compiling quote v1.0.9
[INFO] [stderr]    Compiling wayland-scanner v0.23.6
[INFO] [stderr]     Checking crossbeam-channel v0.5.0
[INFO] [stderr]     Checking crossbeam-deque v0.7.3
[INFO] [stderr]     Checking owned_ttf_parser v0.6.0
[INFO] [stderr]    Compiling wayland-scanner v0.28.5
[INFO] [stderr]     Checking crossbeam-deque v0.8.0
[INFO] [stderr]    Compiling clang-sys v0.29.3
[INFO] [stderr]    Compiling libloading v0.5.2
[INFO] [stderr]     Checking rusttype v0.9.2
[INFO] [stderr]    Compiling nom v6.1.2
[INFO] [stderr]    Compiling nom v5.1.2
[INFO] [stderr]     Checking wayland-sys v0.23.6
[INFO] [stderr]     Checking ordered-float v1.1.1
[INFO] [stderr]     Checking approx v0.3.2
[INFO] [stderr]     Checking stb_truetype v0.3.1
[INFO] [stderr]    Compiling rayon v1.5.0
[INFO] [stderr]     Checking scoped-tls v1.0.0
[INFO] [stderr]    Compiling atty v0.2.14
[INFO] [stderr]    Compiling aho-corasick v0.7.15
[INFO] [stderr]    Compiling regex-syntax v0.6.23
[INFO] [stderr]    Compiling unicode-width v0.1.8
[INFO] [stderr]    Compiling quick-error v1.2.3
[INFO] [stderr]     Checking num_cpus v1.13.0
[INFO] [stderr]     Checking nix v0.20.0
[INFO] [stderr]     Checking piston-graphics_api_version v1.0.0
[INFO] [stderr]    Compiling textwrap v0.11.0
[INFO] [stderr]    Compiling humantime v1.3.0
[INFO] [stderr]    Compiling xcb v0.9.0
[INFO] [stderr]     Checking rusttype v0.8.3
[INFO] [stdout] error[E0308]: mismatched types
[INFO] [stdout]   --> /opt/rustwide/cargo-home/registry/src/index.crates.io-6f17d22bba15001f/num-bigint-0.3.2/src/biguint/convert.rs:70:19
[INFO] [stdout]    |
[INFO] [stdout] 70 |         .div_ceil(&big_digit::BITS.into())
[INFO] [stdout]    |          -------- ^^^^^^^^^^^^^^^^^^^^^^^ expected `u64`, found `&_`
[INFO] [stdout]    |          |
[INFO] [stdout]    |          arguments to this method are incorrect
[INFO] [stdout]    |
[INFO] [stdout]    = note:   expected type `u64`
[INFO] [stdout]            found reference `&_`
[INFO] [stdout] note: method defined here
[INFO] [stdout]   --> /rustc/0e09125c6c3c2fd70d7de961bcf0e51575235fad/library/core/src/num/mod.rs:1169:5
[INFO] [stdout]    = note: this error originates in the macro `uint_impl` (in Nightly builds, run with -Z macro-backtrace for more info)
[INFO] [stdout] help: consider removing the borrow
[INFO] [stdout]    |
[INFO] [stdout] 70 -         .div_ceil(&big_digit::BITS.into())
[INFO] [stdout] 70 +         .div_ceil(big_digit::BITS.into())
[INFO] [stdout]    |
[INFO] [stdout] 
[INFO] [stdout] 
[INFO] [stdout] error[E0308]: mismatched types
[INFO] [stdout]    --> /opt/rustwide/cargo-home/registry/src/index.crates.io-6f17d22bba15001f/num-bigint-0.3.2/src/biguint/convert.rs:585:19
[INFO] [stdout]     |
[INFO] [stdout] 585 |         .div_ceil(&u64::from(bits))
[INFO] [stdout]     |          -------- ^^^^^^^^^^^^^^^^ expected `u64`, found `&u64`
[INFO] [stdout]     |          |
[INFO] [stdout]     |          arguments to this method are incorrect
[INFO] [stdout]     |
[INFO] [stdout] note: method defined here
[INFO] [stdout]    --> /rustc/0e09125c6c3c2fd70d7de961bcf0e51575235fad/library/core/src/num/mod.rs:1169:5
[INFO] [stdout]     = note: this error originates in the macro `uint_impl` (in Nightly builds, run with -Z macro-backtrace for more info)
[INFO] [stdout] help: consider removing the borrow
[INFO] [stdout]     |
[INFO] [stdout] 585 -         .div_ceil(&u64::from(bits))
[INFO] [stdout] 585 +         .div_ceil(u64::from(bits))
[INFO] [stdout]     |
[INFO] [stdout] 
[INFO] [stdout] 
[INFO] [stdout] error[E0308]: mismatched types
[INFO] [stdout]    --> /opt/rustwide/cargo-home/registry/src/index.crates.io-6f17d22bba15001f/num-bigint-0.3.2/src/biguint/convert.rs:613:19
[INFO] [stdout]     |
[INFO] [stdout] 613 |         .div_ceil(&u64::from(bits))
[INFO] [stdout]     |          -------- ^^^^^^^^^^^^^^^^ expected `u64`, found `&u64`
[INFO] [stdout]     |          |
[INFO] [stdout]     |          arguments to this method are incorrect
[INFO] [stdout]     |
[INFO] [stdout] note: method defined here
[INFO] [stdout]    --> /rustc/0e09125c6c3c2fd70d7de961bcf0e51575235fad/library/core/src/num/mod.rs:1169:5
[INFO] [stdout]     = note: this error originates in the macro `uint_impl` (in Nightly builds, run with -Z macro-backtrace for more info)
[INFO] [stdout] help: consider removing the borrow
[INFO] [stdout]     |
[INFO] [stdout] 613 -         .div_ceil(&u64::from(bits))
[INFO] [stdout] 613 +         .div_ceil(u64::from(bits))
[INFO] [stdout]     |
[INFO] [stdout] 
[INFO] [stdout] 
[INFO] [stdout] error[E0308]: mismatched types
[INFO] [stdout]    --> /opt/rustwide/cargo-home/registry/src/index.crates.io-6f17d22bba15001f/num-bigint-0.3.2/src/biguint.rs:393:54
[INFO] [stdout]     |
[INFO] [stdout] 393 |                 let root_scale = extra_bits.div_ceil(&n64);
[INFO] [stdout]     |                                             -------- ^^^^ expected `u64`, found `&u64`
[INFO] [stdout]     |                                             |
[INFO] [stdout]     |                                             arguments to this method are incorrect
[INFO] [stdout]     |
[INFO] [stdout] note: method defined here
[INFO] [stdout]    --> /rustc/0e09125c6c3c2fd70d7de961bcf0e51575235fad/library/core/src/num/mod.rs:1169:5
[INFO] [stdout]     = note: this error originates in the macro `uint_impl` (in Nightly builds, run with -Z macro-backtrace for more info)
[INFO] [stdout] help: consider removing the borrow
[INFO] [stdout]     |
[INFO] [stdout] 393 -                 let root_scale = extra_bits.div_ceil(&n64);
[INFO] [stdout] 393 +                 let root_scale = extra_bits.div_ceil(n64);
[INFO] [stdout]     |
[INFO] [stdout] 
[INFO] [stdout] 
[INFO] [stdout] error: aborting due to 4 previous errors
[INFO] [stdout] 
[INFO] [stdout] 
[INFO] [stdout] For more information about this error, try `rustc --explain E0308`.
[INFO] [stdout] 
[INFO] [stderr] error: could not compile `num-bigint` (lib) due to 5 previous errors
[INFO] [stderr] warning: build failed, waiting for other jobs to finish...
[INFO] running `Command { std: "docker" "inspect" "f3c2b3ab3c3b6abe608ef69b3ba2da4381346e219e094448a6289aed5e9b2e82", kill_on_drop: false }`
[INFO] running `Command { std: "docker" "rm" "-f" "f3c2b3ab3c3b6abe608ef69b3ba2da4381346e219e094448a6289aed5e9b2e82", kill_on_drop: false }`
[INFO] [stdout] f3c2b3ab3c3b6abe608ef69b3ba2da4381346e219e094448a6289aed5e9b2e82
