[INFO] cloning repository https://github.com/adrianbrink/lol_store
[INFO] running `Command { std: "git" "-c" "credential.helper=" "-c" "credential.helper=/workspace/cargo-home/bin/git-credential-null" "clone" "--bare" "https://github.com/adrianbrink/lol_store" "/workspace/cache/git-repos/https%3A%2F%2Fgithub.com%2Fadrianbrink%2Flol_store", kill_on_drop: false }`
[INFO] [stderr] Cloning into bare repository '/workspace/cache/git-repos/https%3A%2F%2Fgithub.com%2Fadrianbrink%2Flol_store'...
[INFO] running `Command { std: "git" "rev-parse" "HEAD", kill_on_drop: false }`
[INFO] [stdout] 518559dd344074be60feb9160a0a544bb82fa655
[INFO] documenting adrianbrink/lol_store against 1.75.0 for beta-1.76-rustdoc-1
[INFO] running `Command { std: "git" "clone" "/workspace/cache/git-repos/https%3A%2F%2Fgithub.com%2Fadrianbrink%2Flol_store" "/workspace/builds/worker-7-tc1/source", kill_on_drop: false }`
[INFO] [stderr] Cloning into '/workspace/builds/worker-7-tc1/source'...
[INFO] [stderr] done.
[INFO] validating manifest of git repo https://github.com/adrianbrink/lol_store on toolchain 1.75.0
[INFO] running `Command { std: CARGO_HOME="/workspace/cargo-home" RUSTUP_HOME="/workspace/rustup-home" "/workspace/cargo-home/bin/cargo" "+1.75.0" "metadata" "--manifest-path" "Cargo.toml" "--no-deps", kill_on_drop: false }`
[INFO] started tweaking git repo https://github.com/adrianbrink/lol_store
[INFO] finished tweaking git repo https://github.com/adrianbrink/lol_store
[INFO] tweaked toml for git repo https://github.com/adrianbrink/lol_store written to /workspace/builds/worker-7-tc1/source/Cargo.toml
[INFO] crate git repo https://github.com/adrianbrink/lol_store already has a lockfile, it will not be regenerated
[INFO] running `Command { std: CARGO_HOME="/workspace/cargo-home" RUSTUP_HOME="/workspace/rustup-home" "/workspace/cargo-home/bin/cargo" "+1.75.0" "fetch" "--manifest-path" "Cargo.toml", kill_on_drop: false }`
[INFO] [stderr]     Updating crates.io index
[INFO] [stderr]  Downloading crates ...
[INFO] [stderr]   Downloaded metadeps v1.1.1
[INFO] [stderr]   Downloaded rustc-serialize v0.3.22
[INFO] [stderr]   Downloaded serde_codegen v0.8.23
[INFO] [stderr]   Downloaded mime v0.2.2
[INFO] [stderr]   Downloaded quote v0.3.12
[INFO] [stderr]   Downloaded num_cpus v1.2.1
[INFO] [stderr]   Downloaded redox_syscall v0.1.16
[INFO] [stderr]   Downloaded serde_codegen_internals v0.11.3
[INFO] [stderr]   Downloaded diesel_codegen_shared v0.9.0
[INFO] [stderr]   Downloaded pq-sys v0.2.7
[INFO] [stderr]   Downloaded diesel_codegen v0.9.0
[INFO] [stderr]   Downloaded native-tls v0.1.1
[INFO] [stderr]   Downloaded secur32-sys v0.2.0
[INFO] [stderr]   Downloaded libc v0.2.20
[INFO] [stderr]   Downloaded syn v0.10.6
[INFO] [stderr]   Downloaded unicode-normalization v0.1.3
[INFO] [stderr]   Downloaded security-framework v0.1.10
[INFO] [stderr]   Downloaded openssl-sys v0.9.6
[INFO] [stderr]   Downloaded unicode-bidi v0.2.4
[INFO] [stderr]   Downloaded url v1.3.0
[INFO] [stderr]   Downloaded serde_urlencoded v0.3.0
[INFO] [stderr]   Downloaded schannel v0.1.2
[INFO] [stderr]   Downloaded redis v0.8.0
[INFO] [stderr]   Downloaded hyper v0.10.0
[INFO] [stderr]   Downloaded openssl v0.9.6
[INFO] [stderr]   Downloaded crypt32-sys v0.2.0
[INFO] [stderr]   Downloaded security-framework-sys v0.1.10
[INFO] [stderr]   Downloaded dotenv v0.8.0
[INFO] [stderr]   Downloaded serde_derive v0.8.23
[INFO] [stderr]   Downloaded reqwest v0.3.0
[INFO] [stderr]   Downloaded diesel v0.9.1
[INFO] running `Command { std: "docker" "create" "-v" "/var/lib/crater-agent-workspace/builds/worker-7-tc1/target:/opt/rustwide/target:rw,Z" "-v" "/var/lib/crater-agent-workspace/builds/worker-7-tc1/source:/opt/rustwide/workdir:ro,Z" "-v" "/var/lib/crater-agent-workspace/cargo-home:/opt/rustwide/cargo-home:ro,Z" "-v" "/var/lib/crater-agent-workspace/rustup-home:/opt/rustwide/rustup-home:ro,Z" "-e" "SOURCE_DIR=/opt/rustwide/workdir" "-e" "CARGO_TARGET_DIR=/opt/rustwide/target" "-e" "CARGO_HOME=/opt/rustwide/cargo-home" "-e" "RUSTUP_HOME=/opt/rustwide/rustup-home" "-w" "/opt/rustwide/workdir" "-m" "1610612736" "--user" "0:0" "--network" "none" "ghcr.io/rust-lang/crates-build-env/linux@sha256:2788e3201cd34a07e3172128adcd8b3090168a8e3bcc40d7c032b9dda1df7d1c" "/opt/rustwide/cargo-home/bin/cargo" "+1.75.0" "metadata" "--no-deps" "--format-version=1", kill_on_drop: false }`
[INFO] [stdout] 89b9c97c82e775f9d5ff7fff479af888f9a63a36d31f01f196a52a32b87d93da
[INFO] running `Command { std: "docker" "start" "-a" "89b9c97c82e775f9d5ff7fff479af888f9a63a36d31f01f196a52a32b87d93da", kill_on_drop: false }`
[INFO] running `Command { std: "docker" "inspect" "89b9c97c82e775f9d5ff7fff479af888f9a63a36d31f01f196a52a32b87d93da", kill_on_drop: false }`
[INFO] running `Command { std: "docker" "rm" "-f" "89b9c97c82e775f9d5ff7fff479af888f9a63a36d31f01f196a52a32b87d93da", kill_on_drop: false }`
[INFO] [stdout] 89b9c97c82e775f9d5ff7fff479af888f9a63a36d31f01f196a52a32b87d93da
[INFO] running `Command { std: "docker" "create" "-v" "/var/lib/crater-agent-workspace/builds/worker-7-tc1/target:/opt/rustwide/target:rw,Z" "-v" "/var/lib/crater-agent-workspace/builds/worker-7-tc1/source:/opt/rustwide/workdir:ro,Z" "-v" "/var/lib/crater-agent-workspace/cargo-home:/opt/rustwide/cargo-home:ro,Z" "-v" "/var/lib/crater-agent-workspace/rustup-home:/opt/rustwide/rustup-home:ro,Z" "-e" "SOURCE_DIR=/opt/rustwide/workdir" "-e" "CARGO_TARGET_DIR=/opt/rustwide/target" "-e" "CARGO_INCREMENTAL=0" "-e" "RUST_BACKTRACE=full" "-e" "RUSTFLAGS=--cap-lints=warn" "-e" "RUSTDOCFLAGS=--cap-lints=warn" "-e" "CARGO_HOME=/opt/rustwide/cargo-home" "-e" "RUSTUP_HOME=/opt/rustwide/rustup-home" "-w" "/opt/rustwide/workdir" "-m" "1610612736" "--user" "0:0" "--network" "none" "ghcr.io/rust-lang/crates-build-env/linux@sha256:2788e3201cd34a07e3172128adcd8b3090168a8e3bcc40d7c032b9dda1df7d1c" "/opt/rustwide/cargo-home/bin/cargo" "+1.75.0" "doc" "--frozen" "--no-deps" "--document-private-items" "--message-format=json", kill_on_drop: false }`
[INFO] [stdout] c228ec869bb184e89c0320375f0f97d2a06ed2f6f53fdbacd33a17d4cd9b58ff
[INFO] running `Command { std: "docker" "start" "-a" "c228ec869bb184e89c0320375f0f97d2a06ed2f6f53fdbacd33a17d4cd9b58ff", kill_on_drop: false }`
[INFO] [stderr]     Checking libc v0.2.20
[INFO] [stderr]    Compiling winapi-build v0.1.1
[INFO] [stderr]    Compiling pkg-config v0.3.8
[INFO] [stderr]    Compiling error-chain v0.7.2
[INFO] [stderr]    Compiling toml v0.2.1
[INFO] [stderr]     Checking matches v0.1.4
[INFO] [stderr]    Compiling winapi v0.2.8
[INFO] [stderr]    Compiling pq-sys v0.2.7
[INFO] [stderr]     Checking unicode-bidi v0.2.4
[INFO] [stderr]    Compiling kernel32-sys v0.2.2
[INFO] [stderr]     Checking unicode-normalization v0.1.3
[INFO] [stderr]    Compiling semver v0.1.20
[INFO] [stderr]    Compiling metadeps v1.1.1
[INFO] [stderr]    Compiling memchr v0.1.11
[INFO] [stderr]    Compiling quote v0.3.12
[INFO] [stderr]    Compiling rustc_version v0.1.7
[INFO] [stderr]    Compiling unicode-xid v0.0.3
[INFO] [stderr]    Compiling thread-id v2.0.0
[INFO] [stderr]    Compiling syn v0.10.6
[INFO] [stderr]    Compiling thread_local v0.2.7
[INFO] [stderr]    Compiling aho-corasick v0.5.3
[INFO] [stderr]    Compiling utf8-ranges v0.1.3
[INFO] [stderr]    Compiling openssl v0.9.6
[INFO] [stderr]    Compiling unicase v1.4.0
[INFO] [stderr]    Compiling openssl-sys v0.9.6
[INFO] [stderr]     Checking idna v0.1.0
[INFO] [stderr]    Compiling regex-syntax v0.3.9
[INFO] [stderr]     Checking bitflags v0.7.0
[INFO] [stderr]     Checking log v0.3.6
[INFO] [stderr]     Checking lazy_static v0.2.2
[INFO] [stderr]    Compiling byteorder v0.3.13
[INFO] [stderr]     Checking serde v0.8.23
[INFO] [stderr]     Checking mime v0.2.2
[INFO] [stderr]    Compiling diesel v0.9.1
[INFO] [stderr]     Checking url v1.3.0
[INFO] [stderr] error: failed to run custom build command for `openssl-sys v0.9.6`
[INFO] [stderr] note: To improve backtraces for build dependencies, set the CARGO_PROFILE_DEV_BUILD_OVERRIDE_DEBUG=true environment variable to enable debug information generation.
[INFO] [stderr] 
[INFO] [stderr] Caused by:
[INFO] [stderr]   process didn't exit successfully: `/opt/rustwide/target/debug/build/openssl-sys-daf15c33bc4087e7/build-script-build` (exit status: 101)
[INFO] [stderr]   --- stdout
[INFO] [stderr]   cargo:rustc-link-search=native=/usr/lib/x86_64-linux-gnu
[INFO] [stderr]   cargo:rustc-link-lib=ssl
[INFO] [stderr]   cargo:rustc-link-lib=crypto
[INFO] [stderr] 
[INFO] [stderr]   --- stderr
[INFO] [stderr]   thread 'main' panicked at /opt/rustwide/cargo-home/registry/src/index.crates.io-6f17d22bba15001f/openssl-sys-0.9.6/build.rs:247:13:
[INFO] [stderr]   header file at `{}` did not include `OPENSSL_VERSION_NUMBER` that this crate recognized, failed to learn about the OpenSSL version number
[INFO] [stderr]   stack backtrace:
[INFO] [stderr]      0:     0x55b405cd0f6c - std::backtrace_rs::backtrace::libunwind::trace::ha637c64ce894333a
[INFO] [stderr]                                  at /rustc/82e1608dfa6e0b5569232559e3d385fea5a93112/library/std/src/../../backtrace/src/backtrace/libunwind.rs:104:5
[INFO] [stderr]      1:     0x55b405cd0f6c - std::backtrace_rs::backtrace::trace_unsynchronized::h47f62dea28e0c88d
[INFO] [stderr]                                  at /rustc/82e1608dfa6e0b5569232559e3d385fea5a93112/library/std/src/../../backtrace/src/backtrace/mod.rs:66:5
[INFO] [stderr]      2:     0x55b405cd0f6c - std::sys_common::backtrace::_print_fmt::h9eef0abe20ede486
[INFO] [stderr]                                  at /rustc/82e1608dfa6e0b5569232559e3d385fea5a93112/library/std/src/sys_common/backtrace.rs:67:5
[INFO] [stderr]      3:     0x55b405cd0f6c - <std::sys_common::backtrace::_print::DisplayBacktrace as core::fmt::Display>::fmt::hed7f999df88cc644
[INFO] [stderr]                                  at /rustc/82e1608dfa6e0b5569232559e3d385fea5a93112/library/std/src/sys_common/backtrace.rs:44:22
[INFO] [stderr]      4:     0x55b405cf75c0 - core::fmt::rt::Argument::fmt::h1539a9308b8d058d
[INFO] [stderr]                                  at /rustc/82e1608dfa6e0b5569232559e3d385fea5a93112/library/core/src/fmt/rt.rs:142:9
[INFO] [stderr]      5:     0x55b405cf75c0 - core::fmt::write::h3a39390d8560d9c9
[INFO] [stderr]                                  at /rustc/82e1608dfa6e0b5569232559e3d385fea5a93112/library/core/src/fmt/mod.rs:1120:17
[INFO] [stderr]      6:     0x55b405cceacf - std::io::Write::write_fmt::h5fc9997dfe05f882
[INFO] [stderr]                                  at /rustc/82e1608dfa6e0b5569232559e3d385fea5a93112/library/std/src/io/mod.rs:1762:15
[INFO] [stderr]      7:     0x55b405cd0d54 - std::sys_common::backtrace::_print::h894006fb5c6f3d45
[INFO] [stderr]                                  at /rustc/82e1608dfa6e0b5569232559e3d385fea5a93112/library/std/src/sys_common/backtrace.rs:47:5
[INFO] [stderr]      8:     0x55b405cd0d54 - std::sys_common::backtrace::print::h23a2d212c6fff936
[INFO] [stderr]                                  at /rustc/82e1608dfa6e0b5569232559e3d385fea5a93112/library/std/src/sys_common/backtrace.rs:34:9
[INFO] [stderr]      9:     0x55b405cd2477 - std::panicking::default_hook::{{closure}}::h8a1d2ee00185001a
[INFO] [stderr]     10:     0x55b405cd21df - std::panicking::default_hook::h6038f2eba384e475
[INFO] [stderr]                                  at /rustc/82e1608dfa6e0b5569232559e3d385fea5a93112/library/std/src/panicking.rs:292:9
[INFO] [stderr]     11:     0x55b405cd28f8 - std::panicking::rust_panic_with_hook::h2b5517d590cab22e
[INFO] [stderr]                                  at /rustc/82e1608dfa6e0b5569232559e3d385fea5a93112/library/std/src/panicking.rs:779:13
[INFO] [stderr]     12:     0x55b405ca783e - std::panicking::begin_panic::{{closure}}::h5b086ec81acc20ae
[INFO] [stderr]     13:     0x55b405ca396a - std::sys_common::backtrace::__rust_end_short_backtrace::h863ffb5b231c0cf5
[INFO] [stderr]     14:     0x55b405ca77bb - std::panicking::begin_panic::h1d99da3d4f60acbf
[INFO] [stderr]     15:     0x55b405c66d68 - build_script_build::validate_headers::h4195274ff99ea5f3
[INFO] [stderr]     16:     0x55b405c6670e - build_script_build::try_pkg_config::h1194b805f8470bf9
[INFO] [stderr]     17:     0x55b405c65853 - build_script_build::find_openssl_dir::h9bac69ddf070f73c
[INFO] [stderr]     18:     0x55b405c656b8 - build_script_build::main::{{closure}}::he908c7cce374e9c8
[INFO] [stderr]     19:     0x55b405c6dcf9 - core::option::Option<T>::unwrap_or_else::h22a6af005ef9fafb
[INFO] [stderr]     20:     0x55b405c6498d - build_script_build::main::hf6e995ccf9daf961
[INFO] [stderr]     21:     0x55b405c6c2e3 - core::ops::function::FnOnce::call_once::h108cc57e2cd14443
[INFO] [stderr]     22:     0x55b405c6ba56 - std::sys_common::backtrace::__rust_begin_short_backtrace::h481b4142fed5549c
[INFO] [stderr]     23:     0x55b405c6bd39 - std::rt::lang_start::{{closure}}::h7a1713c3390adb92
[INFO] [stderr]     24:     0x55b405ccb207 - core::ops::function::impls::<impl core::ops::function::FnOnce<A> for &F>::call_once::hd95060ecd5e1ca24
[INFO] [stderr]                                  at /rustc/82e1608dfa6e0b5569232559e3d385fea5a93112/library/core/src/ops/function.rs:284:13
[INFO] [stderr]     25:     0x55b405ccb207 - std::panicking::try::do_call::h6e8cf51db32a6e4b
[INFO] [stderr]                                  at /rustc/82e1608dfa6e0b5569232559e3d385fea5a93112/library/std/src/panicking.rs:552:40
[INFO] [stderr]     26:     0x55b405ccb207 - std::panicking::try::h3a52eefe24fe3c29
[INFO] [stderr]                                  at /rustc/82e1608dfa6e0b5569232559e3d385fea5a93112/library/std/src/panicking.rs:516:19
[INFO] [stderr]     27:     0x55b405ccb207 - std::panic::catch_unwind::h24c28c23c02c3841
[INFO] [stderr]                                  at /rustc/82e1608dfa6e0b5569232559e3d385fea5a93112/library/std/src/panic.rs:142:14
[INFO] [stderr]     28:     0x55b405ccb207 - std::rt::lang_start_internal::{{closure}}::h705d3c9cbc06ef47
[INFO] [stderr]                                  at /rustc/82e1608dfa6e0b5569232559e3d385fea5a93112/library/std/src/rt.rs:148:48
[INFO] [stderr]     29:     0x55b405ccb207 - std::panicking::try::do_call::ha21f52ba13158470
[INFO] [stderr]                                  at /rustc/82e1608dfa6e0b5569232559e3d385fea5a93112/library/std/src/panicking.rs:552:40
[INFO] [stderr]     30:     0x55b405ccb207 - std::panicking::try::h5581346bf6aeb1f8
[INFO] [stderr]                                  at /rustc/82e1608dfa6e0b5569232559e3d385fea5a93112/library/std/src/panicking.rs:516:19
[INFO] [stderr]     31:     0x55b405ccb207 - std::panic::catch_unwind::h7919645a6b72e25b
[INFO] [stderr]                                  at /rustc/82e1608dfa6e0b5569232559e3d385fea5a93112/library/std/src/panic.rs:142:14
[INFO] [stderr]     32:     0x55b405ccb207 - std::rt::lang_start_internal::h12de51168669836e
[INFO] [stderr]                                  at /rustc/82e1608dfa6e0b5569232559e3d385fea5a93112/library/std/src/rt.rs:148:20
[INFO] [stderr]     33:     0x55b405c6bd17 - std::rt::lang_start::h7921751685a9e5b8
[INFO] [stderr]     34:     0x55b405c68ad5 - main
[INFO] [stderr]     35:     0x7f0f2541dd90 - <unknown>
[INFO] [stderr]     36:     0x7f0f2541de40 - __libc_start_main
[INFO] [stderr]     37:     0x55b405c60d35 - _start
[INFO] [stderr]     38:                0x0 - <unknown>
[INFO] [stderr] warning: build failed, waiting for other jobs to finish...
[INFO] [stdout] error[E0713]: borrow may still be in use when destructor runs
[INFO] [stdout]    --> /opt/rustwide/cargo-home/registry/src/index.crates.io-6f17d22bba15001f/url-1.3.0/src/form_urlencoded.rs:246:40
[INFO] [stdout]     |
[INFO] [stdout] 244 | impl<'a> Target for ::UrlQuery<'a> {
[INFO] [stdout]     |      -- lifetime `'a` defined here
[INFO] [stdout] 245 |     fn as_mut_string(&mut self) -> &mut String { &mut self.url.serialization }
[INFO] [stdout] 246 |     fn finish(self) -> &'a mut ::Url { self.url }
[INFO] [stdout]     |                                        ^^^^^^^^ - here, drop of `self` needs exclusive access to `*self.url`, because the type `UrlQuery<'_>` implements the `Drop` trait
[INFO] [stdout]     |                                        |
[INFO] [stdout]     |                                        returning this value requires that `*self.url` is borrowed for `'a`
[INFO] [stdout] 
[INFO] [stdout] 
[INFO] [stdout] error: aborting due to previous error
[INFO] [stdout] 
[INFO] [stdout] 
[INFO] [stdout] For more information about this error, try `rustc --explain E0713`.
[INFO] [stdout] 
[INFO] [stderr] error: could not compile `url` (lib) due to 2 previous errors
[INFO] running `Command { std: "docker" "inspect" "c228ec869bb184e89c0320375f0f97d2a06ed2f6f53fdbacd33a17d4cd9b58ff", kill_on_drop: false }`
[INFO] running `Command { std: "docker" "rm" "-f" "c228ec869bb184e89c0320375f0f97d2a06ed2f6f53fdbacd33a17d4cd9b58ff", kill_on_drop: false }`
[INFO] [stdout] c228ec869bb184e89c0320375f0f97d2a06ed2f6f53fdbacd33a17d4cd9b58ff
[INFO] documenting adrianbrink/lol_store against beta-2023-12-22 for beta-1.76-rustdoc-1
[INFO] running `Command { std: "git" "clone" "/workspace/cache/git-repos/https%3A%2F%2Fgithub.com%2Fadrianbrink%2Flol_store" "/workspace/builds/worker-7-tc2/source", kill_on_drop: false }`
[INFO] [stderr] Cloning into '/workspace/builds/worker-7-tc2/source'...
[INFO] [stderr] done.
[INFO] validating manifest of git repo https://github.com/adrianbrink/lol_store on toolchain beta-2023-12-22
[INFO] running `Command { std: CARGO_HOME="/workspace/cargo-home" RUSTUP_HOME="/workspace/rustup-home" "/workspace/cargo-home/bin/cargo" "+beta-2023-12-22" "metadata" "--manifest-path" "Cargo.toml" "--no-deps", kill_on_drop: false }`
[INFO] started tweaking git repo https://github.com/adrianbrink/lol_store
[INFO] finished tweaking git repo https://github.com/adrianbrink/lol_store
[INFO] tweaked toml for git repo https://github.com/adrianbrink/lol_store written to /workspace/builds/worker-7-tc2/source/Cargo.toml
[INFO] crate git repo https://github.com/adrianbrink/lol_store already has a lockfile, it will not be regenerated
[INFO] running `Command { std: CARGO_HOME="/workspace/cargo-home" RUSTUP_HOME="/workspace/rustup-home" "/workspace/cargo-home/bin/cargo" "+beta-2023-12-22" "fetch" "--manifest-path" "Cargo.toml", kill_on_drop: false }`
[INFO] running `Command { std: "docker" "create" "-v" "/var/lib/crater-agent-workspace/builds/worker-7-tc2/target:/opt/rustwide/target:rw,Z" "-v" "/var/lib/crater-agent-workspace/builds/worker-7-tc2/source:/opt/rustwide/workdir:ro,Z" "-v" "/var/lib/crater-agent-workspace/cargo-home:/opt/rustwide/cargo-home:ro,Z" "-v" "/var/lib/crater-agent-workspace/rustup-home:/opt/rustwide/rustup-home:ro,Z" "-e" "SOURCE_DIR=/opt/rustwide/workdir" "-e" "CARGO_TARGET_DIR=/opt/rustwide/target" "-e" "CARGO_HOME=/opt/rustwide/cargo-home" "-e" "RUSTUP_HOME=/opt/rustwide/rustup-home" "-w" "/opt/rustwide/workdir" "-m" "1610612736" "--user" "0:0" "--network" "none" "ghcr.io/rust-lang/crates-build-env/linux@sha256:2788e3201cd34a07e3172128adcd8b3090168a8e3bcc40d7c032b9dda1df7d1c" "/opt/rustwide/cargo-home/bin/cargo" "+beta-2023-12-22" "metadata" "--no-deps" "--format-version=1", kill_on_drop: false }`
[INFO] [stdout] 88b273ff9e0aa1d1c04c86229e4f4aefd59b680069714774c0b4b2542bbdd02b
[INFO] running `Command { std: "docker" "start" "-a" "88b273ff9e0aa1d1c04c86229e4f4aefd59b680069714774c0b4b2542bbdd02b", kill_on_drop: false }`
[INFO] running `Command { std: "docker" "inspect" "88b273ff9e0aa1d1c04c86229e4f4aefd59b680069714774c0b4b2542bbdd02b", kill_on_drop: false }`
[INFO] running `Command { std: "docker" "rm" "-f" "88b273ff9e0aa1d1c04c86229e4f4aefd59b680069714774c0b4b2542bbdd02b", kill_on_drop: false }`
[INFO] [stdout] 88b273ff9e0aa1d1c04c86229e4f4aefd59b680069714774c0b4b2542bbdd02b
[INFO] running `Command { std: "docker" "create" "-v" "/var/lib/crater-agent-workspace/builds/worker-7-tc2/target:/opt/rustwide/target:rw,Z" "-v" "/var/lib/crater-agent-workspace/builds/worker-7-tc2/source:/opt/rustwide/workdir:ro,Z" "-v" "/var/lib/crater-agent-workspace/cargo-home:/opt/rustwide/cargo-home:ro,Z" "-v" "/var/lib/crater-agent-workspace/rustup-home:/opt/rustwide/rustup-home:ro,Z" "-e" "SOURCE_DIR=/opt/rustwide/workdir" "-e" "CARGO_TARGET_DIR=/opt/rustwide/target" "-e" "CARGO_INCREMENTAL=0" "-e" "RUST_BACKTRACE=full" "-e" "RUSTFLAGS=--cap-lints=warn" "-e" "RUSTDOCFLAGS=--cap-lints=warn" "-e" "CARGO_HOME=/opt/rustwide/cargo-home" "-e" "RUSTUP_HOME=/opt/rustwide/rustup-home" "-w" "/opt/rustwide/workdir" "-m" "1610612736" "--user" "0:0" "--network" "none" "ghcr.io/rust-lang/crates-build-env/linux@sha256:2788e3201cd34a07e3172128adcd8b3090168a8e3bcc40d7c032b9dda1df7d1c" "/opt/rustwide/cargo-home/bin/cargo" "+beta-2023-12-22" "doc" "--frozen" "--no-deps" "--document-private-items" "--message-format=json", kill_on_drop: false }`
[INFO] [stdout] ae1bb65c82b33843ebda4c9650b8d09f717ab58603d7983c704bbe52a64ed8f2
[INFO] running `Command { std: "docker" "start" "-a" "ae1bb65c82b33843ebda4c9650b8d09f717ab58603d7983c704bbe52a64ed8f2", kill_on_drop: false }`
[INFO] [stderr]     Checking libc v0.2.20
[INFO] [stderr]    Compiling winapi-build v0.1.1
[INFO] [stderr]    Compiling toml v0.2.1
[INFO] [stderr]    Compiling pkg-config v0.3.8
[INFO] [stderr]    Compiling error-chain v0.7.2
[INFO] [stderr]    Compiling pq-sys v0.2.7
[INFO] [stderr]    Compiling winapi v0.2.8
[INFO] [stderr]     Checking matches v0.1.4
[INFO] [stderr]    Compiling semver v0.1.20
[INFO] [stderr]    Compiling kernel32-sys v0.2.2
[INFO] [stderr]     Checking unicode-bidi v0.2.4
[INFO] [stderr]     Checking unicode-normalization v0.1.3
[INFO] [stderr]    Compiling memchr v0.1.11
[INFO] [stderr]    Compiling quote v0.3.12
[INFO] [stderr]    Compiling metadeps v1.1.1
[INFO] [stderr]    Compiling rustc_version v0.1.7
[INFO] [stderr]    Compiling thread-id v2.0.0
[INFO] [stderr]    Compiling unicode-xid v0.0.3
[INFO] [stderr]    Compiling thread_local v0.2.7
[INFO] [stderr]    Compiling aho-corasick v0.5.3
[INFO] [stderr]    Compiling syn v0.10.6
[INFO] [stderr]    Compiling utf8-ranges v0.1.3
[INFO] [stderr]     Checking idna v0.1.0
[INFO] [stderr]    Compiling regex-syntax v0.3.9
[INFO] [stderr]    Compiling unicase v1.4.0
[INFO] [stderr]    Compiling openssl v0.9.6
[INFO] [stderr]    Compiling openssl-sys v0.9.6
[INFO] [stderr]     Checking serde v0.8.23
[INFO] [stderr]    Compiling byteorder v0.3.13
[INFO] [stderr]     Checking lazy_static v0.2.2
[INFO] [stderr]     Checking log v0.3.6
[INFO] [stderr]     Checking bitflags v0.7.0
[INFO] [stderr]     Checking mime v0.2.2
[INFO] [stderr]    Compiling diesel v0.9.1
[INFO] [stderr]    Compiling serde_codegen_internals v0.11.3
[INFO] [stderr]     Checking num_cpus v1.2.1
[INFO] [stderr]     Checking url v1.3.0
[INFO] [stderr]     Checking time v0.1.36
[INFO] [stderr] error: failed to run custom build command for `openssl-sys v0.9.6`
[INFO] [stderr] note: To improve backtraces for build dependencies, set the CARGO_PROFILE_DEV_BUILD_OVERRIDE_DEBUG=true environment variable to enable debug information generation.
[INFO] [stderr] 
[INFO] [stderr] Caused by:
[INFO] [stderr]   process didn't exit successfully: `/opt/rustwide/target/debug/build/openssl-sys-f7a8108f679c79d5/build-script-build` (exit status: 101)
[INFO] [stderr]   --- stdout
[INFO] [stderr]   cargo:rustc-link-search=native=/usr/lib/x86_64-linux-gnu
[INFO] [stderr]   cargo:rustc-link-lib=ssl
[INFO] [stderr]   cargo:rustc-link-lib=crypto
[INFO] [stderr] 
[INFO] [stderr]   --- stderr
[INFO] [stderr]   thread 'main' panicked at /opt/rustwide/cargo-home/registry/src/index.crates.io-6f17d22bba15001f/openssl-sys-0.9.6/build.rs:247:13:
[INFO] [stderr]   header file at `{}` did not include `OPENSSL_VERSION_NUMBER` that this crate recognized, failed to learn about the OpenSSL version number
[INFO] [stderr]   stack backtrace:
[INFO] [stderr]      0:     0x5618f6d17a76 - std::backtrace_rs::backtrace::libunwind::trace::h261606ad26a499c1
[INFO] [stderr]                                  at /rustc/0e09125c6c3c2fd70d7de961bcf0e51575235fad/library/std/src/../../backtrace/src/backtrace/libunwind.rs:104:5
[INFO] [stderr]      1:     0x5618f6d17a76 - std::backtrace_rs::backtrace::trace_unsynchronized::hd183f0625477fb28
[INFO] [stderr]                                  at /rustc/0e09125c6c3c2fd70d7de961bcf0e51575235fad/library/std/src/../../backtrace/src/backtrace/mod.rs:66:5
[INFO] [stderr]      2:     0x5618f6d17a76 - std::sys_common::backtrace::_print_fmt::hd7f8fef21b4eda67
[INFO] [stderr]                                  at /rustc/0e09125c6c3c2fd70d7de961bcf0e51575235fad/library/std/src/sys_common/backtrace.rs:68:5
[INFO] [stderr]      3:     0x5618f6d17a76 - <std::sys_common::backtrace::_print::DisplayBacktrace as core::fmt::Display>::fmt::h623d9b51f2f453f1
[INFO] [stderr]                                  at /rustc/0e09125c6c3c2fd70d7de961bcf0e51575235fad/library/std/src/sys_common/backtrace.rs:44:22
[INFO] [stderr]      4:     0x5618f6d3d400 - core::fmt::rt::Argument::fmt::h9f417ac76a86f368
[INFO] [stderr]                                  at /rustc/0e09125c6c3c2fd70d7de961bcf0e51575235fad/library/core/src/fmt/rt.rs:142:9
[INFO] [stderr]      5:     0x5618f6d3d400 - core::fmt::write::hc9b6faf4ac2aeff7
[INFO] [stderr]                                  at /rustc/0e09125c6c3c2fd70d7de961bcf0e51575235fad/library/core/src/fmt/mod.rs:1120:17
[INFO] [stderr]      6:     0x5618f6d1567f - std::io::Write::write_fmt::hfead1eee52c2e65e
[INFO] [stderr]                                  at /rustc/0e09125c6c3c2fd70d7de961bcf0e51575235fad/library/std/src/io/mod.rs:1810:15
[INFO] [stderr]      7:     0x5618f6d17854 - std::sys_common::backtrace::_print::hd5d66399c7df88a2
[INFO] [stderr]                                  at /rustc/0e09125c6c3c2fd70d7de961bcf0e51575235fad/library/std/src/sys_common/backtrace.rs:47:5
[INFO] [stderr]      8:     0x5618f6d17854 - std::sys_common::backtrace::print::he81ed2da642d37e5
[INFO] [stderr]                                  at /rustc/0e09125c6c3c2fd70d7de961bcf0e51575235fad/library/std/src/sys_common/backtrace.rs:34:9
[INFO] [stderr]      9:     0x5618f6d18fc7 - std::panicking::default_hook::{{closure}}::h85773f4fa117163d
[INFO] [stderr]     10:     0x5618f6d18d29 - std::panicking::default_hook::h6a1694a91d09b278
[INFO] [stderr]                                  at /rustc/0e09125c6c3c2fd70d7de961bcf0e51575235fad/library/std/src/panicking.rs:292:9
[INFO] [stderr]     11:     0x5618f6d19458 - std::panicking::rust_panic_with_hook::h0a7ad96e90f7145b
[INFO] [stderr]                                  at /rustc/0e09125c6c3c2fd70d7de961bcf0e51575235fad/library/std/src/panicking.rs:779:13
[INFO] [stderr]     12:     0x5618f6ced9de - std::panicking::begin_panic::{{closure}}::h30517c3a70db30ee
[INFO] [stderr]     13:     0x5618f6ced74a - std::sys_common::backtrace::__rust_end_short_backtrace::h251877bcea85c0f1
[INFO] [stderr]     14:     0x5618f6ced95b - std::panicking::begin_panic::h53a5081653039cf3
[INFO] [stderr]     15:     0x5618f6cad1fe - build_script_build::validate_headers::h7a09f7703996f264
[INFO] [stderr]     16:     0x5618f6cacb9c - build_script_build::try_pkg_config::h6a999a85bad68d0e
[INFO] [stderr]     17:     0x5618f6cabcd3 - build_script_build::find_openssl_dir::h8c9489c9c2a6e339
[INFO] [stderr]     18:     0x5618f6cabb38 - build_script_build::main::{{closure}}::hbcaea7e5be54bc90
[INFO] [stderr]     19:     0x5618f6cb3eef - core::option::Option<T>::unwrap_or_else::h9082151fa6334378
[INFO] [stderr]     20:     0x5618f6caae0b - build_script_build::main::hdd4f7d08a7ce42b0
[INFO] [stderr]     21:     0x5618f6cb2823 - core::ops::function::FnOnce::call_once::h3816930f7bcdf01c
[INFO] [stderr]     22:     0x5618f6cb1e76 - std::sys_common::backtrace::__rust_begin_short_backtrace::hfef8bb1879de4a2b
[INFO] [stderr]     23:     0x5618f6cb2119 - std::rt::lang_start::{{closure}}::he29be78d24062d01
[INFO] [stderr]     24:     0x5618f6d11b31 - core::ops::function::impls::<impl core::ops::function::FnOnce<A> for &F>::call_once::h4eb4c5e1620f29b0
[INFO] [stderr]                                  at /rustc/0e09125c6c3c2fd70d7de961bcf0e51575235fad/library/core/src/ops/function.rs:284:13
[INFO] [stderr]     25:     0x5618f6d11b31 - std::panicking::try::do_call::h73fd26535faffcdf
[INFO] [stderr]                                  at /rustc/0e09125c6c3c2fd70d7de961bcf0e51575235fad/library/std/src/panicking.rs:552:40
[INFO] [stderr]     26:     0x5618f6d11b31 - std::panicking::try::h77ff1d98f0fb9f39
[INFO] [stderr]                                  at /rustc/0e09125c6c3c2fd70d7de961bcf0e51575235fad/library/std/src/panicking.rs:516:19
[INFO] [stderr]     27:     0x5618f6d11b31 - std::panic::catch_unwind::hab3caf2448b95e37
[INFO] [stderr]                                  at /rustc/0e09125c6c3c2fd70d7de961bcf0e51575235fad/library/std/src/panic.rs:142:14
[INFO] [stderr]     28:     0x5618f6d11b31 - std::rt::lang_start_internal::{{closure}}::h8086711f9c783f78
[INFO] [stderr]                                  at /rustc/0e09125c6c3c2fd70d7de961bcf0e51575235fad/library/std/src/rt.rs:148:48
[INFO] [stderr]     29:     0x5618f6d11b31 - std::panicking::try::do_call::hf920d4dc291cd6ca
[INFO] [stderr]                                  at /rustc/0e09125c6c3c2fd70d7de961bcf0e51575235fad/library/std/src/panicking.rs:552:40
[INFO] [stderr]     30:     0x5618f6d11b31 - std::panicking::try::h2b806ccc0a85db74
[INFO] [stderr]                                  at /rustc/0e09125c6c3c2fd70d7de961bcf0e51575235fad/library/std/src/panicking.rs:516:19
[INFO] [stderr]     31:     0x5618f6d11b31 - std::panic::catch_unwind::h038489539c507df2
[INFO] [stderr]                                  at /rustc/0e09125c6c3c2fd70d7de961bcf0e51575235fad/library/std/src/panic.rs:142:14
[INFO] [stderr]     32:     0x5618f6d11b31 - std::rt::lang_start_internal::h28503b88912e8a5c
[INFO] [stderr]                                  at /rustc/0e09125c6c3c2fd70d7de961bcf0e51575235fad/library/std/src/rt.rs:148:20
[INFO] [stderr]     33:     0x5618f6cb20f7 - std::rt::lang_start::hb2384beed4796564
[INFO] [stderr]     34:     0x5618f6caef65 - main
[INFO] [stderr]     35:     0x7fd658a9ed90 - <unknown>
[INFO] [stderr]     36:     0x7fd658a9ee40 - __libc_start_main
[INFO] [stderr]     37:     0x5618f6ca6d45 - _start
[INFO] [stderr]     38:                0x0 - <unknown>
[INFO] [stderr] warning: build failed, waiting for other jobs to finish...
[INFO] [stdout] error[E0713]: borrow may still be in use when destructor runs
[INFO] [stdout]    --> /opt/rustwide/cargo-home/registry/src/index.crates.io-6f17d22bba15001f/url-1.3.0/src/form_urlencoded.rs:246:40
[INFO] [stdout]     |
[INFO] [stdout] 244 | impl<'a> Target for ::UrlQuery<'a> {
[INFO] [stdout]     |      -- lifetime `'a` defined here
[INFO] [stdout] 245 |     fn as_mut_string(&mut self) -> &mut String { &mut self.url.serialization }
[INFO] [stdout] 246 |     fn finish(self) -> &'a mut ::Url { self.url }
[INFO] [stdout]     |                                        ^^^^^^^^ - here, drop of `self` needs exclusive access to `*self.url`, because the type `UrlQuery<'_>` implements the `Drop` trait
[INFO] [stdout]     |                                        |
[INFO] [stdout]     |                                        returning this value requires that `*self.url` is borrowed for `'a`
[INFO] [stdout] 
[INFO] [stdout] 
[INFO] [stdout] error: aborting due to 1 previous error
[INFO] [stdout] 
[INFO] [stdout] 
[INFO] [stdout] For more information about this error, try `rustc --explain E0713`.
[INFO] [stdout] 
[INFO] [stderr] error: could not compile `url` (lib) due to 2 previous errors
[INFO] running `Command { std: "docker" "inspect" "ae1bb65c82b33843ebda4c9650b8d09f717ab58603d7983c704bbe52a64ed8f2", kill_on_drop: false }`
[INFO] running `Command { std: "docker" "rm" "-f" "ae1bb65c82b33843ebda4c9650b8d09f717ab58603d7983c704bbe52a64ed8f2", kill_on_drop: false }`
[INFO] [stdout] ae1bb65c82b33843ebda4c9650b8d09f717ab58603d7983c704bbe52a64ed8f2
