[INFO] cloning repository https://github.com/adriamb/rblock
[INFO] running `Command { std: "git" "-c" "credential.helper=" "-c" "credential.helper=/workspace/cargo-home/bin/git-credential-null" "clone" "--bare" "https://github.com/adriamb/rblock" "/workspace/cache/git-repos/https%3A%2F%2Fgithub.com%2Fadriamb%2Frblock", kill_on_drop: false }`
[INFO] [stderr] Cloning into bare repository '/workspace/cache/git-repos/https%3A%2F%2Fgithub.com%2Fadriamb%2Frblock'...
[INFO] running `Command { std: "git" "rev-parse" "HEAD", kill_on_drop: false }`
[INFO] [stdout] cba0221ddd4e089a4627ca23ea9550bb16827293
[INFO] documenting adriamb/rblock against 1.75.0 for beta-1.76-rustdoc-1
[INFO] running `Command { std: "git" "clone" "/workspace/cache/git-repos/https%3A%2F%2Fgithub.com%2Fadriamb%2Frblock" "/workspace/builds/worker-7-tc1/source", kill_on_drop: false }`
[INFO] [stderr] Cloning into '/workspace/builds/worker-7-tc1/source'...
[INFO] [stderr] done.
[INFO] validating manifest of git repo https://github.com/adriamb/rblock on toolchain 1.75.0
[INFO] running `Command { std: CARGO_HOME="/workspace/cargo-home" RUSTUP_HOME="/workspace/rustup-home" "/workspace/cargo-home/bin/cargo" "+1.75.0" "metadata" "--manifest-path" "Cargo.toml" "--no-deps", kill_on_drop: false }`
[INFO] started tweaking git repo https://github.com/adriamb/rblock
[INFO] finished tweaking git repo https://github.com/adriamb/rblock
[INFO] tweaked toml for git repo https://github.com/adriamb/rblock written to /workspace/builds/worker-7-tc1/source/Cargo.toml
[INFO] crate git repo https://github.com/adriamb/rblock already has a lockfile, it will not be regenerated
[INFO] running `Command { std: CARGO_HOME="/workspace/cargo-home" RUSTUP_HOME="/workspace/rustup-home" "/workspace/cargo-home/bin/cargo" "+1.75.0" "fetch" "--manifest-path" "Cargo.toml", kill_on_drop: false }`
[INFO] [stderr]     Updating git repository `https://github.com/paritytech/parity.git`
[INFO] [stderr]     Updating git submodule `https://github.com/ethereum/tests.git`
[INFO] [stderr]     Updating git submodule `https://github.com/paritytech/wasm-tests`
[INFO] [stderr]     Updating git repository `https://github.com/tomusdrw/rust-web3`
[INFO] [stderr]     Updating git repository `https://github.com/paritytech/rust-secp256k1`
[INFO] [stderr]     Updating crates.io index
[INFO] [stderr]     Blocking waiting for file lock on package cache
[INFO] [stderr]  Downloading crates ...
[INFO] [stderr]   Downloaded multipart v0.15.4
[INFO] [stderr]   Downloaded rouille v3.0.0
[INFO] [stderr]   Downloaded keccak-hash v0.1.2
[INFO] [stderr]   Downloaded tokio-tls v0.2.0
[INFO] [stderr]   Downloaded rlp v0.3.0
[INFO] [stderr]   Downloaded buf_redux v0.8.1
[INFO] [stderr]   Downloaded cc v1.0.27
[INFO] [stderr]   Downloaded arrayvec v0.4.9
[INFO] [stderr]   Downloaded fixed-hash v0.2.5
[INFO] [stderr]   Downloaded term v0.5.1
[INFO] [stderr]   Downloaded rocksdb v0.10.1
[INFO] [stderr]   Downloaded ethbloom v0.5.0
[INFO] [stderr]   Downloaded ethabi v6.1.0
[INFO] [stderr]   Downloaded uint v0.4.1
[INFO] [stderr]   Downloaded mime_guess v1.8.6
[INFO] [stderr]   Downloaded ethereum-types v0.4.0
[INFO] [stderr]   Downloaded backtrace-sys v0.1.26
[INFO] [stderr]   Downloaded gzip-header v0.2.0
[INFO] [stderr]   Downloaded stderrlog v0.4.1
[INFO] [stderr]   Downloaded ethereum-types-serialize v0.2.1
[INFO] [stderr]   Downloaded edit-distance v2.0.1
[INFO] [stderr]   Downloaded parity-wordlist v1.2.1
[INFO] [stderr]   Downloaded rust-embed-impl v4.2.0
[INFO] [stderr]   Downloaded serde_derive v1.0.82
[INFO] [stderr]   Downloaded librocksdb-sys v5.14.2
[INFO] [stderr]   Downloaded ring v0.14.5
[INFO] [stderr]   Downloaded tiny_http v0.6.1
[INFO] [stderr]   Downloaded rust-embed v4.2.0
[INFO] running `Command { std: "docker" "create" "-v" "/var/lib/crater-agent-workspace/builds/worker-7-tc1/target:/opt/rustwide/target:rw,Z" "-v" "/var/lib/crater-agent-workspace/builds/worker-7-tc1/source:/opt/rustwide/workdir:ro,Z" "-v" "/var/lib/crater-agent-workspace/cargo-home:/opt/rustwide/cargo-home:ro,Z" "-v" "/var/lib/crater-agent-workspace/rustup-home:/opt/rustwide/rustup-home:ro,Z" "-e" "SOURCE_DIR=/opt/rustwide/workdir" "-e" "CARGO_TARGET_DIR=/opt/rustwide/target" "-e" "CARGO_HOME=/opt/rustwide/cargo-home" "-e" "RUSTUP_HOME=/opt/rustwide/rustup-home" "-w" "/opt/rustwide/workdir" "-m" "1610612736" "--user" "0:0" "--network" "none" "ghcr.io/rust-lang/crates-build-env/linux@sha256:2788e3201cd34a07e3172128adcd8b3090168a8e3bcc40d7c032b9dda1df7d1c" "/opt/rustwide/cargo-home/bin/cargo" "+1.75.0" "metadata" "--no-deps" "--format-version=1", kill_on_drop: false }`
[INFO] [stdout] c86048af0f666440a7d7ac1ce9e2539259fc6b12f1cdd428d8f987af0953bc5d
[INFO] running `Command { std: "docker" "start" "-a" "c86048af0f666440a7d7ac1ce9e2539259fc6b12f1cdd428d8f987af0953bc5d", kill_on_drop: false }`
[INFO] running `Command { std: "docker" "inspect" "c86048af0f666440a7d7ac1ce9e2539259fc6b12f1cdd428d8f987af0953bc5d", kill_on_drop: false }`
[INFO] running `Command { std: "docker" "rm" "-f" "c86048af0f666440a7d7ac1ce9e2539259fc6b12f1cdd428d8f987af0953bc5d", kill_on_drop: false }`
[INFO] [stdout] c86048af0f666440a7d7ac1ce9e2539259fc6b12f1cdd428d8f987af0953bc5d
[INFO] running `Command { std: "docker" "create" "-v" "/var/lib/crater-agent-workspace/builds/worker-7-tc1/target:/opt/rustwide/target:rw,Z" "-v" "/var/lib/crater-agent-workspace/builds/worker-7-tc1/source:/opt/rustwide/workdir:ro,Z" "-v" "/var/lib/crater-agent-workspace/cargo-home:/opt/rustwide/cargo-home:ro,Z" "-v" "/var/lib/crater-agent-workspace/rustup-home:/opt/rustwide/rustup-home:ro,Z" "-e" "SOURCE_DIR=/opt/rustwide/workdir" "-e" "CARGO_TARGET_DIR=/opt/rustwide/target" "-e" "CARGO_INCREMENTAL=0" "-e" "RUST_BACKTRACE=full" "-e" "RUSTFLAGS=--cap-lints=warn" "-e" "RUSTDOCFLAGS=--cap-lints=warn" "-e" "CARGO_HOME=/opt/rustwide/cargo-home" "-e" "RUSTUP_HOME=/opt/rustwide/rustup-home" "-w" "/opt/rustwide/workdir" "-m" "1610612736" "--user" "0:0" "--network" "none" "ghcr.io/rust-lang/crates-build-env/linux@sha256:2788e3201cd34a07e3172128adcd8b3090168a8e3bcc40d7c032b9dda1df7d1c" "/opt/rustwide/cargo-home/bin/cargo" "+1.75.0" "doc" "--frozen" "--no-deps" "--document-private-items" "--message-format=json", kill_on_drop: false }`
[INFO] [stdout] 6c73b5ebe6a2ec4774fad15b062e2bd7710b52e08a6ffb2546957ee331202559
[INFO] running `Command { std: "docker" "start" "-a" "6c73b5ebe6a2ec4774fad15b062e2bd7710b52e08a6ffb2546957ee331202559", kill_on_drop: false }`
[INFO] [stderr]    Compiling libc v0.2.45
[INFO] [stderr]    Compiling arrayvec v0.4.9
[INFO] [stderr]     Checking cfg-if v0.1.6
[INFO] [stderr]    Compiling lazy_static v1.2.0
[INFO] [stderr]    Compiling nodrop v0.1.13
[INFO] [stderr]    Compiling memoffset v0.2.1
[INFO] [stderr]    Compiling scopeguard v0.3.3
[INFO] [stderr]    Compiling rayon-core v1.4.1
[INFO] [stderr]    Compiling rayon v1.0.3
[INFO] [stderr]    Compiling version_check v0.1.5
[INFO] [stderr]     Checking byteorder v1.2.7
[INFO] [stderr]     Checking rand_core v0.3.0
[INFO] [stderr]     Checking futures v0.1.25
[INFO] [stderr]    Compiling crossbeam-utils v0.2.2
[INFO] [stderr]     Checking log v0.4.6
[INFO] [stderr]    Compiling serde v1.0.82
[INFO] [stderr]     Checking unreachable v1.0.0
[INFO] [stderr]     Checking crossbeam-utils v0.6.3
[INFO] [stderr]     Checking owning_ref v0.4.0
[INFO] [stderr]    Compiling rand_chacha v0.1.0
[INFO] [stderr]    Compiling rand_pcg v0.1.1
[INFO] [stderr]     Checking smallvec v0.6.7
[INFO] [stderr]    Compiling parking_lot_core v0.3.1
[INFO] [stderr]     Checking rand_core v0.2.2
[INFO] [stderr]    Compiling proc-macro2 v0.4.24
[INFO] [stderr]     Checking lock_api v0.1.5
[INFO] [stderr]    Compiling rand v0.6.1
[INFO] [stderr]     Checking lazycell v1.2.1
[INFO] [stderr]     Checking rand_hc v0.1.0
[INFO] [stderr]    Compiling unicase v1.4.2
[INFO] [stderr]    Compiling memchr v2.1.2
[INFO] [stderr]     Checking rand_isaac v0.1.1
[INFO] [stderr]     Checking rand_xorshift v0.1.0
[INFO] [stderr]    Compiling crunchy v0.1.6
[INFO] [stderr]     Checking bitflags v1.0.4
[INFO] [stderr]    Compiling heapsize v0.4.2
[INFO] [stderr]    Compiling httparse v1.3.3
[INFO] [stderr]    Compiling regex v1.1.0
[INFO] [stderr]     Checking crossbeam-epoch v0.7.0
[INFO] [stderr]     Checking log v0.3.9
[INFO] [stderr]    Compiling ryu v0.2.7
[INFO] [stderr]     Checking rustc-hex v2.0.1
[INFO] [stderr]    Compiling phf_shared v0.7.23
[INFO] [stderr]     Checking iovec v0.1.2
[INFO] [stderr]    Compiling crossbeam-epoch v0.3.1
[INFO] [stderr]     Checking num_cpus v1.9.0
[INFO] [stderr]     Checking rand v0.5.5
[INFO] [stderr]     Checking rand v0.4.3
[INFO] [stderr]     Checking net2 v0.2.33
[INFO] [stderr]     Checking time v0.1.41
[INFO] [stderr]     Checking bytes v0.4.11
[INFO] [stderr]     Checking crossbeam-deque v0.6.3
[INFO] [stderr]     Checking mio v0.6.16
[INFO] [stderr]     Checking tokio-executor v0.1.5
[INFO] [stderr]    Compiling quote v0.6.10
[INFO] [stderr]    Compiling crossbeam-deque v0.2.0
[INFO] [stderr]    Compiling glob v0.2.11
[INFO] [stderr]     Checking tokio-io v0.1.10
[INFO] [stderr]     Checking tiny-keccak v1.4.2
[INFO] [stderr]    Compiling syn v0.15.23
[INFO] [stderr]     Checking tokio-current-thread v0.1.4
[INFO] [stderr]     Checking tokio-timer v0.2.8
[INFO] [stderr]    Compiling ucd-util v0.1.3
[INFO] [stderr]    Compiling openssl v0.10.16
[INFO] [stderr]     Checking url v1.7.2
[INFO] [stderr]     Checking fixed-hash v0.2.5
[INFO] [stderr]    Compiling regex-syntax v0.6.4
[INFO] [stderr]     Checking tokio-codec v0.1.1
[INFO] [stderr]    Compiling clang-sys v0.23.0
[INFO] [stderr]    Compiling atty v0.2.11
[INFO] [stderr]     Checking mio-uds v0.6.7
[INFO] [stderr]    Compiling aho-corasick v0.6.9
[INFO] [stderr]    Compiling memchr v1.0.2
[INFO] [stderr]     Checking tokio-threadpool v0.1.9
[INFO] [stderr]    Compiling thread_local v0.3.6
[INFO] [stderr]    Compiling phf_generator v0.7.23
[INFO] [stderr]     Checking parking_lot v0.6.4
[INFO] [stderr]     Checking safemem v0.3.0
[INFO] [stderr]    Compiling quick-error v1.2.2
[INFO] [stderr]     Checking siphasher v0.2.3
[INFO] [stderr]    Compiling phf_codegen v0.7.23
[INFO] [stderr]    Compiling utf8-ranges v1.0.2
[INFO] [stderr]    Compiling num-traits v0.2.6
[INFO] [stderr]    Compiling unicode-width v0.1.5
[INFO] [stderr]    Compiling native-tls v0.2.2
[INFO] [stderr]    Compiling humantime v1.2.0
[INFO] [stderr]    Compiling nom v3.2.1
[INFO] [stderr]     Checking uint v0.4.1
[INFO] [stderr]     Checking tokio-reactor v0.1.7
[INFO] [stderr]    Compiling textwrap v0.10.0
[INFO] [stderr]     Checking mime v0.2.6
[INFO] [stderr]    Compiling proc-macro2 v0.3.5
[INFO] [stderr]     Checking tokio-fs v0.1.4
[INFO] [stderr]    Compiling termcolor v1.0.4
[INFO] [stderr]    Compiling build_const v0.2.1
[INFO] [stderr]    Compiling strsim v0.7.0
[INFO] [stderr]    Compiling autocfg v0.1.1
[INFO] [stderr]    Compiling bindgen v0.37.4
[INFO] [stderr]     Checking tokio-tcp v0.1.2
[INFO] [stderr]     Checking tokio-udp v0.1.3
[INFO] [stderr]     Checking tokio-uds v0.2.4
[INFO] [stderr]    Compiling vec_map v0.8.1
[INFO] [stderr]    Compiling ansi_term v0.11.0
[INFO] [stderr]     Checking http v0.1.14
[INFO] [stderr]    Compiling crc v1.8.1
[INFO] [stderr]     Checking tokio v0.1.13
[INFO] [stderr]    Compiling quote v0.5.2
[INFO] [stderr]    Compiling num-integer v0.1.39
[INFO] [stderr]    Compiling backtrace v0.3.13
[INFO] [stderr]    Compiling clap v2.32.0
[INFO] [stderr]     Checking phf v0.7.23
[INFO] [stderr]     Checking base64 v0.9.3
[INFO] [stderr]    Compiling which v1.0.5
[INFO] [stderr]    Compiling unicase v2.2.0
[INFO] [stderr]    Compiling peeking_take_while v0.1.2
[INFO] [stderr]     Checking string v0.1.2
[INFO] [stderr]    Compiling gcc v0.3.55
[INFO] [stderr]     Checking indexmap v1.0.2
[INFO] [stderr]    Compiling ucd-trie v0.1.1
[INFO] [stderr]     Checking want v0.0.6
[INFO] [stderr]    Compiling mime_guess v1.8.6
[INFO] [stderr]     Checking futures-cpupool v0.1.8
[INFO] [stderr]    Compiling parking_lot_core v0.4.0
[INFO] [stderr]    Compiling cexpr v0.2.3
[INFO] [stderr]     Checking adler32 v1.0.3
[INFO] [stderr]    Compiling pest v2.1.0
[INFO] [stderr]     Checking rustc-demangle v0.1.11
[INFO] [stderr]    Compiling make-cmd v0.1.0
[INFO] [stderr]    Compiling crc32fast v1.1.2
[INFO] [stderr]    Compiling unicode-xid v0.0.4
[INFO] [stderr]     Checking scoped-tls v0.1.2
[INFO] [stderr]    Compiling maplit v1.0.1
[INFO] [stderr]    Compiling cc v1.0.27
[INFO] [stderr]     Checking tokio-core v0.1.17
[INFO] [stderr]    Compiling synom v0.11.3
[INFO] [stderr]     Checking ethereum-types-serialize v0.2.1
[INFO] [stderr]     Checking serde_json v1.0.33
[INFO] [stderr]     Checking ethbloom v0.5.0
[INFO] [stderr]    Compiling mime_guess v2.0.0-alpha.6
[INFO] [stderr]    Compiling rust-crypto v0.2.36
[INFO] [stderr]     Checking chrono v0.4.6
[INFO] [stderr]     Checking encoding-index-singlebyte v1.20141219.5
[INFO] [stderr]     Checking encoding-index-korean v1.20141219.5
[INFO] [stderr]     Checking ethereum-types v0.4.0
[INFO] [stderr]     Checking encoding-index-japanese v1.20141219.5
[INFO] [stderr]    Compiling pest_meta v2.1.0
[INFO] [stderr]     Checking encoding-index-tradchinese v1.20141219.5
[INFO] [stderr]     Checking encoding-index-simpchinese v1.20141219.5
[INFO] [stderr]     Checking rand v0.3.23
[INFO] [stderr]    Compiling serde_derive v1.0.82
[INFO] [stderr]     Checking rustc-serialize v0.3.24
[INFO] [stderr]    Compiling encoding_rs v0.8.13
[INFO] [stderr]     Checking h2 v0.1.14
[INFO] [stderr]     Checking language-tags v0.2.2
[INFO] [stderr]    Compiling nix v0.11.0
[INFO] [stderr]     Checking sha1 v0.6.0
[INFO] [stderr]    Compiling openssl-sys v0.9.40
[INFO] [stderr]    Compiling libloading v0.5.0
[INFO] [stderr]    Compiling backtrace-sys v0.1.26
[INFO] [stderr]    Compiling ring v0.14.5
[INFO] [stderr]    Compiling brotli-sys v0.3.2
[INFO] [stderr]    Compiling eth-secp256k1 v0.5.7 (https://github.com/paritytech/rust-secp256k1#ccc06e74)
[INFO] [stderr]    Compiling unicode-segmentation v1.2.1
[INFO] [stderr]     Checking typeable v0.1.2
[INFO] [stderr]    Compiling env_logger v0.5.13
[INFO] [stderr]    Compiling same-file v1.0.4
[INFO] [stderr]     Checking spin v0.5.0
[INFO] [stderr]    Compiling quote v0.3.15
[INFO] [stderr]     Checking remove_dir_all v0.5.1
[INFO] [stderr]     Checking traitobject v0.1.0
[INFO] [stderr]     Checking either v1.5.0
[INFO] [stderr]     Checking untrusted v0.6.2
[INFO] [stderr]     Checking walkdir v2.2.7
[INFO] [stderr]    Compiling syn v0.11.11
[INFO] [stderr]     Checking itertools v0.5.10
[INFO] [stderr]     Checking hyper v0.10.15
[INFO] [stderr]     Checking tempdir v0.3.7
[INFO] [stderr] The following warnings were emitted during compilation:
[INFO] [stderr] 
[INFO] [stderr] warning: openssl-sys@0.9.40: /opt/rustwide/target/debug/build/openssl-sys-83b02cd81831b122/out/expando.c:4:24: error: pasting "RUST_VERSION_OPENSSL_" and "(" does not give a valid preprocessing token
[INFO] [stderr] warning: openssl-sys@0.9.40:     4 | #define VERSION2(n, v) RUST_VERSION_ ## n ## _ ## v
[INFO] [stderr] warning: openssl-sys@0.9.40:       |                        ^~~~~~~~~~~~~
[INFO] [stderr] warning: openssl-sys@0.9.40: /opt/rustwide/target/debug/build/openssl-sys-83b02cd81831b122/out/expando.c:5:23: note: in expansion of macro 'VERSION2'
[INFO] [stderr] warning: openssl-sys@0.9.40:     5 | #define VERSION(n, v) VERSION2(n, v)
[INFO] [stderr] warning: openssl-sys@0.9.40:       |                       ^~~~~~~~
[INFO] [stderr] warning: openssl-sys@0.9.40: /opt/rustwide/target/debug/build/openssl-sys-83b02cd81831b122/out/expando.c:7:1: note: in expansion of macro 'VERSION'
[INFO] [stderr] warning: openssl-sys@0.9.40:     7 | VERSION(OPENSSL, OPENSSL_VERSION_NUMBER)
[INFO] [stderr] warning: openssl-sys@0.9.40:       | ^~~~~~~
[INFO] [stderr] 
[INFO] [stderr] error: failed to run custom build command for `openssl-sys v0.9.40`
[INFO] [stderr] note: To improve backtraces for build dependencies, set the CARGO_PROFILE_DEV_BUILD_OVERRIDE_DEBUG=true environment variable to enable debug information generation.
[INFO] [stderr] 
[INFO] [stderr] Caused by:
[INFO] [stderr]   process didn't exit successfully: `/opt/rustwide/target/debug/build/openssl-sys-84a93ed369700343/build-script-main` (exit status: 101)
[INFO] [stderr]   --- stdout
[INFO] [stderr]   cargo:rerun-if-env-changed=X86_64_UNKNOWN_LINUX_GNU_OPENSSL_LIB_DIR
[INFO] [stderr]   cargo:rerun-if-env-changed=OPENSSL_LIB_DIR
[INFO] [stderr]   cargo:rerun-if-env-changed=X86_64_UNKNOWN_LINUX_GNU_OPENSSL_INCLUDE_DIR
[INFO] [stderr]   cargo:rerun-if-env-changed=OPENSSL_INCLUDE_DIR
[INFO] [stderr]   cargo:rerun-if-env-changed=X86_64_UNKNOWN_LINUX_GNU_OPENSSL_DIR
[INFO] [stderr]   cargo:rerun-if-env-changed=OPENSSL_DIR
[INFO] [stderr]   cargo:rustc-link-lib=ssl
[INFO] [stderr]   cargo:rustc-link-lib=crypto
[INFO] [stderr]   OPT_LEVEL = Some("0")
[INFO] [stderr]   TARGET = Some("x86_64-unknown-linux-gnu")
[INFO] [stderr]   HOST = Some("x86_64-unknown-linux-gnu")
[INFO] [stderr]   CC_x86_64-unknown-linux-gnu = None
[INFO] [stderr]   CC_x86_64_unknown_linux_gnu = None
[INFO] [stderr]   HOST_CC = None
[INFO] [stderr]   CC = None
[INFO] [stderr]   CFLAGS_x86_64-unknown-linux-gnu = None
[INFO] [stderr]   CFLAGS_x86_64_unknown_linux_gnu = None
[INFO] [stderr]   HOST_CFLAGS = None
[INFO] [stderr]   CFLAGS = None
[INFO] [stderr]   DEBUG = Some("true")
[INFO] [stderr]   running: "cc" "-O0" "-ffunction-sections" "-fdata-sections" "-fPIC" "-g" "-fno-omit-frame-pointer" "-m64" "-Wall" "-Wextra" "-E" "/opt/rustwide/target/debug/build/openssl-sys-83b02cd81831b122/out/expando.c"
[INFO] [stderr]   cargo:warning=/opt/rustwide/target/debug/build/openssl-sys-83b02cd81831b122/out/expando.c:4:24: error: pasting "RUST_VERSION_OPENSSL_" and "(" does not give a valid preprocessing token
[INFO] [stderr]   cargo:warning=    4 | #define VERSION2(n, v) RUST_VERSION_ ## n ## _ ## v
[INFO] [stderr]   cargo:warning=      |                        ^~~~~~~~~~~~~
[INFO] [stderr]   cargo:warning=/opt/rustwide/target/debug/build/openssl-sys-83b02cd81831b122/out/expando.c:5:23: note: in expansion of macro 'VERSION2'
[INFO] [stderr]   cargo:warning=    5 | #define VERSION(n, v) VERSION2(n, v)
[INFO] [stderr]   cargo:warning=      |                       ^~~~~~~~
[INFO] [stderr]   cargo:warning=/opt/rustwide/target/debug/build/openssl-sys-83b02cd81831b122/out/expando.c:7:1: note: in expansion of macro 'VERSION'
[INFO] [stderr]   cargo:warning=    7 | VERSION(OPENSSL, OPENSSL_VERSION_NUMBER)
[INFO] [stderr]   cargo:warning=      | ^~~~~~~
[INFO] [stderr]   exit status: 1
[INFO] [stderr] 
[INFO] [stderr]   --- stderr
[INFO] [stderr]   thread 'main' panicked at /opt/rustwide/cargo-home/registry/src/index.crates.io-6f17d22bba15001f/openssl-sys-0.9.40/build/main.rs:432:13:
[INFO] [stderr] 
[INFO] [stderr]   Header expansion error:
[INFO] [stderr]   Error { kind: ToolExecError, message: "Command \"cc\" \"-O0\" \"-ffunction-sections\" \"-fdata-sections\" \"-fPIC\" \"-g\" \"-fno-omit-frame-pointer\" \"-m64\" \"-Wall\" \"-Wextra\" \"-E\" \"/opt/rustwide/target/debug/build/openssl-sys-83b02cd81831b122/out/expando.c\" with args \"cc\" did not execute successfully (status code exit status: 1)." }
[INFO] [stderr] 
[INFO] [stderr]   Failed to find OpenSSL development headers.
[INFO] [stderr] 
[INFO] [stderr]   You can try fixing this setting the `OPENSSL_DIR` environment variable
[INFO] [stderr]   pointing to your OpenSSL installation or installing OpenSSL headers package
[INFO] [stderr]   specific to your distribution:
[INFO] [stderr] 
[INFO] [stderr]       # On Ubuntu
[INFO] [stderr]       sudo apt-get install libssl-dev
[INFO] [stderr]       # On Arch Linux
[INFO] [stderr]       sudo pacman -S openssl
[INFO] [stderr]       # On Fedora
[INFO] [stderr]       sudo dnf install openssl-devel
[INFO] [stderr] 
[INFO] [stderr]   See rust-openssl README for more information:
[INFO] [stderr] 
[INFO] [stderr]       https://github.com/sfackler/rust-openssl#linux
[INFO] [stderr] 
[INFO] [stderr]   stack backtrace:
[INFO] [stderr]      0:     0x564c7bd5b7dc - std::backtrace_rs::backtrace::libunwind::trace::ha637c64ce894333a
[INFO] [stderr]                                  at /rustc/82e1608dfa6e0b5569232559e3d385fea5a93112/library/std/src/../../backtrace/src/backtrace/libunwind.rs:104:5
[INFO] [stderr]      1:     0x564c7bd5b7dc - std::backtrace_rs::backtrace::trace_unsynchronized::h47f62dea28e0c88d
[INFO] [stderr]                                  at /rustc/82e1608dfa6e0b5569232559e3d385fea5a93112/library/std/src/../../backtrace/src/backtrace/mod.rs:66:5
[INFO] [stderr]      2:     0x564c7bd5b7dc - std::sys_common::backtrace::_print_fmt::h9eef0abe20ede486
[INFO] [stderr]                                  at /rustc/82e1608dfa6e0b5569232559e3d385fea5a93112/library/std/src/sys_common/backtrace.rs:67:5
[INFO] [stderr]      3:     0x564c7bd5b7dc - <std::sys_common::backtrace::_print::DisplayBacktrace as core::fmt::Display>::fmt::hed7f999df88cc644
[INFO] [stderr]                                  at /rustc/82e1608dfa6e0b5569232559e3d385fea5a93112/library/std/src/sys_common/backtrace.rs:44:22
[INFO] [stderr]      4:     0x564c7bd81910 - core::fmt::rt::Argument::fmt::h1539a9308b8d058d
[INFO] [stderr]                                  at /rustc/82e1608dfa6e0b5569232559e3d385fea5a93112/library/core/src/fmt/rt.rs:142:9
[INFO] [stderr]      5:     0x564c7bd81910 - core::fmt::write::h3a39390d8560d9c9
[INFO] [stderr]                                  at /rustc/82e1608dfa6e0b5569232559e3d385fea5a93112/library/core/src/fmt/mod.rs:1120:17
[INFO] [stderr]      6:     0x564c7bd5911f - std::io::Write::write_fmt::h5fc9997dfe05f882
[INFO] [stderr]                                  at /rustc/82e1608dfa6e0b5569232559e3d385fea5a93112/library/std/src/io/mod.rs:1762:15
[INFO] [stderr]      7:     0x564c7bd5b5c4 - std::sys_common::backtrace::_print::h894006fb5c6f3d45
[INFO] [stderr]                                  at /rustc/82e1608dfa6e0b5569232559e3d385fea5a93112/library/std/src/sys_common/backtrace.rs:47:5
[INFO] [stderr]      8:     0x564c7bd5b5c4 - std::sys_common::backtrace::print::h23a2d212c6fff936
[INFO] [stderr]                                  at /rustc/82e1608dfa6e0b5569232559e3d385fea5a93112/library/std/src/sys_common/backtrace.rs:34:9
[INFO] [stderr]      9:     0x564c7bd5cdd7 - std::panicking::default_hook::{{closure}}::h8a1d2ee00185001a
[INFO] [stderr]     10:     0x564c7bd5cb3f - std::panicking::default_hook::h6038f2eba384e475
[INFO] [stderr]                                  at /rustc/82e1608dfa6e0b5569232559e3d385fea5a93112/library/std/src/panicking.rs:292:9
[INFO] [stderr]     11:     0x564c7bd5d258 - std::panicking::rust_panic_with_hook::h2b5517d590cab22e
[INFO] [stderr]                                  at /rustc/82e1608dfa6e0b5569232559e3d385fea5a93112/library/std/src/panicking.rs:779:13
[INFO] [stderr]     12:     0x564c7bd5d13e - std::panicking::begin_panic_handler::{{closure}}::h233112c06e0ef43e
[INFO] [stderr]                                  at /rustc/82e1608dfa6e0b5569232559e3d385fea5a93112/library/std/src/panicking.rs:657:13
[INFO] [stderr]     13:     0x564c7bd5bca6 - std::sys_common::backtrace::__rust_end_short_backtrace::h6e893f24d7ebbff8
[INFO] [stderr]                                  at /rustc/82e1608dfa6e0b5569232559e3d385fea5a93112/library/std/src/sys_common/backtrace.rs:170:18
[INFO] [stderr]     14:     0x564c7bd5cea2 - rust_begin_unwind
[INFO] [stderr]                                  at /rustc/82e1608dfa6e0b5569232559e3d385fea5a93112/library/std/src/panicking.rs:645:5
[INFO] [stderr]     15:     0x564c7bcd8685 - core::panicking::panic_fmt::hbf0e066aabfa482c
[INFO] [stderr]                                  at /rustc/82e1608dfa6e0b5569232559e3d385fea5a93112/library/core/src/panicking.rs:72:14
[INFO] [stderr]     16:     0x564c7bce07e4 - build_script_main::validate_headers::ha7750dc16efcc21a
[INFO] [stderr]     17:     0x564c7bcdec1f - build_script_main::imp::try_pkg_config::h23836cd24577ab4f
[INFO] [stderr]     18:     0x564c7bcddae4 - build_script_main::imp::find_openssl_dir::h5d32b8cdb7691cef
[INFO] [stderr]     19:     0x564c7bcdd982 - build_script_main::imp::get_openssl::{{closure}}::h82bc17212670579c
[INFO] [stderr]     20:     0x564c7bce3e29 - core::option::Option<T>::unwrap_or_else::hf504fb72b32e52e9
[INFO] [stderr]     21:     0x564c7bcdd781 - build_script_main::imp::get_openssl::h2f74422672692a38
[INFO] [stderr]     22:     0x564c7bcdc5d0 - build_script_main::main::h563bd08e8b31dc5e
[INFO] [stderr]     23:     0x564c7bce2de3 - core::ops::function::FnOnce::call_once::h63ab4ae2e46e1c5b
[INFO] [stderr]     24:     0x564c7bce2066 - std::sys_common::backtrace::__rust_begin_short_backtrace::h716293f6d6b17c33
[INFO] [stderr]     25:     0x564c7bcd9479 - std::rt::lang_start::{{closure}}::hb70a083f14260a61
[INFO] [stderr]     26:     0x564c7bd55667 - core::ops::function::impls::<impl core::ops::function::FnOnce<A> for &F>::call_once::hd95060ecd5e1ca24
[INFO] [stderr]                                  at /rustc/82e1608dfa6e0b5569232559e3d385fea5a93112/library/core/src/ops/function.rs:284:13
[INFO] [stderr]     27:     0x564c7bd55667 - std::panicking::try::do_call::h6e8cf51db32a6e4b
[INFO] [stderr]                                  at /rustc/82e1608dfa6e0b5569232559e3d385fea5a93112/library/std/src/panicking.rs:552:40
[INFO] [stderr]     28:     0x564c7bd55667 - std::panicking::try::h3a52eefe24fe3c29
[INFO] [stderr]                                  at /rustc/82e1608dfa6e0b5569232559e3d385fea5a93112/library/std/src/panicking.rs:516:19
[INFO] [stderr]     29:     0x564c7bd55667 - std::panic::catch_unwind::h24c28c23c02c3841
[INFO] [stderr]                                  at /rustc/82e1608dfa6e0b5569232559e3d385fea5a93112/library/std/src/panic.rs:142:14
[INFO] [stderr]     30:     0x564c7bd55667 - std::rt::lang_start_internal::{{closure}}::h705d3c9cbc06ef47
[INFO] [stderr]                                  at /rustc/82e1608dfa6e0b5569232559e3d385fea5a93112/library/std/src/rt.rs:148:48
[INFO] [stderr]     31:     0x564c7bd55667 - std::panicking::try::do_call::ha21f52ba13158470
[INFO] [stderr]                                  at /rustc/82e1608dfa6e0b5569232559e3d385fea5a93112/library/std/src/panicking.rs:552:40
[INFO] [stderr]     32:     0x564c7bd55667 - std::panicking::try::h5581346bf6aeb1f8
[INFO] [stderr]                                  at /rustc/82e1608dfa6e0b5569232559e3d385fea5a93112/library/std/src/panicking.rs:516:19
[INFO] [stderr]     33:     0x564c7bd55667 - std::panic::catch_unwind::h7919645a6b72e25b
[INFO] [stderr]                                  at /rustc/82e1608dfa6e0b5569232559e3d385fea5a93112/library/std/src/panic.rs:142:14
[INFO] [stderr]     34:     0x564c7bd55667 - std::rt::lang_start_internal::h12de51168669836e
[INFO] [stderr]                                  at /rustc/82e1608dfa6e0b5569232559e3d385fea5a93112/library/std/src/rt.rs:148:20
[INFO] [stderr]     35:     0x564c7bcd9457 - std::rt::lang_start::hd2de590e58813548
[INFO] [stderr]     36:     0x564c7bce1705 - main
[INFO] [stderr]     37:     0x7f23b0a67d90 - <unknown>
[INFO] [stderr]     38:     0x7f23b0a67e40 - __libc_start_main
[INFO] [stderr]     39:     0x564c7bcd8e95 - _start
[INFO] [stderr]     40:                0x0 - <unknown>
[INFO] [stderr] warning: build failed, waiting for other jobs to finish...
[INFO] running `Command { std: "docker" "inspect" "6c73b5ebe6a2ec4774fad15b062e2bd7710b52e08a6ffb2546957ee331202559", kill_on_drop: false }`
[INFO] running `Command { std: "docker" "rm" "-f" "6c73b5ebe6a2ec4774fad15b062e2bd7710b52e08a6ffb2546957ee331202559", kill_on_drop: false }`
[INFO] [stdout] 6c73b5ebe6a2ec4774fad15b062e2bd7710b52e08a6ffb2546957ee331202559
[INFO] documenting adriamb/rblock against beta-2023-12-22 for beta-1.76-rustdoc-1
[INFO] running `Command { std: "git" "clone" "/workspace/cache/git-repos/https%3A%2F%2Fgithub.com%2Fadriamb%2Frblock" "/workspace/builds/worker-7-tc2/source", kill_on_drop: false }`
[INFO] [stderr] Cloning into '/workspace/builds/worker-7-tc2/source'...
[INFO] [stderr] done.
[INFO] validating manifest of git repo https://github.com/adriamb/rblock on toolchain beta-2023-12-22
[INFO] running `Command { std: CARGO_HOME="/workspace/cargo-home" RUSTUP_HOME="/workspace/rustup-home" "/workspace/cargo-home/bin/cargo" "+beta-2023-12-22" "metadata" "--manifest-path" "Cargo.toml" "--no-deps", kill_on_drop: false }`
[INFO] started tweaking git repo https://github.com/adriamb/rblock
[INFO] finished tweaking git repo https://github.com/adriamb/rblock
[INFO] tweaked toml for git repo https://github.com/adriamb/rblock written to /workspace/builds/worker-7-tc2/source/Cargo.toml
[INFO] crate git repo https://github.com/adriamb/rblock already has a lockfile, it will not be regenerated
[INFO] running `Command { std: CARGO_HOME="/workspace/cargo-home" RUSTUP_HOME="/workspace/rustup-home" "/workspace/cargo-home/bin/cargo" "+beta-2023-12-22" "fetch" "--manifest-path" "Cargo.toml", kill_on_drop: false }`
[INFO] running `Command { std: "docker" "create" "-v" "/var/lib/crater-agent-workspace/builds/worker-7-tc2/target:/opt/rustwide/target:rw,Z" "-v" "/var/lib/crater-agent-workspace/builds/worker-7-tc2/source:/opt/rustwide/workdir:ro,Z" "-v" "/var/lib/crater-agent-workspace/cargo-home:/opt/rustwide/cargo-home:ro,Z" "-v" "/var/lib/crater-agent-workspace/rustup-home:/opt/rustwide/rustup-home:ro,Z" "-e" "SOURCE_DIR=/opt/rustwide/workdir" "-e" "CARGO_TARGET_DIR=/opt/rustwide/target" "-e" "CARGO_HOME=/opt/rustwide/cargo-home" "-e" "RUSTUP_HOME=/opt/rustwide/rustup-home" "-w" "/opt/rustwide/workdir" "-m" "1610612736" "--user" "0:0" "--network" "none" "ghcr.io/rust-lang/crates-build-env/linux@sha256:2788e3201cd34a07e3172128adcd8b3090168a8e3bcc40d7c032b9dda1df7d1c" "/opt/rustwide/cargo-home/bin/cargo" "+beta-2023-12-22" "metadata" "--no-deps" "--format-version=1", kill_on_drop: false }`
[INFO] [stdout] 0a0c9def9adae5986fc2b6d9c51e4c1c8cb0876617f8bcbefcbfbf7ccddb50c2
[INFO] running `Command { std: "docker" "start" "-a" "0a0c9def9adae5986fc2b6d9c51e4c1c8cb0876617f8bcbefcbfbf7ccddb50c2", kill_on_drop: false }`
[INFO] running `Command { std: "docker" "inspect" "0a0c9def9adae5986fc2b6d9c51e4c1c8cb0876617f8bcbefcbfbf7ccddb50c2", kill_on_drop: false }`
[INFO] running `Command { std: "docker" "rm" "-f" "0a0c9def9adae5986fc2b6d9c51e4c1c8cb0876617f8bcbefcbfbf7ccddb50c2", kill_on_drop: false }`
[INFO] [stdout] 0a0c9def9adae5986fc2b6d9c51e4c1c8cb0876617f8bcbefcbfbf7ccddb50c2
[INFO] running `Command { std: "docker" "create" "-v" "/var/lib/crater-agent-workspace/builds/worker-7-tc2/target:/opt/rustwide/target:rw,Z" "-v" "/var/lib/crater-agent-workspace/builds/worker-7-tc2/source:/opt/rustwide/workdir:ro,Z" "-v" "/var/lib/crater-agent-workspace/cargo-home:/opt/rustwide/cargo-home:ro,Z" "-v" "/var/lib/crater-agent-workspace/rustup-home:/opt/rustwide/rustup-home:ro,Z" "-e" "SOURCE_DIR=/opt/rustwide/workdir" "-e" "CARGO_TARGET_DIR=/opt/rustwide/target" "-e" "CARGO_INCREMENTAL=0" "-e" "RUST_BACKTRACE=full" "-e" "RUSTFLAGS=--cap-lints=warn" "-e" "RUSTDOCFLAGS=--cap-lints=warn" "-e" "CARGO_HOME=/opt/rustwide/cargo-home" "-e" "RUSTUP_HOME=/opt/rustwide/rustup-home" "-w" "/opt/rustwide/workdir" "-m" "1610612736" "--user" "0:0" "--network" "none" "ghcr.io/rust-lang/crates-build-env/linux@sha256:2788e3201cd34a07e3172128adcd8b3090168a8e3bcc40d7c032b9dda1df7d1c" "/opt/rustwide/cargo-home/bin/cargo" "+beta-2023-12-22" "doc" "--frozen" "--no-deps" "--document-private-items" "--message-format=json", kill_on_drop: false }`
[INFO] [stdout] a53bce79c669842d7185a7ab504ef1f907f7b3c216c5fa1f6e2c690e40ca4fb4
[INFO] running `Command { std: "docker" "start" "-a" "a53bce79c669842d7185a7ab504ef1f907f7b3c216c5fa1f6e2c690e40ca4fb4", kill_on_drop: false }`
[INFO] [stderr]    Compiling libc v0.2.45
[INFO] [stderr]    Compiling arrayvec v0.4.9
[INFO] [stderr]     Checking cfg-if v0.1.6
[INFO] [stderr]    Compiling lazy_static v1.2.0
[INFO] [stderr]    Compiling nodrop v0.1.13
[INFO] [stderr]    Compiling memoffset v0.2.1
[INFO] [stderr]    Compiling scopeguard v0.3.3
[INFO] [stderr]    Compiling rayon-core v1.4.1
[INFO] [stderr]    Compiling rayon v1.0.3
[INFO] [stderr]    Compiling version_check v0.1.5
[INFO] [stderr]     Checking byteorder v1.2.7
[INFO] [stderr]     Checking rand_core v0.3.0
[INFO] [stderr]     Checking futures v0.1.25
[INFO] [stderr]    Compiling serde v1.0.82
[INFO] [stderr]    Compiling crossbeam-utils v0.2.2
[INFO] [stderr]     Checking log v0.4.6
[INFO] [stderr]     Checking crossbeam-utils v0.6.3
[INFO] [stderr]     Checking unreachable v1.0.0
[INFO] [stderr]     Checking owning_ref v0.4.0
[INFO] [stderr]    Compiling parking_lot_core v0.3.1
[INFO] [stderr]    Compiling rand_pcg v0.1.1
[INFO] [stderr]     Checking smallvec v0.6.7
[INFO] [stderr]     Checking rand_core v0.2.2
[INFO] [stderr]    Compiling rand_chacha v0.1.0
[INFO] [stderr]    Compiling proc-macro2 v0.4.24
[INFO] [stderr]     Checking lock_api v0.1.5
[INFO] [stderr]    Compiling rand v0.6.1
[INFO] [stderr]     Checking lazycell v1.2.1
[INFO] [stderr]     Checking rand_isaac v0.1.1
[INFO] [stderr]     Checking rand_hc v0.1.0
[INFO] [stderr]     Checking rand_xorshift v0.1.0
[INFO] [stderr]    Compiling unicase v1.4.2
[INFO] [stderr]    Compiling memchr v2.1.2
[INFO] [stderr]    Compiling crunchy v0.1.6
[INFO] [stderr]    Compiling heapsize v0.4.2
[INFO] [stderr]     Checking bitflags v1.0.4
[INFO] [stderr]    Compiling httparse v1.3.3
[INFO] [stderr]    Compiling regex v1.1.0
[INFO] [stderr]     Checking log v0.3.9
[INFO] [stderr]    Compiling ryu v0.2.7
[INFO] [stderr]    Compiling glob v0.2.11
[INFO] [stderr]     Checking rustc-hex v2.0.1
[INFO] [stderr]    Compiling crossbeam-epoch v0.3.1
[INFO] [stderr]     Checking iovec v0.1.2
[INFO] [stderr]     Checking rand v0.5.5
[INFO] [stderr]     Checking num_cpus v1.9.0
[INFO] [stderr]     Checking rand v0.4.3
[INFO] [stderr]     Checking net2 v0.2.33
[INFO] [stderr]     Checking time v0.1.41
[INFO] [stderr]     Checking bytes v0.4.11
[INFO] [stderr]     Checking crossbeam-epoch v0.7.0
[INFO] [stderr]    Compiling phf_shared v0.7.23
[INFO] [stderr]    Compiling crossbeam-deque v0.2.0
[INFO] [stderr]     Checking mio v0.6.16
[INFO] [stderr]    Compiling quote v0.6.10
[INFO] [stderr]     Checking tokio-executor v0.1.5
[INFO] [stderr]     Checking idna v0.1.5
[INFO] [stderr]    Compiling clang-sys v0.23.0
[INFO] [stderr]     Checking crossbeam-deque v0.6.3
[INFO] [stderr]     Checking tokio-io v0.1.10
[INFO] [stderr]    Compiling syn v0.15.23
[INFO] [stderr]     Checking tokio-current-thread v0.1.4
[INFO] [stderr]     Checking tokio-timer v0.2.8
[INFO] [stderr]     Checking tiny-keccak v1.4.2
[INFO] [stderr]    Compiling ucd-util v0.1.3
[INFO] [stderr]    Compiling openssl v0.10.16
[INFO] [stderr]     Checking mio-uds v0.6.7
[INFO] [stderr]     Checking tokio-codec v0.1.1
[INFO] [stderr]    Compiling regex-syntax v0.6.4
[INFO] [stderr]    Compiling aho-corasick v0.6.9
[INFO] [stderr]     Checking url v1.7.2
[INFO] [stderr]     Checking fixed-hash v0.2.5
[INFO] [stderr]     Checking tokio-threadpool v0.1.9
[INFO] [stderr]    Compiling atty v0.2.11
[INFO] [stderr]    Compiling memchr v1.0.2
[INFO] [stderr]    Compiling thread_local v0.3.6
[INFO] [stderr]    Compiling phf_generator v0.7.23
[INFO] [stderr]     Checking parking_lot v0.6.4
[INFO] [stderr]    Compiling native-tls v0.2.2
[INFO] [stderr]    Compiling phf_codegen v0.7.23
[INFO] [stderr]    Compiling unicode-width v0.1.5
[INFO] [stderr]     Checking safemem v0.3.0
[INFO] [stderr]    Compiling quick-error v1.2.2
[INFO] [stderr]     Checking siphasher v0.2.3
[INFO] [stderr]    Compiling num-traits v0.2.6
[INFO] [stderr]    Compiling utf8-ranges v1.0.2
[INFO] [stderr]     Checking tokio-reactor v0.1.7
[INFO] [stderr]    Compiling humantime v1.2.0
[INFO] [stderr]    Compiling textwrap v0.10.0
[INFO] [stderr]    Compiling nom v3.2.1
[INFO] [stderr]     Checking uint v0.4.1
[INFO] [stderr]     Checking tokio-fs v0.1.4
[INFO] [stderr]     Checking mime v0.2.6
[INFO] [stderr]    Compiling proc-macro2 v0.3.5
[INFO] [stderr]    Compiling build_const v0.2.1
[INFO] [stderr]    Compiling termcolor v1.0.4
[INFO] [stderr]     Checking tokio-udp v0.1.3
[INFO] [stderr]     Checking tokio-uds v0.2.4
[INFO] [stderr]     Checking tokio-tcp v0.1.2
[INFO] [stderr]    Compiling strsim v0.7.0
[INFO] [stderr]    Compiling autocfg v0.1.1
[INFO] [stderr]    Compiling vec_map v0.8.1
[INFO] [stderr]    Compiling bindgen v0.37.4
[INFO] [stderr]    Compiling ansi_term v0.11.0
[INFO] [stderr]    Compiling num-integer v0.1.39
[INFO] [stderr]     Checking tokio v0.1.13
[INFO] [stderr]    Compiling crc v1.8.1
[INFO] [stderr]    Compiling quote v0.5.2
[INFO] [stderr]     Checking http v0.1.14
[INFO] [stderr]    Compiling clap v2.32.0
[INFO] [stderr]     Checking phf v0.7.23
[INFO] [stderr]     Checking base64 v0.9.3
[INFO] [stderr]    Compiling backtrace v0.3.13
[INFO] [stderr]    Compiling which v1.0.5
[INFO] [stderr]    Compiling unicase v2.2.0
[INFO] [stderr]    Compiling gcc v0.3.55
[INFO] [stderr]    Compiling ucd-trie v0.1.1
[INFO] [stderr]    Compiling peeking_take_while v0.1.2
[INFO] [stderr]     Checking string v0.1.2
[INFO] [stderr]    Compiling cexpr v0.2.3
[INFO] [stderr]    Compiling cc v1.0.27
[INFO] [stderr]     Checking indexmap v1.0.2
[INFO] [stderr]    Compiling pest v2.1.0
[INFO] [stderr]     Checking want v0.0.6
[INFO] [stderr]    Compiling mime_guess v1.8.6
[INFO] [stderr]     Checking futures-cpupool v0.1.8
[INFO] [stderr]    Compiling parking_lot_core v0.4.0
[INFO] [stderr]    Compiling maplit v1.0.1
[INFO] [stderr]    Compiling make-cmd v0.1.0
[INFO] [stderr]     Checking adler32 v1.0.3
[INFO] [stderr]    Compiling crc32fast v1.1.2
[INFO] [stderr]     Checking rustc-demangle v0.1.11
[INFO] [stderr]     Checking scoped-tls v0.1.2
[INFO] [stderr]    Compiling unicode-xid v0.0.4
[INFO] [stderr]     Checking tokio-core v0.1.17
[INFO] [stderr]     Checking chrono v0.4.6
[INFO] [stderr]    Compiling synom v0.11.3
[INFO] [stderr]     Checking ethereum-types-serialize v0.2.1
[INFO] [stderr]     Checking serde_json v1.0.33
[INFO] [stderr]     Checking ethbloom v0.5.0
[INFO] [stderr]    Compiling mime_guess v2.0.0-alpha.6
[INFO] [stderr]     Checking ethereum-types v0.4.0
[INFO] [stderr]    Compiling pest_meta v2.1.0
[INFO] [stderr]    Compiling rust-crypto v0.2.36
[INFO] [stderr]     Checking encoding-index-korean v1.20141219.5
[INFO] [stderr]     Checking encoding-index-japanese v1.20141219.5
[INFO] [stderr]    Compiling openssl-sys v0.9.40
[INFO] [stderr]    Compiling libloading v0.5.0
[INFO] [stderr]    Compiling backtrace-sys v0.1.26
[INFO] [stderr]    Compiling brotli-sys v0.3.2
[INFO] [stderr]     Checking h2 v0.1.14
[INFO] [stderr]    Compiling ring v0.14.5
[INFO] [stderr]    Compiling eth-secp256k1 v0.5.7 (https://github.com/paritytech/rust-secp256k1#ccc06e74)
[INFO] [stderr]     Checking encoding-index-singlebyte v1.20141219.5
[INFO] [stderr]     Checking encoding-index-tradchinese v1.20141219.5
[INFO] [stderr]    Compiling serde_derive v1.0.82
[INFO] [stderr]     Checking encoding-index-simpchinese v1.20141219.5
[INFO] [stderr]    Compiling env_logger v0.5.13
[INFO] [stderr]     Checking rand v0.3.23
[INFO] [stderr]     Checking spin v0.5.0
[INFO] [stderr]     Checking rustc-serialize v0.3.24
[INFO] [stderr]    Compiling same-file v1.0.4
[INFO] [stderr]    Compiling encoding_rs v0.8.13
[INFO] [stderr] The following warnings were emitted during compilation:
[INFO] [stderr] 
[INFO] [stderr] warning: openssl-sys@0.9.40: /opt/rustwide/target/debug/build/openssl-sys-6b55f77c760bb24a/out/expando.c:4:24: error: pasting "RUST_VERSION_OPENSSL_" and "(" does not give a valid preprocessing token
[INFO] [stderr] warning: openssl-sys@0.9.40:     4 | #define VERSION2(n, v) RUST_VERSION_ ## n ## _ ## v
[INFO] [stderr] warning: openssl-sys@0.9.40:       |                        ^~~~~~~~~~~~~
[INFO] [stderr] warning: openssl-sys@0.9.40: /opt/rustwide/target/debug/build/openssl-sys-6b55f77c760bb24a/out/expando.c:5:23: note: in expansion of macro 'VERSION2'
[INFO] [stderr] warning: openssl-sys@0.9.40:     5 | #define VERSION(n, v) VERSION2(n, v)
[INFO] [stderr] warning: openssl-sys@0.9.40:       |                       ^~~~~~~~
[INFO] [stderr] warning: openssl-sys@0.9.40: /opt/rustwide/target/debug/build/openssl-sys-6b55f77c760bb24a/out/expando.c:7:1: note: in expansion of macro 'VERSION'
[INFO] [stderr] warning: openssl-sys@0.9.40:     7 | VERSION(OPENSSL, OPENSSL_VERSION_NUMBER)
[INFO] [stderr] warning: openssl-sys@0.9.40:       | ^~~~~~~
[INFO] [stderr] 
[INFO] [stderr] error: failed to run custom build command for `openssl-sys v0.9.40`
[INFO] [stderr] note: To improve backtraces for build dependencies, set the CARGO_PROFILE_DEV_BUILD_OVERRIDE_DEBUG=true environment variable to enable debug information generation.
[INFO] [stderr] 
[INFO] [stderr] Caused by:
[INFO] [stderr]   process didn't exit successfully: `/opt/rustwide/target/debug/build/openssl-sys-8dcb1ca5b1eca7cc/build-script-main` (exit status: 101)
[INFO] [stderr]   --- stdout
[INFO] [stderr]   cargo:rerun-if-env-changed=X86_64_UNKNOWN_LINUX_GNU_OPENSSL_LIB_DIR
[INFO] [stderr]   cargo:rerun-if-env-changed=OPENSSL_LIB_DIR
[INFO] [stderr]   cargo:rerun-if-env-changed=X86_64_UNKNOWN_LINUX_GNU_OPENSSL_INCLUDE_DIR
[INFO] [stderr]   cargo:rerun-if-env-changed=OPENSSL_INCLUDE_DIR
[INFO] [stderr]   cargo:rerun-if-env-changed=X86_64_UNKNOWN_LINUX_GNU_OPENSSL_DIR
[INFO] [stderr]   cargo:rerun-if-env-changed=OPENSSL_DIR
[INFO] [stderr]   cargo:rustc-link-lib=ssl
[INFO] [stderr]   cargo:rustc-link-lib=crypto
[INFO] [stderr]   OPT_LEVEL = Some("0")
[INFO] [stderr]   TARGET = Some("x86_64-unknown-linux-gnu")
[INFO] [stderr]   HOST = Some("x86_64-unknown-linux-gnu")
[INFO] [stderr]   CC_x86_64-unknown-linux-gnu = None
[INFO] [stderr]   CC_x86_64_unknown_linux_gnu = None
[INFO] [stderr]   HOST_CC = None
[INFO] [stderr]   CC = None
[INFO] [stderr]   CFLAGS_x86_64-unknown-linux-gnu = None
[INFO] [stderr]   CFLAGS_x86_64_unknown_linux_gnu = None
[INFO] [stderr]   HOST_CFLAGS = None
[INFO] [stderr]   CFLAGS = None
[INFO] [stderr]   DEBUG = Some("true")
[INFO] [stderr]   running: "cc" "-O0" "-ffunction-sections" "-fdata-sections" "-fPIC" "-g" "-fno-omit-frame-pointer" "-m64" "-Wall" "-Wextra" "-E" "/opt/rustwide/target/debug/build/openssl-sys-6b55f77c760bb24a/out/expando.c"
[INFO] [stderr]   cargo:warning=/opt/rustwide/target/debug/build/openssl-sys-6b55f77c760bb24a/out/expando.c:4:24: error: pasting "RUST_VERSION_OPENSSL_" and "(" does not give a valid preprocessing token
[INFO] [stderr]   cargo:warning=    4 | #define VERSION2(n, v) RUST_VERSION_ ## n ## _ ## v
[INFO] [stderr]   cargo:warning=      |                        ^~~~~~~~~~~~~
[INFO] [stderr]   cargo:warning=/opt/rustwide/target/debug/build/openssl-sys-6b55f77c760bb24a/out/expando.c:5:23: note: in expansion of macro 'VERSION2'
[INFO] [stderr]   cargo:warning=    5 | #define VERSION(n, v) VERSION2(n, v)
[INFO] [stderr]   cargo:warning=      |                       ^~~~~~~~
[INFO] [stderr]   cargo:warning=/opt/rustwide/target/debug/build/openssl-sys-6b55f77c760bb24a/out/expando.c:7:1: note: in expansion of macro 'VERSION'
[INFO] [stderr]   cargo:warning=    7 | VERSION(OPENSSL, OPENSSL_VERSION_NUMBER)
[INFO] [stderr]   cargo:warning=      | ^~~~~~~
[INFO] [stderr]   exit status: 1
[INFO] [stderr] 
[INFO] [stderr]   --- stderr
[INFO] [stderr]   thread 'main' panicked at /opt/rustwide/cargo-home/registry/src/index.crates.io-6f17d22bba15001f/openssl-sys-0.9.40/build/main.rs:432:13:
[INFO] [stderr] 
[INFO] [stderr]   Header expansion error:
[INFO] [stderr]   Error { kind: ToolExecError, message: "Command \"cc\" \"-O0\" \"-ffunction-sections\" \"-fdata-sections\" \"-fPIC\" \"-g\" \"-fno-omit-frame-pointer\" \"-m64\" \"-Wall\" \"-Wextra\" \"-E\" \"/opt/rustwide/target/debug/build/openssl-sys-6b55f77c760bb24a/out/expando.c\" with args \"cc\" did not execute successfully (status code exit status: 1)." }
[INFO] [stderr] 
[INFO] [stderr]   Failed to find OpenSSL development headers.
[INFO] [stderr] 
[INFO] [stderr]   You can try fixing this setting the `OPENSSL_DIR` environment variable
[INFO] [stderr]   pointing to your OpenSSL installation or installing OpenSSL headers package
[INFO] [stderr]   specific to your distribution:
[INFO] [stderr] 
[INFO] [stderr]       # On Ubuntu
[INFO] [stderr]       sudo apt-get install libssl-dev
[INFO] [stderr]       # On Arch Linux
[INFO] [stderr]       sudo pacman -S openssl
[INFO] [stderr]       # On Fedora
[INFO] [stderr]       sudo dnf install openssl-devel
[INFO] [stderr] 
[INFO] [stderr]   See rust-openssl README for more information:
[INFO] [stderr] 
[INFO] [stderr]       https://github.com/sfackler/rust-openssl#linux
[INFO] [stderr] 
[INFO] [stderr]   stack backtrace:
[INFO] [stderr]      0:     0x55d1e1507bb6 - std::backtrace_rs::backtrace::libunwind::trace::h261606ad26a499c1
[INFO] [stderr]                                  at /rustc/0e09125c6c3c2fd70d7de961bcf0e51575235fad/library/std/src/../../backtrace/src/backtrace/libunwind.rs:104:5
[INFO] [stderr]      1:     0x55d1e1507bb6 - std::backtrace_rs::backtrace::trace_unsynchronized::hd183f0625477fb28
[INFO] [stderr]                                  at /rustc/0e09125c6c3c2fd70d7de961bcf0e51575235fad/library/std/src/../../backtrace/src/backtrace/mod.rs:66:5
[INFO] [stderr]      2:     0x55d1e1507bb6 - std::sys_common::backtrace::_print_fmt::hd7f8fef21b4eda67
[INFO] [stderr]                                  at /rustc/0e09125c6c3c2fd70d7de961bcf0e51575235fad/library/std/src/sys_common/backtrace.rs:68:5
[INFO] [stderr]      3:     0x55d1e1507bb6 - <std::sys_common::backtrace::_print::DisplayBacktrace as core::fmt::Display>::fmt::h623d9b51f2f453f1
[INFO] [stderr]                                  at /rustc/0e09125c6c3c2fd70d7de961bcf0e51575235fad/library/std/src/sys_common/backtrace.rs:44:22
[INFO] [stderr]      4:     0x55d1e152d0d0 - core::fmt::rt::Argument::fmt::h9f417ac76a86f368
[INFO] [stderr]                                  at /rustc/0e09125c6c3c2fd70d7de961bcf0e51575235fad/library/core/src/fmt/rt.rs:142:9
[INFO] [stderr]      5:     0x55d1e152d0d0 - core::fmt::write::hc9b6faf4ac2aeff7
[INFO] [stderr]                                  at /rustc/0e09125c6c3c2fd70d7de961bcf0e51575235fad/library/core/src/fmt/mod.rs:1120:17
[INFO] [stderr]      6:     0x55d1e150561f - std::io::Write::write_fmt::hfead1eee52c2e65e
[INFO] [stderr]                                  at /rustc/0e09125c6c3c2fd70d7de961bcf0e51575235fad/library/std/src/io/mod.rs:1810:15
[INFO] [stderr]      7:     0x55d1e1507994 - std::sys_common::backtrace::_print::hd5d66399c7df88a2
[INFO] [stderr]                                  at /rustc/0e09125c6c3c2fd70d7de961bcf0e51575235fad/library/std/src/sys_common/backtrace.rs:47:5
[INFO] [stderr]      8:     0x55d1e1507994 - std::sys_common::backtrace::print::he81ed2da642d37e5
[INFO] [stderr]                                  at /rustc/0e09125c6c3c2fd70d7de961bcf0e51575235fad/library/std/src/sys_common/backtrace.rs:34:9
[INFO] [stderr]      9:     0x55d1e1509277 - std::panicking::default_hook::{{closure}}::h85773f4fa117163d
[INFO] [stderr]     10:     0x55d1e1508fd9 - std::panicking::default_hook::h6a1694a91d09b278
[INFO] [stderr]                                  at /rustc/0e09125c6c3c2fd70d7de961bcf0e51575235fad/library/std/src/panicking.rs:292:9
[INFO] [stderr]     11:     0x55d1e1509708 - std::panicking::rust_panic_with_hook::h0a7ad96e90f7145b
[INFO] [stderr]                                  at /rustc/0e09125c6c3c2fd70d7de961bcf0e51575235fad/library/std/src/panicking.rs:779:13
[INFO] [stderr]     12:     0x55d1e15095e2 - std::panicking::begin_panic_handler::{{closure}}::h7919090525c6485e
[INFO] [stderr]                                  at /rustc/0e09125c6c3c2fd70d7de961bcf0e51575235fad/library/std/src/panicking.rs:657:13
[INFO] [stderr]     13:     0x55d1e15080b6 - std::sys_common::backtrace::__rust_end_short_backtrace::hf3289479464f7dfe
[INFO] [stderr]                                  at /rustc/0e09125c6c3c2fd70d7de961bcf0e51575235fad/library/std/src/sys_common/backtrace.rs:171:18
[INFO] [stderr]     14:     0x55d1e1509340 - rust_begin_unwind
[INFO] [stderr]                                  at /rustc/0e09125c6c3c2fd70d7de961bcf0e51575235fad/library/std/src/panicking.rs:645:5
[INFO] [stderr]     15:     0x55d1e1483685 - core::panicking::panic_fmt::hcc9f77c5c132af55
[INFO] [stderr]                                  at /rustc/0e09125c6c3c2fd70d7de961bcf0e51575235fad/library/core/src/panicking.rs:72:14
[INFO] [stderr]     16:     0x55d1e148a5bc - build_script_main::validate_headers::he205d5e654b365e3
[INFO] [stderr]     17:     0x55d1e1490ac5 - build_script_main::imp::try_pkg_config::h2ac029db6ee90c8b
[INFO] [stderr]     18:     0x55d1e148f974 - build_script_main::imp::find_openssl_dir::h226e6619bc0f9344
[INFO] [stderr]     19:     0x55d1e148f812 - build_script_main::imp::get_openssl::{{closure}}::h174c602ae7248396
[INFO] [stderr]     20:     0x55d1e148521f - core::option::Option<T>::unwrap_or_else::h3a411fb1e740d534
[INFO] [stderr]     21:     0x55d1e148f60f - build_script_main::imp::get_openssl::hd92e777374c838a6
[INFO] [stderr]     22:     0x55d1e1488060 - build_script_main::main::h2ad82f1a713725c4
[INFO] [stderr]     23:     0x55d1e148c8d3 - core::ops::function::FnOnce::call_once::h7045f5046ec8a8b4
[INFO] [stderr]     24:     0x55d1e1484476 - std::sys_common::backtrace::__rust_begin_short_backtrace::h89d21fc3e5143b29
[INFO] [stderr]     25:     0x55d1e1484589 - std::rt::lang_start::{{closure}}::h4f43b7c51c688ee5
[INFO] [stderr]     26:     0x55d1e1501911 - core::ops::function::impls::<impl core::ops::function::FnOnce<A> for &F>::call_once::h4eb4c5e1620f29b0
[INFO] [stderr]                                  at /rustc/0e09125c6c3c2fd70d7de961bcf0e51575235fad/library/core/src/ops/function.rs:284:13
[INFO] [stderr]     27:     0x55d1e1501911 - std::panicking::try::do_call::h73fd26535faffcdf
[INFO] [stderr]                                  at /rustc/0e09125c6c3c2fd70d7de961bcf0e51575235fad/library/std/src/panicking.rs:552:40
[INFO] [stderr]     28:     0x55d1e1501911 - std::panicking::try::h77ff1d98f0fb9f39
[INFO] [stderr]                                  at /rustc/0e09125c6c3c2fd70d7de961bcf0e51575235fad/library/std/src/panicking.rs:516:19
[INFO] [stderr]     29:     0x55d1e1501911 - std::panic::catch_unwind::hab3caf2448b95e37
[INFO] [stderr]                                  at /rustc/0e09125c6c3c2fd70d7de961bcf0e51575235fad/library/std/src/panic.rs:142:14
[INFO] [stderr]     30:     0x55d1e1501911 - std::rt::lang_start_internal::{{closure}}::h8086711f9c783f78
[INFO] [stderr]                                  at /rustc/0e09125c6c3c2fd70d7de961bcf0e51575235fad/library/std/src/rt.rs:148:48
[INFO] [stderr]     31:     0x55d1e1501911 - std::panicking::try::do_call::hf920d4dc291cd6ca
[INFO] [stderr]                                  at /rustc/0e09125c6c3c2fd70d7de961bcf0e51575235fad/library/std/src/panicking.rs:552:40
[INFO] [stderr]     32:     0x55d1e1501911 - std::panicking::try::h2b806ccc0a85db74
[INFO] [stderr]                                  at /rustc/0e09125c6c3c2fd70d7de961bcf0e51575235fad/library/std/src/panicking.rs:516:19
[INFO] [stderr]     33:     0x55d1e1501911 - std::panic::catch_unwind::h038489539c507df2
[INFO] [stderr]                                  at /rustc/0e09125c6c3c2fd70d7de961bcf0e51575235fad/library/std/src/panic.rs:142:14
[INFO] [stderr]     34:     0x55d1e1501911 - std::rt::lang_start_internal::h28503b88912e8a5c
[INFO] [stderr]                                  at /rustc/0e09125c6c3c2fd70d7de961bcf0e51575235fad/library/std/src/rt.rs:148:20
[INFO] [stderr]     35:     0x55d1e1484567 - std::rt::lang_start::h0f1900af4b318636
[INFO] [stderr]     36:     0x55d1e148b4e5 - main
[INFO] [stderr]     37:     0x7f58da8d3d90 - <unknown>
[INFO] [stderr]     38:     0x7f58da8d3e40 - __libc_start_main
[INFO] [stderr]     39:     0x55d1e1483ea5 - _start
[INFO] [stderr]     40:                0x0 - <unknown>
[INFO] [stderr] warning: build failed, waiting for other jobs to finish...
[INFO] [stdout] error[E0310]: the parameter type `T` may not live long enough
[INFO] [stdout]     --> /opt/rustwide/cargo-home/registry/src/index.crates.io-6f17d22bba15001f/rustc-serialize-0.3.24/src/serialize.rs:1155:5
[INFO] [stdout]      |
[INFO] [stdout] 1155 |     fn decode<D: Decoder>(d: &mut D) -> Result<Cow<'static, T>, D::Error> {
[INFO] [stdout]      |     ^^^^^^^^^^^^^^^^^^^^^^^^^^^^^^^^^^^^^^^^^^^^^^^^^^^^^^^^^^^^^^^^^^^^^
[INFO] [stdout]      |     |
[INFO] [stdout]      |     the parameter type `T` must be valid for the static lifetime...
[INFO] [stdout]      |     ...so that the type `T` will meet its required lifetime bounds...
[INFO] [stdout]      |
[INFO] [stdout] note: ...that is required by this bound
[INFO] [stdout]     --> /rustc/0e09125c6c3c2fd70d7de961bcf0e51575235fad/library/alloc/src/borrow.rs:180:30
[INFO] [stdout] help: consider adding an explicit lifetime bound
[INFO] [stdout]      |
[INFO] [stdout] 1151 | impl<'a, T: ?Sized + 'static> Decodable for Cow<'a, T>
[INFO] [stdout]      |                    +++++++++
[INFO] [stdout] 
[INFO] [stdout] 
[INFO] [stdout] error: aborting due to 1 previous error
[INFO] [stdout] 
[INFO] [stdout] 
[INFO] [stdout] For more information about this error, try `rustc --explain E0310`.
[INFO] [stdout] 
[INFO] [stderr] error: could not compile `rustc-serialize` (lib) due to 2 previous errors
[INFO] running `Command { std: "docker" "inspect" "a53bce79c669842d7185a7ab504ef1f907f7b3c216c5fa1f6e2c690e40ca4fb4", kill_on_drop: false }`
[INFO] running `Command { std: "docker" "rm" "-f" "a53bce79c669842d7185a7ab504ef1f907f7b3c216c5fa1f6e2c690e40ca4fb4", kill_on_drop: false }`
[INFO] [stdout] a53bce79c669842d7185a7ab504ef1f907f7b3c216c5fa1f6e2c690e40ca4fb4
