[INFO] cloning repository https://github.com/admwrd/blogr
[INFO] running `Command { std: "git" "-c" "credential.helper=" "-c" "credential.helper=/workspace/cargo-home/bin/git-credential-null" "clone" "--bare" "https://github.com/admwrd/blogr" "/workspace/cache/git-repos/https%3A%2F%2Fgithub.com%2Fadmwrd%2Fblogr", kill_on_drop: false }`
[INFO] [stderr] Cloning into bare repository '/workspace/cache/git-repos/https%3A%2F%2Fgithub.com%2Fadmwrd%2Fblogr'...
[INFO] running `Command { std: "git" "rev-parse" "HEAD", kill_on_drop: false }`
[INFO] [stdout] 0283b0734f0d65d2a8cc70389beefd30c2e6a5bb
[INFO] documenting admwrd/blogr against 1.75.0 for beta-1.76-rustdoc-1
[INFO] running `Command { std: "git" "clone" "/workspace/cache/git-repos/https%3A%2F%2Fgithub.com%2Fadmwrd%2Fblogr" "/workspace/builds/worker-7-tc1/source", kill_on_drop: false }`
[INFO] [stderr] Cloning into '/workspace/builds/worker-7-tc1/source'...
[INFO] [stderr] done.
[INFO] validating manifest of git repo https://github.com/admwrd/blogr on toolchain 1.75.0
[INFO] running `Command { std: CARGO_HOME="/workspace/cargo-home" RUSTUP_HOME="/workspace/rustup-home" "/workspace/cargo-home/bin/cargo" "+1.75.0" "metadata" "--manifest-path" "Cargo.toml" "--no-deps", kill_on_drop: false }`
[INFO] started tweaking git repo https://github.com/admwrd/blogr
[INFO] finished tweaking git repo https://github.com/admwrd/blogr
[INFO] tweaked toml for git repo https://github.com/admwrd/blogr written to /workspace/builds/worker-7-tc1/source/Cargo.toml
[INFO] crate git repo https://github.com/admwrd/blogr already has a lockfile, it will not be regenerated
[INFO] running `Command { std: CARGO_HOME="/workspace/cargo-home" RUSTUP_HOME="/workspace/rustup-home" "/workspace/cargo-home/bin/cargo" "+1.75.0" "fetch" "--manifest-path" "Cargo.toml", kill_on_drop: false }`
[INFO] [stderr]     Updating crates.io index
[INFO] [stderr]  Downloading crates ...
[INFO] [stderr]   Downloaded dotenv v0.10.1
[INFO] [stderr]   Downloaded state v0.3.3
[INFO] [stderr]   Downloaded pear v0.0.10
[INFO] [stderr]   Downloaded aho-corasick v0.6.4
[INFO] [stderr]   Downloaded dotenv v0.8.0
[INFO] [stderr]   Downloaded derive-error-chain v0.10.1
[INFO] [stderr]   Downloaded handlebars v0.29.1
[INFO] [stderr]   Downloaded owning_ref v0.2.4
[INFO] [stderr]   Downloaded serde_yaml v0.7.3
[INFO] [stderr]   Downloaded thread-id v3.2.0
[INFO] [stderr]   Downloaded unic-ucd-core v0.6.0
[INFO] [stderr]   Downloaded pear_codegen v0.0.10
[INFO] [stderr]   Downloaded dotenv_codegen v0.10.0
[INFO] [stderr]   Downloaded typed-arena v1.3.0
[INFO] [stderr]   Downloaded adler32 v0.2.0
[INFO] [stderr]   Downloaded dotenv_macros v0.10.0
[INFO] [stderr]   Downloaded untrusted v0.5.1
[INFO] [stderr]   Downloaded isatty v0.1.6
[INFO] [stderr]   Downloaded parking_lot_core v0.2.10
[INFO] [stderr]   Downloaded alloc-no-stdlib v1.2.0
[INFO] [stderr]   Downloaded rocket_codegen v0.3.3
[INFO] [stderr]   Downloaded parking_lot v0.3.8
[INFO] [stderr]   Downloaded regex v0.2.5
[INFO] [stderr]   Downloaded libflate v0.1.14
[INFO] [stderr]   Downloaded pest v0.3.3
[INFO] [stderr]   Downloaded cookie v0.9.2
[INFO] [stderr]   Downloaded rocket v0.3.3
[INFO] [stderr]   Downloaded ring v0.11.0
[INFO] [stderr]   Downloaded handlebars v0.27.0
[INFO] [stderr]   Downloaded chashmap v2.2.0
[INFO] [stderr]   Downloaded scheduled-thread-pool v0.1.0
[INFO] [stderr]   Downloaded r2d2 v0.7.4
[INFO] [stderr]   Downloaded rmp v0.8.7
[INFO] [stderr]   Downloaded quick-error v1.2.1
[INFO] [stderr]   Downloaded smallvec v0.4.4
[INFO] [stderr]   Downloaded encoding_rs v0.7.1
[INFO] [stderr]   Downloaded unic-ucd-bidi v0.6.0
[INFO] [stderr]   Downloaded unic-char-range v0.6.0
[INFO] [stderr]   Downloaded rocket_contrib v0.3.3
[INFO] [stderr]   Downloaded evmap v2.0.2
[INFO] [stderr]   Downloaded markdown v0.2.0
[INFO] [stderr]   Downloaded r2d2_postgres v0.13.0
[INFO] [stderr]   Downloaded rocket-auth-login v0.2.2
[INFO] [stderr]   Downloaded titlecase v0.10.0
[INFO] [stderr]   Downloaded unic-ucd-age v0.6.0
[INFO] [stderr]   Downloaded unic-char-property v0.6.0
[INFO] [stderr]   Downloaded unic-ucd v0.6.0
[INFO] [stderr]   Downloaded rss v1.2.1
[INFO] [stderr]   Downloaded unic-utils v0.6.0
[INFO] [stderr]   Downloaded entities v1.0.0
[INFO] [stderr]   Downloaded unic-ucd-category v0.6.0
[INFO] [stderr]   Downloaded unic-ucd-case v0.6.0
[INFO] [stderr]   Downloaded unic-ucd-normal v0.6.0
[INFO] [stderr]   Downloaded brotli-decompressor v1.1.1
[INFO] [stderr]   Downloaded comrak v0.2.5
[INFO] [stderr]   Downloaded zopfli v0.3.6
[INFO] [stderr]   Downloaded unic-ucd-name v0.6.0
[INFO] [stderr]   Downloaded brotli v1.1.2
[INFO] running `Command { std: "docker" "create" "-v" "/var/lib/crater-agent-workspace/builds/worker-7-tc1/target:/opt/rustwide/target:rw,Z" "-v" "/var/lib/crater-agent-workspace/builds/worker-7-tc1/source:/opt/rustwide/workdir:ro,Z" "-v" "/var/lib/crater-agent-workspace/cargo-home:/opt/rustwide/cargo-home:ro,Z" "-v" "/var/lib/crater-agent-workspace/rustup-home:/opt/rustwide/rustup-home:ro,Z" "-e" "SOURCE_DIR=/opt/rustwide/workdir" "-e" "CARGO_TARGET_DIR=/opt/rustwide/target" "-e" "CARGO_HOME=/opt/rustwide/cargo-home" "-e" "RUSTUP_HOME=/opt/rustwide/rustup-home" "-w" "/opt/rustwide/workdir" "-m" "1610612736" "--user" "0:0" "--network" "none" "ghcr.io/rust-lang/crates-build-env/linux@sha256:2788e3201cd34a07e3172128adcd8b3090168a8e3bcc40d7c032b9dda1df7d1c" "/opt/rustwide/cargo-home/bin/cargo" "+1.75.0" "metadata" "--no-deps" "--format-version=1", kill_on_drop: false }`
[INFO] [stdout] 02bbe6bb64e6e74caf678523b7d4393518c8d0e302e7d0dd8b8e72731e8b65bc
[INFO] running `Command { std: "docker" "start" "-a" "02bbe6bb64e6e74caf678523b7d4393518c8d0e302e7d0dd8b8e72731e8b65bc", kill_on_drop: false }`
[INFO] running `Command { std: "docker" "inspect" "02bbe6bb64e6e74caf678523b7d4393518c8d0e302e7d0dd8b8e72731e8b65bc", kill_on_drop: false }`
[INFO] running `Command { std: "docker" "rm" "-f" "02bbe6bb64e6e74caf678523b7d4393518c8d0e302e7d0dd8b8e72731e8b65bc", kill_on_drop: false }`
[INFO] [stdout] 02bbe6bb64e6e74caf678523b7d4393518c8d0e302e7d0dd8b8e72731e8b65bc
[INFO] running `Command { std: "docker" "create" "-v" "/var/lib/crater-agent-workspace/builds/worker-7-tc1/target:/opt/rustwide/target:rw,Z" "-v" "/var/lib/crater-agent-workspace/builds/worker-7-tc1/source:/opt/rustwide/workdir:ro,Z" "-v" "/var/lib/crater-agent-workspace/cargo-home:/opt/rustwide/cargo-home:ro,Z" "-v" "/var/lib/crater-agent-workspace/rustup-home:/opt/rustwide/rustup-home:ro,Z" "-e" "SOURCE_DIR=/opt/rustwide/workdir" "-e" "CARGO_TARGET_DIR=/opt/rustwide/target" "-e" "CARGO_INCREMENTAL=0" "-e" "RUST_BACKTRACE=full" "-e" "RUSTFLAGS=--cap-lints=warn" "-e" "RUSTDOCFLAGS=--cap-lints=warn" "-e" "CARGO_HOME=/opt/rustwide/cargo-home" "-e" "RUSTUP_HOME=/opt/rustwide/rustup-home" "-w" "/opt/rustwide/workdir" "-m" "1610612736" "--user" "0:0" "--network" "none" "ghcr.io/rust-lang/crates-build-env/linux@sha256:2788e3201cd34a07e3172128adcd8b3090168a8e3bcc40d7c032b9dda1df7d1c" "/opt/rustwide/cargo-home/bin/cargo" "+1.75.0" "doc" "--frozen" "--no-deps" "--document-private-items" "--message-format=json", kill_on_drop: false }`
[INFO] [stdout] 9d1fcfcaf05d3b3849b3502cf0c4e9fa5a476a808c3234f82383aba1f56d468c
[INFO] running `Command { std: "docker" "start" "-a" "9d1fcfcaf05d3b3849b3502cf0c4e9fa5a476a808c3234f82383aba1f56d468c", kill_on_drop: false }`
[INFO] [stderr]     Checking libc v0.2.36
[INFO] [stderr]     Checking cfg-if v0.1.2
[INFO] [stderr]     Checking matches v0.1.6
[INFO] [stderr]    Compiling version_check v0.1.3
[INFO] [stderr]    Compiling rayon-core v1.3.0
[INFO] [stderr]     Checking num-traits v0.1.41
[INFO] [stderr]    Compiling either v1.4.0
[INFO] [stderr]    Compiling winapi-build v0.1.1
[INFO] [stderr]    Compiling scopeguard v0.3.3
[INFO] [stderr]    Compiling lazy_static v0.2.11
[INFO] [stderr]     Checking unicode-normalization v0.1.5
[INFO] [stderr]    Compiling typenum v1.9.0
[INFO] [stderr]    Compiling gcc v0.3.54
[INFO] [stderr]     Checking safemem v0.2.0
[INFO] [stderr]     Checking unic-char-range v0.6.0
[INFO] [stderr]     Checking log v0.4.1
[INFO] [stderr]     Checking unicode-bidi v0.3.4
[INFO] [stderr]     Checking nodrop v0.1.12
[INFO] [stderr]    Compiling cc v1.0.4
[INFO] [stderr]     Checking base64 v0.6.0
[INFO] [stderr]    Compiling coco v0.1.1
[INFO] [stderr]    Compiling yansi v0.3.4
[INFO] [stderr]     Checking unic-utils v0.6.0
[INFO] [stderr]    Compiling kernel32-sys v0.2.2
[INFO] [stderr]     Checking log v0.3.9
[INFO] [stdout] error[E0554]: `#![feature]` may not be used on the stable release channel
[INFO] [stdout]  --> /opt/rustwide/cargo-home/registry/src/index.crates.io-6f17d22bba15001f/yansi-0.3.4/src/lib.rs:1:40
[INFO] [stdout]   |
[INFO] [stdout] 1 | #![cfg_attr(feature="nightly", feature(const_atomic_bool_new))]
[INFO] [stdout]   |                                        ^^^^^^^^^^^^^^^^^^^^^
[INFO] [stdout] 
[INFO] [stdout] 
[INFO] [stdout] error[E0635]: unknown feature `const_atomic_bool_new`
[INFO] [stdout]  --> /opt/rustwide/cargo-home/registry/src/index.crates.io-6f17d22bba15001f/yansi-0.3.4/src/lib.rs:1:40
[INFO] [stdout]   |
[INFO] [stdout] 1 | #![cfg_attr(feature="nightly", feature(const_atomic_bool_new))]
[INFO] [stdout]   |                                        ^^^^^^^^^^^^^^^^^^^^^
[INFO] [stdout] 
[INFO] [stdout] 
[INFO] [stderr]     Checking serde v1.0.27
[INFO] [stdout] error: aborting due to 2 previous errors
[INFO] [stdout] 
[INFO] [stdout] 
[INFO] [stdout] Some errors have detailed explanations: E0554, E0635.
[INFO] [stdout] 
[INFO] [stdout] For more information about an error, try `rustc --explain E0554`.
[INFO] [stdout] 
[INFO] [stderr] error: could not compile `yansi` (lib) due to 3 previous errors
[INFO] [stderr] warning: build failed, waiting for other jobs to finish...
[INFO] running `Command { std: "docker" "inspect" "9d1fcfcaf05d3b3849b3502cf0c4e9fa5a476a808c3234f82383aba1f56d468c", kill_on_drop: false }`
[INFO] running `Command { std: "docker" "rm" "-f" "9d1fcfcaf05d3b3849b3502cf0c4e9fa5a476a808c3234f82383aba1f56d468c", kill_on_drop: false }`
[INFO] [stdout] 9d1fcfcaf05d3b3849b3502cf0c4e9fa5a476a808c3234f82383aba1f56d468c
[INFO] documenting admwrd/blogr against beta-2023-12-22 for beta-1.76-rustdoc-1
[INFO] running `Command { std: "git" "clone" "/workspace/cache/git-repos/https%3A%2F%2Fgithub.com%2Fadmwrd%2Fblogr" "/workspace/builds/worker-7-tc2/source", kill_on_drop: false }`
[INFO] [stderr] Cloning into '/workspace/builds/worker-7-tc2/source'...
[INFO] [stderr] done.
[INFO] validating manifest of git repo https://github.com/admwrd/blogr on toolchain beta-2023-12-22
[INFO] running `Command { std: CARGO_HOME="/workspace/cargo-home" RUSTUP_HOME="/workspace/rustup-home" "/workspace/cargo-home/bin/cargo" "+beta-2023-12-22" "metadata" "--manifest-path" "Cargo.toml" "--no-deps", kill_on_drop: false }`
[INFO] started tweaking git repo https://github.com/admwrd/blogr
[INFO] finished tweaking git repo https://github.com/admwrd/blogr
[INFO] tweaked toml for git repo https://github.com/admwrd/blogr written to /workspace/builds/worker-7-tc2/source/Cargo.toml
[INFO] crate git repo https://github.com/admwrd/blogr already has a lockfile, it will not be regenerated
[INFO] running `Command { std: CARGO_HOME="/workspace/cargo-home" RUSTUP_HOME="/workspace/rustup-home" "/workspace/cargo-home/bin/cargo" "+beta-2023-12-22" "fetch" "--manifest-path" "Cargo.toml", kill_on_drop: false }`
[INFO] running `Command { std: "docker" "create" "-v" "/var/lib/crater-agent-workspace/builds/worker-7-tc2/target:/opt/rustwide/target:rw,Z" "-v" "/var/lib/crater-agent-workspace/builds/worker-7-tc2/source:/opt/rustwide/workdir:ro,Z" "-v" "/var/lib/crater-agent-workspace/cargo-home:/opt/rustwide/cargo-home:ro,Z" "-v" "/var/lib/crater-agent-workspace/rustup-home:/opt/rustwide/rustup-home:ro,Z" "-e" "SOURCE_DIR=/opt/rustwide/workdir" "-e" "CARGO_TARGET_DIR=/opt/rustwide/target" "-e" "CARGO_HOME=/opt/rustwide/cargo-home" "-e" "RUSTUP_HOME=/opt/rustwide/rustup-home" "-w" "/opt/rustwide/workdir" "-m" "1610612736" "--user" "0:0" "--network" "none" "ghcr.io/rust-lang/crates-build-env/linux@sha256:2788e3201cd34a07e3172128adcd8b3090168a8e3bcc40d7c032b9dda1df7d1c" "/opt/rustwide/cargo-home/bin/cargo" "+beta-2023-12-22" "metadata" "--no-deps" "--format-version=1", kill_on_drop: false }`
[INFO] [stdout] a88d164c66a35af9a79b23fb4e5e1b7e906d382bd41d50e438c22f96e847eb69
[INFO] running `Command { std: "docker" "start" "-a" "a88d164c66a35af9a79b23fb4e5e1b7e906d382bd41d50e438c22f96e847eb69", kill_on_drop: false }`
[INFO] running `Command { std: "docker" "inspect" "a88d164c66a35af9a79b23fb4e5e1b7e906d382bd41d50e438c22f96e847eb69", kill_on_drop: false }`
[INFO] running `Command { std: "docker" "rm" "-f" "a88d164c66a35af9a79b23fb4e5e1b7e906d382bd41d50e438c22f96e847eb69", kill_on_drop: false }`
[INFO] [stdout] a88d164c66a35af9a79b23fb4e5e1b7e906d382bd41d50e438c22f96e847eb69
[INFO] running `Command { std: "docker" "create" "-v" "/var/lib/crater-agent-workspace/builds/worker-7-tc2/target:/opt/rustwide/target:rw,Z" "-v" "/var/lib/crater-agent-workspace/builds/worker-7-tc2/source:/opt/rustwide/workdir:ro,Z" "-v" "/var/lib/crater-agent-workspace/cargo-home:/opt/rustwide/cargo-home:ro,Z" "-v" "/var/lib/crater-agent-workspace/rustup-home:/opt/rustwide/rustup-home:ro,Z" "-e" "SOURCE_DIR=/opt/rustwide/workdir" "-e" "CARGO_TARGET_DIR=/opt/rustwide/target" "-e" "CARGO_INCREMENTAL=0" "-e" "RUST_BACKTRACE=full" "-e" "RUSTFLAGS=--cap-lints=warn" "-e" "RUSTDOCFLAGS=--cap-lints=warn" "-e" "CARGO_HOME=/opt/rustwide/cargo-home" "-e" "RUSTUP_HOME=/opt/rustwide/rustup-home" "-w" "/opt/rustwide/workdir" "-m" "1610612736" "--user" "0:0" "--network" "none" "ghcr.io/rust-lang/crates-build-env/linux@sha256:2788e3201cd34a07e3172128adcd8b3090168a8e3bcc40d7c032b9dda1df7d1c" "/opt/rustwide/cargo-home/bin/cargo" "+beta-2023-12-22" "doc" "--frozen" "--no-deps" "--document-private-items" "--message-format=json", kill_on_drop: false }`
[INFO] [stdout] ceac0cc9cb206864f1055c3f992169c9fd09536c269dd6bc8e7be03ddaaa7ffc
[INFO] running `Command { std: "docker" "start" "-a" "ceac0cc9cb206864f1055c3f992169c9fd09536c269dd6bc8e7be03ddaaa7ffc", kill_on_drop: false }`
[INFO] [stderr]     Checking libc v0.2.36
[INFO] [stderr]     Checking cfg-if v0.1.2
[INFO] [stderr]     Checking matches v0.1.6
[INFO] [stderr]    Compiling version_check v0.1.3
[INFO] [stderr]    Compiling winapi-build v0.1.1
[INFO] [stderr]    Compiling rayon-core v1.3.0
[INFO] [stderr]     Checking num-traits v0.1.41
[INFO] [stderr]    Compiling scopeguard v0.3.3
[INFO] [stderr]    Compiling either v1.4.0
[INFO] [stderr]    Compiling lazy_static v0.2.11
[INFO] [stderr]    Compiling typenum v1.9.0
[INFO] [stderr]     Checking unicode-normalization v0.1.5
[INFO] [stderr]    Compiling gcc v0.3.54
[INFO] [stderr]     Checking unic-char-range v0.6.0
[INFO] [stderr]     Checking safemem v0.2.0
[INFO] [stderr]     Checking log v0.4.1
[INFO] [stderr]     Checking unicode-bidi v0.3.4
[INFO] [stderr]     Checking nodrop v0.1.12
[INFO] [stderr]     Checking serde v1.0.27
[INFO] [stderr]     Checking base64 v0.6.0
[INFO] [stderr]     Checking unic-utils v0.6.0
[INFO] [stderr]    Compiling coco v0.1.1
[INFO] [stderr]    Compiling cc v1.0.4
[INFO] [stderr]    Compiling kernel32-sys v0.2.2
[INFO] [stderr]    Compiling unicode-xid v0.0.4
[INFO] [stderr]     Checking log v0.3.9
[INFO] [stderr]    Compiling yansi v0.3.4
[INFO] [stderr]    Compiling synom v0.11.3
[INFO] [stderr]     Checking unic-ucd-core v0.6.0
[INFO] [stdout] error[E0554]: `#![feature]` may not be used on the beta release channel
[INFO] [stdout]  --> /opt/rustwide/cargo-home/registry/src/index.crates.io-6f17d22bba15001f/yansi-0.3.4/src/lib.rs:1:40
[INFO] [stdout]   |
[INFO] [stdout] 1 | #![cfg_attr(feature="nightly", feature(const_atomic_bool_new))]
[INFO] [stdout]   |                                        ^^^^^^^^^^^^^^^^^^^^^
[INFO] [stdout] 
[INFO] [stdout] 
[INFO] [stdout] error[E0635]: unknown feature `const_atomic_bool_new`
[INFO] [stdout]  --> /opt/rustwide/cargo-home/registry/src/index.crates.io-6f17d22bba15001f/yansi-0.3.4/src/lib.rs:1:40
[INFO] [stdout]   |
[INFO] [stdout] 1 | #![cfg_attr(feature="nightly", feature(const_atomic_bool_new))]
[INFO] [stdout]   |                                        ^^^^^^^^^^^^^^^^^^^^^
[INFO] [stdout] 
[INFO] [stdout] 
[INFO] [stderr]    Compiling quote v0.3.15
[INFO] [stderr]    Compiling unicase v1.4.2
[INFO] [stderr]     Checking lazy_static v1.0.0
[INFO] [stdout] error: aborting due to 2 previous errors
[INFO] [stdout] 
[INFO] [stdout] 
[INFO] [stdout] Some errors have detailed explanations: E0554, E0635.
[INFO] [stdout] 
[INFO] [stdout] For more information about an error, try `rustc --explain E0554`.
[INFO] [stdout] 
[INFO] [stderr] error: could not compile `yansi` (lib) due to 3 previous errors
[INFO] [stderr] warning: build failed, waiting for other jobs to finish...
[INFO] running `Command { std: "docker" "inspect" "ceac0cc9cb206864f1055c3f992169c9fd09536c269dd6bc8e7be03ddaaa7ffc", kill_on_drop: false }`
[INFO] running `Command { std: "docker" "rm" "-f" "ceac0cc9cb206864f1055c3f992169c9fd09536c269dd6bc8e7be03ddaaa7ffc", kill_on_drop: false }`
[INFO] [stdout] ceac0cc9cb206864f1055c3f992169c9fd09536c269dd6bc8e7be03ddaaa7ffc
