[INFO] cloning repository https://github.com/adesque/world
[INFO] running `Command { std: "git" "-c" "credential.helper=" "-c" "credential.helper=/workspace/cargo-home/bin/git-credential-null" "clone" "--bare" "https://github.com/adesque/world" "/workspace/cache/git-repos/https%3A%2F%2Fgithub.com%2Fadesque%2Fworld", kill_on_drop: false }`
[INFO] [stderr] Cloning into bare repository '/workspace/cache/git-repos/https%3A%2F%2Fgithub.com%2Fadesque%2Fworld'...
[INFO] running `Command { std: "git" "rev-parse" "HEAD", kill_on_drop: false }`
[INFO] [stdout] 2093098312f655e8728f0ee68dd67703ba2ac37a
[INFO] documenting adesque/world against 1.75.0 for beta-1.76-rustdoc-1
[INFO] running `Command { std: "git" "clone" "/workspace/cache/git-repos/https%3A%2F%2Fgithub.com%2Fadesque%2Fworld" "/workspace/builds/worker-7-tc1/source", kill_on_drop: false }`
[INFO] [stderr] Cloning into '/workspace/builds/worker-7-tc1/source'...
[INFO] [stderr] done.
[INFO] [stderr] Updating files:  31% (1017/3245)
Updating files:  32% (1039/3245)
Updating files:  33% (1071/3245)
Updating files:  33% (1086/3245)
Updating files:  34% (1104/3245)
Updating files:  35% (1136/3245)
Updating files:  36% (1169/3245)
Updating files:  36% (1198/3245)
Updating files:  37% (1201/3245)
Updating files:  38% (1234/3245)
Updating files:  39% (1266/3245)
Updating files:  40% (1298/3245)
Updating files:  41% (1331/3245)
Updating files:  42% (1363/3245)
Updating files:  43% (1396/3245)
Updating files:  44% (1428/3245)
Updating files:  45% (1461/3245)
Updating files:  46% (1493/3245)
Updating files:  47% (1526/3245)
Updating files:  48% (1558/3245)
Updating files:  49% (1591/3245)
Updating files:  50% (1623/3245)
Updating files:  51% (1655/3245)
Updating files:  52% (1688/3245)
Updating files:  53% (1720/3245)
Updating files:  54% (1753/3245)
Updating files:  55% (1785/3245)
Updating files:  56% (1818/3245)
Updating files:  57% (1850/3245)
Updating files:  58% (1883/3245)
Updating files:  59% (1915/3245)
Updating files:  60% (1947/3245)
Updating files:  61% (1980/3245)
Updating files:  62% (2012/3245)
Updating files:  63% (2045/3245)
Updating files:  64% (2077/3245)
Updating files:  65% (2110/3245)
Updating files:  66% (2142/3245)
Updating files:  67% (2175/3245)
Updating files:  68% (2207/3245)
Updating files:  69% (2240/3245)
Updating files:  70% (2272/3245)
Updating files:  71% (2304/3245)
Updating files:  72% (2337/3245)
Updating files:  73% (2369/3245)
Updating files:  74% (2402/3245)
Updating files:  75% (2434/3245)
Updating files:  76% (2467/3245)
Updating files:  76% (2481/3245)
Updating files:  77% (2499/3245)
Updating files:  78% (2532/3245)
Updating files:  79% (2564/3245)
Updating files:  80% (2596/3245)
Updating files:  81% (2629/3245)
Updating files:  82% (2661/3245)
Updating files:  83% (2694/3245)
Updating files:  84% (2726/3245)
Updating files:  85% (2759/3245)
Updating files:  86% (2791/3245)
Updating files:  87% (2824/3245)
Updating files:  88% (2856/3245)
Updating files:  88% (2867/3245)
Updating files:  89% (2889/3245)
Updating files:  90% (2921/3245)
Updating files:  91% (2953/3245)
Updating files:  92% (2986/3245)
Updating files:  93% (3018/3245)
Updating files:  94% (3051/3245)
Updating files:  95% (3083/3245)
Updating files:  96% (3116/3245)
Updating files:  97% (3148/3245)
Updating files:  98% (3181/3245)
Updating files:  99% (3213/3245)
Updating files: 100% (3245/3245)
Updating files: 100% (3245/3245), done.
[INFO] validating manifest of git repo https://github.com/adesque/world on toolchain 1.75.0
[INFO] running `Command { std: CARGO_HOME="/workspace/cargo-home" RUSTUP_HOME="/workspace/rustup-home" "/workspace/cargo-home/bin/cargo" "+1.75.0" "metadata" "--manifest-path" "Cargo.toml" "--no-deps", kill_on_drop: false }`
[INFO] started tweaking git repo https://github.com/adesque/world
[INFO] finished tweaking git repo https://github.com/adesque/world
[INFO] tweaked toml for git repo https://github.com/adesque/world written to /workspace/builds/worker-7-tc1/source/Cargo.toml
[INFO] crate git repo https://github.com/adesque/world already has a lockfile, it will not be regenerated
[INFO] running `Command { std: CARGO_HOME="/workspace/cargo-home" RUSTUP_HOME="/workspace/rustup-home" "/workspace/cargo-home/bin/cargo" "+1.75.0" "fetch" "--manifest-path" "Cargo.toml", kill_on_drop: false }`
[INFO] [stderr]     Updating crates.io index
[INFO] [stderr]  Downloading crates ...
[INFO] [stderr]   Downloaded rusttype v0.6.5
[INFO] [stderr]   Downloaded amethyst_assets v0.4.0
[INFO] [stderr]   Downloaded glsl-layout-derive v0.1.1
[INFO] [stderr]   Downloaded x11-clipboard v0.2.2
[INFO] [stderr]   Downloaded amethyst_ui v0.3.0
[INFO] [stderr]   Downloaded rustc_version_runtime v0.1.3
[INFO] [stderr]   Downloaded serde_derive v1.0.75
[INFO] [stderr]   Downloaded specs v0.12.1
[INFO] [stderr]   Downloaded glsl-layout v0.1.1
[INFO] [stderr]   Downloaded amethyst_locale v0.2.0
[INFO] [stderr]   Downloaded amethyst_utils v0.3.0
[INFO] [stderr]   Downloaded clipboard v0.4.6
[INFO] [stderr]   Downloaded stb_truetype v0.2.3
[INFO] [stderr]   Downloaded imagefmt v4.0.0
[INFO] [stderr]   Downloaded cc v1.0.22
[INFO] [stderr]   Downloaded slice-deque v0.1.13
[INFO] [stderr]   Downloaded fern v0.5.6
[INFO] [stderr]   Downloaded amethyst_renderer v0.8.0
[INFO] [stderr]   Downloaded amethyst v0.8.0
[INFO] [stderr]   Downloaded gfx_glyph v0.11.0
[INFO] [stderr]   Downloaded fluent v0.2.0
[INFO] [stderr]   Downloaded rodio v0.8.0
[INFO] [stderr]   Downloaded glutin v0.16.0
[INFO] [stderr]   Downloaded num-bigint v0.2.0
[INFO] [stderr]   Downloaded specs-hierarchy v0.2.1
[INFO] [stderr]   Downloaded amethyst_core v0.3.0
[INFO] [stderr]   Downloaded clipboard-win v2.1.2
[INFO] [stderr]   Downloaded ron v0.2.2
[INFO] [stderr]   Downloaded num-complex v0.2.0
[INFO] [stderr]   Downloaded hibitset v0.5.1
[INFO] [stderr]   Downloaded amethyst_animation v0.3.0
[INFO] [stderr]   Downloaded fluent-locale v0.3.2
[INFO] [stderr]   Downloaded mach v0.2.2
[INFO] [stderr]   Downloaded amethyst_input v0.4.0
[INFO] [stderr]   Downloaded hetseq v0.1.5
[INFO] [stderr]   Downloaded gfx_window_glutin v0.24.0
[INFO] [stderr]   Downloaded amethyst_config v0.7.0
[INFO] [stderr]   Downloaded twox-hash v1.1.1
[INFO] [stderr]   Downloaded gfx_macros v0.2.1
[INFO] [stderr]   Downloaded minterpolate v0.3.0
[INFO] [stderr]   Downloaded amethyst_audio v0.3.0
[INFO] [stderr]   Downloaded amethyst_controls v0.2.0
[INFO] [stderr]   Downloaded winit v0.15.1
[INFO] [stderr]   Downloaded colored v1.6.1
[INFO] [stderr]   Downloaded rusttype v0.7.0
[INFO] running `Command { std: "docker" "create" "-v" "/var/lib/crater-agent-workspace/builds/worker-7-tc1/target:/opt/rustwide/target:rw,Z" "-v" "/var/lib/crater-agent-workspace/builds/worker-7-tc1/source:/opt/rustwide/workdir:ro,Z" "-v" "/var/lib/crater-agent-workspace/cargo-home:/opt/rustwide/cargo-home:ro,Z" "-v" "/var/lib/crater-agent-workspace/rustup-home:/opt/rustwide/rustup-home:ro,Z" "-e" "SOURCE_DIR=/opt/rustwide/workdir" "-e" "CARGO_TARGET_DIR=/opt/rustwide/target" "-e" "CARGO_HOME=/opt/rustwide/cargo-home" "-e" "RUSTUP_HOME=/opt/rustwide/rustup-home" "-w" "/opt/rustwide/workdir" "-m" "1610612736" "--user" "0:0" "--network" "none" "ghcr.io/rust-lang/crates-build-env/linux@sha256:2788e3201cd34a07e3172128adcd8b3090168a8e3bcc40d7c032b9dda1df7d1c" "/opt/rustwide/cargo-home/bin/cargo" "+1.75.0" "metadata" "--no-deps" "--format-version=1", kill_on_drop: false }`
[INFO] [stdout] a67633f36a1737d9ab029008833b76d37dee238af18567fa4b8df24792d326a9
[INFO] running `Command { std: "docker" "start" "-a" "a67633f36a1737d9ab029008833b76d37dee238af18567fa4b8df24792d326a9", kill_on_drop: false }`
[INFO] running `Command { std: "docker" "inspect" "a67633f36a1737d9ab029008833b76d37dee238af18567fa4b8df24792d326a9", kill_on_drop: false }`
[INFO] running `Command { std: "docker" "rm" "-f" "a67633f36a1737d9ab029008833b76d37dee238af18567fa4b8df24792d326a9", kill_on_drop: false }`
[INFO] [stdout] a67633f36a1737d9ab029008833b76d37dee238af18567fa4b8df24792d326a9
[INFO] running `Command { std: "docker" "create" "-v" "/var/lib/crater-agent-workspace/builds/worker-7-tc1/target:/opt/rustwide/target:rw,Z" "-v" "/var/lib/crater-agent-workspace/builds/worker-7-tc1/source:/opt/rustwide/workdir:ro,Z" "-v" "/var/lib/crater-agent-workspace/cargo-home:/opt/rustwide/cargo-home:ro,Z" "-v" "/var/lib/crater-agent-workspace/rustup-home:/opt/rustwide/rustup-home:ro,Z" "-e" "SOURCE_DIR=/opt/rustwide/workdir" "-e" "CARGO_TARGET_DIR=/opt/rustwide/target" "-e" "CARGO_INCREMENTAL=0" "-e" "RUST_BACKTRACE=full" "-e" "RUSTFLAGS=--cap-lints=warn" "-e" "RUSTDOCFLAGS=--cap-lints=warn" "-e" "CARGO_HOME=/opt/rustwide/cargo-home" "-e" "RUSTUP_HOME=/opt/rustwide/rustup-home" "-w" "/opt/rustwide/workdir" "-m" "1610612736" "--user" "0:0" "--network" "none" "ghcr.io/rust-lang/crates-build-env/linux@sha256:2788e3201cd34a07e3172128adcd8b3090168a8e3bcc40d7c032b9dda1df7d1c" "/opt/rustwide/cargo-home/bin/cargo" "+1.75.0" "doc" "--frozen" "--no-deps" "--document-private-items" "--message-format=json", kill_on_drop: false }`
[INFO] [stdout] a4c711ac03ca015c676625e97af8ee90e2acff714caac09cb569336b01b547e8
[INFO] running `Command { std: "docker" "start" "-a" "a4c711ac03ca015c676625e97af8ee90e2acff714caac09cb569336b01b547e8", kill_on_drop: false }`
[INFO] [stderr]     Checking libc v0.2.43
[INFO] [stderr]    Compiling unicode-xid v0.1.0
[INFO] [stderr]    Compiling cc v1.0.22
[INFO] [stderr]    Compiling proc-macro2 v0.4.15
[INFO] [stderr]     Checking cfg-if v0.1.5
[INFO] [stderr]    Compiling version_check v0.1.4
[INFO] [stderr]    Compiling serde v1.0.75
[INFO] [stderr]    Compiling num-traits v0.2.5
[INFO] [stderr]     Checking void v1.0.2
[INFO] [stderr]     Checking byteorder v1.2.6
[INFO] [stderr]    Compiling unicode-xid v0.0.4
[INFO] [stderr]    Compiling bitflags v1.0.4
[INFO] [stderr]    Compiling lazy_static v1.1.0
[INFO] [stderr]    Compiling xml-rs v0.7.0
[INFO] [stderr]    Compiling quote v0.3.15
[INFO] [stderr]     Checking log v0.4.4
[INFO] [stderr]     Checking rand v0.4.3
[INFO] [stderr]     Checking nodrop v0.1.12
[INFO] [stderr]    Compiling either v1.5.0
[INFO] [stderr]     Checking arrayvec v0.4.7
[INFO] [stderr]    Compiling syn v0.10.8
[INFO] [stderr]    Compiling itertools v0.5.10
[INFO] [stderr]    Compiling quote v0.6.8
[INFO] [stderr]    Compiling syn v0.14.9
[INFO] [stderr]     Checking unreachable v1.0.0
[INFO] [stderr]     Checking crossbeam-utils v0.2.2
[INFO] [stderr]    Compiling pkg-config v0.3.14
[INFO] [stderr]     Checking memoffset v0.2.1
[INFO] [stderr]     Checking scopeguard v0.3.3
[INFO] [stderr]     Checking num-traits v0.1.43
[INFO] [stderr]    Compiling rayon-core v1.4.1
[INFO] [stderr]     Checking stable_deref_trait v1.1.1
[INFO] [stderr]     Checking crossbeam-epoch v0.3.1
[INFO] [stderr]     Checking owning_ref v0.3.3
[INFO] [stderr]    Compiling libloading v0.5.0
[INFO] [stderr]    Compiling backtrace-sys v0.1.24
[INFO] [stderr]     Checking crossbeam-deque v0.2.0
[INFO] [stderr]    Compiling wayland-scanner v0.20.12
[INFO] [stderr]     Checking num_cpus v1.8.0
[INFO] [stderr]    Compiling rayon v1.0.2
[INFO] [stderr]    Compiling khronos_api v2.2.0
[INFO] [stderr]    Compiling synom v0.11.3
[INFO] [stderr]     Checking rustc-demangle v0.1.9
[INFO] [stderr]     Checking approx v0.1.1
[INFO] [stderr]     Checking dlib v0.4.1
[INFO] [stderr]    Compiling syn v0.11.11
[INFO] [stderr]     Checking mint v0.5.1
[INFO] [stderr]     Checking rand_core v0.2.1
[INFO] [stderr]    Compiling cgmath v0.16.1
[INFO] [stderr]     Checking rand v0.5.5
[INFO] [stderr]    Compiling gl_generator v0.9.0
[INFO] [stderr]     Checking wayland-sys v0.20.12
[INFO] [stderr]    Compiling wayland-client v0.20.12
[INFO] [stderr]     Checking backtrace v0.3.9
[INFO] [stderr]     Checking fxhash v0.2.1
[INFO] [stderr]     Checking downcast-rs v1.0.3
[INFO] [stderr]     Checking atom v0.3.5
[INFO] [stderr]     Checking mopa v0.2.2
[INFO] [stderr]     Checking wayland-commons v0.20.12
[INFO] [stderr]     Checking error-chain v0.11.0
[INFO] [stderr]    Compiling wayland-protocols v0.20.12
[INFO] [stderr]     Checking hibitset v0.5.1
[INFO] [stderr]     Checking fnv v1.0.6
[INFO] [stderr]    Compiling nix v0.11.0
[INFO] [stderr]     Checking crossbeam v0.3.2
[INFO] [stderr]    Compiling shred-derive v0.5.0
[INFO] [stderr]     Checking futures v0.1.23
[INFO] [stderr]     Checking tuple_utils v0.2.0
[INFO] [stderr]    Compiling x11-dl v2.18.3
[INFO] [stderr]    Compiling serde_derive v1.0.75
[INFO] [stderr]     Checking remove_dir_all v0.5.1
[INFO] [stderr]     Checking tempfile v3.0.3
[INFO] [stderr]    Compiling derivative v1.0.0
[INFO] [stderr]     Checking memmap v0.6.2
[INFO] [stderr]    Compiling gfx_gl v0.5.0
[INFO] [stderr]    Compiling miniz-sys v0.1.10
[INFO] [stderr]    Compiling proc-macro2 v0.3.8
[INFO] [stderr]     Checking percent-encoding v1.0.1
[INFO] [stderr]    Compiling quote v0.5.2
[INFO] [stderr]    Compiling glutin v0.16.0
[INFO] [stderr]     Checking shared_library v0.1.9
[INFO] [stderr]    Compiling num-integer v0.1.39
[INFO] [stderr]     Checking osmesa-sys v0.1.2
[INFO] [stderr]    Compiling syn v0.13.11
[INFO] [stderr]     Checking flate2 v0.2.20
[INFO] [stderr]    Compiling alsa-sys v0.1.2
[INFO] [stderr]    Compiling minimp3-sys v0.3.0
[INFO] [stderr]    Compiling num-bigint v0.2.0
[INFO] [stderr]     Checking imagefmt v4.0.0
[INFO] [stderr]     Checking smithay-client-toolkit v0.2.6
[INFO] [stderr]    Compiling xcb v0.8.2
[INFO] [stderr]    Compiling gfx_macros v0.2.1
[INFO] [stderr]     Checking unreachable v0.1.1
[INFO] [stderr]     Checking hetseq v0.1.5
[INFO] [stderr]     Checking wavefront_obj v5.1.0
[INFO] [stderr]    Compiling num-complex v0.2.0
[INFO] [stderr]    Compiling num-iter v0.1.37
[INFO] [stderr]    Compiling num-rational v0.2.1
[INFO] [stderr]     Checking ordered-float v0.5.0
[INFO] [stderr]     Checking approx v0.3.0
[INFO] [stderr]     Checking rand v0.3.22
[INFO] [stderr]     Checking slice-deque v0.1.13
[INFO] [stderr]     Checking stb_truetype v0.2.3
[INFO] [stderr]     Checking ogg v0.4.1
[INFO] [stderr] error: failed to run custom build command for `xcb v0.8.2`
[INFO] [stderr] note: To improve backtraces for build dependencies, set the CARGO_PROFILE_DEV_BUILD_OVERRIDE_DEBUG=true environment variable to enable debug information generation.
[INFO] [stderr] 
[INFO] [stderr] Caused by:
[INFO] [stderr]   process didn't exit successfully: `/opt/rustwide/target/debug/build/xcb-8e5d8d930d1e4ec1/build-script-build` (exit status: 101)
[INFO] [stderr]   --- stderr
[INFO] [stderr]   error occured in handler:  ('request: ', ('xcb', 'SELinux', 'GetClientContext'))
[INFO] [stderr]   Traceback (most recent call last):
[INFO] [stderr]     File "/opt/rustwide/cargo-home/registry/src/index.crates.io-6f17d22bba15001f/xcb-0.8.2/rs_client.py", line 2448, in <module>
[INFO] [stderr]       module.generate()
[INFO] [stderr]     File "/opt/rustwide/cargo-home/registry/src/index.crates.io-6f17d22bba15001f/xcb-0.8.2/xcbgen/state.py", line 108, in generate
[INFO] [stderr]       self.close()
[INFO] [stderr]     File "/opt/rustwide/cargo-home/registry/src/index.crates.io-6f17d22bba15001f/xcb-0.8.2/rs_client.py", line 296, in rs_close
[INFO] [stderr]       _f.writeout(os.path.join(module.rs_srcdir, "ffi", "%s.rs" % _module_name(_ns.ext_name)))
[INFO] [stderr]     File "/opt/rustwide/cargo-home/registry/src/index.crates.io-6f17d22bba15001f/xcb-0.8.2/rs_client.py", line 114, in writeout
[INFO] [stderr]       with open(path, 'w') as f:
[INFO] [stderr]   OSError: [Errno 30] Read-only file system: '/opt/rustwide/cargo-home/registry/src/index.crates.io-6f17d22bba15001f/xcb-0.8.2/src/ffi/selinux.rs'
[INFO] [stderr]   thread 'main' panicked at /opt/rustwide/cargo-home/registry/src/index.crates.io-6f17d22bba15001f/xcb-0.8.2/build.rs:75:17:
[INFO] [stderr]   processing of /opt/rustwide/cargo-home/registry/src/index.crates.io-6f17d22bba15001f/xcb-0.8.2/xml/xselinux.xml returned non-zero (1)
[INFO] [stderr]   stack backtrace:
[INFO] [stderr]      0:     0x55bbe32432cc - std::backtrace_rs::backtrace::libunwind::trace::ha637c64ce894333a
[INFO] [stderr]                                  at /rustc/82e1608dfa6e0b5569232559e3d385fea5a93112/library/std/src/../../backtrace/src/backtrace/libunwind.rs:104:5
[INFO] [stderr]      1:     0x55bbe32432cc - std::backtrace_rs::backtrace::trace_unsynchronized::h47f62dea28e0c88d
[INFO] [stderr]                                  at /rustc/82e1608dfa6e0b5569232559e3d385fea5a93112/library/std/src/../../backtrace/src/backtrace/mod.rs:66:5
[INFO] [stderr]      2:     0x55bbe32432cc - std::sys_common::backtrace::_print_fmt::h9eef0abe20ede486
[INFO] [stderr]                                  at /rustc/82e1608dfa6e0b5569232559e3d385fea5a93112/library/std/src/sys_common/backtrace.rs:67:5
[INFO] [stderr]      3:     0x55bbe32432cc - <std::sys_common::backtrace::_print::DisplayBacktrace as core::fmt::Display>::fmt::hed7f999df88cc644
[INFO] [stderr]                                  at /rustc/82e1608dfa6e0b5569232559e3d385fea5a93112/library/std/src/sys_common/backtrace.rs:44:22
[INFO] [stderr]      4:     0x55bbe32666c0 - core::fmt::rt::Argument::fmt::h1539a9308b8d058d
[INFO] [stderr]                                  at /rustc/82e1608dfa6e0b5569232559e3d385fea5a93112/library/core/src/fmt/rt.rs:142:9
[INFO] [stderr]      5:     0x55bbe32666c0 - core::fmt::write::h3a39390d8560d9c9
[INFO] [stderr]                                  at /rustc/82e1608dfa6e0b5569232559e3d385fea5a93112/library/core/src/fmt/mod.rs:1120:17
[INFO] [stderr]      6:     0x55bbe324129f - std::io::Write::write_fmt::h5fc9997dfe05f882
[INFO] [stderr]                                  at /rustc/82e1608dfa6e0b5569232559e3d385fea5a93112/library/std/src/io/mod.rs:1762:15
[INFO] [stderr]      7:     0x55bbe32430b4 - std::sys_common::backtrace::_print::h894006fb5c6f3d45
[INFO] [stderr]                                  at /rustc/82e1608dfa6e0b5569232559e3d385fea5a93112/library/std/src/sys_common/backtrace.rs:47:5
[INFO] [stderr]      8:     0x55bbe32430b4 - std::sys_common::backtrace::print::h23a2d212c6fff936
[INFO] [stderr]                                  at /rustc/82e1608dfa6e0b5569232559e3d385fea5a93112/library/std/src/sys_common/backtrace.rs:34:9
[INFO] [stderr]      9:     0x55bbe3244757 - std::panicking::default_hook::{{closure}}::h8a1d2ee00185001a
[INFO] [stderr]     10:     0x55bbe32444bf - std::panicking::default_hook::h6038f2eba384e475
[INFO] [stderr]                                  at /rustc/82e1608dfa6e0b5569232559e3d385fea5a93112/library/std/src/panicking.rs:292:9
[INFO] [stderr]     11:     0x55bbe3244bd8 - std::panicking::rust_panic_with_hook::h2b5517d590cab22e
[INFO] [stderr]                                  at /rustc/82e1608dfa6e0b5569232559e3d385fea5a93112/library/std/src/panicking.rs:779:13
[INFO] [stderr]     12:     0x55bbe3244abe - std::panicking::begin_panic_handler::{{closure}}::h233112c06e0ef43e
[INFO] [stderr]                                  at /rustc/82e1608dfa6e0b5569232559e3d385fea5a93112/library/std/src/panicking.rs:657:13
[INFO] [stderr]     13:     0x55bbe3243796 - std::sys_common::backtrace::__rust_end_short_backtrace::h6e893f24d7ebbff8
[INFO] [stderr]                                  at /rustc/82e1608dfa6e0b5569232559e3d385fea5a93112/library/std/src/sys_common/backtrace.rs:170:18
[INFO] [stderr]     14:     0x55bbe3244822 - rust_begin_unwind
[INFO] [stderr]                                  at /rustc/82e1608dfa6e0b5569232559e3d385fea5a93112/library/std/src/panicking.rs:645:5
[INFO] [stderr]     15:     0x55bbe321d285 - core::panicking::panic_fmt::hbf0e066aabfa482c
[INFO] [stderr]                                  at /rustc/82e1608dfa6e0b5569232559e3d385fea5a93112/library/core/src/panicking.rs:72:14
[INFO] [stderr]     16:     0x55bbe32231e1 - build_script_build::main::{{closure}}::hd8bf80a27afce27a
[INFO] [stderr]     17:     0x55bbe32220d5 - build_script_build::visit_xml::hb40f65341a2cbd47
[INFO] [stderr]     18:     0x55bbe3222773 - build_script_build::main::hadc50f81a34bfba4
[INFO] [stderr]     19:     0x55bbe321ee33 - core::ops::function::FnOnce::call_once::hee1b98ee9c9c63b3
[INFO] [stderr]     20:     0x55bbe321ddc6 - std::sys_common::backtrace::__rust_begin_short_backtrace::h598b451f072852d3
[INFO] [stderr]     21:     0x55bbe321e509 - std::rt::lang_start::{{closure}}::h09e16a483c739319
[INFO] [stderr]     22:     0x55bbe323dfa7 - core::ops::function::impls::<impl core::ops::function::FnOnce<A> for &F>::call_once::hd95060ecd5e1ca24
[INFO] [stderr]                                  at /rustc/82e1608dfa6e0b5569232559e3d385fea5a93112/library/core/src/ops/function.rs:284:13
[INFO] [stderr]     23:     0x55bbe323dfa7 - std::panicking::try::do_call::h6e8cf51db32a6e4b
[INFO] [stderr]                                  at /rustc/82e1608dfa6e0b5569232559e3d385fea5a93112/library/std/src/panicking.rs:552:40
[INFO] [stderr]     24:     0x55bbe323dfa7 - std::panicking::try::h3a52eefe24fe3c29
[INFO] [stderr]                                  at /rustc/82e1608dfa6e0b5569232559e3d385fea5a93112/library/std/src/panicking.rs:516:19
[INFO] [stderr]     25:     0x55bbe323dfa7 - std::panic::catch_unwind::h24c28c23c02c3841
[INFO] [stderr]                                  at /rustc/82e1608dfa6e0b5569232559e3d385fea5a93112/library/std/src/panic.rs:142:14
[INFO] [stderr]     26:     0x55bbe323dfa7 - std::rt::lang_start_internal::{{closure}}::h705d3c9cbc06ef47
[INFO] [stderr]                                  at /rustc/82e1608dfa6e0b5569232559e3d385fea5a93112/library/std/src/rt.rs:148:48
[INFO] [stderr]     27:     0x55bbe323dfa7 - std::panicking::try::do_call::ha21f52ba13158470
[INFO] [stderr]                                  at /rustc/82e1608dfa6e0b5569232559e3d385fea5a93112/library/std/src/panicking.rs:552:40
[INFO] [stderr]     28:     0x55bbe323dfa7 - std::panicking::try::h5581346bf6aeb1f8
[INFO] [stderr]                                  at /rustc/82e1608dfa6e0b5569232559e3d385fea5a93112/library/std/src/panicking.rs:516:19
[INFO] [stderr]     29:     0x55bbe323dfa7 - std::panic::catch_unwind::h7919645a6b72e25b
[INFO] [stderr]                                  at /rustc/82e1608dfa6e0b5569232559e3d385fea5a93112/library/std/src/panic.rs:142:14
[INFO] [stderr]     30:     0x55bbe323dfa7 - std::rt::lang_start_internal::h12de51168669836e
[INFO] [stderr]                                  at /rustc/82e1608dfa6e0b5569232559e3d385fea5a93112/library/std/src/rt.rs:148:20
[INFO] [stderr]     31:     0x55bbe321e4e7 - std::rt::lang_start::he37d88d0ca316254
[INFO] [stderr]     32:     0x55bbe3223265 - main
[INFO] [stderr]     33:     0x7f1a1c5fdd90 - <unknown>
[INFO] [stderr]     34:     0x7f1a1c5fde40 - __libc_start_main
[INFO] [stderr]     35:     0x55bbe321d9a5 - _start
[INFO] [stderr]     36:                0x0 - <unknown>
[INFO] [stderr] warning: build failed, waiting for other jobs to finish...
[INFO] running `Command { std: "docker" "inspect" "a4c711ac03ca015c676625e97af8ee90e2acff714caac09cb569336b01b547e8", kill_on_drop: false }`
[INFO] running `Command { std: "docker" "rm" "-f" "a4c711ac03ca015c676625e97af8ee90e2acff714caac09cb569336b01b547e8", kill_on_drop: false }`
[INFO] [stdout] a4c711ac03ca015c676625e97af8ee90e2acff714caac09cb569336b01b547e8
[INFO] documenting adesque/world against beta-2023-12-22 for beta-1.76-rustdoc-1
[INFO] running `Command { std: "git" "clone" "/workspace/cache/git-repos/https%3A%2F%2Fgithub.com%2Fadesque%2Fworld" "/workspace/builds/worker-7-tc2/source", kill_on_drop: false }`
[INFO] [stderr] Cloning into '/workspace/builds/worker-7-tc2/source'...
[INFO] [stderr] done.
[INFO] [stderr] Updating files:  31% (1028/3245)
Updating files:  32% (1039/3245)
Updating files:  33% (1071/3245)
Updating files:  34% (1104/3245)
Updating files:  35% (1136/3245)
Updating files:  36% (1169/3245)
Updating files:  36% (1171/3245)
Updating files:  37% (1201/3245)
Updating files:  38% (1234/3245)
Updating files:  39% (1266/3245)
Updating files:  40% (1298/3245)
Updating files:  41% (1331/3245)
Updating files:  42% (1363/3245)
Updating files:  43% (1396/3245)
Updating files:  44% (1428/3245)
Updating files:  45% (1461/3245)
Updating files:  46% (1493/3245)
Updating files:  47% (1526/3245)
Updating files:  48% (1558/3245)
Updating files:  49% (1591/3245)
Updating files:  50% (1623/3245)
Updating files:  51% (1655/3245)
Updating files:  52% (1688/3245)
Updating files:  53% (1720/3245)
Updating files:  54% (1753/3245)
Updating files:  55% (1785/3245)
Updating files:  56% (1818/3245)
Updating files:  57% (1850/3245)
Updating files:  58% (1883/3245)
Updating files:  59% (1915/3245)
Updating files:  60% (1947/3245)
Updating files:  61% (1980/3245)
Updating files:  62% (2012/3245)
Updating files:  63% (2045/3245)
Updating files:  64% (2077/3245)
Updating files:  65% (2110/3245)
Updating files:  66% (2142/3245)
Updating files:  67% (2175/3245)
Updating files:  68% (2207/3245)
Updating files:  69% (2240/3245)
Updating files:  70% (2272/3245)
Updating files:  71% (2304/3245)
Updating files:  72% (2337/3245)
Updating files:  73% (2369/3245)
Updating files:  74% (2402/3245)
Updating files:  75% (2434/3245)
Updating files:  76% (2467/3245)
Updating files:  76% (2478/3245)
Updating files:  77% (2499/3245)
Updating files:  78% (2532/3245)
Updating files:  79% (2564/3245)
Updating files:  80% (2596/3245)
Updating files:  81% (2629/3245)
Updating files:  82% (2661/3245)
Updating files:  83% (2694/3245)
Updating files:  84% (2726/3245)
Updating files:  85% (2759/3245)
Updating files:  86% (2791/3245)
Updating files:  87% (2824/3245)
Updating files:  88% (2856/3245)
Updating files:  89% (2889/3245)
Updating files:  89% (2899/3245)
Updating files:  90% (2921/3245)
Updating files:  91% (2953/3245)
Updating files:  92% (2986/3245)
Updating files:  93% (3018/3245)
Updating files:  94% (3051/3245)
Updating files:  95% (3083/3245)
Updating files:  96% (3116/3245)
Updating files:  97% (3148/3245)
Updating files:  98% (3181/3245)
Updating files:  99% (3213/3245)
Updating files: 100% (3245/3245)
Updating files: 100% (3245/3245), done.
[INFO] validating manifest of git repo https://github.com/adesque/world on toolchain beta-2023-12-22
[INFO] running `Command { std: CARGO_HOME="/workspace/cargo-home" RUSTUP_HOME="/workspace/rustup-home" "/workspace/cargo-home/bin/cargo" "+beta-2023-12-22" "metadata" "--manifest-path" "Cargo.toml" "--no-deps", kill_on_drop: false }`
[INFO] started tweaking git repo https://github.com/adesque/world
[INFO] finished tweaking git repo https://github.com/adesque/world
[INFO] tweaked toml for git repo https://github.com/adesque/world written to /workspace/builds/worker-7-tc2/source/Cargo.toml
[INFO] crate git repo https://github.com/adesque/world already has a lockfile, it will not be regenerated
[INFO] running `Command { std: CARGO_HOME="/workspace/cargo-home" RUSTUP_HOME="/workspace/rustup-home" "/workspace/cargo-home/bin/cargo" "+beta-2023-12-22" "fetch" "--manifest-path" "Cargo.toml", kill_on_drop: false }`
[INFO] running `Command { std: "docker" "create" "-v" "/var/lib/crater-agent-workspace/builds/worker-7-tc2/target:/opt/rustwide/target:rw,Z" "-v" "/var/lib/crater-agent-workspace/builds/worker-7-tc2/source:/opt/rustwide/workdir:ro,Z" "-v" "/var/lib/crater-agent-workspace/cargo-home:/opt/rustwide/cargo-home:ro,Z" "-v" "/var/lib/crater-agent-workspace/rustup-home:/opt/rustwide/rustup-home:ro,Z" "-e" "SOURCE_DIR=/opt/rustwide/workdir" "-e" "CARGO_TARGET_DIR=/opt/rustwide/target" "-e" "CARGO_HOME=/opt/rustwide/cargo-home" "-e" "RUSTUP_HOME=/opt/rustwide/rustup-home" "-w" "/opt/rustwide/workdir" "-m" "1610612736" "--user" "0:0" "--network" "none" "ghcr.io/rust-lang/crates-build-env/linux@sha256:2788e3201cd34a07e3172128adcd8b3090168a8e3bcc40d7c032b9dda1df7d1c" "/opt/rustwide/cargo-home/bin/cargo" "+beta-2023-12-22" "metadata" "--no-deps" "--format-version=1", kill_on_drop: false }`
[INFO] [stdout] f996e3e398736a88cad498ca769bc2905f3bb08cc551f31e6396ae049b09eba4
[INFO] running `Command { std: "docker" "start" "-a" "f996e3e398736a88cad498ca769bc2905f3bb08cc551f31e6396ae049b09eba4", kill_on_drop: false }`
[INFO] running `Command { std: "docker" "inspect" "f996e3e398736a88cad498ca769bc2905f3bb08cc551f31e6396ae049b09eba4", kill_on_drop: false }`
[INFO] running `Command { std: "docker" "rm" "-f" "f996e3e398736a88cad498ca769bc2905f3bb08cc551f31e6396ae049b09eba4", kill_on_drop: false }`
[INFO] [stdout] f996e3e398736a88cad498ca769bc2905f3bb08cc551f31e6396ae049b09eba4
[INFO] running `Command { std: "docker" "create" "-v" "/var/lib/crater-agent-workspace/builds/worker-7-tc2/target:/opt/rustwide/target:rw,Z" "-v" "/var/lib/crater-agent-workspace/builds/worker-7-tc2/source:/opt/rustwide/workdir:ro,Z" "-v" "/var/lib/crater-agent-workspace/cargo-home:/opt/rustwide/cargo-home:ro,Z" "-v" "/var/lib/crater-agent-workspace/rustup-home:/opt/rustwide/rustup-home:ro,Z" "-e" "SOURCE_DIR=/opt/rustwide/workdir" "-e" "CARGO_TARGET_DIR=/opt/rustwide/target" "-e" "CARGO_INCREMENTAL=0" "-e" "RUST_BACKTRACE=full" "-e" "RUSTFLAGS=--cap-lints=warn" "-e" "RUSTDOCFLAGS=--cap-lints=warn" "-e" "CARGO_HOME=/opt/rustwide/cargo-home" "-e" "RUSTUP_HOME=/opt/rustwide/rustup-home" "-w" "/opt/rustwide/workdir" "-m" "1610612736" "--user" "0:0" "--network" "none" "ghcr.io/rust-lang/crates-build-env/linux@sha256:2788e3201cd34a07e3172128adcd8b3090168a8e3bcc40d7c032b9dda1df7d1c" "/opt/rustwide/cargo-home/bin/cargo" "+beta-2023-12-22" "doc" "--frozen" "--no-deps" "--document-private-items" "--message-format=json", kill_on_drop: false }`
[INFO] [stdout] e3e438891bb66a5437a70bd612f54732a4ee26449c00c0378a8360dddb8b2c35
[INFO] running `Command { std: "docker" "start" "-a" "e3e438891bb66a5437a70bd612f54732a4ee26449c00c0378a8360dddb8b2c35", kill_on_drop: false }`
[INFO] [stderr]     Checking libc v0.2.43
[INFO] [stderr]    Compiling unicode-xid v0.1.0
[INFO] [stderr]    Compiling cc v1.0.22
[INFO] [stderr]     Checking cfg-if v0.1.5
[INFO] [stderr]    Compiling proc-macro2 v0.4.15
[INFO] [stderr]    Compiling version_check v0.1.4
[INFO] [stderr]    Compiling serde v1.0.75
[INFO] [stderr]    Compiling num-traits v0.2.5
[INFO] [stderr]     Checking void v1.0.2
[INFO] [stderr]     Checking byteorder v1.2.6
[INFO] [stderr]    Compiling unicode-xid v0.0.4
[INFO] [stderr]    Compiling bitflags v1.0.4
[INFO] [stderr]    Compiling lazy_static v1.1.0
[INFO] [stderr]    Compiling xml-rs v0.7.0
[INFO] [stderr]    Compiling quote v0.3.15
[INFO] [stderr]     Checking log v0.4.4
[INFO] [stderr]     Checking rand v0.4.3
[INFO] [stderr]     Checking nodrop v0.1.12
[INFO] [stderr]    Compiling either v1.5.0
[INFO] [stderr]    Compiling syn v0.10.8
[INFO] [stderr]     Checking arrayvec v0.4.7
[INFO] [stderr]    Compiling itertools v0.5.10
[INFO] [stderr]    Compiling quote v0.6.8
[INFO] [stderr]     Checking unreachable v1.0.0
[INFO] [stderr]     Checking num-traits v0.1.43
[INFO] [stderr]     Checking crossbeam-utils v0.2.2
[INFO] [stderr]     Checking stable_deref_trait v1.1.1
[INFO] [stderr]    Compiling syn v0.14.9
[INFO] [stderr]     Checking scopeguard v0.3.3
[INFO] [stderr]    Compiling pkg-config v0.3.14
[INFO] [stderr]    Compiling rayon-core v1.4.1
[INFO] [stderr]     Checking memoffset v0.2.1
[INFO] [stderr]    Compiling backtrace-sys v0.1.24
[INFO] [stderr]     Checking crossbeam-epoch v0.3.1
[INFO] [stderr]    Compiling libloading v0.5.0
[INFO] [stderr]     Checking owning_ref v0.3.3
[INFO] [stderr]     Checking crossbeam-deque v0.2.0
[INFO] [stderr]    Compiling wayland-scanner v0.20.12
[INFO] [stderr]     Checking num_cpus v1.8.0
[INFO] [stderr]    Compiling rayon v1.0.2
[INFO] [stderr]    Compiling khronos_api v2.2.0
[INFO] [stderr]    Compiling synom v0.11.3
[INFO] [stderr]     Checking rustc-demangle v0.1.9
[INFO] [stderr]     Checking approx v0.1.1
[INFO] [stderr]    Compiling syn v0.11.11
[INFO] [stderr]     Checking dlib v0.4.1
[INFO] [stderr]     Checking mint v0.5.1
[INFO] [stderr]    Compiling cgmath v0.16.1
[INFO] [stderr]     Checking rand_core v0.2.1
[INFO] [stderr]     Checking backtrace v0.3.9
[INFO] [stderr]    Compiling gl_generator v0.9.0
[INFO] [stderr]     Checking rand v0.5.5
[INFO] [stderr]     Checking wayland-sys v0.20.12
[INFO] [stderr]    Compiling wayland-client v0.20.12
[INFO] [stderr]     Checking fxhash v0.2.1
[INFO] [stderr]     Checking atom v0.3.5
[INFO] [stderr]     Checking downcast-rs v1.0.3
[INFO] [stderr]     Checking mopa v0.2.2
[INFO] [stderr]     Checking wayland-commons v0.20.12
[INFO] [stderr]     Checking error-chain v0.11.0
[INFO] [stderr]    Compiling wayland-protocols v0.20.12
[INFO] [stderr]     Checking tuple_utils v0.2.0
[INFO] [stderr]     Checking futures v0.1.23
[INFO] [stderr]     Checking hibitset v0.5.1
[INFO] [stderr]     Checking fnv v1.0.6
[INFO] [stderr]    Compiling nix v0.11.0
[INFO] [stderr]     Checking crossbeam v0.3.2
[INFO] [stderr]    Compiling shred-derive v0.5.0
[INFO] [stderr]    Compiling derivative v1.0.0
[INFO] [stderr]    Compiling x11-dl v2.18.3
[INFO] [stderr]     Checking remove_dir_all v0.5.1
[INFO] [stderr]     Checking tempfile v3.0.3
[INFO] [stderr]    Compiling serde_derive v1.0.75
[INFO] [stderr]     Checking memmap v0.6.2
[INFO] [stderr]    Compiling gfx_gl v0.5.0
[INFO] [stderr]    Compiling miniz-sys v0.1.10
[INFO] [stderr]    Compiling proc-macro2 v0.3.8
[INFO] [stderr]     Checking percent-encoding v1.0.1
[INFO] [stderr]    Compiling quote v0.5.2
[INFO] [stderr]    Compiling glutin v0.16.0
[INFO] [stderr]     Checking shared_library v0.1.9
[INFO] [stderr]    Compiling num-integer v0.1.39
[INFO] [stderr]     Checking osmesa-sys v0.1.2
[INFO] [stderr]    Compiling syn v0.13.11
[INFO] [stderr]     Checking flate2 v0.2.20
[INFO] [stderr]    Compiling alsa-sys v0.1.2
[INFO] [stderr]     Checking smithay-client-toolkit v0.2.6
[INFO] [stderr]    Compiling minimp3-sys v0.3.0
[INFO] [stderr]    Compiling num-bigint v0.2.0
[INFO] [stderr]     Checking imagefmt v4.0.0
[INFO] [stderr]    Compiling xcb v0.8.2
[INFO] [stderr]    Compiling gfx_macros v0.2.1
[INFO] [stderr]     Checking unreachable v0.1.1
[INFO] [stderr]     Checking hetseq v0.1.5
[INFO] [stderr]    Compiling num-iter v0.1.37
[INFO] [stderr]    Compiling num-rational v0.2.1
[INFO] [stderr]     Checking wavefront_obj v5.1.0
[INFO] [stderr]    Compiling num-complex v0.2.0
[INFO] [stderr]     Checking ordered-float v0.5.0
[INFO] [stderr]     Checking approx v0.3.0
[INFO] [stderr]     Checking rand v0.3.22
[INFO] [stderr]     Checking slice-deque v0.1.13
[INFO] [stderr] error: failed to run custom build command for `xcb v0.8.2`
[INFO] [stderr] note: To improve backtraces for build dependencies, set the CARGO_PROFILE_DEV_BUILD_OVERRIDE_DEBUG=true environment variable to enable debug information generation.
[INFO] [stderr] 
[INFO] [stderr] Caused by:
[INFO] [stderr]   process didn't exit successfully: `/opt/rustwide/target/debug/build/xcb-d4b86d393fcea29e/build-script-build` (exit status: 101)
[INFO] [stderr]   --- stderr
[INFO] [stderr]   error occured in handler:  ('request: ', ('xcb', 'SELinux', 'GetClientContext'))
[INFO] [stderr]   Traceback (most recent call last):
[INFO] [stderr]     File "/opt/rustwide/cargo-home/registry/src/index.crates.io-6f17d22bba15001f/xcb-0.8.2/rs_client.py", line 2448, in <module>
[INFO] [stderr]       module.generate()
[INFO] [stderr]     File "/opt/rustwide/cargo-home/registry/src/index.crates.io-6f17d22bba15001f/xcb-0.8.2/xcbgen/state.py", line 108, in generate
[INFO] [stderr]       self.close()
[INFO] [stderr]     File "/opt/rustwide/cargo-home/registry/src/index.crates.io-6f17d22bba15001f/xcb-0.8.2/rs_client.py", line 296, in rs_close
[INFO] [stderr]       _f.writeout(os.path.join(module.rs_srcdir, "ffi", "%s.rs" % _module_name(_ns.ext_name)))
[INFO] [stderr]     File "/opt/rustwide/cargo-home/registry/src/index.crates.io-6f17d22bba15001f/xcb-0.8.2/rs_client.py", line 114, in writeout
[INFO] [stderr]       with open(path, 'w') as f:
[INFO] [stderr]   OSError: [Errno 30] Read-only file system: '/opt/rustwide/cargo-home/registry/src/index.crates.io-6f17d22bba15001f/xcb-0.8.2/src/ffi/selinux.rs'
[INFO] [stderr]   thread 'main' panicked at /opt/rustwide/cargo-home/registry/src/index.crates.io-6f17d22bba15001f/xcb-0.8.2/build.rs:75:17:
[INFO] [stderr]   processing of /opt/rustwide/cargo-home/registry/src/index.crates.io-6f17d22bba15001f/xcb-0.8.2/xml/xselinux.xml returned non-zero (1)
[INFO] [stderr]   stack backtrace:
[INFO] [stderr]      0:     0x5612cabed376 - std::backtrace_rs::backtrace::libunwind::trace::h261606ad26a499c1
[INFO] [stderr]                                  at /rustc/0e09125c6c3c2fd70d7de961bcf0e51575235fad/library/std/src/../../backtrace/src/backtrace/libunwind.rs:104:5
[INFO] [stderr]      1:     0x5612cabed376 - std::backtrace_rs::backtrace::trace_unsynchronized::hd183f0625477fb28
[INFO] [stderr]                                  at /rustc/0e09125c6c3c2fd70d7de961bcf0e51575235fad/library/std/src/../../backtrace/src/backtrace/mod.rs:66:5
[INFO] [stderr]      2:     0x5612cabed376 - std::sys_common::backtrace::_print_fmt::hd7f8fef21b4eda67
[INFO] [stderr]                                  at /rustc/0e09125c6c3c2fd70d7de961bcf0e51575235fad/library/std/src/sys_common/backtrace.rs:68:5
[INFO] [stderr]      3:     0x5612cabed376 - <std::sys_common::backtrace::_print::DisplayBacktrace as core::fmt::Display>::fmt::h623d9b51f2f453f1
[INFO] [stderr]                                  at /rustc/0e09125c6c3c2fd70d7de961bcf0e51575235fad/library/std/src/sys_common/backtrace.rs:44:22
[INFO] [stderr]      4:     0x5612cac0faa0 - core::fmt::rt::Argument::fmt::h9f417ac76a86f368
[INFO] [stderr]                                  at /rustc/0e09125c6c3c2fd70d7de961bcf0e51575235fad/library/core/src/fmt/rt.rs:142:9
[INFO] [stderr]      5:     0x5612cac0faa0 - core::fmt::write::hc9b6faf4ac2aeff7
[INFO] [stderr]                                  at /rustc/0e09125c6c3c2fd70d7de961bcf0e51575235fad/library/core/src/fmt/mod.rs:1120:17
[INFO] [stderr]      6:     0x5612cabeb3ef - std::io::Write::write_fmt::hfead1eee52c2e65e
[INFO] [stderr]                                  at /rustc/0e09125c6c3c2fd70d7de961bcf0e51575235fad/library/std/src/io/mod.rs:1810:15
[INFO] [stderr]      7:     0x5612cabed154 - std::sys_common::backtrace::_print::hd5d66399c7df88a2
[INFO] [stderr]                                  at /rustc/0e09125c6c3c2fd70d7de961bcf0e51575235fad/library/std/src/sys_common/backtrace.rs:47:5
[INFO] [stderr]      8:     0x5612cabed154 - std::sys_common::backtrace::print::he81ed2da642d37e5
[INFO] [stderr]                                  at /rustc/0e09125c6c3c2fd70d7de961bcf0e51575235fad/library/std/src/sys_common/backtrace.rs:34:9
[INFO] [stderr]      9:     0x5612cabee847 - std::panicking::default_hook::{{closure}}::h85773f4fa117163d
[INFO] [stderr]     10:     0x5612cabee5a9 - std::panicking::default_hook::h6a1694a91d09b278
[INFO] [stderr]                                  at /rustc/0e09125c6c3c2fd70d7de961bcf0e51575235fad/library/std/src/panicking.rs:292:9
[INFO] [stderr]     11:     0x5612cabeecd8 - std::panicking::rust_panic_with_hook::h0a7ad96e90f7145b
[INFO] [stderr]                                  at /rustc/0e09125c6c3c2fd70d7de961bcf0e51575235fad/library/std/src/panicking.rs:779:13
[INFO] [stderr]     12:     0x5612cabeebb2 - std::panicking::begin_panic_handler::{{closure}}::h7919090525c6485e
[INFO] [stderr]                                  at /rustc/0e09125c6c3c2fd70d7de961bcf0e51575235fad/library/std/src/panicking.rs:657:13
[INFO] [stderr]     13:     0x5612cabed876 - std::sys_common::backtrace::__rust_end_short_backtrace::hf3289479464f7dfe
[INFO] [stderr]                                  at /rustc/0e09125c6c3c2fd70d7de961bcf0e51575235fad/library/std/src/sys_common/backtrace.rs:171:18
[INFO] [stderr]     14:     0x5612cabee910 - rust_begin_unwind
[INFO] [stderr]                                  at /rustc/0e09125c6c3c2fd70d7de961bcf0e51575235fad/library/std/src/panicking.rs:645:5
[INFO] [stderr]     15:     0x5612cabc7285 - core::panicking::panic_fmt::hcc9f77c5c132af55
[INFO] [stderr]                                  at /rustc/0e09125c6c3c2fd70d7de961bcf0e51575235fad/library/core/src/panicking.rs:72:14
[INFO] [stderr]     16:     0x5612cabcd1b1 - build_script_build::main::{{closure}}::ha5321334e04b3584
[INFO] [stderr]     17:     0x5612cabcc0a3 - build_script_build::visit_xml::hff6b3895633e4204
[INFO] [stderr]     18:     0x5612cabcc743 - build_script_build::main::h76f8dd19cba36dec
[INFO] [stderr]     19:     0x5612cabc8d13 - core::ops::function::FnOnce::call_once::h02f4bf338b6634ac
[INFO] [stderr]     20:     0x5612cabc7dd6 - std::sys_common::backtrace::__rust_begin_short_backtrace::hba15385d0d47a938
[INFO] [stderr]     21:     0x5612cabc8509 - std::rt::lang_start::{{closure}}::h18d8ac36ab132ab7
[INFO] [stderr]     22:     0x5612cabe7fd1 - core::ops::function::impls::<impl core::ops::function::FnOnce<A> for &F>::call_once::h4eb4c5e1620f29b0
[INFO] [stderr]                                  at /rustc/0e09125c6c3c2fd70d7de961bcf0e51575235fad/library/core/src/ops/function.rs:284:13
[INFO] [stderr]     23:     0x5612cabe7fd1 - std::panicking::try::do_call::h73fd26535faffcdf
[INFO] [stderr]                                  at /rustc/0e09125c6c3c2fd70d7de961bcf0e51575235fad/library/std/src/panicking.rs:552:40
[INFO] [stderr]     24:     0x5612cabe7fd1 - std::panicking::try::h77ff1d98f0fb9f39
[INFO] [stderr]                                  at /rustc/0e09125c6c3c2fd70d7de961bcf0e51575235fad/library/std/src/panicking.rs:516:19
[INFO] [stderr]     25:     0x5612cabe7fd1 - std::panic::catch_unwind::hab3caf2448b95e37
[INFO] [stderr]                                  at /rustc/0e09125c6c3c2fd70d7de961bcf0e51575235fad/library/std/src/panic.rs:142:14
[INFO] [stderr]     26:     0x5612cabe7fd1 - std::rt::lang_start_internal::{{closure}}::h8086711f9c783f78
[INFO] [stderr]                                  at /rustc/0e09125c6c3c2fd70d7de961bcf0e51575235fad/library/std/src/rt.rs:148:48
[INFO] [stderr]     27:     0x5612cabe7fd1 - std::panicking::try::do_call::hf920d4dc291cd6ca
[INFO] [stderr]                                  at /rustc/0e09125c6c3c2fd70d7de961bcf0e51575235fad/library/std/src/panicking.rs:552:40
[INFO] [stderr]     28:     0x5612cabe7fd1 - std::panicking::try::h2b806ccc0a85db74
[INFO] [stderr]                                  at /rustc/0e09125c6c3c2fd70d7de961bcf0e51575235fad/library/std/src/panicking.rs:516:19
[INFO] [stderr]     29:     0x5612cabe7fd1 - std::panic::catch_unwind::h038489539c507df2
[INFO] [stderr]                                  at /rustc/0e09125c6c3c2fd70d7de961bcf0e51575235fad/library/std/src/panic.rs:142:14
[INFO] [stderr]     30:     0x5612cabe7fd1 - std::rt::lang_start_internal::h28503b88912e8a5c
[INFO] [stderr]                                  at /rustc/0e09125c6c3c2fd70d7de961bcf0e51575235fad/library/std/src/rt.rs:148:20
[INFO] [stderr]     31:     0x5612cabc84e7 - std::rt::lang_start::h4f167012e7095533
[INFO] [stderr]     32:     0x5612cabcd235 - main
[INFO] [stderr]     33:     0x7f1c6c77ed90 - <unknown>
[INFO] [stderr]     34:     0x7f1c6c77ee40 - __libc_start_main
[INFO] [stderr]     35:     0x5612cabc79b5 - _start
[INFO] [stderr]     36:                0x0 - <unknown>
[INFO] [stderr] warning: build failed, waiting for other jobs to finish...
[INFO] running `Command { std: "docker" "inspect" "e3e438891bb66a5437a70bd612f54732a4ee26449c00c0378a8360dddb8b2c35", kill_on_drop: false }`
[INFO] running `Command { std: "docker" "rm" "-f" "e3e438891bb66a5437a70bd612f54732a4ee26449c00c0378a8360dddb8b2c35", kill_on_drop: false }`
[INFO] [stdout] e3e438891bb66a5437a70bd612f54732a4ee26449c00c0378a8360dddb8b2c35
