[INFO] cloning repository https://github.com/adenine-dev/heliochrome
[INFO] running `Command { std: "git" "-c" "credential.helper=" "-c" "credential.helper=/workspace/cargo-home/bin/git-credential-null" "clone" "--bare" "https://github.com/adenine-dev/heliochrome" "/workspace/cache/git-repos/https%3A%2F%2Fgithub.com%2Fadenine-dev%2Fheliochrome", kill_on_drop: false }`
[INFO] [stderr] Cloning into bare repository '/workspace/cache/git-repos/https%3A%2F%2Fgithub.com%2Fadenine-dev%2Fheliochrome'...
[INFO] running `Command { std: "git" "rev-parse" "HEAD", kill_on_drop: false }`
[INFO] [stdout] 095337870116b44386b2d5b7d28589085d81bcca
[INFO] documenting adenine-dev/heliochrome against 1.75.0 for beta-1.76-rustdoc-1
[INFO] running `Command { std: "git" "clone" "/workspace/cache/git-repos/https%3A%2F%2Fgithub.com%2Fadenine-dev%2Fheliochrome" "/workspace/builds/worker-1-tc1/source", kill_on_drop: false }`
[INFO] [stderr] Cloning into '/workspace/builds/worker-1-tc1/source'...
[INFO] [stderr] done.
[INFO] validating manifest of git repo https://github.com/adenine-dev/heliochrome on toolchain 1.75.0
[INFO] running `Command { std: CARGO_HOME="/workspace/cargo-home" RUSTUP_HOME="/workspace/rustup-home" "/workspace/cargo-home/bin/cargo" "+1.75.0" "metadata" "--manifest-path" "Cargo.toml" "--no-deps", kill_on_drop: false }`
[INFO] started tweaking git repo https://github.com/adenine-dev/heliochrome
[INFO] finished tweaking git repo https://github.com/adenine-dev/heliochrome
[INFO] tweaked toml for git repo https://github.com/adenine-dev/heliochrome written to /workspace/builds/worker-1-tc1/source/Cargo.toml
[INFO] crate git repo https://github.com/adenine-dev/heliochrome already has a lockfile, it will not be regenerated
[INFO] running `Command { std: CARGO_HOME="/workspace/cargo-home" RUSTUP_HOME="/workspace/rustup-home" "/workspace/cargo-home/bin/cargo" "+1.75.0" "fetch" "--manifest-path" "Cargo.toml", kill_on_drop: false }`
[INFO] [stderr] warning: virtual workspace defaulting to `resolver = "1"` despite one or more workspace members being on edition 2021 which implies `resolver = "2"`
[INFO] [stderr] note: to keep the current resolver, specify `workspace.resolver = "1"` in the workspace root's manifest
[INFO] [stderr] note: to use the edition 2021 resolver, specify `workspace.resolver = "2"` in the workspace root's manifest
[INFO] [stderr] note: for more details see https://doc.rust-lang.org/cargo/reference/resolver.html#resolver-versions
[INFO] [stderr]  Downloading crates ...
[INFO] [stderr]   Downloaded softbuffer v0.1.1
[INFO] [stderr]   Downloaded zbus_macros v3.12.0
[INFO] [stderr]   Downloaded indicatif v0.17.1
[INFO] [stderr]   Downloaded zbus v3.12.0
[INFO] [stderr]   Downloaded clap v4.0.19
[INFO] [stderr]   Downloaded glutin v0.30.7
[INFO] [stderr]   Downloaded egui_dock v0.5.0
[INFO] running `Command { std: "docker" "create" "-v" "/var/lib/crater-agent-workspace/builds/worker-1-tc1/target:/opt/rustwide/target:rw,Z" "-v" "/var/lib/crater-agent-workspace/builds/worker-1-tc1/source:/opt/rustwide/workdir:ro,Z" "-v" "/var/lib/crater-agent-workspace/cargo-home:/opt/rustwide/cargo-home:ro,Z" "-v" "/var/lib/crater-agent-workspace/rustup-home:/opt/rustwide/rustup-home:ro,Z" "-e" "SOURCE_DIR=/opt/rustwide/workdir" "-e" "CARGO_TARGET_DIR=/opt/rustwide/target" "-e" "CARGO_HOME=/opt/rustwide/cargo-home" "-e" "RUSTUP_HOME=/opt/rustwide/rustup-home" "-w" "/opt/rustwide/workdir" "-m" "1610612736" "--user" "0:0" "--network" "none" "ghcr.io/rust-lang/crates-build-env/linux@sha256:2788e3201cd34a07e3172128adcd8b3090168a8e3bcc40d7c032b9dda1df7d1c" "/opt/rustwide/cargo-home/bin/cargo" "+1.75.0" "metadata" "--no-deps" "--format-version=1", kill_on_drop: false }`
[INFO] [stdout] a3750a39cb324f9a0c0be86dedc6b543283103bb69975221e1f64226f4ffcc5f
[INFO] running `Command { std: "docker" "start" "-a" "a3750a39cb324f9a0c0be86dedc6b543283103bb69975221e1f64226f4ffcc5f", kill_on_drop: false }`
[INFO] running `Command { std: "docker" "inspect" "a3750a39cb324f9a0c0be86dedc6b543283103bb69975221e1f64226f4ffcc5f", kill_on_drop: false }`
[INFO] running `Command { std: "docker" "rm" "-f" "a3750a39cb324f9a0c0be86dedc6b543283103bb69975221e1f64226f4ffcc5f", kill_on_drop: false }`
[INFO] [stdout] a3750a39cb324f9a0c0be86dedc6b543283103bb69975221e1f64226f4ffcc5f
[INFO] running `Command { std: "docker" "create" "-v" "/var/lib/crater-agent-workspace/builds/worker-1-tc1/target:/opt/rustwide/target:rw,Z" "-v" "/var/lib/crater-agent-workspace/builds/worker-1-tc1/source:/opt/rustwide/workdir:ro,Z" "-v" "/var/lib/crater-agent-workspace/cargo-home:/opt/rustwide/cargo-home:ro,Z" "-v" "/var/lib/crater-agent-workspace/rustup-home:/opt/rustwide/rustup-home:ro,Z" "-e" "SOURCE_DIR=/opt/rustwide/workdir" "-e" "CARGO_TARGET_DIR=/opt/rustwide/target" "-e" "CARGO_INCREMENTAL=0" "-e" "RUST_BACKTRACE=full" "-e" "RUSTFLAGS=--cap-lints=warn" "-e" "RUSTDOCFLAGS=--cap-lints=warn" "-e" "CARGO_HOME=/opt/rustwide/cargo-home" "-e" "RUSTUP_HOME=/opt/rustwide/rustup-home" "-w" "/opt/rustwide/workdir" "-m" "1610612736" "--user" "0:0" "--network" "none" "ghcr.io/rust-lang/crates-build-env/linux@sha256:2788e3201cd34a07e3172128adcd8b3090168a8e3bcc40d7c032b9dda1df7d1c" "/opt/rustwide/cargo-home/bin/cargo" "+1.75.0" "doc" "--frozen" "--no-deps" "--document-private-items" "--message-format=json", kill_on_drop: false }`
[INFO] [stdout] 79e7aa45297905ad74951990de2e4a77201c32821afbd4e82abc72d3cf79a64e
[INFO] running `Command { std: "docker" "start" "-a" "79e7aa45297905ad74951990de2e4a77201c32821afbd4e82abc72d3cf79a64e", kill_on_drop: false }`
[INFO] [stderr] warning: virtual workspace defaulting to `resolver = "1"` despite one or more workspace members being on edition 2021 which implies `resolver = "2"`
[INFO] [stderr] note: to keep the current resolver, specify `workspace.resolver = "1"` in the workspace root's manifest
[INFO] [stderr] note: to use the edition 2021 resolver, specify `workspace.resolver = "2"` in the workspace root's manifest
[INFO] [stderr] note: for more details see https://doc.rust-lang.org/cargo/reference/resolver.html#resolver-versions
[INFO] [stderr]    Compiling libc v0.2.142
[INFO] [stderr]    Compiling proc-macro2 v1.0.56
[INFO] [stderr]    Compiling quote v1.0.26
[INFO] [stderr]     Checking cfg-if v1.0.0
[INFO] [stderr]    Compiling syn v1.0.109
[INFO] [stderr]     Checking once_cell v1.13.1
[INFO] [stderr]    Compiling log v0.4.17
[INFO] [stderr]    Compiling futures-core v0.3.28
[INFO] [stderr]     Checking bitflags v1.3.2
[INFO] [stderr]    Compiling xml-rs v0.8.4
[INFO] [stderr]    Compiling memoffset v0.6.5
[INFO] [stderr]    Compiling thiserror v1.0.40
[INFO] [stderr]     Checking smallvec v1.9.0
[INFO] [stderr]    Compiling pkg-config v0.3.25
[INFO] [stderr]     Checking scopeguard v1.1.0
[INFO] [stderr]    Compiling crossbeam-utils v0.8.11
[INFO] [stderr]    Compiling memchr v2.5.0
[INFO] [stderr]    Compiling generic-array v0.14.7
[INFO] [stderr]    Compiling lock_api v0.4.9
[INFO] [stderr]    Compiling serde v1.0.144
[INFO] [stderr]    Compiling slab v0.4.8
[INFO] [stderr]     Checking lazy_static v1.4.0
[INFO] [stderr]    Compiling syn v2.0.15
[INFO] [stderr]    Compiling wayland-scanner v0.29.5
[INFO] [stderr]     Checking libloading v0.7.3
[INFO] [stderr]     Checking pin-project-lite v0.2.9
[INFO] [stderr]     Checking dlib v0.5.0
[INFO] [stderr]    Compiling memoffset v0.7.1
[INFO] [stderr]     Checking adler v1.0.2
[INFO] [stderr]    Compiling io-lifetimes v1.0.10
[INFO] [stderr]    Compiling crc32fast v1.3.2
[INFO] [stderr]     Checking miniz_oxide v0.5.4
[INFO] [stderr]     Checking getrandom v0.2.7
[INFO] [stderr]     Checking nix v0.24.2
[INFO] [stderr]    Compiling wayland-sys v0.29.5
[INFO] [stderr]    Compiling polling v2.8.0
[INFO] [stderr]    Compiling event-listener v2.5.3
[INFO] [stderr]    Compiling rustix v0.37.14
[INFO] [stderr]    Compiling futures-task v0.3.28
[INFO] [stderr]     Checking flate2 v1.0.24
[INFO] [stderr]    Compiling typenum v1.16.0
[INFO] [stderr]    Compiling wayland-client v0.29.5
[INFO] [stderr]    Compiling parking_lot_core v0.9.3
[INFO] [stderr]     Checking fastrand v1.8.0
[INFO] [stderr]    Compiling futures-io v0.3.28
[INFO] [stderr]     Checking futures-sink v0.3.28
[INFO] [stderr]    Compiling concurrent-queue v2.2.0
[INFO] [stderr]    Compiling async-fs v1.6.0
[INFO] [stderr]    Compiling async-io v1.13.0
[INFO] [stderr]     Checking downcast-rs v1.2.0
[INFO] [stderr]     Checking ttf-parser v0.15.2
[INFO] [stderr]    Compiling cfg_aliases v0.1.1
[INFO] [stderr]    Compiling waker-fn v1.1.0
[INFO] [stderr]    Compiling khronos_api v3.1.0
[INFO] [stderr]    Compiling parking v2.1.0
[INFO] [stderr]    Compiling futures-util v0.3.28
[INFO] [stderr]     Checking scoped-tls v1.0.0
[INFO] [stderr]     Checking byteorder v1.4.3
[INFO] [stderr]    Compiling futures-lite v1.13.0
[INFO] [stderr]    Compiling crossbeam-epoch v0.9.10
[INFO] [stderr]     Checking png v0.17.6
[INFO] [stderr]    Compiling async-lock v2.7.0
[INFO] [stderr]     Checking rand_core v0.6.3
[INFO] [stderr]     Checking num_cpus v1.13.1
[INFO] [stderr]    Compiling slotmap v1.0.6
[INFO] [stderr]     Checking minimal-lexical v0.2.1
[INFO] [stderr]     Checking owned_ttf_parser v0.15.2
[INFO] [stderr]     Checking ppv-lite86 v0.2.16
[INFO] [stderr]    Compiling static_assertions v1.1.0
[INFO] [stderr]     Checking ab_glyph_rasterizer v0.1.7
[INFO] [stderr]     Checking ab_glyph v0.2.17
[INFO] [stderr]     Checking nom v7.1.1
[INFO] [stderr]    Compiling rayon-core v1.9.3
[INFO] [stderr]     Checking rand_chacha v0.3.1
[INFO] [stderr]     Checking parking_lot v0.12.1
[INFO] [stderr]     Checking wayland-commons v0.29.5
[INFO] [stderr]    Compiling zvariant_utils v1.0.0
[INFO] [stderr]    Compiling wayland-protocols v0.29.5
[INFO] [stderr]    Compiling aho-corasick v1.0.1
[INFO] [stderr]    Compiling x11-dl v2.20.0
[INFO] [stderr]     Checking tracing-core v0.1.30
[INFO] [stderr]    Compiling thiserror-impl v1.0.40
[INFO] [stderr]    Compiling enumflags2_derive v0.7.7
[INFO] [stderr]    Compiling async-trait v0.1.68
[INFO] [stderr]    Compiling async-task v4.4.0
[INFO] [stderr]    Compiling regex-syntax v0.7.1
[INFO] [stderr]     Checking xcursor v0.3.4
[INFO] [stderr]    Compiling gl_generator v0.14.0
[INFO] [stderr]     Checking crossbeam-deque v0.8.2
[INFO] [stderr]     Checking rand v0.8.5
[INFO] [stderr]    Compiling block-buffer v0.10.4
[INFO] [stderr]    Compiling crypto-common v0.1.6
[INFO] [stderr]    Compiling async-channel v1.8.0
[INFO] [stderr]    Compiling smithay-client-toolkit v0.16.0
[INFO] [stderr]     Checking crossbeam-channel v0.5.6
[INFO] [stderr]     Checking vec_map v0.8.2
[INFO] [stderr]    Compiling atomic-waker v1.1.1
[INFO] [stderr]    Compiling linux-raw-sys v0.3.4
[INFO] [stderr]     Checking cty v0.2.2
[INFO] [stderr]     Checking calloop v0.10.1
[INFO] [stderr]    Compiling regex v1.8.1
[INFO] [stderr]    Compiling serde_derive v1.0.144
[INFO] [stderr]    Compiling bytemuck_derive v1.2.1
[INFO] [stderr]    Compiling tracing-attributes v0.1.23
[INFO] [stderr]    Compiling derivative v2.2.0
[INFO] [stderr]     Checking bytemuck v1.12.1
[INFO] [stderr]    Compiling blocking v1.3.1
[INFO] [stderr]    Compiling rayon v1.5.3
[INFO] [stderr]    Compiling digest v0.10.6
[INFO] [stderr]    Compiling nix v0.26.2
[INFO] [stderr]     Checking tracing v0.1.37
[INFO] [stderr]     Checking wayland-cursor v0.29.5
[INFO] [stderr]    Compiling async-recursion v1.0.4
[INFO] [stderr]    Compiling serde_repr v0.1.12
[INFO] [stderr]    Compiling socket2 v0.4.9
[INFO] [stderr]     Checking memmap2 v0.5.10
[INFO] [stderr]    Compiling ahash v0.8.3
[INFO] [stderr]    Compiling pin-utils v0.1.0
[INFO] [stderr]     Checking accesskit v0.9.0
[INFO] [stderr]     Checking strict-num v0.1.0
[INFO] [stderr]     Checking percent-encoding v2.2.0
[INFO] [stderr]     Checking either v1.8.0
[INFO] [stderr]    Compiling cpufeatures v0.2.7
[INFO] [stderr]     Checking arrayref v0.3.6
[INFO] [stderr]     Checking tiny-skia-path v0.8.4
[INFO] [stderr]    Compiling sha1 v0.10.5
[INFO] [stderr]    Compiling num-traits v0.2.15
[INFO] [stderr]    Compiling xdg-home v1.0.0
[INFO] [stderr]    Compiling pin-project-internal v1.0.12
[INFO] [stderr]    Compiling async-executor v1.5.1
[INFO] [stderr]    Compiling async-broadcast v0.5.1
[INFO] [stderr]    Compiling ordered-stream v0.2.0
[INFO] [stderr]    Compiling hex v0.4.3
[INFO] [stderr]     Checking arrayvec v0.7.2
[INFO] [stderr]     Checking tinyvec_macros v0.1.0
[INFO] [stderr]     Checking tiny-skia v0.8.4
[INFO] [stderr]     Checking tinyvec v1.6.0
[INFO] [stderr]     Checking enumflags2 v0.7.7
[INFO] [stderr]     Checking serde-xml-rs v0.4.1
[INFO] [stderr]    Compiling toml v0.5.9
[INFO] [stderr]     Checking pin-project v1.0.12
[INFO] [stderr]    Compiling num-integer v0.1.45
[INFO] [stderr]    Compiling proc-macro-error-attr v1.0.4
[INFO] [stderr]     Checking emath v0.21.0
[INFO] [stderr]     Checking ecolor v0.21.0
[INFO] [stderr]     Checking raw-window-handle v0.5.0
[INFO] [stderr]    Compiling winit v0.28.3
[INFO] [stderr]     Checking nanorand v0.7.0
[INFO] [stderr]    Compiling proc-macro-crate v1.2.1
[INFO] [stderr]     Checking spin v0.9.4
[INFO] [stderr]    Compiling ahash v0.7.6
[INFO] [stderr]     Checking nohash-hasher v0.2.0
[INFO] [stderr]     Checking weezl v0.1.7
[INFO] [stderr]     Checking epaint v0.21.0
[INFO] [stderr]     Checking flume v0.10.14
[INFO] [stderr]    Compiling num-rational v0.4.1
[INFO] [stderr]    Compiling proc-macro-error v1.0.4
[INFO] [stderr]     Checking unicode-normalization v0.1.22
[INFO] [stderr]    Compiling zvariant_derive v3.12.0
[INFO] [stderr]    Compiling zbus_macros v3.12.0
[INFO] [stderr]     Checking jpeg-decoder v0.2.6
[INFO] [stderr]    Compiling glutin_glx_sys v0.4.0
[INFO] [stderr]    Compiling glutin_egl_sys v0.4.0
[INFO] [stderr]     Checking threadpool v1.8.1
[INFO] [stderr]     Checking mio v0.8.4
[INFO] [stderr]     Checking terminal_size v0.1.17
[INFO] [stderr]    Compiling wayland-sys v0.30.1
[INFO] [stderr]     Checking instant v0.1.12
[INFO] [stderr]     Checking lebe v0.5.2
[INFO] [stderr]     Checking unicode-bidi v0.3.8
[INFO] [stderr]     Checking unicode-width v0.1.9
[INFO] [stderr]     Checking bit_field v0.10.1
[INFO] [stderr]     Checking half v1.8.2
[INFO] [stderr]     Checking color_quant v1.1.0
[INFO] [stderr]     Checking idna v0.3.0
[INFO] [stderr]     Checking gif v0.11.4
[INFO] [stderr]     Checking exr v1.5.1
[INFO] [stderr]    Compiling zvariant v3.12.0
[INFO] [stderr]     Checking console v0.15.1
[INFO] [stderr]     Checking tiff v0.7.3
[INFO] [stderr]     Checking egui v0.21.0
[INFO] [stderr]     Checking accesskit_consumer v0.13.0
[INFO] [stderr]     Checking form_urlencoded v1.1.0
[INFO] [stderr]     Checking x11rb-protocol v0.10.0
[INFO] [stderr]    Compiling glutin v0.30.7
[INFO] [stderr]     Checking zbus_names v2.5.0
[INFO] [stderr]     Checking gethostname v0.2.3
[INFO] [stderr]     Checking dirs-sys v0.3.7
[INFO] [stderr]     Checking scoped_threadpool v0.1.9
[INFO] [stderr]     Checking number_prefix v0.4.0
[INFO] [stderr]     Checking image v0.24.3
[INFO] [stderr]     Checking dirs v4.0.0
[INFO] [stderr]     Checking indicatif v0.17.1
[INFO] [stderr]     Checking url v2.3.1
[INFO] [stderr]     Checking tobj v3.2.3
[INFO] [stderr]    Compiling enum_dispatch v0.3.8
[INFO] [stderr]    Compiling glutin-winit v0.3.0
[INFO] [stderr]     Checking spmc v0.3.0
[INFO] [stderr]    Compiling paste v1.0.12
[INFO] [stderr]     Checking impl_ops v0.1.1
[INFO] [stderr]     Checking webbrowser v0.8.9
[INFO] [stderr]     Checking os_str_bytes v6.3.1
[INFO] [stderr]     Checking remove_dir_all v0.5.3
[INFO] [stderr]     Checking glow v0.12.1
[INFO] [stderr]     Checking tempfile v3.3.0
[INFO] [stderr]    Compiling zbus v3.12.0
[INFO] [stderr]     Checking clap_lex v0.3.0
[INFO] [stderr]    Compiling clap_derive v4.0.18
[INFO] [stderr]    Compiling duplicate v1.0.0
[INFO] [stderr]     Checking egui_glow v0.21.0
[INFO] [stderr]     Checking heliochrome v0.1.0 (/opt/rustwide/workdir/heliochrome)
[INFO] [stderr]     Checking raw-window-handle v0.4.3
[INFO] [stdout] error[E0554]: `#![feature]` may not be used on the stable release channel
[INFO] [stdout]  --> heliochrome/src/lib.rs:1:1
[INFO] [stdout]   |
[INFO] [stdout] 1 | #![feature(portable_simd)]
[INFO] [stdout]   | ^^^^^^^^^^^^^^^^^^^^^^^^^^
[INFO] [stdout] 
[INFO] [stdout] 
[INFO] [stdout] error[E0554]: `#![feature]` may not be used on the stable release channel
[INFO] [stdout]  --> heliochrome/src/lib.rs:2:1
[INFO] [stdout]   |
[INFO] [stdout] 2 | #![feature(const_trait_impl)]
[INFO] [stdout]   | ^^^^^^^^^^^^^^^^^^^^^^^^^^^^^
[INFO] [stdout] 
[INFO] [stdout] 
[INFO] [stdout] error[E0554]: `#![feature]` may not be used on the stable release channel
[INFO] [stdout]  --> heliochrome/src/lib.rs:3:1
[INFO] [stdout]   |
[INFO] [stdout] 3 | #![feature(stmt_expr_attributes)]
[INFO] [stdout]   | ^^^^^^^^^^^^^^^^^^^^^^^^^^^^^^^^^
[INFO] [stdout] 
[INFO] [stdout] 
[INFO] [stdout] error[E0554]: `#![feature]` may not be used on the stable release channel
[INFO] [stdout]  --> heliochrome/src/lib.rs:4:1
[INFO] [stdout]   |
[INFO] [stdout] 4 | #![feature(let_chains)]
[INFO] [stdout]   | ^^^^^^^^^^^^^^^^^^^^^^^
[INFO] [stdout] 
[INFO] [stdout] 
[INFO] [stdout] error[E0554]: `#![feature]` may not be used on the stable release channel
[INFO] [stdout]  --> heliochrome/src/lib.rs:5:1
[INFO] [stdout]   |
[INFO] [stdout] 5 | #![feature(iter_advance_by)]
[INFO] [stdout]   | ^^^^^^^^^^^^^^^^^^^^^^^^^^^^
[INFO] [stdout] 
[INFO] [stdout] 
[INFO] [stdout] error[E0554]: `#![feature]` may not be used on the stable release channel
[INFO] [stdout]  --> heliochrome/src/lib.rs:1:12
[INFO] [stdout]   |
[INFO] [stdout] 1 | #![feature(portable_simd)]
[INFO] [stdout]   |            ^^^^^^^^^^^^^
[INFO] [stdout] 
[INFO] [stdout] 
[INFO] [stdout] error[E0554]: `#![feature]` may not be used on the stable release channel
[INFO] [stdout]  --> heliochrome/src/lib.rs:5:12
[INFO] [stdout]   |
[INFO] [stdout] 5 | #![feature(iter_advance_by)]
[INFO] [stdout]   |            ^^^^^^^^^^^^^^^
[INFO] [stdout] 
[INFO] [stdout] 
[INFO] [stderr]     Checking atty v0.2.14
[INFO] [stderr]     Checking termcolor v1.1.3
[INFO] [stdout] error: aborting due to 7 previous errors
[INFO] [stdout] 
[INFO] [stdout] 
[INFO] [stdout] For more information about this error, try `rustc --explain E0554`.
[INFO] [stdout] 
[INFO] [stderr] error: could not compile `heliochrome` (lib) due to 8 previous errors
[INFO] [stderr] warning: build failed, waiting for other jobs to finish...
[INFO] running `Command { std: "docker" "inspect" "79e7aa45297905ad74951990de2e4a77201c32821afbd4e82abc72d3cf79a64e", kill_on_drop: false }`
[INFO] running `Command { std: "docker" "rm" "-f" "79e7aa45297905ad74951990de2e4a77201c32821afbd4e82abc72d3cf79a64e", kill_on_drop: false }`
[INFO] [stdout] 79e7aa45297905ad74951990de2e4a77201c32821afbd4e82abc72d3cf79a64e
[INFO] documenting adenine-dev/heliochrome against beta-2023-12-22 for beta-1.76-rustdoc-1
[INFO] running `Command { std: "git" "clone" "/workspace/cache/git-repos/https%3A%2F%2Fgithub.com%2Fadenine-dev%2Fheliochrome" "/workspace/builds/worker-1-tc2/source", kill_on_drop: false }`
[INFO] [stderr] Cloning into '/workspace/builds/worker-1-tc2/source'...
[INFO] [stderr] done.
[INFO] validating manifest of git repo https://github.com/adenine-dev/heliochrome on toolchain beta-2023-12-22
[INFO] running `Command { std: CARGO_HOME="/workspace/cargo-home" RUSTUP_HOME="/workspace/rustup-home" "/workspace/cargo-home/bin/cargo" "+beta-2023-12-22" "metadata" "--manifest-path" "Cargo.toml" "--no-deps", kill_on_drop: false }`
[INFO] started tweaking git repo https://github.com/adenine-dev/heliochrome
[INFO] finished tweaking git repo https://github.com/adenine-dev/heliochrome
[INFO] tweaked toml for git repo https://github.com/adenine-dev/heliochrome written to /workspace/builds/worker-1-tc2/source/Cargo.toml
[INFO] crate git repo https://github.com/adenine-dev/heliochrome already has a lockfile, it will not be regenerated
[INFO] running `Command { std: CARGO_HOME="/workspace/cargo-home" RUSTUP_HOME="/workspace/rustup-home" "/workspace/cargo-home/bin/cargo" "+beta-2023-12-22" "fetch" "--manifest-path" "Cargo.toml", kill_on_drop: false }`
[INFO] [stderr] warning: virtual workspace defaulting to `resolver = "1"` despite one or more workspace members being on edition 2021 which implies `resolver = "2"`
[INFO] [stderr] note: to keep the current resolver, specify `workspace.resolver = "1"` in the workspace root's manifest
[INFO] [stderr] note: to use the edition 2021 resolver, specify `workspace.resolver = "2"` in the workspace root's manifest
[INFO] [stderr] note: for more details see https://doc.rust-lang.org/cargo/reference/resolver.html#resolver-versions
[INFO] running `Command { std: "docker" "create" "-v" "/var/lib/crater-agent-workspace/builds/worker-1-tc2/target:/opt/rustwide/target:rw,Z" "-v" "/var/lib/crater-agent-workspace/builds/worker-1-tc2/source:/opt/rustwide/workdir:ro,Z" "-v" "/var/lib/crater-agent-workspace/cargo-home:/opt/rustwide/cargo-home:ro,Z" "-v" "/var/lib/crater-agent-workspace/rustup-home:/opt/rustwide/rustup-home:ro,Z" "-e" "SOURCE_DIR=/opt/rustwide/workdir" "-e" "CARGO_TARGET_DIR=/opt/rustwide/target" "-e" "CARGO_HOME=/opt/rustwide/cargo-home" "-e" "RUSTUP_HOME=/opt/rustwide/rustup-home" "-w" "/opt/rustwide/workdir" "-m" "1610612736" "--user" "0:0" "--network" "none" "ghcr.io/rust-lang/crates-build-env/linux@sha256:2788e3201cd34a07e3172128adcd8b3090168a8e3bcc40d7c032b9dda1df7d1c" "/opt/rustwide/cargo-home/bin/cargo" "+beta-2023-12-22" "metadata" "--no-deps" "--format-version=1", kill_on_drop: false }`
[INFO] [stdout] c331571a6e676333648ed0dfe72b6b24b2c0ef03ed8ae95e9630d65e602ac0b6
[INFO] running `Command { std: "docker" "start" "-a" "c331571a6e676333648ed0dfe72b6b24b2c0ef03ed8ae95e9630d65e602ac0b6", kill_on_drop: false }`
[INFO] running `Command { std: "docker" "inspect" "c331571a6e676333648ed0dfe72b6b24b2c0ef03ed8ae95e9630d65e602ac0b6", kill_on_drop: false }`
[INFO] running `Command { std: "docker" "rm" "-f" "c331571a6e676333648ed0dfe72b6b24b2c0ef03ed8ae95e9630d65e602ac0b6", kill_on_drop: false }`
[INFO] [stdout] c331571a6e676333648ed0dfe72b6b24b2c0ef03ed8ae95e9630d65e602ac0b6
[INFO] running `Command { std: "docker" "create" "-v" "/var/lib/crater-agent-workspace/builds/worker-1-tc2/target:/opt/rustwide/target:rw,Z" "-v" "/var/lib/crater-agent-workspace/builds/worker-1-tc2/source:/opt/rustwide/workdir:ro,Z" "-v" "/var/lib/crater-agent-workspace/cargo-home:/opt/rustwide/cargo-home:ro,Z" "-v" "/var/lib/crater-agent-workspace/rustup-home:/opt/rustwide/rustup-home:ro,Z" "-e" "SOURCE_DIR=/opt/rustwide/workdir" "-e" "CARGO_TARGET_DIR=/opt/rustwide/target" "-e" "CARGO_INCREMENTAL=0" "-e" "RUST_BACKTRACE=full" "-e" "RUSTFLAGS=--cap-lints=warn" "-e" "RUSTDOCFLAGS=--cap-lints=warn" "-e" "CARGO_HOME=/opt/rustwide/cargo-home" "-e" "RUSTUP_HOME=/opt/rustwide/rustup-home" "-w" "/opt/rustwide/workdir" "-m" "1610612736" "--user" "0:0" "--network" "none" "ghcr.io/rust-lang/crates-build-env/linux@sha256:2788e3201cd34a07e3172128adcd8b3090168a8e3bcc40d7c032b9dda1df7d1c" "/opt/rustwide/cargo-home/bin/cargo" "+beta-2023-12-22" "doc" "--frozen" "--no-deps" "--document-private-items" "--message-format=json", kill_on_drop: false }`
[INFO] [stdout] d122ecff12ed80f1ad6096edaedab52931faacc5d9ae76d35454a3d6b00e92ff
[INFO] running `Command { std: "docker" "start" "-a" "d122ecff12ed80f1ad6096edaedab52931faacc5d9ae76d35454a3d6b00e92ff", kill_on_drop: false }`
[INFO] [stderr] warning: virtual workspace defaulting to `resolver = "1"` despite one or more workspace members being on edition 2021 which implies `resolver = "2"`
[INFO] [stderr] note: to keep the current resolver, specify `workspace.resolver = "1"` in the workspace root's manifest
[INFO] [stderr] note: to use the edition 2021 resolver, specify `workspace.resolver = "2"` in the workspace root's manifest
[INFO] [stderr] note: for more details see https://doc.rust-lang.org/cargo/reference/resolver.html#resolver-versions
[INFO] [stderr]    Compiling libc v0.2.142
[INFO] [stderr]    Compiling proc-macro2 v1.0.56
[INFO] [stderr]    Compiling quote v1.0.26
[INFO] [stderr]     Checking cfg-if v1.0.0
[INFO] [stderr]    Compiling syn v1.0.109
[INFO] [stderr]     Checking once_cell v1.13.1
[INFO] [stderr]    Compiling log v0.4.17
[INFO] [stderr]    Compiling futures-core v0.3.28
[INFO] [stderr]     Checking bitflags v1.3.2
[INFO] [stderr]    Compiling xml-rs v0.8.4
[INFO] [stderr]    Compiling memoffset v0.6.5
[INFO] [stderr]    Compiling thiserror v1.0.40
[INFO] [stderr]     Checking smallvec v1.9.0
[INFO] [stderr]     Checking scopeguard v1.1.0
[INFO] [stderr]    Compiling pkg-config v0.3.25
[INFO] [stderr]    Compiling crossbeam-utils v0.8.11
[INFO] [stderr]    Compiling memchr v2.5.0
[INFO] [stderr]    Compiling generic-array v0.14.7
[INFO] [stderr]    Compiling lock_api v0.4.9
[INFO] [stderr]    Compiling serde v1.0.144
[INFO] [stderr]    Compiling syn v2.0.15
[INFO] [stderr]    Compiling wayland-scanner v0.29.5
[INFO] [stderr]    Compiling slab v0.4.8
[INFO] [stderr]     Checking lazy_static v1.4.0
[INFO] [stderr]     Checking libloading v0.7.3
[INFO] [stderr]     Checking pin-project-lite v0.2.9
[INFO] [stderr]     Checking dlib v0.5.0
[INFO] [stderr]     Checking getrandom v0.2.7
[INFO] [stderr]     Checking nix v0.24.2
[INFO] [stderr]    Compiling memoffset v0.7.1
[INFO] [stderr]    Compiling io-lifetimes v1.0.10
[INFO] [stderr]     Checking adler v1.0.2
[INFO] [stderr]    Compiling crc32fast v1.3.2
[INFO] [stderr]    Compiling wayland-sys v0.29.5
[INFO] [stderr]     Checking miniz_oxide v0.5.4
[INFO] [stderr]    Compiling polling v2.8.0
[INFO] [stderr]    Compiling event-listener v2.5.3
[INFO] [stderr]    Compiling rustix v0.37.14
[INFO] [stderr]    Compiling futures-task v0.3.28
[INFO] [stderr]     Checking flate2 v1.0.24
[INFO] [stderr]    Compiling wayland-client v0.29.5
[INFO] [stderr]    Compiling typenum v1.16.0
[INFO] [stderr]    Compiling futures-io v0.3.28
[INFO] [stderr]     Checking fastrand v1.8.0
[INFO] [stderr]     Checking futures-sink v0.3.28
[INFO] [stderr]    Compiling parking_lot_core v0.9.3
[INFO] [stderr]    Compiling concurrent-queue v2.2.0
[INFO] [stderr]    Compiling async-io v1.13.0
[INFO] [stderr]    Compiling async-fs v1.6.0
[INFO] [stderr]    Compiling khronos_api v3.1.0
[INFO] [stderr]     Checking downcast-rs v1.2.0
[INFO] [stderr]    Compiling parking v2.1.0
[INFO] [stderr]     Checking ttf-parser v0.15.2
[INFO] [stderr]     Checking byteorder v1.4.3
[INFO] [stderr]    Compiling cfg_aliases v0.1.1
[INFO] [stderr]     Checking scoped-tls v1.0.0
[INFO] [stderr]    Compiling waker-fn v1.1.0
[INFO] [stderr]    Compiling futures-util v0.3.28
[INFO] [stderr]    Compiling futures-lite v1.13.0
[INFO] [stderr]    Compiling crossbeam-epoch v0.9.10
[INFO] [stderr]     Checking png v0.17.6
[INFO] [stderr]    Compiling async-lock v2.7.0
[INFO] [stderr]     Checking rand_core v0.6.3
[INFO] [stderr]     Checking num_cpus v1.13.1
[INFO] [stderr]    Compiling zvariant_utils v1.0.0
[INFO] [stderr]    Compiling slotmap v1.0.6
[INFO] [stderr]     Checking wayland-commons v0.29.5
[INFO] [stderr]     Checking ab_glyph_rasterizer v0.1.7
[INFO] [stderr]     Checking ppv-lite86 v0.2.16
[INFO] [stderr]     Checking minimal-lexical v0.2.1
[INFO] [stderr]    Compiling static_assertions v1.1.0
[INFO] [stderr]     Checking owned_ttf_parser v0.15.2
[INFO] [stderr]    Compiling rayon-core v1.9.3
[INFO] [stderr]     Checking ab_glyph v0.2.17
[INFO] [stderr]     Checking nom v7.1.1
[INFO] [stderr]     Checking rand_chacha v0.3.1
[INFO] [stderr]     Checking parking_lot v0.12.1
[INFO] [stderr]    Compiling thiserror-impl v1.0.40
[INFO] [stderr]    Compiling enumflags2_derive v0.7.7
[INFO] [stderr]    Compiling wayland-protocols v0.29.5
[INFO] [stderr]    Compiling aho-corasick v1.0.1
[INFO] [stderr]    Compiling x11-dl v2.20.0
[INFO] [stderr]     Checking tracing-core v0.1.30
[INFO] [stderr]    Compiling regex-syntax v0.7.1
[INFO] [stderr]    Compiling async-task v4.4.0
[INFO] [stderr]    Compiling async-trait v0.1.68
[INFO] [stderr]     Checking xcursor v0.3.4
[INFO] [stderr]     Checking crossbeam-deque v0.8.2
[INFO] [stderr]    Compiling gl_generator v0.14.0
[INFO] [stderr]     Checking rand v0.8.5
[INFO] [stderr]    Compiling serde_derive v1.0.144
[INFO] [stderr]    Compiling bytemuck_derive v1.2.1
[INFO] [stderr]    Compiling tracing-attributes v0.1.23
[INFO] [stderr]    Compiling crypto-common v0.1.6
[INFO] [stderr]    Compiling block-buffer v0.10.4
[INFO] [stderr]    Compiling async-channel v1.8.0
[INFO] [stderr]    Compiling smithay-client-toolkit v0.16.0
[INFO] [stderr]     Checking crossbeam-channel v0.5.6
[INFO] [stderr]    Compiling regex v1.8.1
[INFO] [stderr]    Compiling atomic-waker v1.1.1
[INFO] [stderr]     Checking cty v0.2.2
[INFO] [stderr]    Compiling linux-raw-sys v0.3.4
[INFO] [stderr]     Checking bytemuck v1.12.1
[INFO] [stderr]     Checking vec_map v0.8.2
[INFO] [stderr]     Checking calloop v0.10.1
[INFO] [stderr]    Compiling blocking v1.3.1
[INFO] [stderr]    Compiling rayon v1.5.3
[INFO] [stderr]     Checking tracing v0.1.37
[INFO] [stderr]    Compiling digest v0.10.6
[INFO] [stderr]    Compiling derivative v2.2.0
[INFO] [stderr]    Compiling nix v0.26.2
[INFO] [stderr]     Checking wayland-cursor v0.29.5
[INFO] [stderr]    Compiling serde_repr v0.1.12
[INFO] [stderr]    Compiling async-recursion v1.0.4
[INFO] [stderr]    Compiling socket2 v0.4.9
[INFO] [stderr]     Checking memmap2 v0.5.10
[INFO] [stderr]    Compiling ahash v0.8.3
[INFO] [stderr]     Checking arrayref v0.3.6
[INFO] [stderr]    Compiling cpufeatures v0.2.7
[INFO] [stderr]     Checking percent-encoding v2.2.0
[INFO] [stderr]    Compiling pin-utils v0.1.0
[INFO] [stderr]     Checking either v1.8.0
[INFO] [stderr]     Checking strict-num v0.1.0
[INFO] [stderr]     Checking accesskit v0.9.0
[INFO] [stderr]     Checking tiny-skia-path v0.8.4
[INFO] [stderr]    Compiling sha1 v0.10.5
[INFO] [stderr]    Compiling num-traits v0.2.15
[INFO] [stderr]    Compiling xdg-home v1.0.0
[INFO] [stderr]    Compiling pin-project-internal v1.0.12
[INFO] [stderr]    Compiling async-executor v1.5.1
[INFO] [stderr]    Compiling async-broadcast v0.5.1
[INFO] [stderr]    Compiling ordered-stream v0.2.0
[INFO] [stderr]     Checking enumflags2 v0.7.7
[INFO] [stderr]     Checking tinyvec_macros v0.1.0
[INFO] [stderr]    Compiling hex v0.4.3
[INFO] [stderr]     Checking arrayvec v0.7.2
[INFO] [stderr]    Compiling toml v0.5.9
[INFO] [stderr]    Compiling serde-xml-rs v0.4.1
[INFO] [stderr]     Checking tiny-skia v0.8.4
[INFO] [stderr]     Checking tinyvec v1.6.0
[INFO] [stderr]    Compiling num-integer v0.1.45
[INFO] [stderr]    Compiling proc-macro-error-attr v1.0.4
[INFO] [stderr]    Compiling proc-macro-crate v1.2.1
[INFO] [stderr]     Checking pin-project v1.0.12
[INFO] [stderr]     Checking emath v0.21.0
[INFO] [stderr]     Checking ecolor v0.21.0
[INFO] [stderr]     Checking raw-window-handle v0.5.0
[INFO] [stderr]    Compiling winit v0.28.3
[INFO] [stderr]     Checking nanorand v0.7.0
[INFO] [stderr]     Checking spin v0.9.4
[INFO] [stderr]    Compiling ahash v0.7.6
[INFO] [stderr]    Compiling zvariant_derive v3.12.0
[INFO] [stderr]    Compiling zbus_macros v3.12.0
[INFO] [stderr]     Checking nohash-hasher v0.2.0
[INFO] [stderr]     Checking weezl v0.1.7
[INFO] [stderr]     Checking epaint v0.21.0
[INFO] [stderr]    Compiling num-rational v0.4.1
[INFO] [stderr]     Checking flume v0.10.14
[INFO] [stderr]     Checking unicode-normalization v0.1.22
[INFO] [stderr]    Compiling proc-macro-error v1.0.4
[INFO] [stderr]     Checking jpeg-decoder v0.2.6
[INFO] [stderr]    Compiling glutin_glx_sys v0.4.0
[INFO] [stderr]    Compiling glutin_egl_sys v0.4.0
[INFO] [stderr]     Checking threadpool v1.8.1
[INFO] [stderr]     Checking mio v0.8.4
[INFO] [stderr]     Checking terminal_size v0.1.17
[INFO] [stderr]    Compiling zvariant v3.12.0
[INFO] [stderr]    Compiling wayland-sys v0.30.1
[INFO] [stderr]     Checking instant v0.1.12
[INFO] [stderr]     Checking unicode-bidi v0.3.8
[INFO] [stderr]     Checking bit_field v0.10.1
[INFO] [stderr]     Checking color_quant v1.1.0
[INFO] [stderr]     Checking unicode-width v0.1.9
[INFO] [stderr]     Checking half v1.8.2
[INFO] [stderr]     Checking lebe v0.5.2
[INFO] [stderr]     Checking console v0.15.1
[INFO] [stderr]     Checking exr v1.5.1
[INFO] [stderr]     Checking idna v0.3.0
[INFO] [stderr]     Checking gif v0.11.4
[INFO] [stderr]     Checking tiff v0.7.3
[INFO] [stderr]     Checking egui v0.21.0
[INFO] [stderr]     Checking accesskit_consumer v0.13.0
[INFO] [stderr]    Compiling zbus_names v2.5.0
[INFO] [stderr]     Checking form_urlencoded v1.1.0
[INFO] [stderr]     Checking x11rb-protocol v0.10.0
[INFO] [stderr]    Compiling glutin v0.30.7
[INFO] [stderr]     Checking gethostname v0.2.3
[INFO] [stderr]     Checking dirs-sys v0.3.7
[INFO] [stderr]     Checking number_prefix v0.4.0
[INFO] [stderr]     Checking scoped_threadpool v0.1.9
[INFO] [stderr]     Checking indicatif v0.17.1
[INFO] [stderr]     Checking dirs v4.0.0
[INFO] [stderr]     Checking url v2.3.1
[INFO] [stderr]     Checking tobj v3.2.3
[INFO] [stderr]    Compiling enum_dispatch v0.3.8
[INFO] [stderr]    Compiling glutin-winit v0.3.0
[INFO] [stderr]    Compiling paste v1.0.12
[INFO] [stderr]     Checking image v0.24.3
[INFO] [stderr]     Checking spmc v0.3.0
[INFO] [stderr]     Checking impl_ops v0.1.1
[INFO] [stderr]     Checking webbrowser v0.8.9
[INFO] [stderr]     Checking glow v0.12.1
[INFO] [stderr]    Compiling zbus v3.12.0
[INFO] [stderr]     Checking remove_dir_all v0.5.3
[INFO] [stderr]     Checking os_str_bytes v6.3.1
[INFO] [stderr]     Checking tempfile v3.3.0
[INFO] [stderr]     Checking clap_lex v0.3.0
[INFO] [stderr]    Compiling clap_derive v4.0.18
[INFO] [stderr]     Checking egui_glow v0.21.0
[INFO] [stderr]    Compiling duplicate v1.0.0
[INFO] [stderr]     Checking raw-window-handle v0.4.3
[INFO] [stderr]     Checking atty v0.2.14
[INFO] [stderr]     Checking strsim v0.10.0
[INFO] [stderr]     Checking termcolor v1.1.3
[INFO] [stderr]     Checking softbuffer v0.1.1
[INFO] [stderr]     Checking heliochrome v0.1.0 (/opt/rustwide/workdir/heliochrome)
[INFO] [stderr]  Documenting heliochrome v0.1.0 (/opt/rustwide/workdir/heliochrome)
[INFO] [stdout] error[E0432]: unresolved import `std::simd::SimdFloat`
[INFO] [stdout]  --> heliochrome/src/maths/misc.rs:1:34
[INFO] [stdout]   |
[INFO] [stdout] 1 | use std::simd::{LaneCount, Simd, SimdFloat, SupportedLaneCount};
[INFO] [stdout]   |                                  ^^^^^^^^^
[INFO] [stdout]   |                                  |
[INFO] [stdout]   |                                  no `SimdFloat` in `simd`
[INFO] [stdout]   |                                  help: a similar name exists in the module: `StdFloat`
[INFO] [stdout]   |
[INFO] [stdout]   = help: consider importing one of these items instead:
[INFO] [stdout]           core::simd::prelude::SimdFloat
[INFO] [stdout]           std::simd::prelude::SimdFloat
[INFO] [stdout] 
[INFO] [stdout] 
[INFO] [stdout] error[E0432]: unresolved import `std::simd::SimdFloat`
[INFO] [stdout]  --> heliochrome/src/maths/misc.rs:1:34
[INFO] [stdout]   |
[INFO] [stdout] 1 | use std::simd::{LaneCount, Simd, SimdFloat, SupportedLaneCount};
[INFO] [stdout]   |                                  ^^^^^^^^^
[INFO] [stdout]   |                                  |
[INFO] [stdout]   |                                  no `SimdFloat` in `simd`
[INFO] [stdout]   |                                  help: a similar name exists in the module: `StdFloat`
[INFO] [stdout]   |
[INFO] [stdout]   = help: consider importing one of these items instead:
[INFO] [stdout]           core::simd::prelude::SimdFloat
[INFO] [stdout]           std::simd::prelude::SimdFloat
[INFO] [stdout] 
[INFO] [stdout] 
[INFO] [stdout] error[E0432]: unresolved import `std::simd::SimdFloat`
[INFO] [stdout]  --> heliochrome/src/maths/vector3.rs:4:19
[INFO] [stdout]   |
[INFO] [stdout] 4 |     simd::{f32x4, SimdFloat, StdFloat},
[INFO] [stdout]   |                   ^^^^^^^^^
[INFO] [stdout]   |                   |
[INFO] [stdout]   |                   no `SimdFloat` in `simd`
[INFO] [stdout]   |                   help: a similar name exists in the module: `StdFloat`
[INFO] [stdout]   |
[INFO] [stdout]   = help: consider importing one of these items instead:
[INFO] [stdout]           core::simd::prelude::SimdFloat
[INFO] [stdout]           std::simd::prelude::SimdFloat
[INFO] [stdout] 
[INFO] [stdout] 
[INFO] [stdout] error[E0432]: unresolved import `std::simd::SimdFloat`
[INFO] [stdout]  --> heliochrome/src/maths/vector3.rs:4:19
[INFO] [stdout]   |
[INFO] [stdout] 4 |     simd::{f32x4, SimdFloat, StdFloat},
[INFO] [stdout]   |                   ^^^^^^^^^
[INFO] [stdout]   |                   |
[INFO] [stdout]   |                   no `SimdFloat` in `simd`
[INFO] [stdout]   |                   help: a similar name exists in the module: `StdFloat`
[INFO] [stdout]   |
[INFO] [stdout]   = help: consider importing one of these items instead:
[INFO] [stdout]           core::simd::prelude::SimdFloat
[INFO] [stdout]           std::simd::prelude::SimdFloat
[INFO] [stdout] 
[INFO] [stdout] 
[INFO] [stdout] error[E0554]: `#![feature]` may not be used on the beta release channel
[INFO] [stdout]  --> heliochrome/src/lib.rs:1:1
[INFO] [stdout]   |
[INFO] [stdout] 1 | #![feature(portable_simd)]
[INFO] [stdout]   | ^^^^^^^^^^^^^^^^^^^^^^^^^^
[INFO] [stdout] 
[INFO] [stdout] 
[INFO] [stdout] error[E0554]: `#![feature]` may not be used on the beta release channel
[INFO] [stdout]  --> heliochrome/src/lib.rs:2:1
[INFO] [stdout]   |
[INFO] [stdout] 2 | #![feature(const_trait_impl)]
[INFO] [stdout]   | ^^^^^^^^^^^^^^^^^^^^^^^^^^^^^
[INFO] [stdout] 
[INFO] [stdout] 
[INFO] [stdout] error[E0554]: `#![feature]` may not be used on the beta release channel
[INFO] [stdout]  --> heliochrome/src/lib.rs:3:1
[INFO] [stdout]   |
[INFO] [stdout] 3 | #![feature(stmt_expr_attributes)]
[INFO] [stdout]   | ^^^^^^^^^^^^^^^^^^^^^^^^^^^^^^^^^
[INFO] [stdout] 
[INFO] [stdout] 
[INFO] [stdout] error[E0554]: `#![feature]` may not be used on the beta release channel
[INFO] [stdout]  --> heliochrome/src/lib.rs:4:1
[INFO] [stdout]   |
[INFO] [stdout] 4 | #![feature(let_chains)]
[INFO] [stdout]   | ^^^^^^^^^^^^^^^^^^^^^^^
[INFO] [stdout] 
[INFO] [stdout] 
[INFO] [stdout] error[E0554]: `#![feature]` may not be used on the beta release channel
[INFO] [stdout]  --> heliochrome/src/lib.rs:5:1
[INFO] [stdout]   |
[INFO] [stdout] 5 | #![feature(iter_advance_by)]
[INFO] [stdout]   | ^^^^^^^^^^^^^^^^^^^^^^^^^^^^
[INFO] [stdout] 
[INFO] [stdout] 
[INFO] [stdout] error[E0554]: `#![feature]` may not be used on the beta release channel
[INFO] [stdout]  --> heliochrome/src/lib.rs:1:1
[INFO] [stdout]   |
[INFO] [stdout] 1 | #![feature(portable_simd)]
[INFO] [stdout]   | ^^^^^^^^^^^^^^^^^^^^^^^^^^
[INFO] [stdout] 
[INFO] [stdout] 
[INFO] [stdout] error[E0554]: `#![feature]` may not be used on the beta release channel
[INFO] [stdout]  --> heliochrome/src/lib.rs:2:1
[INFO] [stdout]   |
[INFO] [stdout] 2 | #![feature(const_trait_impl)]
[INFO] [stdout]   | ^^^^^^^^^^^^^^^^^^^^^^^^^^^^^
[INFO] [stdout] 
[INFO] [stdout] 
[INFO] [stdout] error[E0554]: `#![feature]` may not be used on the beta release channel
[INFO] [stdout]  --> heliochrome/src/lib.rs:3:1
[INFO] [stdout]   |
[INFO] [stdout] 3 | #![feature(stmt_expr_attributes)]
[INFO] [stdout]   | ^^^^^^^^^^^^^^^^^^^^^^^^^^^^^^^^^
[INFO] [stdout] 
[INFO] [stdout] 
[INFO] [stdout] error[E0554]: `#![feature]` may not be used on the beta release channel
[INFO] [stdout]  --> heliochrome/src/lib.rs:4:1
[INFO] [stdout]   |
[INFO] [stdout] 4 | #![feature(let_chains)]
[INFO] [stdout]   | ^^^^^^^^^^^^^^^^^^^^^^^
[INFO] [stdout] 
[INFO] [stdout] 
[INFO] [stdout] error[E0554]: `#![feature]` may not be used on the beta release channel
[INFO] [stdout]  --> heliochrome/src/lib.rs:5:1
[INFO] [stdout]   |
[INFO] [stdout] 5 | #![feature(iter_advance_by)]
[INFO] [stdout]   | ^^^^^^^^^^^^^^^^^^^^^^^^^^^^
[INFO] [stdout] 
[INFO] [stdout] 
[INFO] [stderr]     Checking egui_dock v0.5.0
[INFO] [stdout] error[E0554]: `#![feature]` may not be used on the beta release channel
[INFO] [stdout]  --> heliochrome/src/lib.rs:1:12
[INFO] [stdout]   |
[INFO] [stdout] 1 | #![feature(portable_simd)]
[INFO] [stdout]   |            ^^^^^^^^^^^^^
[INFO] [stdout] 
[INFO] [stdout] 
[INFO] [stdout] error[E0554]: `#![feature]` may not be used on the beta release channel
[INFO] [stdout]  --> heliochrome/src/lib.rs:5:12
[INFO] [stdout]   |
[INFO] [stdout] 5 | #![feature(iter_advance_by)]
[INFO] [stdout]   |            ^^^^^^^^^^^^^^^
[INFO] [stdout] 
[INFO] [stdout] 
[INFO] [stdout] error: aborting due to 7 previous errors
[INFO] [stdout] 
[INFO] [stdout] 
[INFO] [stdout] Some errors have detailed explanations: E0432, E0554.
[INFO] [stdout] 
[INFO] [stdout] For more information about an error, try `rustc --explain E0432`.
[INFO] [stdout] 
[INFO] [stderr] error: could not document `heliochrome`
[INFO] [stderr] 
[INFO] [stderr] Caused by:
[INFO] [stderr]   process didn't exit successfully: `/opt/rustwide/rustup-home/toolchains/beta-2023-12-22-x86_64-unknown-linux-gnu/bin/rustdoc --edition=2021 --crate-type cdylib --crate-type rlib --crate-name heliochrome heliochrome/src/lib.rs -o /opt/rustwide/target/doc --error-format=json --json=diagnostic-rendered-ansi,artifacts,future-incompat --document-private-items -C metadata=8f0ed4041cdaebdd -L dependency=/opt/rustwide/target/debug/deps --extern enum_dispatch=/opt/rustwide/target/debug/deps/libenum_dispatch-38fa6a9dfd920cae.so --extern image=/opt/rustwide/target/debug/deps/libimage-750fd1914714db58.rmeta --extern impl_ops=/opt/rustwide/target/debug/deps/libimpl_ops-b49303f61a8b78f5.rmeta --extern indicatif=/opt/rustwide/target/debug/deps/libindicatif-cef9702c62b10ccb.rmeta --extern rand=/opt/rustwide/target/debug/deps/librand-3924f1612ec5f853.rmeta --extern rayon=/opt/rustwide/target/debug/deps/librayon-eedd29723901cfe6.rmeta --extern spmc=/opt/rustwide/target/debug/deps/libspmc-91faa955f386361e.rmeta --extern tobj=/opt/rustwide/target/debug/deps/libtobj-0cad52046b415d26.rmeta --cap-lints=warn --crate-version 0.1.0` (exit status: 1)
[INFO] [stderr] warning: build failed, waiting for other jobs to finish...
[INFO] [stdout] error[E0599]: no method named `simd_min` found for struct `Simd` in the current scope
[INFO] [stdout]   --> heliochrome/src/maths/misc.rs:35:14
[INFO] [stdout]    |
[INFO] [stdout] 35 |         self.simd_min(other)
[INFO] [stdout]    |              ^^^^^^^^ method not found in `Simd<f32, LANES>`
[INFO] [stdout]   --> /rustc/0e09125c6c3c2fd70d7de961bcf0e51575235fad/library/core/src/../../portable-simd/crates/core_simd/src/simd/num/float.rs:141:8
[INFO] [stdout]    |
[INFO] [stdout]    = note: the method is available for `Simd<f32, LANES>` here
[INFO] [stdout]    |
[INFO] [stdout]    = help: items from traits can only be used if the trait is in scope
[INFO] [stdout] help: the following trait is implemented but not in scope; perhaps add a `use` for it:
[INFO] [stdout]    |
[INFO] [stdout] 1  + use std::simd::num::SimdFloat;
[INFO] [stdout]    |
[INFO] [stdout] 
[INFO] [stdout] 
[INFO] [stdout] error[E0599]: no method named `simd_max` found for struct `Simd` in the current scope
[INFO] [stdout]   --> heliochrome/src/maths/misc.rs:39:14
[INFO] [stdout]    |
[INFO] [stdout] 39 |         self.simd_max(other)
[INFO] [stdout]    |              ^^^^^^^^ method not found in `Simd<f32, LANES>`
[INFO] [stdout]   --> /rustc/0e09125c6c3c2fd70d7de961bcf0e51575235fad/library/core/src/../../portable-simd/crates/core_simd/src/simd/num/float.rs:147:8
[INFO] [stdout]    |
[INFO] [stdout]    = note: the method is available for `Simd<f32, LANES>` here
[INFO] [stdout]    |
[INFO] [stdout]    = help: items from traits can only be used if the trait is in scope
[INFO] [stdout] help: the following trait is implemented but not in scope; perhaps add a `use` for it:
[INFO] [stdout]    |
[INFO] [stdout] 1  + use std::simd::num::SimdFloat;
[INFO] [stdout]    |
[INFO] [stdout] 
[INFO] [stdout] 
[INFO] [stdout] error[E0599]: no method named `simd_clamp` found for struct `Simd` in the current scope
[INFO] [stdout]   --> heliochrome/src/maths/misc.rs:43:14
[INFO] [stdout]    |
[INFO] [stdout] 43 |         self.simd_clamp(min, max)
[INFO] [stdout]    |              ^^^^^^^^^^ method not found in `Simd<f32, LANES>`
[INFO] [stdout]   --> /rustc/0e09125c6c3c2fd70d7de961bcf0e51575235fad/library/core/src/../../portable-simd/crates/core_simd/src/simd/num/float.rs:155:8
[INFO] [stdout]    |
[INFO] [stdout]    = note: the method is available for `Simd<f32, LANES>` here
[INFO] [stdout]    |
[INFO] [stdout]    = help: items from traits can only be used if the trait is in scope
[INFO] [stdout] help: the following trait is implemented but not in scope; perhaps add a `use` for it:
[INFO] [stdout]    |
[INFO] [stdout] 1  + use std::simd::num::SimdFloat;
[INFO] [stdout]    |
[INFO] [stdout] 
[INFO] [stdout] 
[INFO] [stdout] error[E0599]: no method named `abs` found for struct `Simd` in the current scope
[INFO] [stdout]    --> heliochrome/src/maths/vector3.rs:127:25
[INFO] [stdout]     |
[INFO] [stdout] 127 |                 self.$x.abs() < $t::splat($b::EPSILON)
[INFO] [stdout]     |                         ^^^ method not found in `Simd<f32, 4>`
[INFO] [stdout] ...
[INFO] [stdout] 342 | vec3_impl!(mvec3, f32x4, f32, x, y, z);
[INFO] [stdout]     | -------------------------------------- in this macro invocation
[INFO] [stdout]    --> /rustc/0e09125c6c3c2fd70d7de961bcf0e51575235fad/library/core/src/../../portable-simd/crates/core_simd/src/simd/num/float.rs:78:8
[INFO] [stdout]     |
[INFO] [stdout]     = note: the method is available for `Simd<f32, 4>` here
[INFO] [stdout]     |
[INFO] [stdout]     = help: items from traits can only be used if the trait is in scope
[INFO] [stdout]     = note: this error originates in the macro `vec3_impl` (in Nightly builds, run with -Z macro-backtrace for more info)
[INFO] [stdout] help: the following trait is implemented but not in scope; perhaps add a `use` for it:
[INFO] [stdout]     |
[INFO] [stdout] 1   + use std::simd::num::SimdFloat;
[INFO] [stdout]     |
[INFO] [stdout] 
[INFO] [stdout] 
[INFO] [stdout] error[E0599]: no method named `abs` found for struct `Simd` in the current scope
[INFO] [stdout]    --> heliochrome/src/maths/vector3.rs:128:32
[INFO] [stdout]     |
[INFO] [stdout] 128 |                     && self.$y.abs() < $t::splat($b::EPSILON)
[INFO] [stdout]     |                                ^^^ method not found in `Simd<f32, 4>`
[INFO] [stdout] ...
[INFO] [stdout] 342 | vec3_impl!(mvec3, f32x4, f32, x, y, z);
[INFO] [stdout]     | -------------------------------------- in this macro invocation
[INFO] [stdout]    --> /rustc/0e09125c6c3c2fd70d7de961bcf0e51575235fad/library/core/src/../../portable-simd/crates/core_simd/src/simd/num/float.rs:78:8
[INFO] [stdout]     |
[INFO] [stdout]     = note: the method is available for `Simd<f32, 4>` here
[INFO] [stdout]     |
[INFO] [stdout]     = help: items from traits can only be used if the trait is in scope
[INFO] [stdout]     = note: this error originates in the macro `vec3_impl` (in Nightly builds, run with -Z macro-backtrace for more info)
[INFO] [stdout] help: the following trait is implemented but not in scope; perhaps add a `use` for it:
[INFO] [stdout]     |
[INFO] [stdout] 1   + use std::simd::num::SimdFloat;
[INFO] [stdout]     |
[INFO] [stdout] 
[INFO] [stdout] 
[INFO] [stdout] error[E0599]: no method named `abs` found for struct `Simd` in the current scope
[INFO] [stdout]    --> heliochrome/src/maths/vector3.rs:129:32
[INFO] [stdout]     |
[INFO] [stdout] 129 |                     && self.$z.abs() < $t::splat($b::EPSILON)
[INFO] [stdout]     |                                ^^^ method not found in `Simd<f32, 4>`
[INFO] [stdout] ...
[INFO] [stdout] 342 | vec3_impl!(mvec3, f32x4, f32, x, y, z);
[INFO] [stdout]     | -------------------------------------- in this macro invocation
[INFO] [stdout]    --> /rustc/0e09125c6c3c2fd70d7de961bcf0e51575235fad/library/core/src/../../portable-simd/crates/core_simd/src/simd/num/float.rs:78:8
[INFO] [stdout]     |
[INFO] [stdout]     = note: the method is available for `Simd<f32, 4>` here
[INFO] [stdout]     |
[INFO] [stdout]     = help: items from traits can only be used if the trait is in scope
[INFO] [stdout]     = note: this error originates in the macro `vec3_impl` (in Nightly builds, run with -Z macro-backtrace for more info)
[INFO] [stdout] help: the following trait is implemented but not in scope; perhaps add a `use` for it:
[INFO] [stdout]     |
[INFO] [stdout] 1   + use std::simd::num::SimdFloat;
[INFO] [stdout]     |
[INFO] [stdout] 
[INFO] [stdout] 
[INFO] [stdout] error[E0599]: no method named `abs` found for struct `Simd` in the current scope
[INFO] [stdout]    --> heliochrome/src/maths/vector3.rs:160:35
[INFO] [stdout]     |
[INFO] [stdout] 160 |                 Self::new(self.$x.abs(), self.$y.abs(), self.$z.abs())
[INFO] [stdout]     |                                   ^^^ method not found in `Simd<f32, 4>`
[INFO] [stdout] ...
[INFO] [stdout] 342 | vec3_impl!(mvec3, f32x4, f32, x, y, z);
[INFO] [stdout]     | -------------------------------------- in this macro invocation
[INFO] [stdout]    --> /rustc/0e09125c6c3c2fd70d7de961bcf0e51575235fad/library/core/src/../../portable-simd/crates/core_simd/src/simd/num/float.rs:78:8
[INFO] [stdout]     |
[INFO] [stdout]     = note: the method is available for `Simd<f32, 4>` here
[INFO] [stdout]     |
[INFO] [stdout]     = help: items from traits can only be used if the trait is in scope
[INFO] [stdout]     = note: this error originates in the macro `vec3_impl` (in Nightly builds, run with -Z macro-backtrace for more info)
[INFO] [stdout] help: the following trait is implemented but not in scope; perhaps add a `use` for it:
[INFO] [stdout]     |
[INFO] [stdout] 1   + use std::simd::num::SimdFloat;
[INFO] [stdout]     |
[INFO] [stdout] 
[INFO] [stdout] 
[INFO] [stdout] error[E0599]: no method named `abs` found for struct `Simd` in the current scope
[INFO] [stdout]    --> heliochrome/src/maths/vector3.rs:160:50
[INFO] [stdout]     |
[INFO] [stdout] 160 |                 Self::new(self.$x.abs(), self.$y.abs(), self.$z.abs())
[INFO] [stdout]     |                                                  ^^^ method not found in `Simd<f32, 4>`
[INFO] [stdout] ...
[INFO] [stdout] 342 | vec3_impl!(mvec3, f32x4, f32, x, y, z);
[INFO] [stdout]     | -------------------------------------- in this macro invocation
[INFO] [stdout]    --> /rustc/0e09125c6c3c2fd70d7de961bcf0e51575235fad/library/core/src/../../portable-simd/crates/core_simd/src/simd/num/float.rs:78:8
[INFO] [stdout]     |
[INFO] [stdout]     = note: the method is available for `Simd<f32, 4>` here
[INFO] [stdout]     |
[INFO] [stdout]     = help: items from traits can only be used if the trait is in scope
[INFO] [stdout]     = note: this error originates in the macro `vec3_impl` (in Nightly builds, run with -Z macro-backtrace for more info)
[INFO] [stdout] help: the following trait is implemented but not in scope; perhaps add a `use` for it:
[INFO] [stdout]     |
[INFO] [stdout] 1   + use std::simd::num::SimdFloat;
[INFO] [stdout]     |
[INFO] [stdout] 
[INFO] [stdout] 
[INFO] [stdout] error[E0599]: no method named `abs` found for struct `Simd` in the current scope
[INFO] [stdout]    --> heliochrome/src/maths/vector3.rs:160:65
[INFO] [stdout]     |
[INFO] [stdout] 160 |                 Self::new(self.$x.abs(), self.$y.abs(), self.$z.abs())
[INFO] [stdout]     |                                                                 ^^^ method not found in `Simd<f32, 4>`
[INFO] [stdout] ...
[INFO] [stdout] 342 | vec3_impl!(mvec3, f32x4, f32, x, y, z);
[INFO] [stdout]     | -------------------------------------- in this macro invocation
[INFO] [stdout]    --> /rustc/0e09125c6c3c2fd70d7de961bcf0e51575235fad/library/core/src/../../portable-simd/crates/core_simd/src/simd/num/float.rs:78:8
[INFO] [stdout]     |
[INFO] [stdout]     = note: the method is available for `Simd<f32, 4>` here
[INFO] [stdout]     |
[INFO] [stdout]     = help: items from traits can only be used if the trait is in scope
[INFO] [stdout]     = note: this error originates in the macro `vec3_impl` (in Nightly builds, run with -Z macro-backtrace for more info)
[INFO] [stdout] help: the following trait is implemented but not in scope; perhaps add a `use` for it:
[INFO] [stdout]     |
[INFO] [stdout] 1   + use std::simd::num::SimdFloat;
[INFO] [stdout]     |
[INFO] [stdout] 
[INFO] [stdout] 
[INFO] [stdout] error[E0599]: no method named `abs` found for struct `Simd` in the current scope
[INFO] [stdout]    --> heliochrome/src/maths/vector3.rs:178:78
[INFO] [stdout]     |
[INFO] [stdout] 178 |                 let r_out_parallel = -($t::splat(1.0) - r_out_perp.mag_sq()).abs().sqrt() * n;
[INFO] [stdout]     |                                                                              ^^^ method not found in `Simd<f32, 4>`
[INFO] [stdout] ...
[INFO] [stdout] 342 | vec3_impl!(mvec3, f32x4, f32, x, y, z);
[INFO] [stdout]     | -------------------------------------- in this macro invocation
[INFO] [stdout]    --> /rustc/0e09125c6c3c2fd70d7de961bcf0e51575235fad/library/core/src/../../portable-simd/crates/core_simd/src/simd/num/float.rs:78:8
[INFO] [stdout]     |
[INFO] [stdout]     = note: the method is available for `Simd<f32, 4>` here
[INFO] [stdout]     |
[INFO] [stdout]     = help: items from traits can only be used if the trait is in scope
[INFO] [stdout]     = note: this error originates in the macro `vec3_impl` (in Nightly builds, run with -Z macro-backtrace for more info)
[INFO] [stdout] help: the following trait is implemented but not in scope; perhaps add a `use` for it:
[INFO] [stdout]     |
[INFO] [stdout] 1   + use std::simd::num::SimdFloat;
[INFO] [stdout]     |
[INFO] [stdout] 
[INFO] [stdout] 
[INFO] [stdout] error[E0599]: no method named `signum` found for struct `Simd` in the current scope
[INFO] [stdout]    --> heliochrome/src/maths/vector3.rs:212:35
[INFO] [stdout]     |
[INFO] [stdout] 212 |                 Self::new(self.$x.signum(), self.$y.signum(), self.$z.signum())
[INFO] [stdout]     |                                   ^^^^^^ method not found in `Simd<f32, 4>`
[INFO] [stdout] ...
[INFO] [stdout] 342 | vec3_impl!(mvec3, f32x4, f32, x, y, z);
[INFO] [stdout]     | -------------------------------------- in this macro invocation
[INFO] [stdout]    --> /rustc/0e09125c6c3c2fd70d7de961bcf0e51575235fad/library/core/src/../../portable-simd/crates/core_simd/src/simd/num/float.rs:129:8
[INFO] [stdout]     |
[INFO] [stdout]     = note: the method is available for `Simd<f32, 4>` here
[INFO] [stdout]     |
[INFO] [stdout]     = help: items from traits can only be used if the trait is in scope
[INFO] [stdout]     = note: this error originates in the macro `vec3_impl` (in Nightly builds, run with -Z macro-backtrace for more info)
[INFO] [stdout] help: the following trait is implemented but not in scope; perhaps add a `use` for it:
[INFO] [stdout]     |
[INFO] [stdout] 1   + use std::simd::num::SimdFloat;
[INFO] [stdout]     |
[INFO] [stdout] 
[INFO] [stdout] 
[INFO] [stdout] error[E0599]: no method named `signum` found for struct `Simd` in the current scope
[INFO] [stdout]    --> heliochrome/src/maths/vector3.rs:212:53
[INFO] [stdout]     |
[INFO] [stdout] 212 |                 Self::new(self.$x.signum(), self.$y.signum(), self.$z.signum())
[INFO] [stdout]     |                                                     ^^^^^^ method not found in `Simd<f32, 4>`
[INFO] [stdout] ...
[INFO] [stdout] 342 | vec3_impl!(mvec3, f32x4, f32, x, y, z);
[INFO] [stdout]     | -------------------------------------- in this macro invocation
[INFO] [stdout]    --> /rustc/0e09125c6c3c2fd70d7de961bcf0e51575235fad/library/core/src/../../portable-simd/crates/core_simd/src/simd/num/float.rs:129:8
[INFO] [stdout]     |
[INFO] [stdout]     = note: the method is available for `Simd<f32, 4>` here
[INFO] [stdout]     |
[INFO] [stdout]     = help: items from traits can only be used if the trait is in scope
[INFO] [stdout]     = note: this error originates in the macro `vec3_impl` (in Nightly builds, run with -Z macro-backtrace for more info)
[INFO] [stdout] help: the following trait is implemented but not in scope; perhaps add a `use` for it:
[INFO] [stdout]     |
[INFO] [stdout] 1   + use std::simd::num::SimdFloat;
[INFO] [stdout]     |
[INFO] [stdout] 
[INFO] [stdout] 
[INFO] [stdout] error[E0599]: no method named `signum` found for struct `Simd` in the current scope
[INFO] [stdout]    --> heliochrome/src/maths/vector3.rs:212:71
[INFO] [stdout]     |
[INFO] [stdout] 212 |                 Self::new(self.$x.signum(), self.$y.signum(), self.$z.signum())
[INFO] [stdout]     |                                                                       ^^^^^^ method not found in `Simd<f32, 4>`
[INFO] [stdout] ...
[INFO] [stdout] 342 | vec3_impl!(mvec3, f32x4, f32, x, y, z);
[INFO] [stdout]     | -------------------------------------- in this macro invocation
[INFO] [stdout]    --> /rustc/0e09125c6c3c2fd70d7de961bcf0e51575235fad/library/core/src/../../portable-simd/crates/core_simd/src/simd/num/float.rs:129:8
[INFO] [stdout]     |
[INFO] [stdout]     = note: the method is available for `Simd<f32, 4>` here
[INFO] [stdout]     |
[INFO] [stdout]     = help: items from traits can only be used if the trait is in scope
[INFO] [stdout]     = note: this error originates in the macro `vec3_impl` (in Nightly builds, run with -Z macro-backtrace for more info)
[INFO] [stdout] help: the following trait is implemented but not in scope; perhaps add a `use` for it:
[INFO] [stdout]     |
[INFO] [stdout] 1   + use std::simd::num::SimdFloat;
[INFO] [stdout]     |
[INFO] [stdout] 
[INFO] [stdout] 
[INFO] [stdout] error[E0599]: no method named `recip` found for struct `Simd` in the current scope
[INFO] [stdout]    --> heliochrome/src/maths/vector3.rs:217:35
[INFO] [stdout]     |
[INFO] [stdout] 217 |                 Self::new(self.$x.recip(), self.$y.recip(), self.$z.recip())
[INFO] [stdout]     |                                   ^^^^^ method not found in `Simd<f32, 4>`
[INFO] [stdout] ...
[INFO] [stdout] 342 | vec3_impl!(mvec3, f32x4, f32, x, y, z);
[INFO] [stdout]     | -------------------------------------- in this macro invocation
[INFO] [stdout]    --> /rustc/0e09125c6c3c2fd70d7de961bcf0e51575235fad/library/core/src/../../portable-simd/crates/core_simd/src/simd/num/float.rs:82:8
[INFO] [stdout]     |
[INFO] [stdout]     = note: the method is available for `Simd<f32, 4>` here
[INFO] [stdout]     |
[INFO] [stdout]     = help: items from traits can only be used if the trait is in scope
[INFO] [stdout]     = note: this error originates in the macro `vec3_impl` (in Nightly builds, run with -Z macro-backtrace for more info)
[INFO] [stdout] help: the following trait is implemented but not in scope; perhaps add a `use` for it:
[INFO] [stdout]     |
[INFO] [stdout] 1   + use std::simd::num::SimdFloat;
[INFO] [stdout]     |
[INFO] [stdout] 
[INFO] [stdout] 
[INFO] [stdout] error[E0599]: no method named `recip` found for struct `Simd` in the current scope
[INFO] [stdout]    --> heliochrome/src/maths/vector3.rs:217:52
[INFO] [stdout]     |
[INFO] [stdout] 217 |                 Self::new(self.$x.recip(), self.$y.recip(), self.$z.recip())
[INFO] [stdout]     |                                                    ^^^^^ method not found in `Simd<f32, 4>`
[INFO] [stdout] ...
[INFO] [stdout] 342 | vec3_impl!(mvec3, f32x4, f32, x, y, z);
[INFO] [stdout]     | -------------------------------------- in this macro invocation
[INFO] [stdout]    --> /rustc/0e09125c6c3c2fd70d7de961bcf0e51575235fad/library/core/src/../../portable-simd/crates/core_simd/src/simd/num/float.rs:82:8
[INFO] [stdout]     |
[INFO] [stdout]     = note: the method is available for `Simd<f32, 4>` here
[INFO] [stdout]     |
[INFO] [stdout]     = help: items from traits can only be used if the trait is in scope
[INFO] [stdout]     = note: this error originates in the macro `vec3_impl` (in Nightly builds, run with -Z macro-backtrace for more info)
[INFO] [stdout] help: the following trait is implemented but not in scope; perhaps add a `use` for it:
[INFO] [stdout]     |
[INFO] [stdout] 1   + use std::simd::num::SimdFloat;
[INFO] [stdout]     |
[INFO] [stdout] 
[INFO] [stdout] 
[INFO] [stdout] error[E0599]: no method named `recip` found for struct `Simd` in the current scope
[INFO] [stdout]    --> heliochrome/src/maths/vector3.rs:217:69
[INFO] [stdout]     |
[INFO] [stdout] 217 |                 Self::new(self.$x.recip(), self.$y.recip(), self.$z.recip())
[INFO] [stdout]     |                                                                     ^^^^^ method not found in `Simd<f32, 4>`
[INFO] [stdout] ...
[INFO] [stdout] 342 | vec3_impl!(mvec3, f32x4, f32, x, y, z);
[INFO] [stdout]     | -------------------------------------- in this macro invocation
[INFO] [stdout]    --> /rustc/0e09125c6c3c2fd70d7de961bcf0e51575235fad/library/core/src/../../portable-simd/crates/core_simd/src/simd/num/float.rs:82:8
[INFO] [stdout]     |
[INFO] [stdout]     = note: the method is available for `Simd<f32, 4>` here
[INFO] [stdout]     |
[INFO] [stdout]     = help: items from traits can only be used if the trait is in scope
[INFO] [stdout]     = note: this error originates in the macro `vec3_impl` (in Nightly builds, run with -Z macro-backtrace for more info)
[INFO] [stdout] help: the following trait is implemented but not in scope; perhaps add a `use` for it:
[INFO] [stdout]     |
[INFO] [stdout] 1   + use std::simd::num::SimdFloat;
[INFO] [stdout]     |
[INFO] [stdout] 
[INFO] [stdout] 
[INFO] [stdout] error[E0599]: no method named `to_radians` found for struct `Simd` in the current scope
[INFO] [stdout]    --> heliochrome/src/maths/vector3.rs:232:35
[INFO] [stdout]     |
[INFO] [stdout] 232 |                 Self::new(self.$x.to_radians(), self.$y.to_radians(), self.$z.to_radians())
[INFO] [stdout]     |                                   ^^^^^^^^^^ method not found in `Simd<f32, 4>`
[INFO] [stdout] ...
[INFO] [stdout] 342 | vec3_impl!(mvec3, f32x4, f32, x, y, z);
[INFO] [stdout]     | -------------------------------------- in this macro invocation
[INFO] [stdout]    --> /rustc/0e09125c6c3c2fd70d7de961bcf0e51575235fad/library/core/src/../../portable-simd/crates/core_simd/src/simd/num/float.rs:90:8
[INFO] [stdout]     |
[INFO] [stdout]     = note: the method is available for `Simd<f32, 4>` here
[INFO] [stdout]     |
[INFO] [stdout]     = help: items from traits can only be used if the trait is in scope
[INFO] [stdout]     = note: this error originates in the macro `vec3_impl` (in Nightly builds, run with -Z macro-backtrace for more info)
[INFO] [stdout] help: the following trait is implemented but not in scope; perhaps add a `use` for it:
[INFO] [stdout]     |
[INFO] [stdout] 1   + use std::simd::num::SimdFloat;
[INFO] [stdout]     |
[INFO] [stdout] 
[INFO] [stdout] 
[INFO] [stdout] error[E0599]: no method named `to_radians` found for struct `Simd` in the current scope
[INFO] [stdout]    --> heliochrome/src/maths/vector3.rs:232:57
[INFO] [stdout]     |
[INFO] [stdout] 232 |                 Self::new(self.$x.to_radians(), self.$y.to_radians(), self.$z.to_radians())
[INFO] [stdout]     |                                                         ^^^^^^^^^^ method not found in `Simd<f32, 4>`
[INFO] [stdout] ...
[INFO] [stdout] 342 | vec3_impl!(mvec3, f32x4, f32, x, y, z);
[INFO] [stdout]     | -------------------------------------- in this macro invocation
[INFO] [stdout]    --> /rustc/0e09125c6c3c2fd70d7de961bcf0e51575235fad/library/core/src/../../portable-simd/crates/core_simd/src/simd/num/float.rs:90:8
[INFO] [stdout]     |
[INFO] [stdout]     = note: the method is available for `Simd<f32, 4>` here
[INFO] [stdout]     |
[INFO] [stdout]     = help: items from traits can only be used if the trait is in scope
[INFO] [stdout]     = note: this error originates in the macro `vec3_impl` (in Nightly builds, run with -Z macro-backtrace for more info)
[INFO] [stdout] help: the following trait is implemented but not in scope; perhaps add a `use` for it:
[INFO] [stdout]     |
[INFO] [stdout] 1   + use std::simd::num::SimdFloat;
[INFO] [stdout]     |
[INFO] [stdout] 
[INFO] [stdout] 
[INFO] [stdout] error[E0599]: no method named `to_radians` found for struct `Simd` in the current scope
[INFO] [stdout]    --> heliochrome/src/maths/vector3.rs:232:79
[INFO] [stdout]     |
[INFO] [stdout] 232 |                 Self::new(self.$x.to_radians(), self.$y.to_radians(), self.$z.to_radians())
[INFO] [stdout]     |                                                                               ^^^^^^^^^^ method not found in `Simd<f32, 4>`
[INFO] [stdout] ...
[INFO] [stdout] 342 | vec3_impl!(mvec3, f32x4, f32, x, y, z);
[INFO] [stdout]     | -------------------------------------- in this macro invocation
[INFO] [stdout]    --> /rustc/0e09125c6c3c2fd70d7de961bcf0e51575235fad/library/core/src/../../portable-simd/crates/core_simd/src/simd/num/float.rs:90:8
[INFO] [stdout]     |
[INFO] [stdout]     = note: the method is available for `Simd<f32, 4>` here
[INFO] [stdout]     |
[INFO] [stdout]     = help: items from traits can only be used if the trait is in scope
[INFO] [stdout]     = note: this error originates in the macro `vec3_impl` (in Nightly builds, run with -Z macro-backtrace for more info)
[INFO] [stdout] help: the following trait is implemented but not in scope; perhaps add a `use` for it:
[INFO] [stdout]     |
[INFO] [stdout] 1   + use std::simd::num::SimdFloat;
[INFO] [stdout]     |
[INFO] [stdout] 
[INFO] [stdout] 
[INFO] [stdout] error[E0599]: no method named `to_degrees` found for struct `Simd` in the current scope
[INFO] [stdout]    --> heliochrome/src/maths/vector3.rs:237:35
[INFO] [stdout]     |
[INFO] [stdout] 237 |                 Self::new(self.$x.to_degrees(), self.$y.to_degrees(), self.$z.to_degrees())
[INFO] [stdout]     |                                   ^^^^^^^^^^ method not found in `Simd<f32, 4>`
[INFO] [stdout] ...
[INFO] [stdout] 342 | vec3_impl!(mvec3, f32x4, f32, x, y, z);
[INFO] [stdout]     | -------------------------------------- in this macro invocation
[INFO] [stdout]    --> /rustc/0e09125c6c3c2fd70d7de961bcf0e51575235fad/library/core/src/../../portable-simd/crates/core_simd/src/simd/num/float.rs:86:8
[INFO] [stdout]     |
[INFO] [stdout]     = note: the method is available for `Simd<f32, 4>` here
[INFO] [stdout]     |
[INFO] [stdout]     = help: items from traits can only be used if the trait is in scope
[INFO] [stdout]     = note: this error originates in the macro `vec3_impl` (in Nightly builds, run with -Z macro-backtrace for more info)
[INFO] [stdout] help: the following trait is implemented but not in scope; perhaps add a `use` for it:
[INFO] [stdout]     |
[INFO] [stdout] 1   + use std::simd::num::SimdFloat;
[INFO] [stdout]     |
[INFO] [stdout] 
[INFO] [stdout] 
[INFO] [stdout] error[E0599]: no method named `to_degrees` found for struct `Simd` in the current scope
[INFO] [stdout]    --> heliochrome/src/maths/vector3.rs:237:57
[INFO] [stdout]     |
[INFO] [stdout] 237 |                 Self::new(self.$x.to_degrees(), self.$y.to_degrees(), self.$z.to_degrees())
[INFO] [stdout]     |                                                         ^^^^^^^^^^ method not found in `Simd<f32, 4>`
[INFO] [stdout] ...
[INFO] [stdout] 342 | vec3_impl!(mvec3, f32x4, f32, x, y, z);
[INFO] [stdout]     | -------------------------------------- in this macro invocation
[INFO] [stdout]    --> /rustc/0e09125c6c3c2fd70d7de961bcf0e51575235fad/library/core/src/../../portable-simd/crates/core_simd/src/simd/num/float.rs:86:8
[INFO] [stdout]     |
[INFO] [stdout]     = note: the method is available for `Simd<f32, 4>` here
[INFO] [stdout]     |
[INFO] [stdout]     = help: items from traits can only be used if the trait is in scope
[INFO] [stdout]     = note: this error originates in the macro `vec3_impl` (in Nightly builds, run with -Z macro-backtrace for more info)
[INFO] [stdout] help: the following trait is implemented but not in scope; perhaps add a `use` for it:
[INFO] [stdout]     |
[INFO] [stdout] 1   + use std::simd::num::SimdFloat;
[INFO] [stdout]     |
[INFO] [stdout] 
[INFO] [stdout] 
[INFO] [stdout] error[E0599]: no method named `to_degrees` found for struct `Simd` in the current scope
[INFO] [stdout]    --> heliochrome/src/maths/vector3.rs:237:79
[INFO] [stdout]     |
[INFO] [stdout] 237 |                 Self::new(self.$x.to_degrees(), self.$y.to_degrees(), self.$z.to_degrees())
[INFO] [stdout]     |                                                                               ^^^^^^^^^^ method not found in `Simd<f32, 4>`
[INFO] [stdout] ...
[INFO] [stdout] 342 | vec3_impl!(mvec3, f32x4, f32, x, y, z);
[INFO] [stdout]     | -------------------------------------- in this macro invocation
[INFO] [stdout]    --> /rustc/0e09125c6c3c2fd70d7de961bcf0e51575235fad/library/core/src/../../portable-simd/crates/core_simd/src/simd/num/float.rs:86:8
[INFO] [stdout]     |
[INFO] [stdout]     = note: the method is available for `Simd<f32, 4>` here
[INFO] [stdout]     |
[INFO] [stdout]     = help: items from traits can only be used if the trait is in scope
[INFO] [stdout]     = note: this error originates in the macro `vec3_impl` (in Nightly builds, run with -Z macro-backtrace for more info)
[INFO] [stdout] help: the following trait is implemented but not in scope; perhaps add a `use` for it:
[INFO] [stdout]     |
[INFO] [stdout] 1   + use std::simd::num::SimdFloat;
[INFO] [stdout]     |
[INFO] [stdout] 
[INFO] [stdout] 
[INFO] [stdout] error: aborting due to 31 previous errors
[INFO] [stdout] 
[INFO] [stdout] 
[INFO] [stdout] Some errors have detailed explanations: E0432, E0554, E0599.
[INFO] [stdout] 
[INFO] [stdout] For more information about an error, try `rustc --explain E0432`.
[INFO] [stdout] 
[INFO] [stderr] error: could not compile `heliochrome` (lib) due to 32 previous errors
[INFO] running `Command { std: "docker" "inspect" "d122ecff12ed80f1ad6096edaedab52931faacc5d9ae76d35454a3d6b00e92ff", kill_on_drop: false }`
[INFO] running `Command { std: "docker" "rm" "-f" "d122ecff12ed80f1ad6096edaedab52931faacc5d9ae76d35454a3d6b00e92ff", kill_on_drop: false }`
[INFO] [stdout] d122ecff12ed80f1ad6096edaedab52931faacc5d9ae76d35454a3d6b00e92ff
