[INFO] cloning repository https://github.com/adedomin/advent-of-code-2021
[INFO] running `Command { std: "git" "-c" "credential.helper=" "-c" "credential.helper=/workspace/cargo-home/bin/git-credential-null" "clone" "--bare" "https://github.com/adedomin/advent-of-code-2021" "/workspace/cache/git-repos/https%3A%2F%2Fgithub.com%2Fadedomin%2Fadvent-of-code-2021", kill_on_drop: false }`
[INFO] [stderr] Cloning into bare repository '/workspace/cache/git-repos/https%3A%2F%2Fgithub.com%2Fadedomin%2Fadvent-of-code-2021'...
[INFO] running `Command { std: "git" "rev-parse" "HEAD", kill_on_drop: false }`
[INFO] [stdout] 3bbaa0366be311f2b5acf3b7929c18ca7020a308
[INFO] documenting adedomin/advent-of-code-2021 against 1.75.0 for beta-1.76-rustdoc-1
[INFO] running `Command { std: "git" "clone" "/workspace/cache/git-repos/https%3A%2F%2Fgithub.com%2Fadedomin%2Fadvent-of-code-2021" "/workspace/builds/worker-7-tc1/source", kill_on_drop: false }`
[INFO] [stderr] Cloning into '/workspace/builds/worker-7-tc1/source'...
[INFO] [stderr] done.
[INFO] validating manifest of git repo https://github.com/adedomin/advent-of-code-2021 on toolchain 1.75.0
[INFO] running `Command { std: CARGO_HOME="/workspace/cargo-home" RUSTUP_HOME="/workspace/rustup-home" "/workspace/cargo-home/bin/cargo" "+1.75.0" "metadata" "--manifest-path" "Cargo.toml" "--no-deps", kill_on_drop: false }`
[INFO] started tweaking git repo https://github.com/adedomin/advent-of-code-2021
[INFO] finished tweaking git repo https://github.com/adedomin/advent-of-code-2021
[INFO] tweaked toml for git repo https://github.com/adedomin/advent-of-code-2021 written to /workspace/builds/worker-7-tc1/source/Cargo.toml
[INFO] crate git repo https://github.com/adedomin/advent-of-code-2021 already has a lockfile, it will not be regenerated
[INFO] running `Command { std: CARGO_HOME="/workspace/cargo-home" RUSTUP_HOME="/workspace/rustup-home" "/workspace/cargo-home/bin/cargo" "+1.75.0" "fetch" "--manifest-path" "Cargo.toml", kill_on_drop: false }`
[INFO] running `Command { std: "docker" "create" "-v" "/var/lib/crater-agent-workspace/builds/worker-7-tc1/target:/opt/rustwide/target:rw,Z" "-v" "/var/lib/crater-agent-workspace/builds/worker-7-tc1/source:/opt/rustwide/workdir:ro,Z" "-v" "/var/lib/crater-agent-workspace/cargo-home:/opt/rustwide/cargo-home:ro,Z" "-v" "/var/lib/crater-agent-workspace/rustup-home:/opt/rustwide/rustup-home:ro,Z" "-e" "SOURCE_DIR=/opt/rustwide/workdir" "-e" "CARGO_TARGET_DIR=/opt/rustwide/target" "-e" "CARGO_HOME=/opt/rustwide/cargo-home" "-e" "RUSTUP_HOME=/opt/rustwide/rustup-home" "-w" "/opt/rustwide/workdir" "-m" "1610612736" "--user" "0:0" "--network" "none" "ghcr.io/rust-lang/crates-build-env/linux@sha256:2788e3201cd34a07e3172128adcd8b3090168a8e3bcc40d7c032b9dda1df7d1c" "/opt/rustwide/cargo-home/bin/cargo" "+1.75.0" "metadata" "--no-deps" "--format-version=1", kill_on_drop: false }`
[INFO] [stdout] ffed0116a608fd21d1499e2a5631a204ce9e71fb58d5490f6f499048e12caede
[INFO] running `Command { std: "docker" "start" "-a" "ffed0116a608fd21d1499e2a5631a204ce9e71fb58d5490f6f499048e12caede", kill_on_drop: false }`
[INFO] running `Command { std: "docker" "inspect" "ffed0116a608fd21d1499e2a5631a204ce9e71fb58d5490f6f499048e12caede", kill_on_drop: false }`
[INFO] running `Command { std: "docker" "rm" "-f" "ffed0116a608fd21d1499e2a5631a204ce9e71fb58d5490f6f499048e12caede", kill_on_drop: false }`
[INFO] [stdout] ffed0116a608fd21d1499e2a5631a204ce9e71fb58d5490f6f499048e12caede
[INFO] running `Command { std: "docker" "create" "-v" "/var/lib/crater-agent-workspace/builds/worker-7-tc1/target:/opt/rustwide/target:rw,Z" "-v" "/var/lib/crater-agent-workspace/builds/worker-7-tc1/source:/opt/rustwide/workdir:ro,Z" "-v" "/var/lib/crater-agent-workspace/cargo-home:/opt/rustwide/cargo-home:ro,Z" "-v" "/var/lib/crater-agent-workspace/rustup-home:/opt/rustwide/rustup-home:ro,Z" "-e" "SOURCE_DIR=/opt/rustwide/workdir" "-e" "CARGO_TARGET_DIR=/opt/rustwide/target" "-e" "CARGO_INCREMENTAL=0" "-e" "RUST_BACKTRACE=full" "-e" "RUSTFLAGS=--cap-lints=warn" "-e" "RUSTDOCFLAGS=--cap-lints=warn" "-e" "CARGO_HOME=/opt/rustwide/cargo-home" "-e" "RUSTUP_HOME=/opt/rustwide/rustup-home" "-w" "/opt/rustwide/workdir" "-m" "1610612736" "--user" "0:0" "--network" "none" "ghcr.io/rust-lang/crates-build-env/linux@sha256:2788e3201cd34a07e3172128adcd8b3090168a8e3bcc40d7c032b9dda1df7d1c" "/opt/rustwide/cargo-home/bin/cargo" "+1.75.0" "doc" "--frozen" "--no-deps" "--document-private-items" "--message-format=json", kill_on_drop: false }`
[INFO] [stdout] 153127ca14cea70174bec208ca4f359dab8e6c34780a81d941d557116fcbdc26
[INFO] running `Command { std: "docker" "start" "-a" "153127ca14cea70174bec208ca4f359dab8e6c34780a81d941d557116fcbdc26", kill_on_drop: false }`
[INFO] [stderr]    Compiling autocfg v1.0.1
[INFO] [stderr]    Compiling radium v0.6.2
[INFO] [stderr]     Checking tap v1.0.1
[INFO] [stderr]     Checking funty v1.2.0
[INFO] [stderr]     Checking either v1.6.1
[INFO] [stderr]     Checking wyz v0.4.0
[INFO] [stderr]     Checking itertools v0.10.3
[INFO] [stderr]    Compiling num-traits v0.2.14
[INFO] [stderr]    Compiling num-integer v0.1.44
[INFO] [stderr]    Compiling num-bigint v0.4.3
[INFO] [stderr]    Compiling num-iter v0.1.42
[INFO] [stderr]    Compiling num-rational v0.4.0
[INFO] [stderr]     Checking bitvec v0.22.3
[INFO] [stderr]     Checking num-complex v0.4.0
[INFO] [stderr]     Checking num v0.4.0
[INFO] [stderr]     Checking advent-of-code-2021 v2021.12.1 (/opt/rustwide/workdir)
[INFO] [stderr]  Documenting advent-of-code-2021 v2021.12.1 (/opt/rustwide/workdir)
[INFO] [stdout] error[E0554]: `#![feature]` may not be used on the stable release channel
[INFO] [stdout]  --> src/bin/day07.rs:1:12
[INFO] [stdout]   |
[INFO] [stdout] 1 | #![feature(int_abs_diff)]
[INFO] [stdout]   |            ^^^^^^^^^^^^
[INFO] [stdout] 
[INFO] [stdout] 
[INFO] [stdout] error[E0554]: `#![feature]` may not be used on the stable release channel
[INFO] [stdout]  --> src/bin/day01.rs:1:12
[INFO] [stdout]   |
[INFO] [stdout] 1 | #![feature(array_windows)]
[INFO] [stdout]   |            ^^^^^^^^^^^^^
[INFO] [stdout] 
[INFO] [stdout] 
[INFO] [stdout] error[E0554]: `#![feature]` may not be used on the stable release channel
[INFO] [stdout]  --> src/bin/day10.rs:1:12
[INFO] [stdout]   |
[INFO] [stdout] 1 | #![feature(int_abs_diff)]
[INFO] [stdout]   |            ^^^^^^^^^^^^
[INFO] [stdout] 
[INFO] [stdout] 
[INFO] [stdout] error[E0554]: `#![feature]` may not be used on the stable release channel
[INFO] [stdout]  --> src/bin/day20.rs:1:12
[INFO] [stdout]   |
[INFO] [stdout] 1 | #![feature(int_abs_diff)]
[INFO] [stdout]   |            ^^^^^^^^^^^^
[INFO] [stdout] 
[INFO] [stdout] 
[INFO] [stdout] error[E0554]: `#![feature]` may not be used on the stable release channel
[INFO] [stdout]  --> src/bin/day19.rs:1:12
[INFO] [stdout]   |
[INFO] [stdout] 1 | #![feature(int_abs_diff)]
[INFO] [stdout]   |            ^^^^^^^^^^^^
[INFO] [stdout] 
[INFO] [stdout] 
[INFO] [stdout] error[E0554]: `#![feature]` may not be used on the stable release channel
[INFO] [stdout]  --> src/bin/day16.rs:1:12
[INFO] [stdout]   |
[INFO] [stdout] 1 | #![feature(array_chunks)]
[INFO] [stdout]   |            ^^^^^^^^^^^^
[INFO] [stdout] 
[INFO] [stdout] 
[INFO] [stdout] error: aborting due to previous error
[INFO] [stdout] 
[INFO] [stdout] 
[INFO] [stdout] error: aborting due to previous error
[INFO] [stdout] 
[INFO] [stdout] 
[INFO] [stdout] For more information about this error, try `rustc --explain E0554`.
[INFO] [stdout] 
[INFO] [stdout] For more information about this error, try `rustc --explain E0554`.
[INFO] [stdout] 
[INFO] [stdout] error: aborting due to previous error
[INFO] [stdout] 
[INFO] [stdout] 
[INFO] [stdout] For more information about this error, try `rustc --explain E0554`.
[INFO] [stdout] 
[INFO] [stdout] error: aborting due to previous error
[INFO] [stdout] 
[INFO] [stdout] 
[INFO] [stderr] error: could not document `advent-of-code-2021`
[INFO] [stdout] For more information about this error, try `rustc --explain E0554`.
[INFO] [stdout] 
[INFO] [stderr] 
[INFO] [stderr] Caused by:
[INFO] [stderr]   process didn't exit successfully: `/opt/rustwide/rustup-home/toolchains/1.75.0-x86_64-unknown-linux-gnu/bin/rustdoc --edition=2021 --crate-type bin --crate-name day10 src/bin/day10.rs -o /opt/rustwide/target/doc --error-format=json --json=diagnostic-rendered-ansi,artifacts,future-incompat --document-private-items '-Arustdoc::private-intra-doc-links' -C metadata=01c68ec7ac2a0c80 -L dependency=/opt/rustwide/target/debug/deps --extern advent_of_code_2021=/opt/rustwide/target/debug/deps/libadvent_of_code_2021-b196cd3ee59957b2.rmeta --extern bitvec=/opt/rustwide/target/debug/deps/libbitvec-d16799c17776142e.rmeta --extern itertools=/opt/rustwide/target/debug/deps/libitertools-7d05e296b1c6f970.rmeta --extern num=/opt/rustwide/target/debug/deps/libnum-4d0ac5aee86ca7f9.rmeta --cap-lints=warn --crate-version 2021.12.1` (exit status: 1)
[INFO] [stderr] warning: build failed, waiting for other jobs to finish...
[INFO] [stderr] error: could not document `advent-of-code-2021`
[INFO] [stderr] 
[INFO] [stderr] Caused by:
[INFO] [stderr]   process didn't exit successfully: `/opt/rustwide/rustup-home/toolchains/1.75.0-x86_64-unknown-linux-gnu/bin/rustdoc --edition=2021 --crate-type bin --crate-name day07 src/bin/day07.rs -o /opt/rustwide/target/doc --error-format=json --json=diagnostic-rendered-ansi,artifacts,future-incompat --document-private-items '-Arustdoc::private-intra-doc-links' -C metadata=cee77c21abb8ab56 -L dependency=/opt/rustwide/target/debug/deps --extern advent_of_code_2021=/opt/rustwide/target/debug/deps/libadvent_of_code_2021-b196cd3ee59957b2.rmeta --extern bitvec=/opt/rustwide/target/debug/deps/libbitvec-d16799c17776142e.rmeta --extern itertools=/opt/rustwide/target/debug/deps/libitertools-7d05e296b1c6f970.rmeta --extern num=/opt/rustwide/target/debug/deps/libnum-4d0ac5aee86ca7f9.rmeta --cap-lints=warn --crate-version 2021.12.1` (exit status: 1)
[INFO] [stderr] error: could not document `advent-of-code-2021`
[INFO] [stderr] 
[INFO] [stderr] Caused by:
[INFO] [stderr]   process didn't exit successfully: `/opt/rustwide/rustup-home/toolchains/1.75.0-x86_64-unknown-linux-gnu/bin/rustdoc --edition=2021 --crate-type bin --crate-name day01 src/bin/day01.rs -o /opt/rustwide/target/doc --error-format=json --json=diagnostic-rendered-ansi,artifacts,future-incompat --document-private-items '-Arustdoc::private-intra-doc-links' -C metadata=d02fd40a7acd13e3 -L dependency=/opt/rustwide/target/debug/deps --extern advent_of_code_2021=/opt/rustwide/target/debug/deps/libadvent_of_code_2021-b196cd3ee59957b2.rmeta --extern bitvec=/opt/rustwide/target/debug/deps/libbitvec-d16799c17776142e.rmeta --extern itertools=/opt/rustwide/target/debug/deps/libitertools-7d05e296b1c6f970.rmeta --extern num=/opt/rustwide/target/debug/deps/libnum-4d0ac5aee86ca7f9.rmeta --cap-lints=warn --crate-version 2021.12.1` (exit status: 1)
[INFO] [stderr] error: could not document `advent-of-code-2021`
[INFO] [stderr] 
[INFO] [stderr] Caused by:
[INFO] [stderr]   process didn't exit successfully: `/opt/rustwide/rustup-home/toolchains/1.75.0-x86_64-unknown-linux-gnu/bin/rustdoc --edition=2021 --crate-type bin --crate-name day20 src/bin/day20.rs -o /opt/rustwide/target/doc --error-format=json --json=diagnostic-rendered-ansi,artifacts,future-incompat --document-private-items '-Arustdoc::private-intra-doc-links' -C metadata=6374ae40ca8eca57 -L dependency=/opt/rustwide/target/debug/deps --extern advent_of_code_2021=/opt/rustwide/target/debug/deps/libadvent_of_code_2021-b196cd3ee59957b2.rmeta --extern bitvec=/opt/rustwide/target/debug/deps/libbitvec-d16799c17776142e.rmeta --extern itertools=/opt/rustwide/target/debug/deps/libitertools-7d05e296b1c6f970.rmeta --extern num=/opt/rustwide/target/debug/deps/libnum-4d0ac5aee86ca7f9.rmeta --cap-lints=warn --crate-version 2021.12.1` (exit status: 1)
[INFO] [stdout] error: aborting due to previous error
[INFO] [stdout] 
[INFO] [stdout] 
[INFO] [stdout] For more information about this error, try `rustc --explain E0554`.
[INFO] [stdout] 
[INFO] [stdout] error: aborting due to previous error
[INFO] [stdout] 
[INFO] [stdout] 
[INFO] [stdout] For more information about this error, try `rustc --explain E0554`.
[INFO] [stdout] 
[INFO] [stderr] error: could not document `advent-of-code-2021`
[INFO] [stderr] 
[INFO] [stderr] Caused by:
[INFO] [stderr]   process didn't exit successfully: `/opt/rustwide/rustup-home/toolchains/1.75.0-x86_64-unknown-linux-gnu/bin/rustdoc --edition=2021 --crate-type bin --crate-name day19 src/bin/day19.rs -o /opt/rustwide/target/doc --error-format=json --json=diagnostic-rendered-ansi,artifacts,future-incompat --document-private-items '-Arustdoc::private-intra-doc-links' -C metadata=6e8574de0652267c -L dependency=/opt/rustwide/target/debug/deps --extern advent_of_code_2021=/opt/rustwide/target/debug/deps/libadvent_of_code_2021-b196cd3ee59957b2.rmeta --extern bitvec=/opt/rustwide/target/debug/deps/libbitvec-d16799c17776142e.rmeta --extern itertools=/opt/rustwide/target/debug/deps/libitertools-7d05e296b1c6f970.rmeta --extern num=/opt/rustwide/target/debug/deps/libnum-4d0ac5aee86ca7f9.rmeta --cap-lints=warn --crate-version 2021.12.1` (exit status: 1)
[INFO] [stderr] error: could not document `advent-of-code-2021`
[INFO] [stderr] 
[INFO] [stderr] Caused by:
[INFO] [stderr]   process didn't exit successfully: `/opt/rustwide/rustup-home/toolchains/1.75.0-x86_64-unknown-linux-gnu/bin/rustdoc --edition=2021 --crate-type bin --crate-name day16 src/bin/day16.rs -o /opt/rustwide/target/doc --error-format=json --json=diagnostic-rendered-ansi,artifacts,future-incompat --document-private-items '-Arustdoc::private-intra-doc-links' -C metadata=74f9d3f5af8aa404 -L dependency=/opt/rustwide/target/debug/deps --extern advent_of_code_2021=/opt/rustwide/target/debug/deps/libadvent_of_code_2021-b196cd3ee59957b2.rmeta --extern bitvec=/opt/rustwide/target/debug/deps/libbitvec-d16799c17776142e.rmeta --extern itertools=/opt/rustwide/target/debug/deps/libitertools-7d05e296b1c6f970.rmeta --extern num=/opt/rustwide/target/debug/deps/libnum-4d0ac5aee86ca7f9.rmeta --cap-lints=warn --crate-version 2021.12.1` (exit status: 1)
[INFO] running `Command { std: "docker" "inspect" "153127ca14cea70174bec208ca4f359dab8e6c34780a81d941d557116fcbdc26", kill_on_drop: false }`
[INFO] running `Command { std: "docker" "rm" "-f" "153127ca14cea70174bec208ca4f359dab8e6c34780a81d941d557116fcbdc26", kill_on_drop: false }`
[INFO] [stdout] 153127ca14cea70174bec208ca4f359dab8e6c34780a81d941d557116fcbdc26
[INFO] documenting adedomin/advent-of-code-2021 against beta-2023-12-22 for beta-1.76-rustdoc-1
[INFO] running `Command { std: "git" "clone" "/workspace/cache/git-repos/https%3A%2F%2Fgithub.com%2Fadedomin%2Fadvent-of-code-2021" "/workspace/builds/worker-7-tc2/source", kill_on_drop: false }`
[INFO] [stderr] Cloning into '/workspace/builds/worker-7-tc2/source'...
[INFO] [stderr] done.
[INFO] validating manifest of git repo https://github.com/adedomin/advent-of-code-2021 on toolchain beta-2023-12-22
[INFO] running `Command { std: CARGO_HOME="/workspace/cargo-home" RUSTUP_HOME="/workspace/rustup-home" "/workspace/cargo-home/bin/cargo" "+beta-2023-12-22" "metadata" "--manifest-path" "Cargo.toml" "--no-deps", kill_on_drop: false }`
[INFO] started tweaking git repo https://github.com/adedomin/advent-of-code-2021
[INFO] finished tweaking git repo https://github.com/adedomin/advent-of-code-2021
[INFO] tweaked toml for git repo https://github.com/adedomin/advent-of-code-2021 written to /workspace/builds/worker-7-tc2/source/Cargo.toml
[INFO] crate git repo https://github.com/adedomin/advent-of-code-2021 already has a lockfile, it will not be regenerated
[INFO] running `Command { std: CARGO_HOME="/workspace/cargo-home" RUSTUP_HOME="/workspace/rustup-home" "/workspace/cargo-home/bin/cargo" "+beta-2023-12-22" "fetch" "--manifest-path" "Cargo.toml", kill_on_drop: false }`
[INFO] running `Command { std: "docker" "create" "-v" "/var/lib/crater-agent-workspace/builds/worker-7-tc2/target:/opt/rustwide/target:rw,Z" "-v" "/var/lib/crater-agent-workspace/builds/worker-7-tc2/source:/opt/rustwide/workdir:ro,Z" "-v" "/var/lib/crater-agent-workspace/cargo-home:/opt/rustwide/cargo-home:ro,Z" "-v" "/var/lib/crater-agent-workspace/rustup-home:/opt/rustwide/rustup-home:ro,Z" "-e" "SOURCE_DIR=/opt/rustwide/workdir" "-e" "CARGO_TARGET_DIR=/opt/rustwide/target" "-e" "CARGO_HOME=/opt/rustwide/cargo-home" "-e" "RUSTUP_HOME=/opt/rustwide/rustup-home" "-w" "/opt/rustwide/workdir" "-m" "1610612736" "--user" "0:0" "--network" "none" "ghcr.io/rust-lang/crates-build-env/linux@sha256:2788e3201cd34a07e3172128adcd8b3090168a8e3bcc40d7c032b9dda1df7d1c" "/opt/rustwide/cargo-home/bin/cargo" "+beta-2023-12-22" "metadata" "--no-deps" "--format-version=1", kill_on_drop: false }`
[INFO] [stdout] 54243fdbb863256111918ede322e92176d109f0ab90a6f714deb759c8e3c7c46
[INFO] running `Command { std: "docker" "start" "-a" "54243fdbb863256111918ede322e92176d109f0ab90a6f714deb759c8e3c7c46", kill_on_drop: false }`
[INFO] running `Command { std: "docker" "inspect" "54243fdbb863256111918ede322e92176d109f0ab90a6f714deb759c8e3c7c46", kill_on_drop: false }`
[INFO] running `Command { std: "docker" "rm" "-f" "54243fdbb863256111918ede322e92176d109f0ab90a6f714deb759c8e3c7c46", kill_on_drop: false }`
[INFO] [stdout] 54243fdbb863256111918ede322e92176d109f0ab90a6f714deb759c8e3c7c46
[INFO] running `Command { std: "docker" "create" "-v" "/var/lib/crater-agent-workspace/builds/worker-7-tc2/target:/opt/rustwide/target:rw,Z" "-v" "/var/lib/crater-agent-workspace/builds/worker-7-tc2/source:/opt/rustwide/workdir:ro,Z" "-v" "/var/lib/crater-agent-workspace/cargo-home:/opt/rustwide/cargo-home:ro,Z" "-v" "/var/lib/crater-agent-workspace/rustup-home:/opt/rustwide/rustup-home:ro,Z" "-e" "SOURCE_DIR=/opt/rustwide/workdir" "-e" "CARGO_TARGET_DIR=/opt/rustwide/target" "-e" "CARGO_INCREMENTAL=0" "-e" "RUST_BACKTRACE=full" "-e" "RUSTFLAGS=--cap-lints=warn" "-e" "RUSTDOCFLAGS=--cap-lints=warn" "-e" "CARGO_HOME=/opt/rustwide/cargo-home" "-e" "RUSTUP_HOME=/opt/rustwide/rustup-home" "-w" "/opt/rustwide/workdir" "-m" "1610612736" "--user" "0:0" "--network" "none" "ghcr.io/rust-lang/crates-build-env/linux@sha256:2788e3201cd34a07e3172128adcd8b3090168a8e3bcc40d7c032b9dda1df7d1c" "/opt/rustwide/cargo-home/bin/cargo" "+beta-2023-12-22" "doc" "--frozen" "--no-deps" "--document-private-items" "--message-format=json", kill_on_drop: false }`
[INFO] [stdout] 65854a722171fae659f1e68eca197a5be90c91e9e06f1027db12d6d77903493e
[INFO] running `Command { std: "docker" "start" "-a" "65854a722171fae659f1e68eca197a5be90c91e9e06f1027db12d6d77903493e", kill_on_drop: false }`
[INFO] [stderr]    Compiling autocfg v1.0.1
[INFO] [stderr]    Compiling radium v0.6.2
[INFO] [stderr]     Checking tap v1.0.1
[INFO] [stderr]     Checking either v1.6.1
[INFO] [stderr]     Checking funty v1.2.0
[INFO] [stderr]     Checking wyz v0.4.0
[INFO] [stderr]     Checking itertools v0.10.3
[INFO] [stderr]    Compiling num-traits v0.2.14
[INFO] [stderr]    Compiling num-integer v0.1.44
[INFO] [stderr]    Compiling num-bigint v0.4.3
[INFO] [stderr]    Compiling num-iter v0.1.42
[INFO] [stderr]    Compiling num-rational v0.4.0
[INFO] [stderr]     Checking bitvec v0.22.3
[INFO] [stderr]     Checking num-complex v0.4.0
[INFO] [stderr]     Checking num v0.4.0
[INFO] [stderr]  Documenting advent-of-code-2021 v2021.12.1 (/opt/rustwide/workdir)
[INFO] [stderr]     Checking advent-of-code-2021 v2021.12.1 (/opt/rustwide/workdir)
[INFO] [stdout] error[E0554]: `#![feature]` may not be used on the beta release channel
[INFO] [stdout]  --> src/bin/day01.rs:1:12
[INFO] [stdout]   |
[INFO] [stdout] 1 | #![feature(array_windows)]
[INFO] [stdout]   |            ^^^^^^^^^^^^^
[INFO] [stdout] 
[INFO] [stdout] 
[INFO] [stdout] error[E0554]: `#![feature]` may not be used on the beta release channel
[INFO] [stdout]  --> src/bin/day14.rs:1:12
[INFO] [stdout]   |
[INFO] [stdout] 1 | #![feature(array_windows)]
[INFO] [stdout]   |            ^^^^^^^^^^^^^
[INFO] [stdout] 
[INFO] [stdout] 
[INFO] [stdout] error[E0554]: `#![feature]` may not be used on the beta release channel
[INFO] [stdout]  --> src/bin/day13.rs:1:12
[INFO] [stdout]   |
[INFO] [stdout] 1 | #![feature(int_abs_diff)]
[INFO] [stdout]   |            ^^^^^^^^^^^^
[INFO] [stdout] 
[INFO] [stdout] 
[INFO] [stdout] error: aborting due to 1 previous error
[INFO] [stdout] 
[INFO] [stdout] 
[INFO] [stdout] For more information about this error, try `rustc --explain E0554`.
[INFO] [stdout] 
[INFO] [stdout] error: aborting due to 1 previous error
[INFO] [stdout] 
[INFO] [stdout] 
[INFO] [stdout] For more information about this error, try `rustc --explain E0554`.
[INFO] [stdout] 
[INFO] [stdout] error: aborting due to 1 previous error
[INFO] [stdout] 
[INFO] [stdout] 
[INFO] [stdout] For more information about this error, try `rustc --explain E0554`.
[INFO] [stdout] 
[INFO] [stderr] error: could not document `advent-of-code-2021`
[INFO] [stderr] 
[INFO] [stderr] Caused by:
[INFO] [stderr]   process didn't exit successfully: `/opt/rustwide/rustup-home/toolchains/beta-2023-12-22-x86_64-unknown-linux-gnu/bin/rustdoc --edition=2021 --crate-type bin --crate-name day01 src/bin/day01.rs -o /opt/rustwide/target/doc --error-format=json --json=diagnostic-rendered-ansi,artifacts,future-incompat --document-private-items '-Arustdoc::private-intra-doc-links' -C metadata=b9f44c1f0959f473 -L dependency=/opt/rustwide/target/debug/deps --extern advent_of_code_2021=/opt/rustwide/target/debug/deps/libadvent_of_code_2021-107430afb71d9108.rmeta --extern bitvec=/opt/rustwide/target/debug/deps/libbitvec-c3100519510117ba.rmeta --extern itertools=/opt/rustwide/target/debug/deps/libitertools-81d225fd7326669d.rmeta --extern num=/opt/rustwide/target/debug/deps/libnum-94b4f590dadec366.rmeta --cap-lints=warn --crate-version 2021.12.1` (exit status: 1)
[INFO] [stderr] warning: build failed, waiting for other jobs to finish...
[INFO] [stderr] error: could not document `advent-of-code-2021`
[INFO] [stderr] 
[INFO] [stderr] Caused by:
[INFO] [stderr]   process didn't exit successfully: `/opt/rustwide/rustup-home/toolchains/beta-2023-12-22-x86_64-unknown-linux-gnu/bin/rustdoc --edition=2021 --crate-type bin --crate-name day14 src/bin/day14.rs -o /opt/rustwide/target/doc --error-format=json --json=diagnostic-rendered-ansi,artifacts,future-incompat --document-private-items '-Arustdoc::private-intra-doc-links' -C metadata=22d81d0c575df32f -L dependency=/opt/rustwide/target/debug/deps --extern advent_of_code_2021=/opt/rustwide/target/debug/deps/libadvent_of_code_2021-107430afb71d9108.rmeta --extern bitvec=/opt/rustwide/target/debug/deps/libbitvec-c3100519510117ba.rmeta --extern itertools=/opt/rustwide/target/debug/deps/libitertools-81d225fd7326669d.rmeta --extern num=/opt/rustwide/target/debug/deps/libnum-94b4f590dadec366.rmeta --cap-lints=warn --crate-version 2021.12.1` (exit status: 1)
[INFO] [stderr] error: could not document `advent-of-code-2021`
[INFO] [stderr] 
[INFO] [stderr] Caused by:
[INFO] [stderr]   process didn't exit successfully: `/opt/rustwide/rustup-home/toolchains/beta-2023-12-22-x86_64-unknown-linux-gnu/bin/rustdoc --edition=2021 --crate-type bin --crate-name day13 src/bin/day13.rs -o /opt/rustwide/target/doc --error-format=json --json=diagnostic-rendered-ansi,artifacts,future-incompat --document-private-items '-Arustdoc::private-intra-doc-links' -C metadata=a9a4b79b10223328 -L dependency=/opt/rustwide/target/debug/deps --extern advent_of_code_2021=/opt/rustwide/target/debug/deps/libadvent_of_code_2021-107430afb71d9108.rmeta --extern bitvec=/opt/rustwide/target/debug/deps/libbitvec-c3100519510117ba.rmeta --extern itertools=/opt/rustwide/target/debug/deps/libitertools-81d225fd7326669d.rmeta --extern num=/opt/rustwide/target/debug/deps/libnum-94b4f590dadec366.rmeta --cap-lints=warn --crate-version 2021.12.1` (exit status: 1)
[INFO] [stdout] error[E0554]: `#![feature]` may not be used on the beta release channel
[INFO] [stdout]  --> src/bin/day10.rs:1:12
[INFO] [stdout]   |
[INFO] [stdout] 1 | #![feature(int_abs_diff)]
[INFO] [stdout]   |            ^^^^^^^^^^^^
[INFO] [stdout] 
[INFO] [stdout] 
[INFO] [stdout] error[E0554]: `#![feature]` may not be used on the beta release channel
[INFO] [stdout]  --> src/bin/day16.rs:1:12
[INFO] [stdout]   |
[INFO] [stdout] 1 | #![feature(array_chunks)]
[INFO] [stdout]   |            ^^^^^^^^^^^^
[INFO] [stdout] 
[INFO] [stdout] 
[INFO] [stdout] error: aborting due to 1 previous error
[INFO] [stdout] 
[INFO] [stdout] 
[INFO] [stdout] For more information about this error, try `rustc --explain E0554`.
[INFO] [stdout] 
[INFO] [stderr] error: could not document `advent-of-code-2021`
[INFO] [stderr] 
[INFO] [stderr] Caused by:
[INFO] [stderr]   process didn't exit successfully: `/opt/rustwide/rustup-home/toolchains/beta-2023-12-22-x86_64-unknown-linux-gnu/bin/rustdoc --edition=2021 --crate-type bin --crate-name day10 src/bin/day10.rs -o /opt/rustwide/target/doc --error-format=json --json=diagnostic-rendered-ansi,artifacts,future-incompat --document-private-items '-Arustdoc::private-intra-doc-links' -C metadata=56e5b25712516425 -L dependency=/opt/rustwide/target/debug/deps --extern advent_of_code_2021=/opt/rustwide/target/debug/deps/libadvent_of_code_2021-107430afb71d9108.rmeta --extern bitvec=/opt/rustwide/target/debug/deps/libbitvec-c3100519510117ba.rmeta --extern itertools=/opt/rustwide/target/debug/deps/libitertools-81d225fd7326669d.rmeta --extern num=/opt/rustwide/target/debug/deps/libnum-94b4f590dadec366.rmeta --cap-lints=warn --crate-version 2021.12.1` (exit status: 1)
[INFO] [stdout] error: aborting due to 1 previous error
[INFO] [stdout] 
[INFO] [stdout] 
[INFO] [stdout] For more information about this error, try `rustc --explain E0554`.
[INFO] [stdout] 
[INFO] [stderr] error: could not document `advent-of-code-2021`
[INFO] [stderr] 
[INFO] [stderr] Caused by:
[INFO] [stderr]   process didn't exit successfully: `/opt/rustwide/rustup-home/toolchains/beta-2023-12-22-x86_64-unknown-linux-gnu/bin/rustdoc --edition=2021 --crate-type bin --crate-name day16 src/bin/day16.rs -o /opt/rustwide/target/doc --error-format=json --json=diagnostic-rendered-ansi,artifacts,future-incompat --document-private-items '-Arustdoc::private-intra-doc-links' -C metadata=ea66d3cdd1fbf41f -L dependency=/opt/rustwide/target/debug/deps --extern advent_of_code_2021=/opt/rustwide/target/debug/deps/libadvent_of_code_2021-107430afb71d9108.rmeta --extern bitvec=/opt/rustwide/target/debug/deps/libbitvec-c3100519510117ba.rmeta --extern itertools=/opt/rustwide/target/debug/deps/libitertools-81d225fd7326669d.rmeta --extern num=/opt/rustwide/target/debug/deps/libnum-94b4f590dadec366.rmeta --cap-lints=warn --crate-version 2021.12.1` (exit status: 1)
[INFO] running `Command { std: "docker" "inspect" "65854a722171fae659f1e68eca197a5be90c91e9e06f1027db12d6d77903493e", kill_on_drop: false }`
[INFO] running `Command { std: "docker" "rm" "-f" "65854a722171fae659f1e68eca197a5be90c91e9e06f1027db12d6d77903493e", kill_on_drop: false }`
[INFO] [stdout] 65854a722171fae659f1e68eca197a5be90c91e9e06f1027db12d6d77903493e
